41.201.241.237 - - [31/Jul/2007:12:28:41 -0700] "GET /Install/setup.exe HTTP/1.1" 206 1626089 "http://www.helpwithmath.com/Install/saving_running.htm" "Mozilla/4.0 (compatible; MSIE 5.5; Windows 98; Win 9x 4.90)"
41.201.241.237 - - [31/Jul/2007:12:28:41 -0700] "GET /Install/setup.exe HTTP/1.1" 206 1626814 "http://www.helpwithmath.com/Install/saving_running.htm" "Mozilla/4.0 (compatible; MSIE 5.5; Windows 98; Win 9x 4.90)"
41.201.241.237 - - [31/Jul/2007:12:28:44 -0700] "GET /Install/setup.exe HTTP/1.1" 206 1587665 "http://www.helpwithmath.com/Install/saving_running.htm" "Mozilla/4.0 (compatible; MSIE 5.5; Windows 98; Win 9x 4.90)"
41.201.241.237 - - [31/Jul/2007:12:28:41 -0700] "GET /Install/setup.exe HTTP/1.1" 206 1623191 "http://www.helpwithmath.com/Install/saving_running.htm" "Mozilla/4.0 (compatible; MSIE 5.5; Windows 98; Win 9x 4.90)"
41.201.241.237 - - [31/Jul/2007:12:28:40 -0700] "GET /Install/setup.exe HTTP/1.1" 206 13066720 "http://www.helpwithmath.com/Install/saving_running.htm" "Mozilla/4.0 (compatible; MSIE 5.5; Windows 98; Win 9x 4.90)"
41.201.241.237 - - [31/Jul/2007:12:28:41 -0700] "GET /Install/setup.exe HTTP/1.1" 206 1628265 "http://www.helpwithmath.com/Install/saving_running.htm" "Mozilla/4.0 (compatible; MSIE 5.5; Windows 98; Win 9x 4.90)"
41.201.241.237 - - [31/Jul/2007:12:28:41 -0700] "GET /Install/setup.exe HTTP/1.1" 206 1610866 "http://www.helpwithmath.com/Install/saving_running.htm" "Mozilla/4.0 (compatible; MSIE 5.5; Windows 98; Win 9x 4.90)"
87.230.157.88 - - [31/Jul/2007:12:28:05 -0700] "GET /Install/setup.exe HTTP/1.1" 200 13072520 "http://www.te3p.com/vb/56189.html" "Mozilla/4.0 (compatible; MSIE 6.0; Windows NT 5.1; SV1)"
41.201.241.237 - - [31/Jul/2007:12:29:38 -0700] "GET /Install/setup.exe HTTP/1.1" 206 1599265 "http://www.helpwithmath.com/Install/saving_running.htm" "Mozilla/4.0 (compatible; MSIE 5.5; Windows 98; Win 9x 4.90)"
::1 - - [31/Jul/2007:12:30:26 -0700] "GET /" 400 669 "-" "-"
::1 - - [31/Jul/2007:12:30:27 -0700] "GET /" 400 669 "-" "-"
41.201.241.237 - - [31/Jul/2007:12:28:47 -0700] "GET /Install/setup.exe HTTP/1.1" 206 1628265 "http://www.helpwithmath.com/Install/saving_running.htm" "Mozilla/4.0 (compatible; MSIE 5.5; Windows 98; Win 9x 4.90)"
::1 - - [31/Jul/2007:12:30:40 -0700] "GET /" 400 669 "-" "-"
::1 - - [31/Jul/2007:12:30:43 -0700] "GET /" 400 669 "-" "-"
41.201.241.237 - - [31/Jul/2007:12:29:45 -0700] "GET /Install/setup.exe HTTP/1.1" 206 3215206 "http://www.helpwithmath.com/Install/saving_running.htm" "Mozilla/4.0 (compatible; MSIE 5.5; Windows 98; Win 9x 4.90)"
99.244.78.184 - - [31/Jul/2007:12:30:45 -0700] "GET /?gclid=COjF7I_E0o0CFQILPwodjj1UnQ HTTP/1.1" 200 10654 "http://pagead2.googlesyndication.com/pagead/ads?client=ca-pub-2258608561945403&dt=1185910273009&lmt=1185909328&prev_fmts=200x90_0ads_al&format=fp_al_lp&output=html&correlator=1185910272794&channel=0578383400&url=http%3A%2F%2Fwww.math.com%2F&cc=475&flash=9&u_h=768&u_w=1024&u_ah=738&u_aw=1024&u_cd=32&u_tz=-240&u_his=1&u_java=true&kw_type=radlink&rt=ChBGr44DAAH_gQo-uBrurzNPEg5NYXRoIFdvcmtib29rcxoIWpv3xk9FkLAggoenDigBSIKHpw4&hl=en&kw0=Math+Workbooks&kw1=Math+Geometry&kw2=Math+Functions&kw3=GRE+Math&okw=Math+Workbooks" "Mozilla/4.0 (compatible; MSIE 7.0; Windows NT 6.0; SLCC1; .NET CLR 2.0.50727; Media Center PC 5.0; .NET CLR 3.0.04506)"
99.244.78.184 - - [31/Jul/2007:12:30:45 -0700] "GET /HelpWithMathStyle.css HTTP/1.1" 200 7201 "http://www.helpwithmath.com/?gclid=COjF7I_E0o0CFQILPwodjj1UnQ" "Mozilla/4.0 (compatible; MSIE 7.0; Windows NT 6.0; SLCC1; .NET CLR 2.0.50727; Media Center PC 5.0; .NET CLR 3.0.04506)"
99.244.78.184 - - [31/Jul/2007:12:30:45 -0700] "GET /fold.gif HTTP/1.1" 200 119 "http://www.helpwithmath.com/?gclid=COjF7I_E0o0CFQILPwodjj1UnQ" "Mozilla/4.0 (compatible; MSIE 7.0; Windows NT 6.0; SLCC1; .NET CLR 2.0.50727; Media Center PC 5.0; .NET CLR 3.0.04506)"
99.244.78.184 - - [31/Jul/2007:12:30:45 -0700] "GET /open.gif HTTP/1.1" 200 125 "http://www.helpwithmath.com/?gclid=COjF7I_E0o0CFQILPwodjj1UnQ" "Mozilla/4.0 (compatible; MSIE 7.0; Windows NT 6.0; SLCC1; .NET CLR 2.0.50727; Media Center PC 5.0; .NET CLR 3.0.04506)"
99.244.78.184 - - [31/Jul/2007:12:30:46 -0700] "GET /gblnav_left.gif HTTP/1.1" 200 580 "http://www.helpwithmath.com/?gclid=COjF7I_E0o0CFQILPwodjj1UnQ" "Mozilla/4.0 (compatible; MSIE 7.0; Windows NT 6.0; SLCC1; .NET CLR 2.0.50727; Media Center PC 5.0; .NET CLR 3.0.04506)"
99.244.78.184 - - [31/Jul/2007:12:30:46 -0700] "GET /glbnav_right.gif HTTP/1.1" 200 578 "http://www.helpwithmath.com/?gclid=COjF7I_E0o0CFQILPwodjj1UnQ" "Mozilla/4.0 (compatible; MSIE 7.0; Windows NT 6.0; SLCC1; .NET CLR 2.0.50727; Media Center PC 5.0; .NET CLR 3.0.04506)"
99.244.78.184 - - [31/Jul/2007:12:30:46 -0700] "GET /Spacer.gif HTTP/1.1" 200 52 "http://www.helpwithmath.com/?gclid=COjF7I_E0o0CFQILPwodjj1UnQ" "Mozilla/4.0 (compatible; MSIE 7.0; Windows NT 6.0; SLCC1; .NET CLR 2.0.50727; Media Center PC 5.0; .NET CLR 3.0.04506)"
99.244.78.184 - - [31/Jul/2007:12:30:46 -0700] "GET /TransparentMathXpertLogo.gif HTTP/1.1" 200 1845 "http://www.helpwithmath.com/?gclid=COjF7I_E0o0CFQILPwodjj1UnQ" "Mozilla/4.0 (compatible; MSIE 7.0; Windows NT 6.0; SLCC1; .NET CLR 2.0.50727; Media Center PC 5.0; .NET CLR 3.0.04506)"
99.244.78.184 - - [31/Jul/2007:12:30:46 -0700] "GET /demo/image4.gif HTTP/1.1" 200 17692 "http://www.helpwithmath.com/?gclid=COjF7I_E0o0CFQILPwodjj1UnQ" "Mozilla/4.0 (compatible; MSIE 7.0; Windows NT 6.0; SLCC1; .NET CLR 2.0.50727; Media Center PC 5.0; .NET CLR 3.0.04506)"
99.244.78.184 - - [31/Jul/2007:12:30:46 -0700] "GET /demo/step4a.gif HTTP/1.1" 200 18054 "http://www.helpwithmath.com/?gclid=COjF7I_E0o0CFQILPwodjj1UnQ" "Mozilla/4.0 (compatible; MSIE 7.0; Windows NT 6.0; SLCC1; .NET CLR 2.0.50727; Media Center PC 5.0; .NET CLR 3.0.04506)"
99.244.78.184 - - [31/Jul/2007:12:30:46 -0700] "GET /include/Ramanujan1-quality15.jpg HTTP/1.1" 200 34375 "http://www.helpwithmath.com/?gclid=COjF7I_E0o0CFQILPwodjj1UnQ" "Mozilla/4.0 (compatible; MSIE 7.0; Windows NT 6.0; SLCC1; .NET CLR 2.0.50727; Media Center PC 5.0; .NET CLR 3.0.04506)"
99.244.78.184 - - [31/Jul/2007:12:30:46 -0700] "GET /glbnav_background.gif HTTP/1.1" 200 301 "http://www.helpwithmath.com/?gclid=COjF7I_E0o0CFQILPwodjj1UnQ" "Mozilla/4.0 (compatible; MSIE 7.0; Windows NT 6.0; SLCC1; .NET CLR 2.0.50727; Media Center PC 5.0; .NET CLR 3.0.04506)"
99.244.78.184 - - [31/Jul/2007:12:30:46 -0700] "GET /include/Background.gif HTTP/1.1" 200 52448 "http://www.helpwithmath.com/?gclid=COjF7I_E0o0CFQILPwodjj1UnQ" "Mozilla/4.0 (compatible; MSIE 7.0; Windows NT 6.0; SLCC1; .NET CLR 2.0.50727; Media Center PC 5.0; .NET CLR 3.0.04506)"
99.244.78.184 - - [31/Jul/2007:12:30:47 -0700] "GET /favicon.ico HTTP/1.1" 404 405 "-" "Mozilla/4.0 (compatible; MSIE 7.0; Windows NT 6.0; SLCC1; .NET CLR 2.0.50727; Media Center PC 5.0; .NET CLR 3.0.04506)"
99.244.78.184 - - [31/Jul/2007:12:30:49 -0700] "GET /glblnav_selected.gif HTTP/1.1" 200 158 "http://www.helpwithmath.com/?gclid=COjF7I_E0o0CFQILPwodjj1UnQ" "Mozilla/4.0 (compatible; MSIE 7.0; Windows NT 6.0; SLCC1; .NET CLR 2.0.50727; Media Center PC 5.0; .NET CLR 3.0.04506)"
68.212.79.199 - - [31/Jul/2007:12:30:51 -0700] "GET /?gclid=COL915LE0o0CFQEtZQodhnwNmQ HTTP/1.1" 200 10654 "http://pagead2.googlesyndication.com/pagead/ads?client=ca-pub-7672714165762219&dt=1185910272736&lmt=1185910272&alternate_ad_url=http%3A%2F%2Fwww.QualityRezults.com%2Fgoogle_adsense_script.html&prev_fmts=336x280_as&format=336x280_as&output=html&correlator=1185910272720&url=http%3A%2F%2Fqualityrezults.com%2F08%2FLearning%2Falgebra%2FAlgebra%2BReview.html&color_bg=FFFFFF&color_text=000000&color_link=0000FF&color_url=000000&color_border=FFFFFF&ad_type=text&ref=http%3A%2F%2Fsearch.yahoo.com%2Fsearch%3Fp%3Dpurple%2Bmath%2B.com%26fr%3Dush1-mail&cc=99&flash=9&u_h=768&u_w=1024&u_ah=768&u_aw=1024&u_cd=16&u_tz=-240&u_his=1&u_java=true" "Mozilla/4.0 (compatible; MSIE 7.0; Windows NT 5.1; .NET CLR 1.1.4322; .NET CLR 2.0.50727; .NET CLR 3.0.04506.30)"
68.212.79.199 - - [31/Jul/2007:12:30:51 -0700] "GET /HelpWithMathStyle.css HTTP/1.1" 200 7201 "http://www.helpwithmath.com/?gclid=COL915LE0o0CFQEtZQodhnwNmQ" "Mozilla/4.0 (compatible; MSIE 7.0; Windows NT 5.1; .NET CLR 1.1.4322; .NET CLR 2.0.50727; .NET CLR 3.0.04506.30)"
68.212.79.199 - - [31/Jul/2007:12:30:51 -0700] "GET /fold.gif HTTP/1.1" 200 119 "http://www.helpwithmath.com/?gclid=COL915LE0o0CFQEtZQodhnwNmQ" "Mozilla/4.0 (compatible; MSIE 7.0; Windows NT 5.1; .NET CLR 1.1.4322; .NET CLR 2.0.50727; .NET CLR 3.0.04506.30)"
68.212.79.199 - - [31/Jul/2007:12:30:51 -0700] "GET /open.gif HTTP/1.1" 200 125 "http://www.helpwithmath.com/?gclid=COL915LE0o0CFQEtZQodhnwNmQ" "Mozilla/4.0 (compatible; MSIE 7.0; Windows NT 5.1; .NET CLR 1.1.4322; .NET CLR 2.0.50727; .NET CLR 3.0.04506.30)"
68.212.79.199 - - [31/Jul/2007:12:30:51 -0700] "GET /gblnav_left.gif HTTP/1.1" 200 580 "http://www.helpwithmath.com/?gclid=COL915LE0o0CFQEtZQodhnwNmQ" "Mozilla/4.0 (compatible; MSIE 7.0; Windows NT 5.1; .NET CLR 1.1.4322; .NET CLR 2.0.50727; .NET CLR 3.0.04506.30)"
68.212.79.199 - - [31/Jul/2007:12:30:52 -0700] "GET /glbnav_right.gif HTTP/1.1" 200 578 "http://www.helpwithmath.com/?gclid=COL915LE0o0CFQEtZQodhnwNmQ" "Mozilla/4.0 (compatible; MSIE 7.0; Windows NT 5.1; .NET CLR 1.1.4322; .NET CLR 2.0.50727; .NET CLR 3.0.04506.30)"
68.212.79.199 - - [31/Jul/2007:12:30:52 -0700] "GET /glbnav_background.gif HTTP/1.1" 200 301 "http://www.helpwithmath.com/?gclid=COL915LE0o0CFQEtZQodhnwNmQ" "Mozilla/4.0 (compatible; MSIE 7.0; Windows NT 5.1; .NET CLR 1.1.4322; .NET CLR 2.0.50727; .NET CLR 3.0.04506.30)"
68.212.79.199 - - [31/Jul/2007:12:30:52 -0700] "GET /Spacer.gif HTTP/1.1" 200 52 "http://www.helpwithmath.com/?gclid=COL915LE0o0CFQEtZQodhnwNmQ" "Mozilla/4.0 (compatible; MSIE 7.0; Windows NT 5.1; .NET CLR 1.1.4322; .NET CLR 2.0.50727; .NET CLR 3.0.04506.30)"
68.212.79.199 - - [31/Jul/2007:12:30:52 -0700] "GET /TransparentMathXpertLogo.gif HTTP/1.1" 200 1845 "http://www.helpwithmath.com/?gclid=COL915LE0o0CFQEtZQodhnwNmQ" "Mozilla/4.0 (compatible; MSIE 7.0; Windows NT 5.1; .NET CLR 1.1.4322; .NET CLR 2.0.50727; .NET CLR 3.0.04506.30)"
68.212.79.199 - - [31/Jul/2007:12:30:52 -0700] "GET /include/Ramanujan1-quality15.jpg HTTP/1.1" 200 34375 "http://www.helpwithmath.com/?gclid=COL915LE0o0CFQEtZQodhnwNmQ" "Mozilla/4.0 (compatible; MSIE 7.0; Windows NT 5.1; .NET CLR 1.1.4322; .NET CLR 2.0.50727; .NET CLR 3.0.04506.30)"
68.212.79.199 - - [31/Jul/2007:12:30:52 -0700] "GET /demo/image4.gif HTTP/1.1" 200 17692 "http://www.helpwithmath.com/?gclid=COL915LE0o0CFQEtZQodhnwNmQ" "Mozilla/4.0 (compatible; MSIE 7.0; Windows NT 5.1; .NET CLR 1.1.4322; .NET CLR 2.0.50727; .NET CLR 3.0.04506.30)"
68.212.79.199 - - [31/Jul/2007:12:30:52 -0700] "GET /include/Background.gif HTTP/1.1" 200 52448 "http://www.helpwithmath.com/?gclid=COL915LE0o0CFQEtZQodhnwNmQ" "Mozilla/4.0 (compatible; MSIE 7.0; Windows NT 5.1; .NET CLR 1.1.4322; .NET CLR 2.0.50727; .NET CLR 3.0.04506.30)"
68.212.79.199 - - [31/Jul/2007:12:30:52 -0700] "GET /demo/step4a.gif HTTP/1.1" 200 18054 "http://www.helpwithmath.com/?gclid=COL915LE0o0CFQEtZQodhnwNmQ" "Mozilla/4.0 (compatible; MSIE 7.0; Windows NT 5.1; .NET CLR 1.1.4322; .NET CLR 2.0.50727; .NET CLR 3.0.04506.30)"
68.212.79.199 - - [31/Jul/2007:12:30:53 -0700] "GET /favicon.ico HTTP/1.1" 404 405 "-" "Mozilla/4.0 (compatible; MSIE 7.0; Windows NT 5.1; .NET CLR 1.1.4322; .NET CLR 2.0.50727; .NET CLR 3.0.04506.30)"
99.244.78.184 - - [31/Jul/2007:12:30:59 -0700] "GET /demo.php HTTP/1.1" 200 9622 "http://www.helpwithmath.com/?gclid=COjF7I_E0o0CFQILPwodjj1UnQ" "Mozilla/4.0 (compatible; MSIE 7.0; Windows NT 6.0; SLCC1; .NET CLR 2.0.50727; Media Center PC 5.0; .NET CLR 3.0.04506)"
41.201.241.237 - - [31/Jul/2007:12:29:38 -0700] "GET /Install/setup.exe HTTP/1.1" 206 3220279 "http://www.helpwithmath.com/Install/saving_running.htm" "Mozilla/4.0 (compatible; MSIE 5.5; Windows 98; Win 9x 4.90)"
99.244.78.184 - - [31/Jul/2007:12:30:59 -0700] "GET /demo/image1.gif HTTP/1.1" 200 16881 "http://www.helpwithmath.com/demo.php" "Mozilla/4.0 (compatible; MSIE 7.0; Windows NT 6.0; SLCC1; .NET CLR 2.0.50727; Media Center PC 5.0; .NET CLR 3.0.04506)"
41.201.241.237 - - [31/Jul/2007:12:30:00 -0700] "GET /Install/setup.exe HTTP/1.1" 206 3256531 "http://www.helpwithmath.com/Install/saving_running.htm" "Mozilla/4.0 (compatible; MSIE 5.5; Windows 98; Win 9x 4.90)"
41.201.241.237 - - [31/Jul/2007:12:28:47 -0700] "GET /Install/setup.exe HTTP/1.1" 206 1624639 "http://www.helpwithmath.com/Install/saving_running.htm" "Mozilla/4.0 (compatible; MSIE 5.5; Windows 98; Win 9x 4.90)"
::1 - - [31/Jul/2007:12:31:12 -0700] "GET /" 400 669 "-" "-"
::1 - - [31/Jul/2007:12:31:17 -0700] "GET /" 400 669 "-" "-"
41.201.241.237 - - [31/Jul/2007:12:28:50 -0700] "GET /Install/setup.exe HTTP/1.1" 206 1609416 "http://www.helpwithmath.com/Install/saving_running.htm" "Mozilla/4.0 (compatible; MSIE 5.5; Windows 98; Win 9x 4.90)"
41.201.241.237 - - [31/Jul/2007:12:31:20 -0700] "GET /Install/setup.exe HTTP/1.1" 206 1683365 "http://www.helpwithmath.com/Install/saving_running.htm" "Mozilla/4.0 (compatible; MSIE 5.5; Windows 98; Win 9x 4.90)"
41.201.241.237 - - [31/Jul/2007:12:30:50 -0700] "GET /Install/setup.exe HTTP/1.1" 206 1603614 "http://www.helpwithmath.com/Install/saving_running.htm" "Mozilla/4.0 (compatible; MSIE 5.5; Windows 98; Win 9x 4.90)"
41.201.241.237 - - [31/Jul/2007:12:31:18 -0700] "GET /Install/setup.exe HTTP/1.1" 206 1539091 "http://www.helpwithmath.com/Install/saving_running.htm" "Mozilla/4.0 (compatible; MSIE 5.5; Windows 98; Win 9x 4.90)"
::1 - - [31/Jul/2007:12:31:32 -0700] "GET /" 400 669 "-" "-"
41.201.241.237 - - [31/Jul/2007:12:29:57 -0700] "GET /Install/setup.exe HTTP/1.1" 206 1629716 "http://www.helpwithmath.com/Install/saving_running.htm" "Mozilla/4.0 (compatible; MSIE 5.5; Windows 98; Win 9x 4.90)"
::1 - - [31/Jul/2007:12:31:33 -0700] "GET /" 400 669 "-" "-"
::1 - - [31/Jul/2007:12:31:37 -0700] "GET /" 400 669 "-" "-"
::1 - - [31/Jul/2007:12:31:42 -0700] "GET /" 400 669 "-" "-"
::1 - - [31/Jul/2007:12:31:43 -0700] "GET /" 400 669 "-" "-"
::1 - - [31/Jul/2007:12:31:44 -0700] "GET /" 400 669 "-" "-"
::1 - - [31/Jul/2007:12:31:45 -0700] "GET /" 400 669 "-" "-"
41.201.241.237 - - [31/Jul/2007:12:30:12 -0700] "GET /Install/setup.exe HTTP/1.1" 206 1597815 "http://www.helpwithmath.com/Install/saving_running.htm" "Mozilla/4.0 (compatible; MSIE 5.5; Windows 98; Win 9x 4.90)"
::1 - - [31/Jul/2007:12:31:48 -0700] "GET /" 400 669 "-" "-"
::1 - - [31/Jul/2007:12:31:50 -0700] "GET /" 400 669 "-" "-"
41.201.241.237 - - [31/Jul/2007:12:29:29 -0700] "GET /Install/setup.exe HTTP/1.1" 206 1622464 "http://www.helpwithmath.com/Install/saving_running.htm" "Mozilla/4.0 (compatible; MSIE 5.5; Windows 98; Win 9x 4.90)"
208.70.6.20 - - [31/Jul/2007:12:32:01 -0700] "GET /?gclid=CI3f8rPE0o0CFRHzPgodqjRinQ HTTP/1.1" 200 10654 "-" "Mozilla/4.0 (compatible; MSIE 6.0; Windows NT 5.1; FunWebProducts; .NET CLR 1.1.4322)"
208.70.6.20 - - [31/Jul/2007:12:32:02 -0700] "GET /HelpWithMathStyle.css HTTP/1.1" 200 7201 "http://www.helpwithmath.com/?gclid=CI3f8rPE0o0CFRHzPgodqjRinQ" "Mozilla/4.0 (compatible; MSIE 6.0; Windows NT 5.1; FunWebProducts; .NET CLR 1.1.4322)"
208.70.6.20 - - [31/Jul/2007:12:32:04 -0700] "GET /fold.gif HTTP/1.1" 200 119 "http://www.helpwithmath.com/?gclid=CI3f8rPE0o0CFRHzPgodqjRinQ" "Mozilla/4.0 (compatible; MSIE 6.0; Windows NT 5.1; FunWebProducts; .NET CLR 1.1.4322)"
208.70.6.20 - - [31/Jul/2007:12:32:04 -0700] "GET /gblnav_left.gif HTTP/1.1" 200 580 "http://www.helpwithmath.com/?gclid=CI3f8rPE0o0CFRHzPgodqjRinQ" "Mozilla/4.0 (compatible; MSIE 6.0; Windows NT 5.1; FunWebProducts; .NET CLR 1.1.4322)"
208.70.6.20 - - [31/Jul/2007:12:32:05 -0700] "GET /TransparentMathXpertLogo.gif HTTP/1.1" 200 1845 "http://www.helpwithmath.com/?gclid=CI3f8rPE0o0CFRHzPgodqjRinQ" "Mozilla/4.0 (compatible; MSIE 6.0; Windows NT 5.1; FunWebProducts; .NET CLR 1.1.4322)"
208.70.6.20 - - [31/Jul/2007:12:32:05 -0700] "GET /open.gif HTTP/1.1" 200 125 "http://www.helpwithmath.com/?gclid=CI3f8rPE0o0CFRHzPgodqjRinQ" "Mozilla/4.0 (compatible; MSIE 6.0; Windows NT 5.1; FunWebProducts; .NET CLR 1.1.4322)"
208.70.6.20 - - [31/Jul/2007:12:32:06 -0700] "GET /Spacer.gif HTTP/1.1" 200 52 "http://www.helpwithmath.com/?gclid=CI3f8rPE0o0CFRHzPgodqjRinQ" "Mozilla/4.0 (compatible; MSIE 6.0; Windows NT 5.1; FunWebProducts; .NET CLR 1.1.4322)"
208.70.6.20 - - [31/Jul/2007:12:32:07 -0700] "GET /glbnav_right.gif HTTP/1.1" 200 578 "http://www.helpwithmath.com/?gclid=CI3f8rPE0o0CFRHzPgodqjRinQ" "Mozilla/4.0 (compatible; MSIE 6.0; Windows NT 5.1; FunWebProducts; .NET CLR 1.1.4322)"
208.70.6.20 - - [31/Jul/2007:12:32:07 -0700] "GET /demo/image4.gif HTTP/1.1" 200 17692 "http://www.helpwithmath.com/?gclid=CI3f8rPE0o0CFRHzPgodqjRinQ" "Mozilla/4.0 (compatible; MSIE 6.0; Windows NT 5.1; FunWebProducts; .NET CLR 1.1.4322)"
208.70.6.20 - - [31/Jul/2007:12:32:08 -0700] "GET /demo/step4a.gif HTTP/1.1" 200 18054 "http://www.helpwithmath.com/?gclid=CI3f8rPE0o0CFRHzPgodqjRinQ" "Mozilla/4.0 (compatible; MSIE 6.0; Windows NT 5.1; FunWebProducts; .NET CLR 1.1.4322)"
208.70.6.20 - - [31/Jul/2007:12:32:09 -0700] "GET /include/Ramanujan1-quality15.jpg HTTP/1.1" 200 34375 "http://www.helpwithmath.com/?gclid=CI3f8rPE0o0CFRHzPgodqjRinQ" "Mozilla/4.0 (compatible; MSIE 6.0; Windows NT 5.1; FunWebProducts; .NET CLR 1.1.4322)"
208.70.6.20 - - [31/Jul/2007:12:32:10 -0700] "GET /glbnav_background.gif HTTP/1.1" 200 301 "http://www.helpwithmath.com/?gclid=CI3f8rPE0o0CFRHzPgodqjRinQ" "Mozilla/4.0 (compatible; MSIE 6.0; Windows NT 5.1; FunWebProducts; .NET CLR 1.1.4322)"
41.201.241.237 - - [31/Jul/2007:12:30:32 -0700] "GET /Install/setup.exe HTTP/1.1" 206 1686265 "http://www.helpwithmath.com/Install/saving_running.htm" "Mozilla/4.0 (compatible; MSIE 5.5; Windows 98; Win 9x 4.90)"
208.70.6.20 - - [31/Jul/2007:12:32:11 -0700] "GET /include/Background.gif HTTP/1.1" 200 52448 "http://www.helpwithmath.com/?gclid=CI3f8rPE0o0CFRHzPgodqjRinQ" "Mozilla/4.0 (compatible; MSIE 6.0; Windows NT 5.1; FunWebProducts; .NET CLR 1.1.4322)"
41.201.241.237 - - [31/Jul/2007:12:31:13 -0700] "GET /Install/setup.exe HTTP/1.1" 206 1557216 "http://www.helpwithmath.com/Install/saving_running.htm" "Mozilla/4.0 (compatible; MSIE 5.5; Windows 98; Win 9x 4.90)"
82.151.87.55 - - [31/Jul/2007:12:32:23 -0700] "GET /Install/saving_running.htm HTTP/1.1" 200 4541 "http://www.mobilealsham.net/vb/showthread.php?p=6891" "Mozilla/4.0 (compatible; MSIE 6.0; Windows NT 5.1; SV1; (R1 1.5))"
82.151.87.55 - - [31/Jul/2007:12:32:26 -0700] "GET /Install/oci_header.jpg HTTP/1.1" 200 6586 "http://www.helpwithmath.com/Install/saving_running.htm" "Mozilla/4.0 (compatible; MSIE 6.0; Windows NT 5.1; SV1; (R1 1.5))"
41.201.241.237 - - [31/Jul/2007:12:30:20 -0700] "GET /Install/setup.exe HTTP/1.1" 206 3256530 "http://www.helpwithmath.com/Install/saving_running.htm" "Mozilla/4.0 (compatible; MSIE 5.5; Windows 98; Win 9x 4.90)"
82.151.87.55 - - [31/Jul/2007:12:32:27 -0700] "GET /Install/header_fill.jpg HTTP/1.1" 200 578 "http://www.helpwithmath.com/Install/saving_running.htm" "Mozilla/4.0 (compatible; MSIE 6.0; Windows NT 5.1; SV1; (R1 1.5))"
82.151.87.55 - - [31/Jul/2007:12:32:30 -0700] "GET /Install/setup.exe HTTP/1.1" 200 13072520 "-" "Mozilla/4.0 (compatible; MSIE 6.0; Windows NT 5.1; SV1; (R1 1.5))"
::1 - - [31/Jul/2007:12:32:38 -0700] "GET /" 400 669 "-" "-"
208.70.6.20 - - [31/Jul/2007:12:32:40 -0700] "GET /glblnav_selected.gif HTTP/1.1" 200 158 "http://www.helpwithmath.com/?gclid=CI3f8rPE0o0CFRHzPgodqjRinQ" "Mozilla/4.0 (compatible; MSIE 6.0; Windows NT 5.1; FunWebProducts; .NET CLR 1.1.4322)"
::1 - - [31/Jul/2007:12:32:47 -0700] "GET /" 400 669 "-" "-"
::1 - - [31/Jul/2007:12:32:50 -0700] "GET /" 400 669 "-" "-"
41.201.241.237 - - [31/Jul/2007:12:30:00 -0700] "GET /Install/setup.exe HTTP/1.1" 206 1568816 "http://www.helpwithmath.com/Install/saving_running.htm" "Mozilla/4.0 (compatible; MSIE 5.5; Windows 98; Win 9x 4.90)"
::1 - - [31/Jul/2007:12:32:57 -0700] "GET /" 400 669 "-" "-"
41.201.241.237 - - [31/Jul/2007:12:28:46 -0700] "GET /Install/setup.exe HTTP/1.1" 206 13058020 "http://www.helpwithmath.com/Install/saving_running.htm" "Mozilla/4.0 (compatible; MSIE 5.5; Windows 98; Win 9x 4.90)"
::1 - - [31/Jul/2007:12:33:05 -0700] "GET /" 400 669 "-" "-"
::1 - - [31/Jul/2007:12:33:06 -0700] "GET /" 400 669 "-" "-"
::1 - - [31/Jul/2007:12:33:08 -0700] "GET /" 400 669 "-" "-"
82.151.87.55 - - [31/Jul/2007:12:33:17 -0700] "GET /Install/setup.exe HTTP/1.1" 206 13068585 "http://www.helpwithmath.com/Install/saving_running.htm" "Mozilla/4.0 (compatible; MSIE 6.0; Windows NT 5.1; SV1; (R1 1.5))"
41.201.241.237 - - [31/Jul/2007:12:28:47 -0700] "GET /Install/setup.exe HTTP/1.1" 206 1623914 "http://www.helpwithmath.com/Install/saving_running.htm" "Mozilla/4.0 (compatible; MSIE 5.5; Windows 98; Win 9x 4.90)"
41.201.241.237 - - [31/Jul/2007:12:28:47 -0700] "GET /Install/setup.exe HTTP/1.1" 206 1587665 "http://www.helpwithmath.com/Install/saving_running.htm" "Mozilla/4.0 (compatible; MSIE 5.5; Windows 98; Win 9x 4.90)"
41.201.241.237 - - [31/Jul/2007:12:28:47 -0700] "GET /Install/setup.exe HTTP/1.1" 206 1628266 "http://www.helpwithmath.com/Install/saving_running.htm" "Mozilla/4.0 (compatible; MSIE 5.5; Windows 98; Win 9x 4.90)"
41.201.241.237 - - [31/Jul/2007:12:28:47 -0700] "GET /Install/setup.exe HTTP/1.1" 206 1621741 "http://www.helpwithmath.com/Install/saving_running.htm" "Mozilla/4.0 (compatible; MSIE 5.5; Windows 98; Win 9x 4.90)"
41.201.241.237 - - [31/Jul/2007:12:29:25 -0700] "GET /Install/setup.exe HTTP/1.1" 206 1647115 "http://www.helpwithmath.com/Install/saving_running.htm" "Mozilla/4.0 (compatible; MSIE 5.5; Windows 98; Win 9x 4.90)"
82.129.200.6 - - [31/Jul/2007:12:27:39 -0700] "GET /Install/setup.exe HTTP/1.1" 206 6532241 "http://www.djelfa.info/vb/showthread.php?t=10285" "Mozilla/5.0 (Windows; U; Win 9x 4.90; ar; rv:1.8.0.6) Gecko/20060728 Firefox/1.5.0.6"
82.129.200.6 - - [31/Jul/2007:12:27:36 -0700] "GET /Install/setup.exe HTTP/1.1" 206 13072520 "http://www.djelfa.info/vb/showthread.php?t=10285" "Mozilla/5.0 (Windows; U; Win 9x 4.90; ar; rv:1.8.0.6) Gecko/20060728 Firefox/1.5.0.6"
82.129.200.6 - - [31/Jul/2007:12:28:12 -0700] "GET /Install/setup.exe HTTP/1.1" 206 1626629 "http://www.djelfa.info/vb/showthread.php?t=10285" "Mozilla/5.0 (Windows; U; Win 9x 4.90; ar; rv:1.8.0.6) Gecko/20060728 Firefox/1.5.0.6"
82.129.200.6 - - [31/Jul/2007:12:27:40 -0700] "GET /Install/setup.exe HTTP/1.1" 206 9798361 "http://www.djelfa.info/vb/showthread.php?t=10285" "Mozilla/5.0 (Windows; U; Win 9x 4.90; ar; rv:1.8.0.6) Gecko/20060728 Firefox/1.5.0.6"
::1 - - [31/Jul/2007:12:35:19 -0700] "GET /" 400 669 "-" "-"
::1 - - [31/Jul/2007:12:35:20 -0700] "GET /" 400 669 "-" "-"
::1 - - [31/Jul/2007:12:35:22 -0700] "GET /" 400 669 "-" "-"
82.129.200.6 - - [31/Jul/2007:12:28:12 -0700] "GET /Install/setup.exe HTTP/1.1" 206 1614300 "http://www.djelfa.info/vb/showthread.php?t=10285" "Mozilla/5.0 (Windows; U; Win 9x 4.90; ar; rv:1.8.0.6) Gecko/20060728 Firefox/1.5.0.6"
82.129.200.6 - - [31/Jul/2007:12:27:40 -0700] "GET /Install/setup.exe HTTP/1.1" 206 3266121 "http://www.djelfa.info/vb/showthread.php?t=10285" "Mozilla/5.0 (Windows; U; Win 9x 4.90; ar; rv:1.8.0.6) Gecko/20060728 Firefox/1.5.0.6"
82.129.200.6 - - [31/Jul/2007:12:28:11 -0700] "GET /Install/setup.exe HTTP/1.1" 206 1628773 "http://www.djelfa.info/vb/showthread.php?t=10285" "Mozilla/5.0 (Windows; U; Win 9x 4.90; ar; rv:1.8.0.6) Gecko/20060728 Firefox/1.5.0.6"
82.129.200.6 - - [31/Jul/2007:12:28:11 -0700] "GET /Install/setup.exe HTTP/1.1" 206 1628505 "http://www.djelfa.info/vb/showthread.php?t=10285" "Mozilla/5.0 (Windows; U; Win 9x 4.90; ar; rv:1.8.0.6) Gecko/20060728 Firefox/1.5.0.6"
::1 - - [31/Jul/2007:12:35:36 -0700] "GET /" 400 669 "-" "-"
::1 - - [31/Jul/2007:12:35:38 -0700] "GET /" 400 669 "-" "-"
41.201.241.237 - - [31/Jul/2007:12:30:44 -0700] "GET /Install/setup.exe HTTP/1.1" 206 1549241 "http://www.helpwithmath.com/Install/saving_running.htm" "Mozilla/4.0 (compatible; MSIE 5.5; Windows 98; Win 9x 4.90)"
::1 - - [31/Jul/2007:12:35:47 -0700] "GET /" 400 669 "-" "-"
::1 - - [31/Jul/2007:12:35:53 -0700] "GET /" 400 669 "-" "-"
41.201.241.237 - - [31/Jul/2007:12:31:08 -0700] "GET /Install/setup.exe HTTP/1.1" 206 1605065 "http://www.helpwithmath.com/Install/saving_running.htm" "Mozilla/4.0 (compatible; MSIE 5.5; Windows 98; Win 9x 4.90)"
41.201.241.237 - - [31/Jul/2007:12:29:38 -0700] "GET /Install/setup.exe HTTP/1.1" 206 1626089 "http://www.helpwithmath.com/Install/saving_running.htm" "Mozilla/4.0 (compatible; MSIE 5.5; Windows 98; Win 9x 4.90)"
::1 - - [31/Jul/2007:12:36:15 -0700] "GET /" 400 669 "-" "-"
::1 - - [31/Jul/2007:12:36:16 -0700] "GET /" 400 669 "-" "-"
::1 - - [31/Jul/2007:12:36:17 -0700] "GET /" 400 669 "-" "-"
::1 - - [31/Jul/2007:12:36:19 -0700] "GET /" 400 669 "-" "-"
::1 - - [31/Jul/2007:12:36:21 -0700] "GET /" 400 669 "-" "-"
::1 - - [31/Jul/2007:12:36:22 -0700] "GET /" 400 669 "-" "-"
::1 - - [31/Jul/2007:12:36:23 -0700] "GET /" 400 669 "-" "-"
::1 - - [31/Jul/2007:12:37:48 -0700] "GET /" 400 669 "-" "-"
82.129.200.37 - - [31/Jul/2007:12:33:11 -0700] "GET /Install/setup.exe HTTP/1.1" 206 1596075 "http://www.djelfa.info/vb/showthread.php?t=10285" "Mozilla/5.0 (Windows; U; Win 9x 4.90; ar; rv:1.8.0.6) Gecko/20060728 Firefox/1.5.0.6"
::1 - - [31/Jul/2007:12:37:49 -0700] "GET /" 400 669 "-" "-"
::1 - - [31/Jul/2007:12:37:51 -0700] "GET /" 400 669 "-" "-"
::1 - - [31/Jul/2007:12:37:52 -0700] "GET /" 400 669 "-" "-"
::1 - - [31/Jul/2007:12:37:53 -0700] "GET /" 400 669 "-" "-"
::1 - - [31/Jul/2007:12:37:54 -0700] "GET /" 400 669 "-" "-"
::1 - - [31/Jul/2007:12:37:55 -0700] "GET /" 400 669 "-" "-"
::1 - - [31/Jul/2007:12:37:56 -0700] "GET /" 400 669 "-" "-"
::1 - - [31/Jul/2007:12:37:57 -0700] "GET /" 400 669 "-" "-"
82.129.200.37 - - [31/Jul/2007:12:37:52 -0700] "GET /Install/setup.exe HTTP/1.1" 206 1584283 "http://www.djelfa.info/vb/showthread.php?t=10285" "Mozilla/5.0 (Windows; U; Win 9x 4.90; ar; rv:1.8.0.6) Gecko/20060728 Firefox/1.5.0.6"
82.151.87.55 - - [31/Jul/2007:12:33:55 -0700] "GET /Install/setup.exe HTTP/1.1" 206 2614505 "http://www.google.ae/search?q=%D8%AA%D8%AD%D9%85%D9%8A%D9%84+%D8%A8%D8%B1%D8%A7%D9%85%D8%AC+%D9%84%D8%B1%D8%B3%D9%85+%D8%A7%D9%84%D8%AF%D9%88%D8%A7%D9%84+%D9%85%D8%AC%D8%A7%D9%86%D9%8A&hl=ar&start=10&sa=N" "Mozilla/4.0 (compatible; MSIE 6.0; Windows NT 5.1; SV1; (R1 1.5; SBUA))"
::1 - - [31/Jul/2007:12:40:00 -0700] "GET /" 400 669 "-" "-"
82.151.87.55 - - [31/Jul/2007:12:33:55 -0700] "GET /Install/setup.exe HTTP/1.1" 206 2614505 "http://www.google.ae/search?q=%D8%AA%D8%AD%D9%85%D9%8A%D9%84+%D8%A8%D8%B1%D8%A7%D9%85%D8%AC+%D9%84%D8%B1%D8%B3%D9%85+%D8%A7%D9%84%D8%AF%D9%88%D8%A7%D9%84+%D9%85%D8%AC%D8%A7%D9%86%D9%8A&hl=ar&start=10&sa=N" "Mozilla/4.0 (compatible; MSIE 6.0; Windows NT 5.1; SV1; (R1 1.5; SBUA))"
82.151.87.55 - - [31/Jul/2007:12:33:55 -0700] "GET /Install/setup.exe HTTP/1.1" 206 2614505 "http://www.google.ae/search?q=%D8%AA%D8%AD%D9%85%D9%8A%D9%84+%D8%A8%D8%B1%D8%A7%D9%85%D8%AC+%D9%84%D8%B1%D8%B3%D9%85+%D8%A7%D9%84%D8%AF%D9%88%D8%A7%D9%84+%D9%85%D8%AC%D8%A7%D9%86%D9%8A&hl=ar&start=10&sa=N" "Mozilla/4.0 (compatible; MSIE 6.0; Windows NT 5.1; SV1; (R1 1.5; SBUA))"
::1 - - [31/Jul/2007:12:40:01 -0700] "GET /" 400 669 "-" "-"
82.151.87.55 - - [31/Jul/2007:12:33:43 -0700] "GET /Install/setup.exe HTTP/1.1" 206 13072520 "http://www.google.ae/search?q=%D8%AA%D8%AD%D9%85%D9%8A%D9%84+%D8%A8%D8%B1%D8%A7%D9%85%D8%AC+%D9%84%D8%B1%D8%B3%D9%85+%D8%A7%D9%84%D8%AF%D9%88%D8%A7%D9%84+%D9%85%D8%AC%D8%A7%D9%86%D9%8A&hl=ar&start=10&sa=N" "Mozilla/4.0 (compatible; MSIE 6.0; Windows NT 5.1; SV1; (R1 1.5; SBUA))"
::1 - - [31/Jul/2007:12:40:02 -0700] "GET /" 400 669 "-" "-"
82.151.87.55 - - [31/Jul/2007:12:33:55 -0700] "GET /Install/setup.exe HTTP/1.1" 206 2614505 "http://www.google.ae/search?q=%D8%AA%D8%AD%D9%85%D9%8A%D9%84+%D8%A8%D8%B1%D8%A7%D9%85%D8%AC+%D9%84%D8%B1%D8%B3%D9%85+%D8%A7%D9%84%D8%AF%D9%88%D8%A7%D9%84+%D9%85%D8%AC%D8%A7%D9%86%D9%8A&hl=ar&start=10&sa=N" "Mozilla/4.0 (compatible; MSIE 6.0; Windows NT 5.1; SV1; (R1 1.5; SBUA))"
::1 - - [31/Jul/2007:12:40:03 -0700] "GET /" 400 669 "-" "-"
::1 - - [31/Jul/2007:12:40:04 -0700] "GET /" 400 669 "-" "-"
::1 - - [31/Jul/2007:12:40:06 -0700] "GET /" 400 669 "-" "-"
::1 - - [31/Jul/2007:12:40:20 -0700] "GET /" 400 669 "-" "-"
82.129.200.37 - - [31/Jul/2007:12:33:11 -0700] "GET /Install/setup.exe HTTP/1.1" 206 1593931 "http://www.djelfa.info/vb/showthread.php?t=10285" "Mozilla/5.0 (Windows; U; Win 9x 4.90; ar; rv:1.8.0.6) Gecko/20060728 Firefox/1.5.0.6"
82.129.200.37 - - [31/Jul/2007:12:33:11 -0700] "GET /Install/setup.exe HTTP/1.1" 206 1599025 "http://www.djelfa.info/vb/showthread.php?t=10285" "Mozilla/5.0 (Windows; U; Win 9x 4.90; ar; rv:1.8.0.6) Gecko/20060728 Firefox/1.5.0.6"
82.129.200.37 - - [31/Jul/2007:12:40:31 -0700] "GET /Install/setup.exe HTTP/1.1" 206 1577315 "http://www.djelfa.info/vb/showthread.php?t=10285" "Mozilla/5.0 (Windows; U; Win 9x 4.90; ar; rv:1.8.0.6) Gecko/20060728 Firefox/1.5.0.6"
::1 - - [31/Jul/2007:12:41:15 -0700] "GET /" 400 669 "-" "-"
150.226.95.18 - - [31/Jul/2007:12:42:17 -0700] "GET /?gclid=CJbultjG0o0CFRxLQAod2TgBbA HTTP/1.1" 200 10654 "http://www.google.com/search?hl=en&q=advanced+algebra" "Mozilla/4.0 (compatible; MSIE 6.0; Windows NT 5.1; SV1; InfoPath.1; .NET CLR 1.1.4322; .NET CLR 2.0.50727)"
150.226.95.18 - - [31/Jul/2007:12:42:18 -0700] "GET /HelpWithMathStyle.css HTTP/1.1" 200 7201 "http://www.helpwithmath.com/?gclid=CJbultjG0o0CFRxLQAod2TgBbA" "Mozilla/4.0 (compatible; MSIE 6.0; Windows NT 5.1; SV1; InfoPath.1; .NET CLR 1.1.4322; .NET CLR 2.0.50727)"
150.226.95.18 - - [31/Jul/2007:12:42:18 -0700] "GET /fold.gif HTTP/1.1" 200 119 "http://www.helpwithmath.com/?gclid=CJbultjG0o0CFRxLQAod2TgBbA" "Mozilla/4.0 (compatible; MSIE 6.0; Windows NT 5.1; SV1; InfoPath.1; .NET CLR 1.1.4322; .NET CLR 2.0.50727)"
150.226.95.18 - - [31/Jul/2007:12:42:18 -0700] "GET /open.gif HTTP/1.1" 200 125 "http://www.helpwithmath.com/?gclid=CJbultjG0o0CFRxLQAod2TgBbA" "Mozilla/4.0 (compatible; MSIE 6.0; Windows NT 5.1; SV1; InfoPath.1; .NET CLR 1.1.4322; .NET CLR 2.0.50727)"
150.226.95.18 - - [31/Jul/2007:12:42:18 -0700] "GET /gblnav_left.gif HTTP/1.1" 200 580 "http://www.helpwithmath.com/?gclid=CJbultjG0o0CFRxLQAod2TgBbA" "Mozilla/4.0 (compatible; MSIE 6.0; Windows NT 5.1; SV1; InfoPath.1; .NET CLR 1.1.4322; .NET CLR 2.0.50727)"
150.226.95.18 - - [31/Jul/2007:12:42:18 -0700] "GET /glbnav_right.gif HTTP/1.1" 200 578 "http://www.helpwithmath.com/?gclid=CJbultjG0o0CFRxLQAod2TgBbA" "Mozilla/4.0 (compatible; MSIE 6.0; Windows NT 5.1; SV1; InfoPath.1; .NET CLR 1.1.4322; .NET CLR 2.0.50727)"
150.226.95.18 - - [31/Jul/2007:12:42:18 -0700] "GET /Spacer.gif HTTP/1.1" 200 52 "http://www.helpwithmath.com/?gclid=CJbultjG0o0CFRxLQAod2TgBbA" "Mozilla/4.0 (compatible; MSIE 6.0; Windows NT 5.1; SV1; InfoPath.1; .NET CLR 1.1.4322; .NET CLR 2.0.50727)"
150.226.95.18 - - [31/Jul/2007:12:42:18 -0700] "GET /TransparentMathXpertLogo.gif HTTP/1.1" 200 1845 "http://www.helpwithmath.com/?gclid=CJbultjG0o0CFRxLQAod2TgBbA" "Mozilla/4.0 (compatible; MSIE 6.0; Windows NT 5.1; SV1; InfoPath.1; .NET CLR 1.1.4322; .NET CLR 2.0.50727)"
150.226.95.18 - - [31/Jul/2007:12:42:19 -0700] "GET /demo/image4.gif HTTP/1.1" 200 17692 "http://www.helpwithmath.com/?gclid=CJbultjG0o0CFRxLQAod2TgBbA" "Mozilla/4.0 (compatible; MSIE 6.0; Windows NT 5.1; SV1; InfoPath.1; .NET CLR 1.1.4322; .NET CLR 2.0.50727)"
150.226.95.18 - - [31/Jul/2007:12:42:19 -0700] "GET /demo/step4a.gif HTTP/1.1" 200 18054 "http://www.helpwithmath.com/?gclid=CJbultjG0o0CFRxLQAod2TgBbA" "Mozilla/4.0 (compatible; MSIE 6.0; Windows NT 5.1; SV1; InfoPath.1; .NET CLR 1.1.4322; .NET CLR 2.0.50727)"
150.226.95.18 - - [31/Jul/2007:12:42:19 -0700] "GET /include/Ramanujan1-quality15.jpg HTTP/1.1" 200 34375 "http://www.helpwithmath.com/?gclid=CJbultjG0o0CFRxLQAod2TgBbA" "Mozilla/4.0 (compatible; MSIE 6.0; Windows NT 5.1; SV1; InfoPath.1; .NET CLR 1.1.4322; .NET CLR 2.0.50727)"
150.226.95.18 - - [31/Jul/2007:12:42:21 -0700] "GET /glbnav_background.gif HTTP/1.1" 200 301 "http://www.helpwithmath.com/?gclid=CJbultjG0o0CFRxLQAod2TgBbA" "Mozilla/4.0 (compatible; MSIE 6.0; Windows NT 5.1; SV1; InfoPath.1; .NET CLR 1.1.4322; .NET CLR 2.0.50727)"
150.226.95.18 - - [31/Jul/2007:12:42:21 -0700] "GET /include/Background.gif HTTP/1.1" 200 52448 "http://www.helpwithmath.com/?gclid=CJbultjG0o0CFRxLQAod2TgBbA" "Mozilla/4.0 (compatible; MSIE 6.0; Windows NT 5.1; SV1; InfoPath.1; .NET CLR 1.1.4322; .NET CLR 2.0.50727)"
::1 - - [31/Jul/2007:12:42:40 -0700] "GET /" 400 669 "-" "-"
::1 - - [31/Jul/2007:12:42:54 -0700] "GET /" 400 669 "-" "-"
::1 - - [31/Jul/2007:12:42:56 -0700] "GET /" 400 669 "-" "-"
82.129.200.37 - - [31/Jul/2007:12:33:11 -0700] "GET /Install/setup.exe HTTP/1.1" 206 1586964 "http://www.djelfa.info/vb/showthread.php?t=10285" "Mozilla/5.0 (Windows; U; Win 9x 4.90; ar; rv:1.8.0.6) Gecko/20060728 Firefox/1.5.0.6"
82.129.200.37 - - [31/Jul/2007:12:33:11 -0700] "GET /Install/setup.exe HTTP/1.1" 206 1599829 "http://www.djelfa.info/vb/showthread.php?t=10285" "Mozilla/5.0 (Windows; U; Win 9x 4.90; ar; rv:1.8.0.6) Gecko/20060728 Firefox/1.5.0.6"
::1 - - [31/Jul/2007:12:45:27 -0700] "GET /" 400 669 "-" "-"
82.129.200.37 - - [31/Jul/2007:12:33:08 -0700] "GET /Install/setup.exe HTTP/1.1" 206 12993728 "http://www.djelfa.info/vb/showthread.php?t=10285" "Mozilla/5.0 (Windows; U; Win 9x 4.90; ar; rv:1.8.0.6) Gecko/20060728 Firefox/1.5.0.6"
::1 - - [31/Jul/2007:12:45:28 -0700] "GET /" 400 669 "-" "-"
::1 - - [31/Jul/2007:12:45:29 -0700] "GET /" 400 669 "-" "-"
82.129.200.37 - - [31/Jul/2007:12:41:05 -0700] "GET /Install/setup.exe HTTP/1.1" 206 1538187 "http://www.djelfa.info/vb/showthread.php?t=10285" "Mozilla/5.0 (Windows; U; Win 9x 4.90; ar; rv:1.8.0.6) Gecko/20060728 Firefox/1.5.0.6"
::1 - - [31/Jul/2007:12:46:02 -0700] "GET /" 400 669 "-" "-"
::1 - - [31/Jul/2007:12:46:03 -0700] "GET /" 400 669 "-" "-"
::1 - - [31/Jul/2007:12:46:09 -0700] "GET /" 400 669 "-" "-"
::1 - - [31/Jul/2007:12:46:31 -0700] "GET /" 400 669 "-" "-"
::1 - - [31/Jul/2007:12:46:32 -0700] "GET /" 400 669 "-" "-"
::1 - - [31/Jul/2007:12:46:36 -0700] "GET /" 400 669 "-" "-"
::1 - - [31/Jul/2007:12:46:48 -0700] "GET /" 400 669 "-" "-"
::1 - - [31/Jul/2007:12:46:49 -0700] "GET /" 400 669 "-" "-"
65.55.208.215 - - [31/Jul/2007:12:48:29 -0700] "GET /robots.txt HTTP/1.0" 404 401 "-" "msnbot/1.0 (+http://search.msn.com/msnbot.htm)"
65.55.208.215 - - [31/Jul/2007:12:48:30 -0700] "GET /about.php?include=howitworks.html HTTP/1.0" 200 10929 "-" "msnbot/1.0 (+http://search.msn.com/msnbot.htm)"
::1 - - [31/Jul/2007:12:49:32 -0700] "GET /" 400 669 "-" "-"
82.40.118.67 - - [31/Jul/2007:12:50:34 -0700] "GET /?gclid=CIGG9sbI0o0CFQ3tlAodWmbhYQ HTTP/1.1" 200 10654 "http://pagead2.googlesyndication.com/pagead/ads?client=ca-pub-0120177304734599&dt=1185911254044&lmt=1185911254&format=728x90_as&output=html&correlator=1185911254034&channel=0332165353&url=http%3A%2F%2Fwww.sosmath.com%2Fdiffeq%2Ffirst%2Flineareq%2Flineareq.html&color_bg=EFEFEF&color_text=000000&color_link=0000CC&color_url=008000&color_border=EFEFEF&ad_type=text&ref=http%3A%2F%2Fwww.sosmath.com%2Fdiffeq%2Fdiffeq.html&cc=1347&flash=9&u_h=600&u_w=800&u_ah=570&u_aw=800&u_cd=32&u_tz=60&u_his=19&u_java=true" "Mozilla/4.0 (compatible; MSIE 7.0; Windows NT 5.1; FunWebProducts; .NET CLR 1.1.4322)"
82.40.118.67 - - [31/Jul/2007:12:50:35 -0700] "GET /HelpWithMathStyle.css HTTP/1.1" 200 7201 "http://www.helpwithmath.com/?gclid=CIGG9sbI0o0CFQ3tlAodWmbhYQ" "Mozilla/4.0 (compatible; MSIE 7.0; Windows NT 5.1; FunWebProducts; .NET CLR 1.1.4322)"
82.40.118.67 - - [31/Jul/2007:12:50:35 -0700] "GET /fold.gif HTTP/1.1" 200 119 "http://www.helpwithmath.com/?gclid=CIGG9sbI0o0CFQ3tlAodWmbhYQ" "Mozilla/4.0 (compatible; MSIE 7.0; Windows NT 5.1; FunWebProducts; .NET CLR 1.1.4322)"
82.40.118.67 - - [31/Jul/2007:12:50:35 -0700] "GET /open.gif HTTP/1.1" 200 125 "http://www.helpwithmath.com/?gclid=CIGG9sbI0o0CFQ3tlAodWmbhYQ" "Mozilla/4.0 (compatible; MSIE 7.0; Windows NT 5.1; FunWebProducts; .NET CLR 1.1.4322)"
82.40.118.67 - - [31/Jul/2007:12:50:35 -0700] "GET /gblnav_left.gif HTTP/1.1" 200 580 "http://www.helpwithmath.com/?gclid=CIGG9sbI0o0CFQ3tlAodWmbhYQ" "Mozilla/4.0 (compatible; MSIE 7.0; Windows NT 5.1; FunWebProducts; .NET CLR 1.1.4322)"
82.40.118.67 - - [31/Jul/2007:12:50:35 -0700] "GET /glbnav_right.gif HTTP/1.1" 200 578 "http://www.helpwithmath.com/?gclid=CIGG9sbI0o0CFQ3tlAodWmbhYQ" "Mozilla/4.0 (compatible; MSIE 7.0; Windows NT 5.1; FunWebProducts; .NET CLR 1.1.4322)"
82.40.118.67 - - [31/Jul/2007:12:50:36 -0700] "GET /Spacer.gif HTTP/1.1" 200 52 "http://www.helpwithmath.com/?gclid=CIGG9sbI0o0CFQ3tlAodWmbhYQ" "Mozilla/4.0 (compatible; MSIE 7.0; Windows NT 5.1; FunWebProducts; .NET CLR 1.1.4322)"
82.40.118.67 - - [31/Jul/2007:12:50:36 -0700] "GET /TransparentMathXpertLogo.gif HTTP/1.1" 200 1845 "http://www.helpwithmath.com/?gclid=CIGG9sbI0o0CFQ3tlAodWmbhYQ" "Mozilla/4.0 (compatible; MSIE 7.0; Windows NT 5.1; FunWebProducts; .NET CLR 1.1.4322)"
82.40.118.67 - - [31/Jul/2007:12:50:36 -0700] "GET /include/Ramanujan1-quality15.jpg HTTP/1.1" 200 34375 "http://www.helpwithmath.com/?gclid=CIGG9sbI0o0CFQ3tlAodWmbhYQ" "Mozilla/4.0 (compatible; MSIE 7.0; Windows NT 5.1; FunWebProducts; .NET CLR 1.1.4322)"
82.40.118.67 - - [31/Jul/2007:12:50:36 -0700] "GET /glbnav_background.gif HTTP/1.1" 200 301 "http://www.helpwithmath.com/?gclid=CIGG9sbI0o0CFQ3tlAodWmbhYQ" "Mozilla/4.0 (compatible; MSIE 7.0; Windows NT 5.1; FunWebProducts; .NET CLR 1.1.4322)"
82.40.118.67 - - [31/Jul/2007:12:50:37 -0700] "GET /demo/image4.gif HTTP/1.1" 200 17692 "http://www.helpwithmath.com/?gclid=CIGG9sbI0o0CFQ3tlAodWmbhYQ" "Mozilla/4.0 (compatible; MSIE 7.0; Windows NT 5.1; FunWebProducts; .NET CLR 1.1.4322)"
82.40.118.67 - - [31/Jul/2007:12:50:37 -0700] "GET /demo/step4a.gif HTTP/1.1" 200 18054 "http://www.helpwithmath.com/?gclid=CIGG9sbI0o0CFQ3tlAodWmbhYQ" "Mozilla/4.0 (compatible; MSIE 7.0; Windows NT 5.1; FunWebProducts; .NET CLR 1.1.4322)"
82.40.118.67 - - [31/Jul/2007:12:50:37 -0700] "GET /include/Background.gif HTTP/1.1" 200 52448 "http://www.helpwithmath.com/?gclid=CIGG9sbI0o0CFQ3tlAodWmbhYQ" "Mozilla/4.0 (compatible; MSIE 7.0; Windows NT 5.1; FunWebProducts; .NET CLR 1.1.4322)"
82.40.118.67 - - [31/Jul/2007:12:50:38 -0700] "GET /favicon.ico HTTP/1.1" 404 405 "-" "Mozilla/4.0 (compatible; MSIE 7.0; Windows NT 5.1; FunWebProducts; .NET CLR 1.1.4322)"
82.40.118.67 - - [31/Jul/2007:12:50:39 -0700] "GET /glblnav_selected.gif HTTP/1.1" 200 158 "http://www.helpwithmath.com/?gclid=CIGG9sbI0o0CFQ3tlAodWmbhYQ" "Mozilla/4.0 (compatible; MSIE 7.0; Windows NT 5.1; FunWebProducts; .NET CLR 1.1.4322)"
82.40.118.67 - - [31/Jul/2007:12:50:53 -0700] "GET /about.php?include=student.html HTTP/1.1" 200 11168 "http://www.helpwithmath.com/?gclid=CIGG9sbI0o0CFQ3tlAodWmbhYQ" "Mozilla/4.0 (compatible; MSIE 7.0; Windows NT 5.1; FunWebProducts; .NET CLR 1.1.4322)"
::1 - - [31/Jul/2007:12:51:27 -0700] "GET /" 400 669 "-" "-"
82.151.87.147 - - [31/Jul/2007:12:50:20 -0700] "GET /Install/setup.exe HTTP/1.1" 206 2221063 "http://www.google.ae/search?q=%D8%AA%D8%AD%D9%85%D9%8A%D9%84+%D8%A8%D8%B1%D8%A7%D9%85%D8%AC+%D9%84%D8%B1%D8%B3%D9%85+%D8%A7%D9%84%D8%AF%D9%88%D8%A7%D9%84+%D9%85%D8%AC%D8%A7%D9%86%D9%8A&hl=ar&start=10&sa=N" "Mozilla/4.0 (compatible; MSIE 6.0; Windows NT 5.1; SV1; (R1 1.5; SBUA))"
82.151.87.147 - - [31/Jul/2007:12:47:59 -0700] "GET /Install/setup.exe HTTP/1.1" 206 2496998 "http://www.google.ae/search?q=%D8%AA%D8%AD%D9%85%D9%8A%D9%84+%D8%A8%D8%B1%D8%A7%D9%85%D8%AC+%D9%84%D8%B1%D8%B3%D9%85+%D8%A7%D9%84%D8%AF%D9%88%D8%A7%D9%84+%D9%85%D8%AC%D8%A7%D9%86%D9%8A&hl=ar&start=10&sa=N" "Mozilla/4.0 (compatible; MSIE 6.0; Windows NT 5.1; SV1; (R1 1.5; SBUA))"
82.151.87.147 - - [31/Jul/2007:12:48:00 -0700] "GET /Install/setup.exe HTTP/1.1" 206 2546714 "http://www.google.ae/search?q=%D8%AA%D8%AD%D9%85%D9%8A%D9%84+%D8%A8%D8%B1%D8%A7%D9%85%D8%AC+%D9%84%D8%B1%D8%B3%D9%85+%D8%A7%D9%84%D8%AF%D9%88%D8%A7%D9%84+%D9%85%D8%AC%D8%A7%D9%86%D9%8A&hl=ar&start=10&sa=N" "Mozilla/4.0 (compatible; MSIE 6.0; Windows NT 5.1; SV1; (R1 1.5; SBUA))"
82.151.87.147 - - [31/Jul/2007:12:47:59 -0700] "GET /Install/setup.exe HTTP/1.1" 206 1706594 "http://www.google.ae/search?q=%D8%AA%D8%AD%D9%85%D9%8A%D9%84+%D8%A8%D8%B1%D8%A7%D9%85%D8%AC+%D9%84%D8%B1%D8%B3%D9%85+%D8%A7%D9%84%D8%AF%D9%88%D8%A7%D9%84+%D9%85%D8%AC%D8%A7%D9%86%D9%8A&hl=ar&start=10&sa=N" "Mozilla/4.0 (compatible; MSIE 6.0; Windows NT 5.1; SV1; (R1 1.5; SBUA))"
::1 - - [31/Jul/2007:12:54:52 -0700] "GET /" 400 669 "-" "-"
82.151.87.147 - - [31/Jul/2007:12:48:00 -0700] "GET /Install/setup.exe HTTP/1.1" 206 2516171 "http://www.google.ae/search?q=%D8%AA%D8%AD%D9%85%D9%8A%D9%84+%D8%A8%D8%B1%D8%A7%D9%85%D8%AC+%D9%84%D8%B1%D8%B3%D9%85+%D8%A7%D9%84%D8%AF%D9%88%D8%A7%D9%84+%D9%85%D8%AC%D8%A7%D9%86%D9%8A&hl=ar&start=10&sa=N" "Mozilla/4.0 (compatible; MSIE 6.0; Windows NT 5.1; SV1; (R1 1.5; SBUA))"
82.151.87.147 - - [31/Jul/2007:12:47:59 -0700] "GET /Install/setup.exe HTTP/1.1" 206 2508497 "http://www.google.ae/search?q=%D8%AA%D8%AD%D9%85%D9%8A%D9%84+%D8%A8%D8%B1%D8%A7%D9%85%D8%AC+%D9%84%D8%B1%D8%B3%D9%85+%D8%A7%D9%84%D8%AF%D9%88%D8%A7%D9%84+%D9%85%D8%AC%D8%A7%D9%86%D9%8A&hl=ar&start=10&sa=N" "Mozilla/4.0 (compatible; MSIE 6.0; Windows NT 5.1; SV1; (R1 1.5; SBUA))"
::1 - - [31/Jul/2007:12:54:53 -0700] "GET /" 400 669 "-" "-"
::1 - - [31/Jul/2007:12:54:54 -0700] "GET /" 400 669 "-" "-"
::1 - - [31/Jul/2007:12:54:55 -0700] "GET /" 400 669 "-" "-"
::1 - - [31/Jul/2007:12:54:56 -0700] "GET /" 400 669 "-" "-"
82.151.87.147 - - [31/Jul/2007:12:52:56 -0700] "GET /Install/setup.exe HTTP/1.1" 206 1627160 "http://www.google.ae/search?q=%D8%AA%D8%AD%D9%85%D9%8A%D9%84+%D8%A8%D8%B1%D8%A7%D9%85%D8%AC+%D9%84%D8%B1%D8%B3%D9%85+%D8%A7%D9%84%D8%AF%D9%88%D8%A7%D9%84+%D9%85%D8%AC%D8%A7%D9%86%D9%8A&hl=ar&start=10&sa=N" "Mozilla/4.0 (compatible; MSIE 6.0; Windows NT 5.1; SV1; (R1 1.5; SBUA))"
82.151.87.147 - - [31/Jul/2007:12:50:27 -0700] "GET /Install/setup.exe HTTP/1.1" 206 2134114 "http://www.google.ae/search?q=%D8%AA%D8%AD%D9%85%D9%8A%D9%84+%D8%A8%D8%B1%D8%A7%D9%85%D8%AC+%D9%84%D8%B1%D8%B3%D9%85+%D8%A7%D9%84%D8%AF%D9%88%D8%A7%D9%84+%D9%85%D8%AC%D8%A7%D9%86%D9%8A&hl=ar&start=10&sa=N" "Mozilla/4.0 (compatible; MSIE 6.0; Windows NT 5.1; SV1; (R1 1.5; SBUA))"
::1 - - [31/Jul/2007:12:55:06 -0700] "GET /" 400 669 "-" "-"
82.151.87.147 - - [31/Jul/2007:12:50:31 -0700] "GET /Install/setup.exe HTTP/1.1" 206 1583637 "http://www.google.ae/search?q=%D8%AA%D8%AD%D9%85%D9%8A%D9%84+%D8%A8%D8%B1%D8%A7%D9%85%D8%AC+%D9%84%D8%B1%D8%B3%D9%85+%D8%A7%D9%84%D8%AF%D9%88%D8%A7%D9%84+%D9%85%D8%AC%D8%A7%D9%86%D9%8A&hl=ar&start=10&sa=N" "Mozilla/4.0 (compatible; MSIE 6.0; Windows NT 5.1; SV1; (R1 1.5; SBUA))"
::1 - - [31/Jul/2007:12:56:12 -0700] "GET /" 400 669 "-" "-"
82.151.87.147 - - [31/Jul/2007:12:55:10 -0700] "GET /Install/setup.exe HTTP/1.1" 206 600693 "http://www.google.ae/search?q=%D8%AA%D8%AD%D9%85%D9%8A%D9%84+%D8%A8%D8%B1%D8%A7%D9%85%D8%AC+%D9%84%D8%B1%D8%B3%D9%85+%D8%A7%D9%84%D8%AF%D9%88%D8%A7%D9%84+%D9%85%D8%AC%D8%A7%D9%86%D9%8A&hl=ar&start=10&sa=N" "Mozilla/4.0 (compatible; MSIE 6.0; Windows NT 5.1; SV1; (R1 1.5; SBUA))"
82.151.87.147 - - [31/Jul/2007:12:56:26 -0700] "GET /Install/setup.exe HTTP/1.1" 206 138378 "http://www.google.ae/search?q=%D8%AA%D8%AD%D9%85%D9%8A%D9%84+%D8%A8%D8%B1%D8%A7%D9%85%D8%AC+%D9%84%D8%B1%D8%B3%D9%85+%D8%A7%D9%84%D8%AF%D9%88%D8%A7%D9%84+%D9%85%D8%AC%D8%A7%D9%86%D9%8A&hl=ar&start=10&sa=N" "Mozilla/4.0 (compatible; MSIE 6.0; Windows NT 5.1; SV1; (R1 1.5; SBUA))"
82.151.87.147 - - [31/Jul/2007:12:56:37 -0700] "GET /Install/setup.exe HTTP/1.1" 206 16276 "http://www.google.ae/search?q=%D8%AA%D8%AD%D9%85%D9%8A%D9%84+%D8%A8%D8%B1%D8%A7%D9%85%D8%AC+%D9%84%D8%B1%D8%B3%D9%85+%D8%A7%D9%84%D8%AF%D9%88%D8%A7%D9%84+%D9%85%D8%AC%D8%A7%D9%86%D9%8A&hl=ar&start=10&sa=N" "Mozilla/4.0 (compatible; MSIE 6.0; Windows NT 5.1; SV1; (R1 1.5; SBUA))"
::1 - - [31/Jul/2007:12:56:39 -0700] "GET /" 400 669 "-" "-"
82.151.87.147 - - [31/Jul/2007:12:50:30 -0700] "GET /Install/setup.exe HTTP/1.1" 206 1816710 "http://www.google.ae/search?q=%D8%AA%D8%AD%D9%85%D9%8A%D9%84+%D8%A8%D8%B1%D8%A7%D9%85%D8%AC+%D9%84%D8%B1%D8%B3%D9%85+%D8%A7%D9%84%D8%AF%D9%88%D8%A7%D9%84+%D9%85%D8%AC%D8%A7%D9%86%D9%8A&hl=ar&start=10&sa=N" "Mozilla/4.0 (compatible; MSIE 6.0; Windows NT 5.1; SV1; (R1 1.5; SBUA))"
82.129.200.37 - - [31/Jul/2007:12:45:32 -0700] "GET /Install/setup.exe HTTP/1.1" 206 1576779 "http://www.djelfa.info/vb/showthread.php?t=10285" "Mozilla/5.0 (Windows; U; Win 9x 4.90; ar; rv:1.8.0.6) Gecko/20060728 Firefox/1.5.0.6"
82.129.200.37 - - [31/Jul/2007:12:41:14 -0700] "GET /Install/setup.exe HTTP/1.1" 206 1577315 "http://www.djelfa.info/vb/showthread.php?t=10285" "Mozilla/5.0 (Windows; U; Win 9x 4.90; ar; rv:1.8.0.6) Gecko/20060728 Firefox/1.5.0.6"
::1 - - [31/Jul/2007:12:57:43 -0700] "GET /" 400 669 "-" "-"
::1 - - [31/Jul/2007:12:58:52 -0700] "GET /" 400 669 "-" "-"
::1 - - [31/Jul/2007:12:58:53 -0700] "GET /" 400 669 "-" "-"
::1 - - [31/Jul/2007:12:58:54 -0700] "GET /" 400 669 "-" "-"
82.129.200.37 - - [31/Jul/2007:12:56:58 -0700] "GET /Install/setup.exe HTTP/1.1" 206 1454571 "http://www.djelfa.info/vb/showthread.php?t=10285" "Mozilla/5.0 (Windows; U; Win 9x 4.90; ar; rv:1.8.0.6) Gecko/20060728 Firefox/1.5.0.6"
82.129.200.37 - - [31/Jul/2007:12:44:10 -0700] "GET /Install/setup.exe HTTP/1.1" 206 1545692 "http://www.djelfa.info/vb/showthread.php?t=10285" "Mozilla/5.0 (Windows; U; Win 9x 4.90; ar; rv:1.8.0.6) Gecko/20060728 Firefox/1.5.0.6"
::1 - - [31/Jul/2007:12:59:11 -0700] "GET /" 400 669 "-" "-"
82.129.200.37 - - [31/Jul/2007:12:57:03 -0700] "GET /Install/setup.exe HTTP/1.1" 206 1382747 "http://www.djelfa.info/vb/showthread.php?t=10285" "Mozilla/5.0 (Windows; U; Win 9x 4.90; ar; rv:1.8.0.6) Gecko/20060728 Firefox/1.5.0.6"
82.129.200.37 - - [31/Jul/2007:12:46:04 -0700] "GET /Install/setup.exe HTTP/1.1" 206 1482443 "http://www.djelfa.info/vb/showthread.php?t=10285" "Mozilla/5.0 (Windows; U; Win 9x 4.90; ar; rv:1.8.0.6) Gecko/20060728 Firefox/1.5.0.6"
::1 - - [31/Jul/2007:12:59:12 -0700] "GET /" 400 669 "-" "-"
::1 - - [31/Jul/2007:12:59:13 -0700] "GET /" 400 669 "-" "-"
::1 - - [31/Jul/2007:12:59:14 -0700] "GET /" 400 669 "-" "-"
82.129.200.37 - - [31/Jul/2007:12:33:11 -0700] "GET /Install/setup.exe HTTP/1.1" 206 1598221 "http://www.djelfa.info/vb/showthread.php?t=10285" "Mozilla/5.0 (Windows; U; Win 9x 4.90; ar; rv:1.8.0.6) Gecko/20060728 Firefox/1.5.0.6"
::1 - - [31/Jul/2007:12:59:16 -0700] "GET /" 400 669 "-" "-"
82.129.200.37 - - [31/Jul/2007:12:41:17 -0700] "GET /Install/setup.exe HTTP/1.1" 206 1512729 "http://www.djelfa.info/vb/showthread.php?t=10285" "Mozilla/5.0 (Windows; U; Win 9x 4.90; ar; rv:1.8.0.6) Gecko/20060728 Firefox/1.5.0.6"
82.129.200.37 - - [31/Jul/2007:12:33:11 -0700] "GET /Install/setup.exe HTTP/1.1" 206 1594736 "http://www.djelfa.info/vb/showthread.php?t=10285" "Mozilla/5.0 (Windows; U; Win 9x 4.90; ar; rv:1.8.0.6) Gecko/20060728 Firefox/1.5.0.6"
82.129.200.37 - - [31/Jul/2007:12:44:19 -0700] "GET /Install/setup.exe HTTP/1.1" 206 1595541 "http://www.djelfa.info/vb/showthread.php?t=10285" "Mozilla/5.0 (Windows; U; Win 9x 4.90; ar; rv:1.8.0.6) Gecko/20060728 Firefox/1.5.0.6"
::1 - - [31/Jul/2007:13:00:09 -0700] "GET /" 400 669 "-" "-"
::1 - - [31/Jul/2007:13:00:10 -0700] "GET /" 400 669 "-" "-"
::1 - - [31/Jul/2007:13:00:11 -0700] "GET /" 400 669 "-" "-"
::1 - - [31/Jul/2007:13:00:12 -0700] "GET /" 400 669 "-" "-"
::1 - - [31/Jul/2007:13:00:13 -0700] "GET /" 400 669 "-" "-"
::1 - - [31/Jul/2007:13:00:14 -0700] "GET /" 400 669 "-" "-"
::1 - - [31/Jul/2007:13:00:15 -0700] "GET /" 400 669 "-" "-"
::1 - - [31/Jul/2007:13:00:16 -0700] "GET /" 400 669 "-" "-"
::1 - - [31/Jul/2007:13:00:17 -0700] "GET /" 400 669 "-" "-"
::1 - - [31/Jul/2007:13:00:18 -0700] "GET /" 400 669 "-" "-"
::1 - - [31/Jul/2007:13:00:19 -0700] "GET /" 400 669 "-" "-"
::1 - - [31/Jul/2007:13:00:20 -0700] "GET /" 400 669 "-" "-"
::1 - - [31/Jul/2007:13:00:21 -0700] "GET /" 400 669 "-" "-"
::1 - - [31/Jul/2007:13:00:22 -0700] "GET /" 400 669 "-" "-"
::1 - - [31/Jul/2007:13:00:23 -0700] "GET /" 400 669 "-" "-"
::1 - - [31/Jul/2007:13:00:24 -0700] "GET /" 400 669 "-" "-"
::1 - - [31/Jul/2007:13:00:25 -0700] "GET /" 400 669 "-" "-"
::1 - - [31/Jul/2007:13:00:26 -0700] "GET /" 400 669 "-" "-"
::1 - - [31/Jul/2007:13:00:27 -0700] "GET /" 400 669 "-" "-"
::1 - - [31/Jul/2007:13:00:28 -0700] "GET /" 400 669 "-" "-"
::1 - - [31/Jul/2007:13:00:29 -0700] "GET /" 400 669 "-" "-"
::1 - - [31/Jul/2007:13:00:30 -0700] "GET /" 400 669 "-" "-"
::1 - - [31/Jul/2007:13:00:31 -0700] "GET /" 400 669 "-" "-"
::1 - - [31/Jul/2007:13:00:32 -0700] "GET /" 400 669 "-" "-"
::1 - - [31/Jul/2007:13:00:33 -0700] "GET /" 400 669 "-" "-"
::1 - - [31/Jul/2007:13:00:34 -0700] "GET /" 400 669 "-" "-"
::1 - - [31/Jul/2007:13:00:35 -0700] "GET /" 400 669 "-" "-"
::1 - - [31/Jul/2007:13:00:36 -0700] "GET /" 400 669 "-" "-"
::1 - - [31/Jul/2007:13:00:37 -0700] "GET /" 400 669 "-" "-"
::1 - - [31/Jul/2007:13:00:38 -0700] "GET /" 400 669 "-" "-"
::1 - - [31/Jul/2007:13:00:47 -0700] "GET /" 400 669 "-" "-"
::1 - - [31/Jul/2007:13:00:57 -0700] "GET /" 400 669 "-" "-"
::1 - - [31/Jul/2007:13:00:58 -0700] "GET /" 400 669 "-" "-"
::1 - - [31/Jul/2007:13:00:59 -0700] "GET /" 400 669 "-" "-"
::1 - - [31/Jul/2007:13:01:00 -0700] "GET /" 400 669 "-" "-"
66.75.255.149 - - [31/Jul/2007:13:01:06 -0700] "GET / HTTP/1.1" 200 10654 "-" "Mozilla/5.0 (Macintosh; U; Intel Mac OS X; en-US; rv:1.8.1.6) Gecko/20070725 Firefox/2.0.0.6"
66.75.255.149 - - [31/Jul/2007:13:01:06 -0700] "GET /HelpWithMathStyle.css HTTP/1.1" 200 7201 "http://mathxpert.com/" "Mozilla/5.0 (Macintosh; U; Intel Mac OS X; en-US; rv:1.8.1.6) Gecko/20070725 Firefox/2.0.0.6"
66.75.255.149 - - [31/Jul/2007:13:01:07 -0700] "GET /fold.gif HTTP/1.1" 200 119 "http://mathxpert.com/" "Mozilla/5.0 (Macintosh; U; Intel Mac OS X; en-US; rv:1.8.1.6) Gecko/20070725 Firefox/2.0.0.6"
