65.214.39.180 - - [31/Jul/2007:10:30:58 -0700] "GET /demo/image4.gif HTTP/1.1" 200 17692 "http://www.mathxpert.com/" "Mozilla/5.0 (X11; U; Linux i686; en-US; rv:1.9a1) Gecko/20070308 Minefield/3.0a1"
65.214.39.180 - - [31/Jul/2007:10:30:58 -0700] "GET /demo/step4a.gif HTTP/1.1" 200 18054 "http://www.mathxpert.com/" "Mozilla/5.0 (X11; U; Linux i686; en-US; rv:1.9a1) Gecko/20070308 Minefield/3.0a1"
65.214.39.180 - - [31/Jul/2007:10:30:58 -0700] "GET /include/Ramanujan1-quality15.jpg HTTP/1.1" 200 34375 "http://www.mathxpert.com/HelpWithMathStyle.css" "Mozilla/5.0 (X11; U; Linux i686; en-US; rv:1.9a1) Gecko/20070308 Minefield/3.0a1"
65.214.39.180 - - [31/Jul/2007:10:30:58 -0700] "GET /glbnav_background.gif HTTP/1.1" 200 301 "http://www.mathxpert.com/HelpWithMathStyle.css" "Mozilla/5.0 (X11; U; Linux i686; en-US; rv:1.9a1) Gecko/20070308 Minefield/3.0a1"
65.214.39.180 - - [31/Jul/2007:10:30:58 -0700] "GET /include/Background.gif HTTP/1.1" 200 52448 "http://www.mathxpert.com/HelpWithMathStyle.css" "Mozilla/5.0 (X11; U; Linux i686; en-US; rv:1.9a1) Gecko/20070308 Minefield/3.0a1"
::1 - - [31/Jul/2007:10:31:52 -0700] "GET /" 400 669 "-" "-"
::1 - - [31/Jul/2007:10:31:53 -0700] "GET /" 400 669 "-" "-"
76.106.15.67 - - [31/Jul/2007:10:31:54 -0700] "GET /?gclid=CJjU4sep0o0CFSasGgod2h00mQ HTTP/1.1" 200 10654 "http://pagead2.googlesyndication.com/pagead/ads?client=ca-pub-5265319171159663&dt=1185903157250&lmt=1185903157&prev_fmts=468x15_0ads_al&format=120x600_as&output=html&correlator=1185903157203&channel=2289369345&url=http%3A%2F%2Fwww.shambles.net%2Fpages%2Fstudents%2FMaths%2F&color_bg=FFFFFF&color_text=000000&color_link=0000FF&color_url=000000&color_border=FFFFFF&ad_type=text&ref=http%3A%2F%2Fsearch.aol.com%2Faol%2Fsearch%3FinvocationType%3Dtopsearchbox.search%26query%3Dprecalculus%2Bproblem%2Bsolver&cc=99&flash=9&u_h=800&u_w=1280&u_ah=766&u_aw=1280&u_cd=32&u_tz=-240&u_his=5&u_java=true" "Mozilla/4.0 (compatible; MSIE 6.0; Windows NT 5.1; SV1; .NET CLR 1.1.4322)"
76.106.15.67 - - [31/Jul/2007:10:31:55 -0700] "GET /HelpWithMathStyle.css HTTP/1.1" 200 7201 "http://www.helpwithmath.com/?gclid=CJjU4sep0o0CFSasGgod2h00mQ" "Mozilla/4.0 (compatible; MSIE 6.0; Windows NT 5.1; SV1; .NET CLR 1.1.4322)"
76.106.15.67 - - [31/Jul/2007:10:31:55 -0700] "GET /open.gif HTTP/1.1" 200 125 "http://www.helpwithmath.com/?gclid=CJjU4sep0o0CFSasGgod2h00mQ" "Mozilla/4.0 (compatible; MSIE 6.0; Windows NT 5.1; SV1; .NET CLR 1.1.4322)"
76.106.15.67 - - [31/Jul/2007:10:31:55 -0700] "GET /fold.gif HTTP/1.1" 200 119 "http://www.helpwithmath.com/?gclid=CJjU4sep0o0CFSasGgod2h00mQ" "Mozilla/4.0 (compatible; MSIE 6.0; Windows NT 5.1; SV1; .NET CLR 1.1.4322)"
76.106.15.67 - - [31/Jul/2007:10:31:55 -0700] "GET /gblnav_left.gif HTTP/1.1" 200 580 "http://www.helpwithmath.com/?gclid=CJjU4sep0o0CFSasGgod2h00mQ" "Mozilla/4.0 (compatible; MSIE 6.0; Windows NT 5.1; SV1; .NET CLR 1.1.4322)"
76.106.15.67 - - [31/Jul/2007:10:31:55 -0700] "GET /glbnav_right.gif HTTP/1.1" 200 578 "http://www.helpwithmath.com/?gclid=CJjU4sep0o0CFSasGgod2h00mQ" "Mozilla/4.0 (compatible; MSIE 6.0; Windows NT 5.1; SV1; .NET CLR 1.1.4322)"
76.106.15.67 - - [31/Jul/2007:10:31:55 -0700] "GET /Spacer.gif HTTP/1.1" 200 52 "http://www.helpwithmath.com/?gclid=CJjU4sep0o0CFSasGgod2h00mQ" "Mozilla/4.0 (compatible; MSIE 6.0; Windows NT 5.1; SV1; .NET CLR 1.1.4322)"
76.106.15.67 - - [31/Jul/2007:10:31:55 -0700] "GET /TransparentMathXpertLogo.gif HTTP/1.1" 200 1845 "http://www.helpwithmath.com/?gclid=CJjU4sep0o0CFSasGgod2h00mQ" "Mozilla/4.0 (compatible; MSIE 6.0; Windows NT 5.1; SV1; .NET CLR 1.1.4322)"
76.106.15.67 - - [31/Jul/2007:10:31:55 -0700] "GET /demo/image4.gif HTTP/1.1" 200 17692 "http://www.helpwithmath.com/?gclid=CJjU4sep0o0CFSasGgod2h00mQ" "Mozilla/4.0 (compatible; MSIE 6.0; Windows NT 5.1; SV1; .NET CLR 1.1.4322)"
76.106.15.67 - - [31/Jul/2007:10:31:56 -0700] "GET /glbnav_background.gif HTTP/1.1" 200 301 "http://www.helpwithmath.com/?gclid=CJjU4sep0o0CFSasGgod2h00mQ" "Mozilla/4.0 (compatible; MSIE 6.0; Windows NT 5.1; SV1; .NET CLR 1.1.4322)"
76.106.15.67 - - [31/Jul/2007:10:31:56 -0700] "GET /demo/step4a.gif HTTP/1.1" 200 18054 "http://www.helpwithmath.com/?gclid=CJjU4sep0o0CFSasGgod2h00mQ" "Mozilla/4.0 (compatible; MSIE 6.0; Windows NT 5.1; SV1; .NET CLR 1.1.4322)"
76.106.15.67 - - [31/Jul/2007:10:31:55 -0700] "GET /include/Ramanujan1-quality15.jpg HTTP/1.1" 200 34375 "http://www.helpwithmath.com/?gclid=CJjU4sep0o0CFSasGgod2h00mQ" "Mozilla/4.0 (compatible; MSIE 6.0; Windows NT 5.1; SV1; .NET CLR 1.1.4322)"
76.106.15.67 - - [31/Jul/2007:10:31:57 -0700] "GET /include/Background.gif HTTP/1.1" 200 52448 "http://www.helpwithmath.com/?gclid=CJjU4sep0o0CFSasGgod2h00mQ" "Mozilla/4.0 (compatible; MSIE 6.0; Windows NT 5.1; SV1; .NET CLR 1.1.4322)"
76.106.15.67 - - [31/Jul/2007:10:32:00 -0700] "GET /glblnav_selected.gif HTTP/1.1" 200 158 "http://www.helpwithmath.com/?gclid=CJjU4sep0o0CFSasGgod2h00mQ" "Mozilla/4.0 (compatible; MSIE 6.0; Windows NT 5.1; SV1; .NET CLR 1.1.4322)"
76.106.15.67 - - [31/Jul/2007:10:32:02 -0700] "GET /demo.php HTTP/1.1" 200 9622 "http://www.helpwithmath.com/?gclid=CJjU4sep0o0CFSasGgod2h00mQ" "Mozilla/4.0 (compatible; MSIE 6.0; Windows NT 5.1; SV1; .NET CLR 1.1.4322)"
76.106.15.67 - - [31/Jul/2007:10:32:02 -0700] "GET /demo/image1.gif HTTP/1.1" 200 16881 "http://www.helpwithmath.com/demo.php" "Mozilla/4.0 (compatible; MSIE 6.0; Windows NT 5.1; SV1; .NET CLR 1.1.4322)"
76.106.15.67 - - [31/Jul/2007:10:32:16 -0700] "GET /download.php HTTP/1.1" 200 9885 "http://www.helpwithmath.com/demo.php" "Mozilla/4.0 (compatible; MSIE 6.0; Windows NT 5.1; SV1; .NET CLR 1.1.4322)"
41.201.241.237 - - [31/Jul/2007:10:32:42 -0700] "GET /Install/setup.exe HTTP/1.1" 206 9801489 "http://www.helpwithmath.com/Install/saving_running.htm" "Mozilla/4.0 (compatible; MSIE 5.5; Windows 98; Win 9x 4.90)"
41.201.241.237 - - [31/Jul/2007:10:32:06 -0700] "GET /Install/setup.exe HTTP/1.1" 206 13072520 "http://www.helpwithmath.com/Install/setup.exe" "Mozilla/4.0 (compatible; MSIE 5.5; Windows 98; Win 9x 4.90)"
41.201.241.237 - - [31/Jul/2007:10:32:29 -0700] "GET /Install/setup.exe HTTP/1.1" 206 1633340 "http://www.helpwithmath.com/Install/saving_running.htm" "Mozilla/4.0 (compatible; MSIE 5.5; Windows 98; Win 9x 4.90)"
41.201.241.237 - - [31/Jul/2007:10:32:06 -0700] "GET /Install/setup.exe HTTP/1.1" 206 3268131 "http://www.helpwithmath.com/Install/saving_running.htm" "Mozilla/4.0 (compatible; MSIE 5.5; Windows 98; Win 9x 4.90)"
41.201.241.237 - - [31/Jul/2007:10:32:29 -0700] "GET /Install/setup.exe HTTP/1.1" 206 1633341 "http://www.helpwithmath.com/Install/saving_running.htm" "Mozilla/4.0 (compatible; MSIE 5.5; Windows 98; Win 9x 4.90)"
41.201.241.237 - - [31/Jul/2007:10:31:57 -0700] "GET /Install/setup.exe HTTP/1.1" 206 9804391 "http://www.helpwithmath.com/Install/" "Mozilla/4.0 (compatible; MSIE 5.5; Windows 98; Win 9x 4.90)"
41.201.241.237 - - [31/Jul/2007:10:31:56 -0700] "GET /Install/setup.exe HTTP/1.1" 206 13072520 "http://www.helpwithmath.com/Install/setup.exe" "Mozilla/4.0 (compatible; MSIE 5.5; Windows 98; Win 9x 4.90)"
41.201.241.237 - - [31/Jul/2007:10:31:59 -0700] "GET /Install/setup.exe HTTP/1.1" 206 3268131 "http://www.helpwithmath.com/Install/" "Mozilla/4.0 (compatible; MSIE 5.5; Windows 98; Win 9x 4.90)"
41.201.241.237 - - [31/Jul/2007:10:32:43 -0700] "GET /Install/setup.exe HTTP/1.1" 206 1629715 "http://www.helpwithmath.com/Install/saving_running.htm" "Mozilla/4.0 (compatible; MSIE 5.5; Windows 98; Win 9x 4.90)"
41.201.241.237 - - [31/Jul/2007:10:31:57 -0700] "GET /Install/setup.exe HTTP/1.1" 206 3268131 "http://www.helpwithmath.com/Install/" "Mozilla/4.0 (compatible; MSIE 5.5; Windows 98; Win 9x 4.90)"
41.201.241.237 - - [31/Jul/2007:10:32:09 -0700] "GET /Install/setup.exe HTTP/1.1" 206 1634066 "http://www.helpwithmath.com/Install/" "Mozilla/4.0 (compatible; MSIE 5.5; Windows 98; Win 9x 4.90)"
41.201.241.237 - - [31/Jul/2007:10:32:40 -0700] "GET /Install/setup.exe HTTP/1.1" 206 1632614 "http://www.helpwithmath.com/Install/" "Mozilla/4.0 (compatible; MSIE 5.5; Windows 98; Win 9x 4.90)"
41.201.241.237 - - [31/Jul/2007:10:32:43 -0700] "GET /Install/setup.exe HTTP/1.1" 206 1632614 "http://www.helpwithmath.com/Install/" "Mozilla/4.0 (compatible; MSIE 5.5; Windows 98; Win 9x 4.90)"
::1 - - [31/Jul/2007:10:32:45 -0700] "GET /" 400 669 "-" "-"
41.201.241.237 - - [31/Jul/2007:10:32:07 -0700] "GET /Install/setup.exe HTTP/1.1" 206 3268131 "http://www.helpwithmath.com/Install/saving_running.htm" "Mozilla/4.0 (compatible; MSIE 5.5; Windows 98; Win 9x 4.90)"
41.201.241.237 - - [31/Jul/2007:10:32:41 -0700] "GET /Install/setup.exe HTTP/1.1" 206 1626816 "http://www.helpwithmath.com/Install/saving_running.htm" "Mozilla/4.0 (compatible; MSIE 5.5; Windows 98; Win 9x 4.90)"
41.201.241.237 - - [31/Jul/2007:10:31:56 -0700] "GET /Install/setup.exe HTTP/1.1" 206 13072520 "http://www.helpwithmath.com/Install/" "Mozilla/4.0 (compatible; MSIE 5.5; Windows 98; Win 9x 4.90)"
::1 - - [31/Jul/2007:10:32:46 -0700] "GET /" 400 669 "-" "-"
::1 - - [31/Jul/2007:10:32:47 -0700] "GET /" 400 669 "-" "-"
41.201.241.237 - - [31/Jul/2007:10:31:58 -0700] "GET /Install/setup.exe HTTP/1.1" 206 9804391 "http://www.helpwithmath.com/Install/setup.exe" "Mozilla/4.0 (compatible; MSIE 5.5; Windows 98; Win 9x 4.90)"
41.201.241.237 - - [31/Jul/2007:10:32:06 -0700] "GET /Install/setup.exe HTTP/1.1" 206 1628266 "http://www.helpwithmath.com/Install/" "Mozilla/4.0 (compatible; MSIE 5.5; Windows 98; Win 9x 4.90)"
41.201.241.237 - - [31/Jul/2007:10:31:58 -0700] "GET /Install/setup.exe HTTP/1.1" 206 6536261 "http://www.helpwithmath.com/Install/" "Mozilla/4.0 (compatible; MSIE 5.5; Windows 98; Win 9x 4.90)"
::1 - - [31/Jul/2007:10:32:48 -0700] "GET /" 400 669 "-" "-"
::1 - - [31/Jul/2007:10:32:49 -0700] "GET /" 400 669 "-" "-"
41.201.241.237 - - [31/Jul/2007:10:32:40 -0700] "GET /Install/setup.exe HTTP/1.1" 206 1629714 "http://www.helpwithmath.com/Install/setup.exe" "Mozilla/4.0 (compatible; MSIE 5.5; Windows 98; Win 9x 4.90)"
41.201.241.237 - - [31/Jul/2007:10:32:40 -0700] "GET /Install/setup.exe HTTP/1.1" 206 3266679 "http://www.helpwithmath.com/Install/setup.exe" "Mozilla/4.0 (compatible; MSIE 5.5; Windows 98; Win 9x 4.90)"
41.201.241.237 - - [31/Jul/2007:10:32:42 -0700] "GET /Install/setup.exe HTTP/1.1" 206 3268130 "http://www.helpwithmath.com/Install/saving_running.htm" "Mozilla/4.0 (compatible; MSIE 5.5; Windows 98; Win 9x 4.90)"
41.201.241.237 - - [31/Jul/2007:10:32:17 -0700] "GET /Install/setup.exe HTTP/1.1" 206 1630441 "http://www.helpwithmath.com/Install/" "Mozilla/4.0 (compatible; MSIE 5.5; Windows 98; Win 9x 4.90)"
41.201.241.237 - - [31/Jul/2007:10:31:57 -0700] "GET /Install/setup.exe HTTP/1.1" 206 13072520 "http://www.helpwithmath.com/Install/" "Mozilla/4.0 (compatible; MSIE 5.5; Windows 98; Win 9x 4.90)"
::1 - - [31/Jul/2007:10:32:50 -0700] "GET /" 400 669 "-" "-"
76.106.15.67 - - [31/Jul/2007:10:32:50 -0700] "POST /download2.php HTTP/1.1" 200 9161 "http://www.helpwithmath.com/download.php" "Mozilla/4.0 (compatible; MSIE 6.0; Windows NT 5.1; SV1; .NET CLR 1.1.4322)"
41.201.241.237 - - [31/Jul/2007:10:32:48 -0700] "GET /Install/setup.exe HTTP/1.1" 206 6536261 "http://www.helpwithmath.com/Install/setup.exe" "Mozilla/4.0 (compatible; MSIE 5.5; Windows 98; Win 9x 4.90)"
41.201.241.237 - - [31/Jul/2007:10:32:03 -0700] "GET /Install/setup.exe HTTP/1.1" 206 1634066 "http://www.helpwithmath.com/Install/saving_running.htm" "Mozilla/4.0 (compatible; MSIE 5.5; Windows 98; Win 9x 4.90)"
41.201.241.237 - - [31/Jul/2007:10:32:29 -0700] "GET /Install/setup.exe HTTP/1.1" 206 1633341 "http://www.helpwithmath.com/Install/saving_running.htm" "Mozilla/4.0 (compatible; MSIE 5.5; Windows 98; Win 9x 4.90)"
::1 - - [31/Jul/2007:10:32:51 -0700] "GET /" 400 669 "-" "-"
41.201.241.237 - - [31/Jul/2007:10:32:03 -0700] "GET /Install/setup.exe HTTP/1.1" 206 4900746 "http://www.helpwithmath.com/Install/saving_running.htm" "Mozilla/4.0 (compatible; MSIE 5.5; Windows 98; Win 9x 4.90)"
41.201.241.237 - - [31/Jul/2007:10:32:05 -0700] "GET /Install/setup.exe HTTP/1.1" 206 1629716 "http://www.helpwithmath.com/Install/setup.exe" "Mozilla/4.0 (compatible; MSIE 5.5; Windows 98; Win 9x 4.90)"
::1 - - [31/Jul/2007:10:32:52 -0700] "GET /" 400 669 "-" "-"
41.201.241.237 - - [31/Jul/2007:10:32:06 -0700] "GET /Install/setup.exe HTTP/1.1" 206 4893495 "http://www.helpwithmath.com/Install/" "Mozilla/4.0 (compatible; MSIE 5.5; Windows 98; Win 9x 4.90)"
41.201.241.237 - - [31/Jul/2007:10:32:06 -0700] "GET /Install/setup.exe HTTP/1.1" 206 9804391 "http://www.helpwithmath.com/Install/saving_running.htm" "Mozilla/4.0 (compatible; MSIE 5.5; Windows 98; Win 9x 4.90)"
41.201.241.237 - - [31/Jul/2007:10:32:30 -0700] "GET /Install/setup.exe HTTP/1.1" 206 1634064 "http://www.helpwithmath.com/Install/setup.exe" "Mozilla/4.0 (compatible; MSIE 5.5; Windows 98; Win 9x 4.90)"
41.201.241.237 - - [31/Jul/2007:10:32:04 -0700] "GET /Install/setup.exe HTTP/1.1" 206 3268131 "http://www.helpwithmath.com/Install/saving_running.htm" "Mozilla/4.0 (compatible; MSIE 5.5; Windows 98; Win 9x 4.90)"
41.201.241.237 - - [31/Jul/2007:10:32:05 -0700] "GET /Install/setup.exe HTTP/1.1" 206 13072520 "http://www.helpwithmath.com/Install/saving_running.htm" "Mozilla/4.0 (compatible; MSIE 5.5; Windows 98; Win 9x 4.90)"
41.201.241.237 - - [31/Jul/2007:10:32:07 -0700] "GET /Install/setup.exe HTTP/1.1" 206 3268131 "http://www.helpwithmath.com/Install/setup.exe" "Mozilla/4.0 (compatible; MSIE 5.5; Windows 98; Win 9x 4.90)"
41.201.241.237 - - [31/Jul/2007:10:32:07 -0700] "GET /Install/setup.exe HTTP/1.1" 206 1626816 "http://www.helpwithmath.com/Install/saving_running.htm" "Mozilla/4.0 (compatible; MSIE 5.5; Windows 98; Win 9x 4.90)"
41.201.241.237 - - [31/Jul/2007:10:32:07 -0700] "GET /Install/setup.exe HTTP/1.1" 206 9804391 "http://www.helpwithmath.com/Install/saving_running.htm" "Mozilla/4.0 (compatible; MSIE 5.5; Windows 98; Win 9x 4.90)"
::1 - - [31/Jul/2007:10:32:53 -0700] "GET /" 400 669 "-" "-"
41.201.241.237 - - [31/Jul/2007:10:32:05 -0700] "GET /Install/setup.exe HTTP/1.1" 206 1634066 "http://www.helpwithmath.com/Install/" "Mozilla/4.0 (compatible; MSIE 5.5; Windows 98; Win 9x 4.90)"
41.201.241.237 - - [31/Jul/2007:10:32:04 -0700] "GET /Install/setup.exe HTTP/1.1" 206 6536261 "http://www.helpwithmath.com/Install/saving_running.htm" "Mozilla/4.0 (compatible; MSIE 5.5; Windows 98; Win 9x 4.90)"
::1 - - [31/Jul/2007:10:32:54 -0700] "GET /" 400 669 "-" "-"
41.201.241.237 - - [31/Jul/2007:10:32:06 -0700] "GET /Install/setup.exe HTTP/1.1" 206 13072520 "http://www.helpwithmath.com/Install/saving_running.htm" "Mozilla/4.0 (compatible; MSIE 5.5; Windows 98; Win 9x 4.90)"
41.201.241.237 - - [31/Jul/2007:10:32:02 -0700] "GET /Install/setup.exe HTTP/1.1" 206 1633341 "http://www.helpwithmath.com/Install/" "Mozilla/4.0 (compatible; MSIE 5.5; Windows 98; Win 9x 4.90)"
41.201.241.237 - - [31/Jul/2007:10:32:16 -0700] "GET /Install/setup.exe HTTP/1.1" 206 9804391 "http://www.helpwithmath.com/Install/saving_running.htm" "Mozilla/4.0 (compatible; MSIE 5.5; Windows 98; Win 9x 4.90)"
41.201.241.237 - - [31/Jul/2007:10:32:26 -0700] "GET /Install/setup.exe HTTP/1.1" 206 3266679 "http://www.helpwithmath.com/Install/saving_running.htm" "Mozilla/4.0 (compatible; MSIE 5.5; Windows 98; Win 9x 4.90)"
41.201.241.237 - - [31/Jul/2007:10:32:05 -0700] "GET /Install/setup.exe HTTP/1.1" 206 3266679 "http://www.helpwithmath.com/Install/setup.exe" "Mozilla/4.0 (compatible; MSIE 5.5; Windows 98; Win 9x 4.90)"
::1 - - [31/Jul/2007:10:32:55 -0700] "GET /" 400 669 "-" "-"
41.201.241.237 - - [31/Jul/2007:10:32:26 -0700] "GET /Install/setup.exe HTTP/1.1" 206 1631166 "http://www.helpwithmath.com/Install/saving_running.htm" "Mozilla/4.0 (compatible; MSIE 5.5; Windows 98; Win 9x 4.90)"
41.201.241.237 - - [31/Jul/2007:10:32:29 -0700] "GET /Install/setup.exe HTTP/1.1" 206 1617391 "http://www.helpwithmath.com/Install/saving_running.htm" "Mozilla/4.0 (compatible; MSIE 5.5; Windows 98; Win 9x 4.90)"
41.201.241.237 - - [31/Jul/2007:10:32:09 -0700] "GET /Install/setup.exe HTTP/1.1" 206 1633341 "http://www.helpwithmath.com/Install/" "Mozilla/4.0 (compatible; MSIE 5.5; Windows 98; Win 9x 4.90)"
::1 - - [31/Jul/2007:10:32:56 -0700] "GET /" 400 669 "-" "-"
::1 - - [31/Jul/2007:10:32:57 -0700] "GET /" 400 669 "-" "-"
41.201.241.237 - - [31/Jul/2007:10:32:57 -0700] "GET /Install/setup.exe HTTP/1.1" 206 13066720 "http://www.helpwithmath.com/Install/saving_running.htm" "Mozilla/4.0 (compatible; MSIE 5.5; Windows 98; Win 9x 4.90)"
::1 - - [31/Jul/2007:10:32:58 -0700] "GET /" 400 669 "-" "-"
41.201.241.237 - - [31/Jul/2007:10:32:04 -0700] "GET /Install/setup.exe HTTP/1.1" 206 9804391 "http://www.helpwithmath.com/Install/saving_running.htm" "Mozilla/4.0 (compatible; MSIE 5.5; Windows 98; Win 9x 4.90)"
::1 - - [31/Jul/2007:10:32:59 -0700] "GET /" 400 669 "-" "-"
::1 - - [31/Jul/2007:10:33:00 -0700] "GET /" 400 669 "-" "-"
41.201.241.237 - - [31/Jul/2007:10:32:03 -0700] "GET /Install/setup.exe HTTP/1.1" 206 1633341 "http://www.helpwithmath.com/Install/setup.exe" "Mozilla/4.0 (compatible; MSIE 5.5; Windows 98; Win 9x 4.90)"
41.201.241.237 - - [31/Jul/2007:10:32:14 -0700] "GET /Install/setup.exe HTTP/1.1" 206 1626090 "http://www.helpwithmath.com/Install/" "Mozilla/4.0 (compatible; MSIE 5.5; Windows 98; Win 9x 4.90)"
::1 - - [31/Jul/2007:10:33:01 -0700] "GET /" 400 669 "-" "-"
41.201.241.237 - - [31/Jul/2007:10:32:32 -0700] "GET /Install/setup.exe HTTP/1.1" 206 1633340 "http://www.helpwithmath.com/Install/setup.exe" "Mozilla/4.0 (compatible; MSIE 5.5; Windows 98; Win 9x 4.90)"
::1 - - [31/Jul/2007:10:33:02 -0700] "GET /" 400 669 "-" "-"
76.106.15.67 - - [31/Jul/2007:10:33:02 -0700] "POST /download2.php?state=Edit HTTP/1.1" 302 9266 "http://www.helpwithmath.com/download2.php" "Mozilla/4.0 (compatible; MSIE 6.0; Windows NT 5.1; SV1; .NET CLR 1.1.4322)"
41.201.241.237 - - [31/Jul/2007:10:32:23 -0700] "GET /Install/setup.exe HTTP/1.1" 206 1634066 "http://www.helpwithmath.com/Install/saving_running.htm" "Mozilla/4.0 (compatible; MSIE 5.5; Windows 98; Win 9x 4.90)"
::1 - - [31/Jul/2007:10:33:03 -0700] "GET /" 400 669 "-" "-"
76.106.15.67 - - [31/Jul/2007:10:33:04 -0700] "GET /Install/SaveOrRun.php?Email=laureno21488@yahoo.com&WhichDisk=7 HTTP/1.1" 200 5235 "http://www.helpwithmath.com/download2.php" "Mozilla/4.0 (compatible; MSIE 6.0; Windows NT 5.1; SV1; .NET CLR 1.1.4322)"
76.106.15.67 - - [31/Jul/2007:10:33:04 -0700] "GET /Install/UL.gif HTTP/1.1" 200 170 "http://www.helpwithmath.com/Install/SaveOrRun.php?Email=laureno21488@yahoo.com&WhichDisk=7" "Mozilla/4.0 (compatible; MSIE 6.0; Windows NT 5.1; SV1; .NET CLR 1.1.4322)"
76.106.15.67 - - [31/Jul/2007:10:33:04 -0700] "GET /Install/oci_header.jpg HTTP/1.1" 200 6586 "http://www.helpwithmath.com/Install/SaveOrRun.php?Email=laureno21488@yahoo.com&WhichDisk=7" "Mozilla/4.0 (compatible; MSIE 6.0; Windows NT 5.1; SV1; .NET CLR 1.1.4322)"
76.106.15.67 - - [31/Jul/2007:10:33:04 -0700] "GET /Install/header_fill.jpg HTTP/1.1" 200 578 "http://www.helpwithmath.com/Install/SaveOrRun.php?Email=laureno21488@yahoo.com&WhichDisk=7" "Mozilla/4.0 (compatible; MSIE 6.0; Windows NT 5.1; SV1; .NET CLR 1.1.4322)"
::1 - - [31/Jul/2007:10:33:04 -0700] "GET /" 400 669 "-" "-"
76.106.15.67 - - [31/Jul/2007:10:33:05 -0700] "GET /Install/UR.gif HTTP/1.1" 200 169 "http://www.helpwithmath.com/Install/SaveOrRun.php?Email=laureno21488@yahoo.com&WhichDisk=7" "Mozilla/4.0 (compatible; MSIE 6.0; Windows NT 5.1; SV1; .NET CLR 1.1.4322)"
76.106.15.67 - - [31/Jul/2007:10:33:05 -0700] "GET /Install/b_saveorrun.gif HTTP/1.1" 200 2947 "http://www.helpwithmath.com/Install/SaveOrRun.php?Email=laureno21488@yahoo.com&WhichDisk=7" "Mozilla/4.0 (compatible; MSIE 6.0; Windows NT 5.1; SV1; .NET CLR 1.1.4322)"
76.106.15.67 - - [31/Jul/2007:10:33:05 -0700] "GET /Install/LL.gif HTTP/1.1" 200 169 "http://www.helpwithmath.com/Install/SaveOrRun.php?Email=laureno21488@yahoo.com&WhichDisk=7" "Mozilla/4.0 (compatible; MSIE 6.0; Windows NT 5.1; SV1; .NET CLR 1.1.4322)"
76.106.15.67 - - [31/Jul/2007:10:33:05 -0700] "GET /Install/LR.gif HTTP/1.1" 200 169 "http://www.helpwithmath.com/Install/SaveOrRun.php?Email=laureno21488@yahoo.com&WhichDisk=7" "Mozilla/4.0 (compatible; MSIE 6.0; Windows NT 5.1; SV1; .NET CLR 1.1.4322)"
::1 - - [31/Jul/2007:10:33:05 -0700] "GET /" 400 669 "-" "-"
41.201.241.237 - - [31/Jul/2007:10:32:11 -0700] "GET /Install/setup.exe HTTP/1.1" 206 1631890 "http://www.helpwithmath.com/Install/saving_running.htm" "Mozilla/4.0 (compatible; MSIE 5.5; Windows 98; Win 9x 4.90)"
::1 - - [31/Jul/2007:10:33:06 -0700] "GET /" 400 669 "-" "-"
41.201.241.237 - - [31/Jul/2007:10:32:11 -0700] "GET /Install/setup.exe HTTP/1.1" 206 1628991 "http://www.helpwithmath.com/Install/saving_running.htm" "Mozilla/4.0 (compatible; MSIE 5.5; Windows 98; Win 9x 4.90)"
::1 - - [31/Jul/2007:10:33:07 -0700] "GET /" 400 669 "-" "-"
::1 - - [31/Jul/2007:10:33:08 -0700] "GET /" 400 669 "-" "-"
::1 - - [31/Jul/2007:10:33:09 -0700] "GET /" 400 669 "-" "-"
76.106.15.67 - - [31/Jul/2007:10:33:10 -0700] "GET /Install/saving_running.htm HTTP/1.1" 200 4541 "http://www.helpwithmath.com/Install/SaveOrRun.php?Email=laureno21488@yahoo.com&WhichDisk=7" "Mozilla/4.0 (compatible; MSIE 6.0; Windows NT 5.1; SV1; .NET CLR 1.1.4322)"
41.201.241.237 - - [31/Jul/2007:10:31:59 -0700] "GET /Install/setup.exe HTTP/1.1" 206 9804391 "http://www.helpwithmath.com/Install/" "Mozilla/4.0 (compatible; MSIE 5.5; Windows 98; Win 9x 4.90)"
::1 - - [31/Jul/2007:10:33:10 -0700] "GET /" 400 669 "-" "-"
::1 - - [31/Jul/2007:10:33:11 -0700] "GET /" 400 669 "-" "-"
::1 - - [31/Jul/2007:10:33:12 -0700] "GET /" 400 669 "-" "-"
41.201.241.237 - - [31/Jul/2007:10:31:57 -0700] "GET /Install/setup.exe HTTP/1.1" 206 6536261 "http://www.helpwithmath.com/Install/" "Mozilla/4.0 (compatible; MSIE 5.5; Windows 98; Win 9x 4.90)"
41.201.241.237 - - [31/Jul/2007:10:32:16 -0700] "GET /Install/setup.exe HTTP/1.1" 206 3268131 "http://www.helpwithmath.com/Install/saving_running.htm" "Mozilla/4.0 (compatible; MSIE 5.5; Windows 98; Win 9x 4.90)"
41.201.241.237 - - [31/Jul/2007:10:31:59 -0700] "GET /Install/setup.exe HTTP/1.1" 206 3268131 "http://www.helpwithmath.com/Install/saving_running.htm" "Mozilla/4.0 (compatible; MSIE 5.5; Windows 98; Win 9x 4.90)"
76.106.15.67 - - [31/Jul/2007:10:33:12 -0700] "GET /Install/setup.exe HTTP/1.1" 200 13072520 "-" "Mozilla/4.0 (compatible; MSIE 6.0; Windows NT 5.1; SV1; .NET CLR 1.1.4322)"
::1 - - [31/Jul/2007:10:33:13 -0700] "GET /" 400 669 "-" "-"
41.201.241.237 - - [31/Jul/2007:10:32:03 -0700] "GET /Install/setup.exe HTTP/1.1" 206 13072520 "http://www.helpwithmath.com/Install/saving_running.htm" "Mozilla/4.0 (compatible; MSIE 5.5; Windows 98; Win 9x 4.90)"
41.201.241.237 - - [31/Jul/2007:10:32:16 -0700] "GET /Install/setup.exe HTTP/1.1" 206 6536261 "http://www.helpwithmath.com/Install/saving_running.htm" "Mozilla/4.0 (compatible; MSIE 5.5; Windows 98; Win 9x 4.90)"
41.201.241.237 - - [31/Jul/2007:10:32:03 -0700] "GET /Install/setup.exe HTTP/1.1" 206 1634066 "http://www.helpwithmath.com/Install/setup.exe" "Mozilla/4.0 (compatible; MSIE 5.5; Windows 98; Win 9x 4.90)"
::1 - - [31/Jul/2007:10:33:14 -0700] "GET /" 400 669 "-" "-"
::1 - - [31/Jul/2007:10:33:15 -0700] "GET /" 400 669 "-" "-"
::1 - - [31/Jul/2007:10:33:16 -0700] "GET /" 400 669 "-" "-"
::1 - - [31/Jul/2007:10:33:17 -0700] "GET /" 400 669 "-" "-"
::1 - - [31/Jul/2007:10:33:18 -0700] "GET /" 400 669 "-" "-"
::1 - - [31/Jul/2007:10:33:19 -0700] "GET /" 400 669 "-" "-"
170.185.122.19 - - [31/Jul/2007:10:33:20 -0700] "GET / HTTP/1.1" 200 10654 "http://www.google.com/custom?q=%22students%22+and+%22help+with+math%22&sa=Search&client=pub-9342581166517811&forid=1&ie=UTF-8&oe=UTF-8&cof=GALT%3A%23008000%3BGL%3A1%3BDIV%3A%23336699%3BVLC%3A663399%3BAH%3Acenter%3BBGC%3AFFFFFF%3BLBGC%3A336699%3BALC%3A0000FF%3BLC%3A0000FF%3BT%3A000000%3BGFNT%3A0000FF%3BGIMP%3A0000FF%3BFORID%3A1&hl=en" "Mozilla/5.0 (Macintosh; U; PPC Mac OS X; en) AppleWebKit/419.2.1 (KHTML, like Gecko) Safari/419.3"
170.185.122.19 - - [31/Jul/2007:10:33:20 -0700] "GET /gblnav_left.gif HTTP/1.1" 200 580 "http://www.helpwithmath.com/" "Mozilla/5.0 (Macintosh; U; PPC Mac OS X; en) AppleWebKit/419.2.1 (KHTML, like Gecko) Safari/419.3"
170.185.122.19 - - [31/Jul/2007:10:33:20 -0700] "GET /glbnav_right.gif HTTP/1.1" 200 578 "http://www.helpwithmath.com/" "Mozilla/5.0 (Macintosh; U; PPC Mac OS X; en) AppleWebKit/419.2.1 (KHTML, like Gecko) Safari/419.3"
170.185.122.19 - - [31/Jul/2007:10:33:20 -0700] "GET /fold.gif HTTP/1.1" 200 119 "http://www.helpwithmath.com/" "Mozilla/5.0 (Macintosh; U; PPC Mac OS X; en) AppleWebKit/419.2.1 (KHTML, like Gecko) Safari/419.3"
170.185.122.19 - - [31/Jul/2007:10:33:20 -0700] "GET /HelpWithMathStyle.css HTTP/1.1" 200 7201 "http://www.helpwithmath.com/" "Mozilla/5.0 (Macintosh; U; PPC Mac OS X; en) AppleWebKit/419.2.1 (KHTML, like Gecko) Safari/419.3"
170.185.122.19 - - [31/Jul/2007:10:33:20 -0700] "GET /open.gif HTTP/1.1" 200 125 "http://www.helpwithmath.com/" "Mozilla/5.0 (Macintosh; U; PPC Mac OS X; en) AppleWebKit/419.2.1 (KHTML, like Gecko) Safari/419.3"
::1 - - [31/Jul/2007:10:33:20 -0700] "GET /" 400 669 "-" "-"
170.185.122.19 - - [31/Jul/2007:10:33:20 -0700] "GET /TransparentMathXpertLogo.gif HTTP/1.1" 200 1845 "http://www.helpwithmath.com/" "Mozilla/5.0 (Macintosh; U; PPC Mac OS X; en) AppleWebKit/419.2.1 (KHTML, like Gecko) Safari/419.3"
170.185.122.19 - - [31/Jul/2007:10:33:20 -0700] "GET /demo/step4a.gif HTTP/1.1" 200 18054 "http://www.helpwithmath.com/" "Mozilla/5.0 (Macintosh; U; PPC Mac OS X; en) AppleWebKit/419.2.1 (KHTML, like Gecko) Safari/419.3"
41.201.241.237 - - [31/Jul/2007:10:32:23 -0700] "GET /Install/setup.exe HTTP/1.1" 206 1633341 "http://www.helpwithmath.com/Install/saving_running.htm" "Mozilla/4.0 (compatible; MSIE 5.5; Windows 98; Win 9x 4.90)"
170.185.122.19 - - [31/Jul/2007:10:33:20 -0700] "GET /demo/image4.gif HTTP/1.1" 200 17692 "http://www.helpwithmath.com/" "Mozilla/5.0 (Macintosh; U; PPC Mac OS X; en) AppleWebKit/419.2.1 (KHTML, like Gecko) Safari/419.3"
170.185.122.19 - - [31/Jul/2007:10:33:21 -0700] "GET /Spacer.gif HTTP/1.1" 200 52 "http://www.helpwithmath.com/" "Mozilla/5.0 (Macintosh; U; PPC Mac OS X; en) AppleWebKit/419.2.1 (KHTML, like Gecko) Safari/419.3"
170.185.122.19 - - [31/Jul/2007:10:33:21 -0700] "GET /glbnav_background.gif HTTP/1.1" 200 301 "http://www.helpwithmath.com/" "Mozilla/5.0 (Macintosh; U; PPC Mac OS X; en) AppleWebKit/419.2.1 (KHTML, like Gecko) Safari/419.3"
170.185.122.19 - - [31/Jul/2007:10:33:21 -0700] "GET /favicon.ico HTTP/1.1" 404 405 "-" "Mozilla/5.0 (Macintosh; U; PPC Mac OS X; en) AppleWebKit/419.2.1 (KHTML, like Gecko) Safari/419.3"
::1 - - [31/Jul/2007:10:33:21 -0700] "GET /" 400 669 "-" "-"
170.185.122.19 - - [31/Jul/2007:10:33:21 -0700] "GET /include/Ramanujan1-quality15.jpg HTTP/1.1" 200 34375 "http://www.helpwithmath.com/" "Mozilla/5.0 (Macintosh; U; PPC Mac OS X; en) AppleWebKit/419.2.1 (KHTML, like Gecko) Safari/419.3"
170.185.122.19 - - [31/Jul/2007:10:33:21 -0700] "GET /include/Background.gif HTTP/1.1" 200 52448 "http://www.helpwithmath.com/" "Mozilla/5.0 (Macintosh; U; PPC Mac OS X; en) AppleWebKit/419.2.1 (KHTML, like Gecko) Safari/419.3"
::1 - - [31/Jul/2007:10:33:22 -0700] "GET /" 400 669 "-" "-"
::1 - - [31/Jul/2007:10:33:29 -0700] "GET /" 400 669 "-" "-"
41.201.241.237 - - [31/Jul/2007:10:31:57 -0700] "GET /Install/setup.exe HTTP/1.1" 206 3268131 "http://www.helpwithmath.com/Install/setup.exe" "Mozilla/4.0 (compatible; MSIE 5.5; Windows 98; Win 9x 4.90)"
::1 - - [31/Jul/2007:10:33:32 -0700] "GET /" 400 669 "-" "-"
41.201.241.237 - - [31/Jul/2007:10:31:57 -0700] "GET /Install/setup.exe HTTP/1.1" 206 6536261 "http://www.helpwithmath.com/Install/setup.exe" "Mozilla/4.0 (compatible; MSIE 5.5; Windows 98; Win 9x 4.90)"
::1 - - [31/Jul/2007:10:33:35 -0700] "GET /" 400 669 "-" "-"
41.201.241.237 - - [31/Jul/2007:10:31:57 -0700] "GET /Install/setup.exe HTTP/1.1" 206 13072520 "http://www.helpwithmath.com/Install/saving_running.htm" "Mozilla/4.0 (compatible; MSIE 5.5; Windows 98; Win 9x 4.90)"
::1 - - [31/Jul/2007:10:33:38 -0700] "GET /" 400 669 "-" "-"
::1 - - [31/Jul/2007:10:33:39 -0700] "GET /" 400 669 "-" "-"
::1 - - [31/Jul/2007:10:33:40 -0700] "GET /" 400 669 "-" "-"
41.201.241.237 - - [31/Jul/2007:10:32:07 -0700] "GET /Install/setup.exe HTTP/1.1" 206 6536261 "http://www.helpwithmath.com/Install/saving_running.htm" "Mozilla/4.0 (compatible; MSIE 5.5; Windows 98; Win 9x 4.90)"
41.201.241.237 - - [31/Jul/2007:10:32:07 -0700] "GET /Install/setup.exe HTTP/1.1" 206 6536261 "http://www.helpwithmath.com/Install/setup.exe" "Mozilla/4.0 (compatible; MSIE 5.5; Windows 98; Win 9x 4.90)"
::1 - - [31/Jul/2007:10:33:41 -0700] "GET /" 400 669 "-" "-"
41.201.241.237 - - [31/Jul/2007:10:32:07 -0700] "GET /Install/setup.exe HTTP/1.1" 206 1632615 "http://www.helpwithmath.com/Install/saving_running.htm" "Mozilla/4.0 (compatible; MSIE 5.5; Windows 98; Win 9x 4.90)"
::1 - - [31/Jul/2007:10:33:42 -0700] "GET /" 400 669 "-" "-"
170.185.122.19 - - [31/Jul/2007:10:33:43 -0700] "GET /glblnav_selected.gif HTTP/1.1" 200 158 "http://www.helpwithmath.com/" "Mozilla/5.0 (Macintosh; U; PPC Mac OS X; en) AppleWebKit/419.2.1 (KHTML, like Gecko) Safari/419.3"
::1 - - [31/Jul/2007:10:33:43 -0700] "GET /" 400 669 "-" "-"
::1 - - [31/Jul/2007:10:33:44 -0700] "GET /" 400 669 "-" "-"
::1 - - [31/Jul/2007:10:33:45 -0700] "GET /" 400 669 "-" "-"
41.201.241.237 - - [31/Jul/2007:10:32:11 -0700] "GET /Install/setup.exe HTTP/1.1" 206 1629716 "http://www.helpwithmath.com/Install/saving_running.htm" "Mozilla/4.0 (compatible; MSIE 5.5; Windows 98; Win 9x 4.90)"
41.201.241.237 - - [31/Jul/2007:10:32:06 -0700] "GET /Install/setup.exe HTTP/1.1" 206 13072520 "http://www.helpwithmath.com/Install/saving_running.htm" "Mozilla/4.0 (compatible; MSIE 5.5; Windows 98; Win 9x 4.90)"
::1 - - [31/Jul/2007:10:34:00 -0700] "GET /" 400 669 "-" "-"
::1 - - [31/Jul/2007:10:34:01 -0700] "GET /" 400 669 "-" "-"
41.201.241.237 - - [31/Jul/2007:10:32:11 -0700] "GET /Install/setup.exe HTTP/1.1" 206 1631891 "http://www.helpwithmath.com/Install/saving_running.htm" "Mozilla/4.0 (compatible; MSIE 5.5; Windows 98; Win 9x 4.90)"
41.201.241.237 - - [31/Jul/2007:10:33:02 -0700] "GET /Install/setup.exe HTTP/1.1" 206 3268131 "http://www.helpwithmath.com/Install/saving_running.htm" "Mozilla/4.0 (compatible; MSIE 5.5; Windows 98; Win 9x 4.90)"
84.168.45.228 - - [31/Jul/2007:10:34:24 -0700] "GET /?gclid=CNuC6o6q0o0CFQjOXgodOy0Neg HTTP/1.1" 200 10654 "http://pagead2.googlesyndication.com/pagead/ads?client=ca-pub-9564974885889527&dt=1185899448524&lmt=1185899448&prev_fmts=200x90_0ads_al_s&format=fp_al_lp&output=html&correlator=1185899448336&channel=7129138222&url=http%3A%2F%2Fwww.testmagic.com%2Fgmat%2F&ref=http%3A%2F%2Fwww.testmagic.com%2FKnowledge_Base%2FTOEFL%2F&cc=45&flash=9&u_h=800&u_w=1280&u_ah=770&u_aw=1280&u_cd=32&u_tz=120&u_his=1&u_java=true&kw_type=radlink&rt=ChBGr2PTAA6i-gpeOiXskTvXEglHTUFUIE1hdGgaCJ0zmIzFsbdJIPjWggIoATACSPjWggI&hl=en&kw0=GMAT+Essay&kw1=GMAT+Preparation&kw2=GMAT+Testing&kw3=GMAT+Math&kw4=GMAT+Registration&okw=GMAT+Math" "Mozilla/4.0 (compatible; MSIE 7.0; Windows NT 6.0; SLCC1; .NET CLR 2.0.50727; Media Center PC 5.0; .NET CLR 3.0.04506)"
84.168.45.228 - - [31/Jul/2007:10:34:24 -0700] "GET /HelpWithMathStyle.css HTTP/1.1" 200 7201 "http://www.helpwithmath.com/?gclid=CNuC6o6q0o0CFQjOXgodOy0Neg" "Mozilla/4.0 (compatible; MSIE 7.0; Windows NT 6.0; SLCC1; .NET CLR 2.0.50727; Media Center PC 5.0; .NET CLR 3.0.04506)"
41.201.241.237 - - [31/Jul/2007:10:31:59 -0700] "GET /Install/setup.exe HTTP/1.1" 206 9804391 "http://www.helpwithmath.com/Install/saving_running.htm" "Mozilla/4.0 (compatible; MSIE 5.5; Windows 98; Win 9x 4.90)"
84.168.45.228 - - [31/Jul/2007:10:34:25 -0700] "GET /fold.gif HTTP/1.1" 200 119 "http://www.helpwithmath.com/?gclid=CNuC6o6q0o0CFQjOXgodOy0Neg" "Mozilla/4.0 (compatible; MSIE 7.0; Windows NT 6.0; SLCC1; .NET CLR 2.0.50727; Media Center PC 5.0; .NET CLR 3.0.04506)"
84.168.45.228 - - [31/Jul/2007:10:34:25 -0700] "GET /open.gif HTTP/1.1" 200 125 "http://www.helpwithmath.com/?gclid=CNuC6o6q0o0CFQjOXgodOy0Neg" "Mozilla/4.0 (compatible; MSIE 7.0; Windows NT 6.0; SLCC1; .NET CLR 2.0.50727; Media Center PC 5.0; .NET CLR 3.0.04506)"
84.168.45.228 - - [31/Jul/2007:10:34:25 -0700] "GET /gblnav_left.gif HTTP/1.1" 200 580 "http://www.helpwithmath.com/?gclid=CNuC6o6q0o0CFQjOXgodOy0Neg" "Mozilla/4.0 (compatible; MSIE 7.0; Windows NT 6.0; SLCC1; .NET CLR 2.0.50727; Media Center PC 5.0; .NET CLR 3.0.04506)"
84.168.45.228 - - [31/Jul/2007:10:34:25 -0700] "GET /glbnav_right.gif HTTP/1.1" 200 578 "http://www.helpwithmath.com/?gclid=CNuC6o6q0o0CFQjOXgodOy0Neg" "Mozilla/4.0 (compatible; MSIE 7.0; Windows NT 6.0; SLCC1; .NET CLR 2.0.50727; Media Center PC 5.0; .NET CLR 3.0.04506)"
84.168.45.228 - - [31/Jul/2007:10:34:25 -0700] "GET /Spacer.gif HTTP/1.1" 200 52 "http://www.helpwithmath.com/?gclid=CNuC6o6q0o0CFQjOXgodOy0Neg" "Mozilla/4.0 (compatible; MSIE 7.0; Windows NT 6.0; SLCC1; .NET CLR 2.0.50727; Media Center PC 5.0; .NET CLR 3.0.04506)"
84.168.45.228 - - [31/Jul/2007:10:34:25 -0700] "GET /TransparentMathXpertLogo.gif HTTP/1.1" 200 1845 "http://www.helpwithmath.com/?gclid=CNuC6o6q0o0CFQjOXgodOy0Neg" "Mozilla/4.0 (compatible; MSIE 7.0; Windows NT 6.0; SLCC1; .NET CLR 2.0.50727; Media Center PC 5.0; .NET CLR 3.0.04506)"
84.168.45.228 - - [31/Jul/2007:10:34:25 -0700] "GET /demo/image4.gif HTTP/1.1" 200 17692 "http://www.helpwithmath.com/?gclid=CNuC6o6q0o0CFQjOXgodOy0Neg" "Mozilla/4.0 (compatible; MSIE 7.0; Windows NT 6.0; SLCC1; .NET CLR 2.0.50727; Media Center PC 5.0; .NET CLR 3.0.04506)"
84.168.45.228 - - [31/Jul/2007:10:34:25 -0700] "GET /demo/step4a.gif HTTP/1.1" 200 18054 "http://www.helpwithmath.com/?gclid=CNuC6o6q0o0CFQjOXgodOy0Neg" "Mozilla/4.0 (compatible; MSIE 7.0; Windows NT 6.0; SLCC1; .NET CLR 2.0.50727; Media Center PC 5.0; .NET CLR 3.0.04506)"
84.168.45.228 - - [31/Jul/2007:10:34:26 -0700] "GET /glbnav_background.gif HTTP/1.1" 200 301 "http://www.helpwithmath.com/?gclid=CNuC6o6q0o0CFQjOXgodOy0Neg" "Mozilla/4.0 (compatible; MSIE 7.0; Windows NT 6.0; SLCC1; .NET CLR 2.0.50727; Media Center PC 5.0; .NET CLR 3.0.04506)"
84.168.45.228 - - [31/Jul/2007:10:34:26 -0700] "GET /include/Ramanujan1-quality15.jpg HTTP/1.1" 200 34375 "http://www.helpwithmath.com/?gclid=CNuC6o6q0o0CFQjOXgodOy0Neg" "Mozilla/4.0 (compatible; MSIE 7.0; Windows NT 6.0; SLCC1; .NET CLR 2.0.50727; Media Center PC 5.0; .NET CLR 3.0.04506)"
84.168.45.228 - - [31/Jul/2007:10:34:26 -0700] "GET /include/Background.gif HTTP/1.1" 200 52448 "http://www.helpwithmath.com/?gclid=CNuC6o6q0o0CFQjOXgodOy0Neg" "Mozilla/4.0 (compatible; MSIE 7.0; Windows NT 6.0; SLCC1; .NET CLR 2.0.50727; Media Center PC 5.0; .NET CLR 3.0.04506)"
84.168.45.228 - - [31/Jul/2007:10:34:27 -0700] "GET /favicon.ico HTTP/1.1" 404 405 "-" "Mozilla/4.0 (compatible; MSIE 7.0; Windows NT 6.0; SLCC1; .NET CLR 2.0.50727; Media Center PC 5.0; .NET CLR 3.0.04506)"
41.201.241.237 - - [31/Jul/2007:10:33:04 -0700] "GET /Install/setup.exe HTTP/1.1" 206 1631166 "http://www.helpwithmath.com/Install/saving_running.htm" "Mozilla/4.0 (compatible; MSIE 5.5; Windows 98; Win 9x 4.90)"
41.201.241.237 - - [31/Jul/2007:10:33:02 -0700] "GET /Install/setup.exe HTTP/1.1" 206 9804391 "http://www.helpwithmath.com/Install/saving_running.htm" "Mozilla/4.0 (compatible; MSIE 5.5; Windows 98; Win 9x 4.90)"
::1 - - [31/Jul/2007:10:34:46 -0700] "GET /" 400 669 "-" "-"
41.201.241.237 - - [31/Jul/2007:10:33:02 -0700] "GET /Install/setup.exe HTTP/1.1" 206 13072520 "http://www.helpwithmath.com/Install/saving_running.htm" "Mozilla/4.0 (compatible; MSIE 5.5; Windows 98; Win 9x 4.90)"
41.201.241.237 - - [31/Jul/2007:10:33:04 -0700] "GET /Install/setup.exe HTTP/1.1" 206 1631166 "http://www.helpwithmath.com/Install/saving_running.htm" "Mozilla/4.0 (compatible; MSIE 5.5; Windows 98; Win 9x 4.90)"
41.201.241.237 - - [31/Jul/2007:10:32:00 -0700] "GET /Install/setup.exe HTTP/1.1" 206 6536261 "http://www.helpwithmath.com/Install/saving_running.htm" "Mozilla/4.0 (compatible; MSIE 5.5; Windows 98; Win 9x 4.90)"
41.201.241.237 - - [31/Jul/2007:10:33:02 -0700] "GET /Install/setup.exe HTTP/1.1" 206 6536261 "http://www.helpwithmath.com/Install/saving_running.htm" "Mozilla/4.0 (compatible; MSIE 5.5; Windows 98; Win 9x 4.90)"
::1 - - [31/Jul/2007:10:35:14 -0700] "GET /" 400 669 "-" "-"
41.201.241.237 - - [31/Jul/2007:10:32:06 -0700] "GET /Install/setup.exe HTTP/1.1" 206 6536261 "http://www.helpwithmath.com/Install/saving_running.htm" "Mozilla/4.0 (compatible; MSIE 5.5; Windows 98; Win 9x 4.90)"
::1 - - [31/Jul/2007:10:35:18 -0700] "GET /" 400 669 "-" "-"
::1 - - [31/Jul/2007:10:35:28 -0700] "GET /" 400 669 "-" "-"
::1 - - [31/Jul/2007:10:35:31 -0700] "GET /" 400 669 "-" "-"
41.201.241.237 - - [31/Jul/2007:10:32:07 -0700] "GET /Install/setup.exe HTTP/1.1" 206 9804391 "http://www.helpwithmath.com/Install/setup.exe" "Mozilla/4.0 (compatible; MSIE 5.5; Windows 98; Win 9x 4.90)"
::1 - - [31/Jul/2007:10:35:39 -0700] "GET /" 400 669 "-" "-"
41.201.241.237 - - [31/Jul/2007:10:34:11 -0700] "GET /Install/setup.exe HTTP/1.1" 206 1619565 "http://www.helpwithmath.com/Install/saving_running.htm" "Mozilla/4.0 (compatible; MSIE 5.5; Windows 98; Win 9x 4.90)"
41.201.241.237 - - [31/Jul/2007:10:34:31 -0700] "GET /Install/setup.exe HTTP/1.1" 206 1635516 "http://www.helpwithmath.com/Install/saving_running.htm" "Mozilla/4.0 (compatible; MSIE 5.5; Windows 98; Win 9x 4.90)"
41.201.241.237 - - [31/Jul/2007:10:33:04 -0700] "GET /Install/setup.exe HTTP/1.1" 206 1631166 "http://www.helpwithmath.com/Install/saving_running.htm" "Mozilla/4.0 (compatible; MSIE 5.5; Windows 98; Win 9x 4.90)"
::1 - - [31/Jul/2007:10:36:39 -0700] "GET /" 400 669 "-" "-"
::1 - - [31/Jul/2007:10:36:41 -0700] "GET /" 400 669 "-" "-"
41.201.241.237 - - [31/Jul/2007:10:34:40 -0700] "GET /Install/setup.exe HTTP/1.1" 206 1503564 "http://www.helpwithmath.com/Install/saving_running.htm" "Mozilla/4.0 (compatible; MSIE 5.5; Windows 98; Win 9x 4.90)"
41.201.241.237 - - [31/Jul/2007:10:35:57 -0700] "GET /Install/setup.exe HTTP/1.1" 206 1528216 "http://www.helpwithmath.com/Install/saving_running.htm" "Mozilla/4.0 (compatible; MSIE 5.5; Windows 98; Win 9x 4.90)"
41.201.241.237 - - [31/Jul/2007:10:36:23 -0700] "GET /Install/setup.exe HTTP/1.1" 206 1145416 "http://www.helpwithmath.com/Install/saving_running.htm" "Mozilla/4.0 (compatible; MSIE 5.5; Windows 98; Win 9x 4.90)"
41.201.241.237 - - [31/Jul/2007:10:34:58 -0700] "GET /Install/setup.exe HTTP/1.1" 206 1507189 "http://www.helpwithmath.com/Install/saving_running.htm" "Mozilla/4.0 (compatible; MSIE 5.5; Windows 98; Win 9x 4.90)"
41.201.241.237 - - [31/Jul/2007:10:35:03 -0700] "GET /Install/setup.exe HTTP/1.1" 206 1380314 "http://www.helpwithmath.com/Install/saving_running.htm" "Mozilla/4.0 (compatible; MSIE 5.5; Windows 98; Win 9x 4.90)"
41.201.241.237 - - [31/Jul/2007:10:37:13 -0700] "GET /Install/setup.exe HTTP/1.1" 206 1773266 "http://www.helpwithmath.com/Install/saving_running.htm" "Mozilla/4.0 (compatible; MSIE 5.5; Windows 98; Win 9x 4.90)"
41.201.241.237 - - [31/Jul/2007:10:36:05 -0700] "GET /Install/setup.exe HTTP/1.1" 206 1352765 "http://www.helpwithmath.com/Install/saving_running.htm" "Mozilla/4.0 (compatible; MSIE 5.5; Windows 98; Win 9x 4.90)"
41.201.241.237 - - [31/Jul/2007:10:34:04 -0700] "GET /Install/setup.exe HTTP/1.1" 206 1622466 "http://www.helpwithmath.com/Install/saving_running.htm" "Mozilla/4.0 (compatible; MSIE 5.5; Windows 98; Win 9x 4.90)"
41.201.241.237 - - [31/Jul/2007:10:37:35 -0700] "GET /Install/setup.exe HTTP/1.1" 206 1112066 "http://www.helpwithmath.com/Install/saving_running.htm" "Mozilla/4.0 (compatible; MSIE 5.5; Windows 98; Win 9x 4.90)"
::1 - - [31/Jul/2007:10:39:14 -0700] "GET /" 400 669 "-" "-"
41.201.241.237 - - [31/Jul/2007:10:38:23 -0700] "GET /Install/setup.exe HTTP/1.1" 206 1776165 "http://www.helpwithmath.com/Install/saving_running.htm" "Mozilla/4.0 (compatible; MSIE 5.5; Windows 98; Win 9x 4.90)"
41.201.241.237 - - [31/Jul/2007:10:38:29 -0700] "GET /Install/setup.exe HTTP/1.1" 206 1101916 "http://www.helpwithmath.com/Install/saving_running.htm" "Mozilla/4.0 (compatible; MSIE 5.5; Windows 98; Win 9x 4.90)"
41.201.241.237 - - [31/Jul/2007:10:38:01 -0700] "GET /Install/setup.exe HTTP/1.1" 206 1747166 "http://www.helpwithmath.com/Install/saving_running.htm" "Mozilla/4.0 (compatible; MSIE 5.5; Windows 98; Win 9x 4.90)"
41.201.241.237 - - [31/Jul/2007:10:38:12 -0700] "GET /Install/setup.exe HTTP/1.1" 206 1187466 "http://www.helpwithmath.com/Install/saving_running.htm" "Mozilla/4.0 (compatible; MSIE 5.5; Windows 98; Win 9x 4.90)"
::1 - - [31/Jul/2007:10:40:54 -0700] "GET /" 400 669 "-" "-"
::1 - - [31/Jul/2007:10:40:55 -0700] "GET /" 400 669 "-" "-"
::1 - - [31/Jul/2007:10:41:56 -0700] "GET /" 400 669 "-" "-"
::1 - - [31/Jul/2007:10:42:30 -0700] "GET /" 400 669 "-" "-"
41.201.241.237 - - [31/Jul/2007:10:40:08 -0700] "GET /Install/setup.exe HTTP/1.1" 206 959816 "http://www.helpwithmath.com/Install/saving_running.htm" "Mozilla/4.0 (compatible; MSIE 5.5; Windows 98; Win 9x 4.90)"
41.201.241.237 - - [31/Jul/2007:10:40:32 -0700] "GET /Install/setup.exe HTTP/1.1" 206 1397716 "http://www.helpwithmath.com/Install/saving_running.htm" "Mozilla/4.0 (compatible; MSIE 5.5; Windows 98; Win 9x 4.90)"
41.201.241.237 - - [31/Jul/2007:10:39:29 -0700] "GET /Install/setup.exe HTTP/1.1" 206 1731215 "http://www.helpwithmath.com/Install/saving_running.htm" "Mozilla/4.0 (compatible; MSIE 5.5; Windows 98; Win 9x 4.90)"
41.201.241.237 - - [31/Jul/2007:10:36:43 -0700] "GET /Install/setup.exe HTTP/1.1" 206 1367264 "http://www.helpwithmath.com/Install/saving_running.htm" "Mozilla/4.0 (compatible; MSIE 5.5; Windows 98; Win 9x 4.90)"
41.201.241.237 - - [31/Jul/2007:10:37:29 -0700] "GET /Install/setup.exe HTTP/1.1" 206 1295489 "http://www.helpwithmath.com/Install/saving_running.htm" "Mozilla/4.0 (compatible; MSIE 5.5; Windows 98; Win 9x 4.90)"
::1 - - [31/Jul/2007:10:44:21 -0700] "GET /" 400 669 "-" "-"
::1 - - [31/Jul/2007:10:44:22 -0700] "GET /" 400 669 "-" "-"
::1 - - [31/Jul/2007:10:44:24 -0700] "GET /" 400 669 "-" "-"
41.201.241.237 - - [31/Jul/2007:10:33:07 -0700] "GET /Install/setup.exe HTTP/1.1" 206 1621740 "http://www.helpwithmath.com/Install/saving_running.htm" "Mozilla/4.0 (compatible; MSIE 5.5; Windows 98; Win 9x 4.90)"
41.201.241.237 - - [31/Jul/2007:10:40:21 -0700] "GET /Install/setup.exe HTTP/1.1" 206 1793566 "http://www.helpwithmath.com/Install/saving_running.htm" "Mozilla/4.0 (compatible; MSIE 5.5; Windows 98; Win 9x 4.90)"
::1 - - [31/Jul/2007:10:44:44 -0700] "GET /" 400 669 "-" "-"
::1 - - [31/Jul/2007:10:44:46 -0700] "GET /" 400 669 "-" "-"
41.201.241.237 - - [31/Jul/2007:10:42:45 -0700] "GET /Install/setup.exe HTTP/1.1" 206 1257066 "http://www.helpwithmath.com/Install/saving_running.htm" "Mozilla/4.0 (compatible; MSIE 5.5; Windows 98; Win 9x 4.90)"
::1 - - [31/Jul/2007:10:45:30 -0700] "GET /" 400 669 "-" "-"
::1 - - [31/Jul/2007:10:45:31 -0700] "GET /" 400 669 "-" "-"
41.201.241.237 - - [31/Jul/2007:10:44:20 -0700] "GET /Install/setup.exe HTTP/1.1" 206 1197616 "http://www.helpwithmath.com/Install/saving_running.htm" "Mozilla/4.0 (compatible; MSIE 5.5; Windows 98; Win 9x 4.90)"
41.201.241.237 - - [31/Jul/2007:10:38:26 -0700] "GET /Install/setup.exe HTTP/1.1" 206 1067114 "http://www.helpwithmath.com/Install/saving_running.htm" "Mozilla/4.0 (compatible; MSIE 5.5; Windows 98; Win 9x 4.90)"
41.201.241.237 - - [31/Jul/2007:10:44:20 -0700] "GET /Install/setup.exe HTTP/1.1" 206 1353490 "http://www.helpwithmath.com/Install/saving_running.htm" "Mozilla/4.0 (compatible; MSIE 5.5; Windows 98; Win 9x 4.90)"
41.201.241.237 - - [31/Jul/2007:10:41:46 -0700] "GET /Install/setup.exe HTTP/1.1" 206 887316 "http://www.helpwithmath.com/Install/saving_running.htm" "Mozilla/4.0 (compatible; MSIE 5.5; Windows 98; Win 9x 4.90)"
41.201.241.237 - - [31/Jul/2007:10:44:54 -0700] "GET /Install/setup.exe HTTP/1.1" 206 1655814 "http://www.helpwithmath.com/Install/saving_running.htm" "Mozilla/4.0 (compatible; MSIE 5.5; Windows 98; Win 9x 4.90)"
41.201.241.237 - - [31/Jul/2007:10:44:00 -0700] "GET /Install/setup.exe HTTP/1.1" 206 573389 "http://www.helpwithmath.com/Install/saving_running.htm" "Mozilla/4.0 (compatible; MSIE 5.5; Windows 98; Win 9x 4.90)"
41.201.241.237 - - [31/Jul/2007:10:45:48 -0700] "GET /Install/setup.exe HTTP/1.1" 206 550914 "http://www.helpwithmath.com/Install/saving_running.htm" "Mozilla/4.0 (compatible; MSIE 5.5; Windows 98; Win 9x 4.90)"
41.201.241.237 - - [31/Jul/2007:10:43:18 -0700] "GET /Install/setup.exe HTTP/1.1" 206 1744264 "http://www.helpwithmath.com/Install/saving_running.htm" "Mozilla/4.0 (compatible; MSIE 5.5; Windows 98; Win 9x 4.90)"
76.106.15.67 - - [31/Jul/2007:10:33:32 -0700] "GET /Install/setup.exe HTTP/1.1" 206 13068140 "http://www.helpwithmath.com/Install/saving_running.htm" "Mozilla/4.0 (compatible; MSIE 6.0; Windows NT 5.1; SV1; .NET CLR 1.1.4322)"
41.201.241.237 - - [31/Jul/2007:10:46:45 -0700] "GET /Install/setup.exe HTTP/1.1" 206 503064 "http://www.helpwithmath.com/Install/saving_running.htm" "Mozilla/4.0 (compatible; MSIE 5.5; Windows 98; Win 9x 4.90)"
41.201.241.237 - - [31/Jul/2007:10:46:17 -0700] "GET /Install/setup.exe HTTP/1.1" 206 514666 "http://www.helpwithmath.com/Install/saving_running.htm" "Mozilla/4.0 (compatible; MSIE 5.5; Windows 98; Win 9x 4.90)"
::1 - - [31/Jul/2007:10:47:51 -0700] "GET /" 400 669 "-" "-"
::1 - - [31/Jul/2007:10:47:52 -0700] "GET /" 400 669 "-" "-"
::1 - - [31/Jul/2007:10:48:01 -0700] "GET /" 400 669 "-" "-"
::1 - - [31/Jul/2007:10:48:02 -0700] "GET /" 400 669 "-" "-"
41.201.241.237 - - [31/Jul/2007:10:42:23 -0700] "GET /Install/setup.exe HTTP/1.1" 206 1686266 "http://www.helpwithmath.com/Install/saving_running.htm" "Mozilla/4.0 (compatible; MSIE 5.5; Windows 98; Win 9x 4.90)"
::1 - - [31/Jul/2007:10:48:10 -0700] "GET /" 400 669 "-" "-"
41.201.241.237 - - [31/Jul/2007:10:46:50 -0700] "GET /Install/setup.exe HTTP/1.1" 206 1632614 "http://www.helpwithmath.com/Install/saving_running.htm" "Mozilla/4.0 (compatible; MSIE 5.5; Windows 98; Win 9x 4.90)"
41.201.241.237 - - [31/Jul/2007:10:47:08 -0700] "GET /Install/setup.exe HTTP/1.1" 206 1418783 "http://www.helpwithmath.com/Install/saving_running.htm" "Mozilla/4.0 (compatible; MSIE 5.5; Windows 98; Win 9x 4.90)"
41.201.241.237 - - [31/Jul/2007:10:46:50 -0700] "GET /Install/setup.exe HTTP/1.1" 206 247184 "http://www.helpwithmath.com/Install/saving_running.htm" "Mozilla/4.0 (compatible; MSIE 5.5; Windows 98; Win 9x 4.90)"
41.201.241.237 - - [31/Jul/2007:10:45:33 -0700] "GET /Install/setup.exe HTTP/1.1" 206 1151216 "http://www.helpwithmath.com/Install/saving_running.htm" "Mozilla/4.0 (compatible; MSIE 5.5; Windows 98; Win 9x 4.90)"
82.101.143.205 - - [31/Jul/2007:10:17:56 -0700] "GET /Install/setup.exe HTTP/1.0" 206 12957566 "http://physique.75.fr/forum_phy_relizane/viewtopic.php?id=1998" "Mozilla/4.0 (compatible; MSIE 6.0; Windows NT 5.1; SV1)"
41.201.241.237 - - [31/Jul/2007:10:48:10 -0700] "GET /Install/setup.exe HTTP/1.1" 206 179031 "http://www.helpwithmath.com/Install/saving_running.htm" "Mozilla/4.0 (compatible; MSIE 5.5; Windows 98; Win 9x 4.90)"
41.201.241.237 - - [31/Jul/2007:10:43:12 -0700] "GET /Install/setup.exe HTTP/1.1" 206 1548515 "http://www.helpwithmath.com/Install/saving_running.htm" "Mozilla/4.0 (compatible; MSIE 5.5; Windows 98; Win 9x 4.90)"
41.201.241.237 - - [31/Jul/2007:10:44:27 -0700] "GET /Install/setup.exe HTTP/1.1" 206 611816 "http://www.helpwithmath.com/Install/saving_running.htm" "Mozilla/4.0 (compatible; MSIE 5.5; Windows 98; Win 9x 4.90)"
41.201.241.237 - - [31/Jul/2007:10:48:41 -0700] "GET /Install/setup.exe HTTP/1.1" 206 64143 "http://www.helpwithmath.com/Install/saving_running.htm" "Mozilla/4.0 (compatible; MSIE 5.5; Windows 98; Win 9x 4.90)"
41.201.241.237 - - [31/Jul/2007:10:48:13 -0700] "GET /Install/setup.exe HTTP/1.1" 206 146366 "http://www.helpwithmath.com/Install/saving_running.htm" "Mozilla/4.0 (compatible; MSIE 5.5; Windows 98; Win 9x 4.90)"
41.201.241.237 - - [31/Jul/2007:10:48:59 -0700] "GET /Install/setup.exe HTTP/1.1" 206 24629 "http://www.helpwithmath.com/Install/saving_running.htm" "Mozilla/4.0 (compatible; MSIE 5.5; Windows 98; Win 9x 4.90)"
41.201.241.237 - - [31/Jul/2007:10:48:49 -0700] "GET /Install/setup.exe HTTP/1.1" 206 52159 "http://www.helpwithmath.com/Install/saving_running.htm" "Mozilla/4.0 (compatible; MSIE 5.5; Windows 98; Win 9x 4.90)"
::1 - - [31/Jul/2007:10:49:04 -0700] "GET /" 400 669 "-" "-"
::1 - - [31/Jul/2007:10:49:05 -0700] "GET /" 400 669 "-" "-"
41.201.241.237 - - [31/Jul/2007:10:49:06 -0700] "GET /Install/setup.exe HTTP/1.1" 206 12315 "http://www.helpwithmath.com/Install/saving_running.htm" "Mozilla/4.0 (compatible; MSIE 5.5; Windows 98; Win 9x 4.90)"
41.201.241.237 - - [31/Jul/2007:10:49:05 -0700] "GET /Install/setup.exe HTTP/1.1" 206 20259 "http://www.helpwithmath.com/Install/saving_running.htm" "Mozilla/4.0 (compatible; MSIE 5.5; Windows 98; Win 9x 4.90)"
41.201.241.237 - - [31/Jul/2007:10:49:05 -0700] "GET /Install/setup.exe HTTP/1.1" 206 14117 "http://www.helpwithmath.com/Install/saving_running.htm" "Mozilla/4.0 (compatible; MSIE 5.5; Windows 98; Win 9x 4.90)"
41.201.241.237 - - [31/Jul/2007:10:49:06 -0700] "GET /Install/setup.exe HTTP/1.1" 206 12134 "http://www.helpwithmath.com/Install/saving_running.htm" "Mozilla/4.0 (compatible; MSIE 5.5; Windows 98; Win 9x 4.90)"
41.201.241.237 - - [31/Jul/2007:10:47:24 -0700] "GET /Install/setup.exe HTTP/1.1" 206 983059 "http://www.helpwithmath.com/Install/saving_running.htm" "Mozilla/4.0 (compatible; MSIE 5.5; Windows 98; Win 9x 4.90)"
41.201.241.237 - - [31/Jul/2007:10:49:12 -0700] "GET /Install/setup.exe HTTP/1.1" 206 3241 "http://www.helpwithmath.com/Install/saving_running.htm" "Mozilla/4.0 (compatible; MSIE 5.5; Windows 98; Win 9x 4.90)"
41.201.241.237 - - [31/Jul/2007:10:49:03 -0700] "GET /Install/setup.exe HTTP/1.1" 206 34032 "http://www.helpwithmath.com/Install/saving_running.htm" "Mozilla/4.0 (compatible; MSIE 5.5; Windows 98; Win 9x 4.90)"
