66.75.255.149 - - [31/Jul/2007:13:01:07 -0700] "GET /open.gif HTTP/1.1" 200 125 "http://mathxpert.com/" "Mozilla/5.0 (Macintosh; U; Intel Mac OS X; en-US; rv:1.8.1.6) Gecko/20070725 Firefox/2.0.0.6"
66.75.255.149 - - [31/Jul/2007:13:01:07 -0700] "GET /gblnav_left.gif HTTP/1.1" 200 580 "http://mathxpert.com/" "Mozilla/5.0 (Macintosh; U; Intel Mac OS X; en-US; rv:1.8.1.6) Gecko/20070725 Firefox/2.0.0.6"
66.75.255.149 - - [31/Jul/2007:13:01:07 -0700] "GET /glbnav_right.gif HTTP/1.1" 200 578 "http://mathxpert.com/" "Mozilla/5.0 (Macintosh; U; Intel Mac OS X; en-US; rv:1.8.1.6) Gecko/20070725 Firefox/2.0.0.6"
66.75.255.149 - - [31/Jul/2007:13:01:07 -0700] "GET /Spacer.gif HTTP/1.1" 200 52 "http://mathxpert.com/" "Mozilla/5.0 (Macintosh; U; Intel Mac OS X; en-US; rv:1.8.1.6) Gecko/20070725 Firefox/2.0.0.6"
66.75.255.149 - - [31/Jul/2007:13:01:07 -0700] "GET /TransparentMathXpertLogo.gif HTTP/1.1" 200 1845 "http://mathxpert.com/" "Mozilla/5.0 (Macintosh; U; Intel Mac OS X; en-US; rv:1.8.1.6) Gecko/20070725 Firefox/2.0.0.6"
66.75.255.149 - - [31/Jul/2007:13:01:07 -0700] "GET /demo/image4.gif HTTP/1.1" 200 17692 "http://mathxpert.com/" "Mozilla/5.0 (Macintosh; U; Intel Mac OS X; en-US; rv:1.8.1.6) Gecko/20070725 Firefox/2.0.0.6"
66.75.255.149 - - [31/Jul/2007:13:01:07 -0700] "GET /include/Background.gif HTTP/1.1" 200 52448 "http://mathxpert.com/HelpWithMathStyle.css" "Mozilla/5.0 (Macintosh; U; Intel Mac OS X; en-US; rv:1.8.1.6) Gecko/20070725 Firefox/2.0.0.6"
66.75.255.149 - - [31/Jul/2007:13:01:07 -0700] "GET /demo/step4a.gif HTTP/1.1" 200 18054 "http://mathxpert.com/" "Mozilla/5.0 (Macintosh; U; Intel Mac OS X; en-US; rv:1.8.1.6) Gecko/20070725 Firefox/2.0.0.6"
66.75.255.149 - - [31/Jul/2007:13:01:07 -0700] "GET /include/Ramanujan1-quality15.jpg HTTP/1.1" 200 34375 "http://mathxpert.com/HelpWithMathStyle.css" "Mozilla/5.0 (Macintosh; U; Intel Mac OS X; en-US; rv:1.8.1.6) Gecko/20070725 Firefox/2.0.0.6"
66.75.255.149 - - [31/Jul/2007:13:01:07 -0700] "GET /glbnav_background.gif HTTP/1.1" 200 301 "http://mathxpert.com/HelpWithMathStyle.css" "Mozilla/5.0 (Macintosh; U; Intel Mac OS X; en-US; rv:1.8.1.6) Gecko/20070725 Firefox/2.0.0.6"
66.75.255.149 - - [31/Jul/2007:13:01:08 -0700] "GET /favicon.ico HTTP/1.1" 404 398 "-" "Mozilla/5.0 (Macintosh; U; Intel Mac OS X; en-US; rv:1.8.1.6) Gecko/20070725 Firefox/2.0.0.6"
66.75.255.149 - - [31/Jul/2007:13:01:08 -0700] "GET /glblnav_selected.gif HTTP/1.1" 200 158 "http://mathxpert.com/HelpWithMathStyle.css" "Mozilla/5.0 (Macintosh; U; Intel Mac OS X; en-US; rv:1.8.1.6) Gecko/20070725 Firefox/2.0.0.6"
66.75.255.149 - - [31/Jul/2007:13:01:24 -0700] "GET /download.php HTTP/1.1" 200 9885 "http://mathxpert.com/" "Mozilla/5.0 (Macintosh; U; Intel Mac OS X; en-US; rv:1.8.1.6) Gecko/20070725 Firefox/2.0.0.6"
82.151.87.147 - - [31/Jul/2007:12:50:29 -0700] "GET /Install/setup.exe HTTP/1.1" 206 1393130 "http://www.google.ae/search?q=%D8%AA%D8%AD%D9%85%D9%8A%D9%84+%D8%A8%D8%B1%D8%A7%D9%85%D8%AC+%D9%84%D8%B1%D8%B3%D9%85+%D8%A7%D9%84%D8%AF%D9%88%D8%A7%D9%84+%D9%85%D8%AC%D8%A7%D9%86%D9%8A&hl=ar&start=10&sa=N" "Mozilla/4.0 (compatible; MSIE 6.0; Windows NT 5.1; SV1; (R1 1.5; SBUA))"
::1 - - [31/Jul/2007:13:01:41 -0700] "GET /" 400 669 "-" "-"
66.75.255.149 - - [31/Jul/2007:13:01:44 -0700] "GET /purchase.php HTTP/1.1" 200 11698 "http://mathxpert.com/download.php" "Mozilla/5.0 (Macintosh; U; Intel Mac OS X; en-US; rv:1.8.1.6) Gecko/20070725 Firefox/2.0.0.6"
66.75.255.149 - - [31/Jul/2007:13:02:03 -0700] "GET /download.php HTTP/1.1" 200 9885 "http://mathxpert.com/download.php" "Mozilla/5.0 (Macintosh; U; Intel Mac OS X; en-US; rv:1.8.1.6) Gecko/20070725 Firefox/2.0.0.6"
82.129.200.37 - - [31/Jul/2007:13:01:54 -0700] "GET /Install/setup.exe HTTP/1.1" 206 1221681 "http://www.djelfa.info/vb/showthread.php?t=10285" "Mozilla/5.0 (Windows; U; Win 9x 4.90; ar; rv:1.8.0.6) Gecko/20060728 Firefox/1.5.0.6"
82.129.200.37 - - [31/Jul/2007:13:01:54 -0700] "GET /Install/setup.exe HTTP/1.1" 206 1231059 "http://www.djelfa.info/vb/showthread.php?t=10285" "Mozilla/5.0 (Windows; U; Win 9x 4.90; ar; rv:1.8.0.6) Gecko/20060728 Firefox/1.5.0.6"
82.129.200.37 - - [31/Jul/2007:13:01:54 -0700] "GET /Install/setup.exe HTTP/1.1" 206 1228917 "http://www.djelfa.info/vb/showthread.php?t=10285" "Mozilla/5.0 (Windows; U; Win 9x 4.90; ar; rv:1.8.0.6) Gecko/20060728 Firefox/1.5.0.6"
82.129.200.37 - - [31/Jul/2007:13:01:54 -0700] "GET /Install/setup.exe HTTP/1.1" 206 1220072 "http://www.djelfa.info/vb/showthread.php?t=10285" "Mozilla/5.0 (Windows; U; Win 9x 4.90; ar; rv:1.8.0.6) Gecko/20060728 Firefox/1.5.0.6"
::1 - - [31/Jul/2007:13:02:56 -0700] "GET /" 400 669 "-" "-"
82.129.200.37 - - [31/Jul/2007:13:01:53 -0700] "GET /Install/setup.exe HTTP/1.1" 206 1218197 "http://www.djelfa.info/vb/showthread.php?t=10285" "Mozilla/5.0 (Windows; U; Win 9x 4.90; ar; rv:1.8.0.6) Gecko/20060728 Firefox/1.5.0.6"
82.129.200.37 - - [31/Jul/2007:13:01:52 -0700] "GET /Install/setup.exe HTTP/1.1" 206 12613168 "http://www.djelfa.info/vb/showthread.php?t=10285" "Mozilla/5.0 (Windows; U; Win 9x 4.90; ar; rv:1.8.0.6) Gecko/20060728 Firefox/1.5.0.6"
82.129.200.37 - - [31/Jul/2007:13:01:53 -0700] "GET /Install/setup.exe HTTP/1.1" 206 1216052 "http://www.djelfa.info/vb/showthread.php?t=10285" "Mozilla/5.0 (Windows; U; Win 9x 4.90; ar; rv:1.8.0.6) Gecko/20060728 Firefox/1.5.0.6"
::1 - - [31/Jul/2007:13:02:57 -0700] "GET /" 400 669 "-" "-"
82.129.200.37 - - [31/Jul/2007:13:01:53 -0700] "GET /Install/setup.exe HTTP/1.1" 206 1265899 "http://www.djelfa.info/vb/showthread.php?t=10285" "Mozilla/5.0 (Windows; U; Win 9x 4.90; ar; rv:1.8.0.6) Gecko/20060728 Firefox/1.5.0.6"
::1 - - [31/Jul/2007:13:02:58 -0700] "GET /" 400 669 "-" "-"
::1 - - [31/Jul/2007:13:02:59 -0700] "GET /" 400 669 "-" "-"
::1 - - [31/Jul/2007:13:03:00 -0700] "GET /" 400 669 "-" "-"
66.75.255.149 - - [31/Jul/2007:13:03:05 -0700] "GET / HTTP/1.1" 200 10654 "-" "Mozilla/4.0 (compatible; MSIE 7.0; Windows NT 6.0; SLCC1; .NET CLR 2.0.50727; .NET CLR 3.0.04506)"
66.75.255.149 - - [31/Jul/2007:13:03:05 -0700] "GET /HelpWithMathStyle.css HTTP/1.1" 200 7201 "http://mathxpert.com/" "Mozilla/4.0 (compatible; MSIE 7.0; Windows NT 6.0; SLCC1; .NET CLR 2.0.50727; .NET CLR 3.0.04506)"
66.75.255.149 - - [31/Jul/2007:13:03:05 -0700] "GET /fold.gif HTTP/1.1" 200 119 "http://mathxpert.com/" "Mozilla/4.0 (compatible; MSIE 7.0; Windows NT 6.0; SLCC1; .NET CLR 2.0.50727; .NET CLR 3.0.04506)"
66.75.255.149 - - [31/Jul/2007:13:03:05 -0700] "GET /open.gif HTTP/1.1" 200 125 "http://mathxpert.com/" "Mozilla/4.0 (compatible; MSIE 7.0; Windows NT 6.0; SLCC1; .NET CLR 2.0.50727; .NET CLR 3.0.04506)"
66.75.255.149 - - [31/Jul/2007:13:03:05 -0700] "GET /gblnav_left.gif HTTP/1.1" 200 580 "http://mathxpert.com/" "Mozilla/4.0 (compatible; MSIE 7.0; Windows NT 6.0; SLCC1; .NET CLR 2.0.50727; .NET CLR 3.0.04506)"
66.75.255.149 - - [31/Jul/2007:13:03:05 -0700] "GET /glbnav_right.gif HTTP/1.1" 200 578 "http://mathxpert.com/" "Mozilla/4.0 (compatible; MSIE 7.0; Windows NT 6.0; SLCC1; .NET CLR 2.0.50727; .NET CLR 3.0.04506)"
66.75.255.149 - - [31/Jul/2007:13:03:05 -0700] "GET /Spacer.gif HTTP/1.1" 200 52 "http://mathxpert.com/" "Mozilla/4.0 (compatible; MSIE 7.0; Windows NT 6.0; SLCC1; .NET CLR 2.0.50727; .NET CLR 3.0.04506)"
66.75.255.149 - - [31/Jul/2007:13:03:05 -0700] "GET /TransparentMathXpertLogo.gif HTTP/1.1" 200 1845 "http://mathxpert.com/" "Mozilla/4.0 (compatible; MSIE 7.0; Windows NT 6.0; SLCC1; .NET CLR 2.0.50727; .NET CLR 3.0.04506)"
66.75.255.149 - - [31/Jul/2007:13:03:05 -0700] "GET /demo/image4.gif HTTP/1.1" 200 17692 "http://mathxpert.com/" "Mozilla/4.0 (compatible; MSIE 7.0; Windows NT 6.0; SLCC1; .NET CLR 2.0.50727; .NET CLR 3.0.04506)"
66.75.255.149 - - [31/Jul/2007:13:03:05 -0700] "GET /demo/step4a.gif HTTP/1.1" 200 18054 "http://mathxpert.com/" "Mozilla/4.0 (compatible; MSIE 7.0; Windows NT 6.0; SLCC1; .NET CLR 2.0.50727; .NET CLR 3.0.04506)"
66.75.255.149 - - [31/Jul/2007:13:03:06 -0700] "GET /glbnav_background.gif HTTP/1.1" 200 301 "http://mathxpert.com/" "Mozilla/4.0 (compatible; MSIE 7.0; Windows NT 6.0; SLCC1; .NET CLR 2.0.50727; .NET CLR 3.0.04506)"
66.75.255.149 - - [31/Jul/2007:13:03:06 -0700] "GET /include/Ramanujan1-quality15.jpg HTTP/1.1" 200 34375 "http://mathxpert.com/" "Mozilla/4.0 (compatible; MSIE 7.0; Windows NT 6.0; SLCC1; .NET CLR 2.0.50727; .NET CLR 3.0.04506)"
66.75.255.149 - - [31/Jul/2007:13:03:06 -0700] "GET /glblnav_selected.gif HTTP/1.1" 200 158 "http://mathxpert.com/" "Mozilla/4.0 (compatible; MSIE 7.0; Windows NT 6.0; SLCC1; .NET CLR 2.0.50727; .NET CLR 3.0.04506)"
66.75.255.149 - - [31/Jul/2007:13:03:06 -0700] "GET /include/Background.gif HTTP/1.1" 200 52448 "http://mathxpert.com/" "Mozilla/4.0 (compatible; MSIE 7.0; Windows NT 6.0; SLCC1; .NET CLR 2.0.50727; .NET CLR 3.0.04506)"
66.75.255.149 - - [31/Jul/2007:13:03:08 -0700] "GET /favicon.ico HTTP/1.1" 404 398 "-" "Mozilla/4.0 (compatible; MSIE 7.0; Windows NT 6.0; SLCC1; .NET CLR 2.0.50727; .NET CLR 3.0.04506)"
66.75.255.149 - - [31/Jul/2007:13:03:13 -0700] "GET /download.php HTTP/1.1" 200 9885 "http://mathxpert.com/" "Mozilla/4.0 (compatible; MSIE 7.0; Windows NT 6.0; SLCC1; .NET CLR 2.0.50727; .NET CLR 3.0.04506)"
66.75.255.149 - - [31/Jul/2007:13:03:28 -0700] "POST /download2.php HTTP/1.1" 200 9161 "http://mathxpert.com/download.php" "Mozilla/4.0 (compatible; MSIE 7.0; Windows NT 6.0; SLCC1; .NET CLR 2.0.50727; .NET CLR 3.0.04506)"
66.75.255.149 - - [31/Jul/2007:13:03:35 -0700] "POST /download2.php?state=Edit HTTP/1.1" 302 9258 "http://mathxpert.com/download2.php" "Mozilla/4.0 (compatible; MSIE 7.0; Windows NT 6.0; SLCC1; .NET CLR 2.0.50727; .NET CLR 3.0.04506)"
66.75.255.149 - - [31/Jul/2007:13:03:36 -0700] "GET /Install/SaveOrRun.php?Email=drew@ntira.com&WhichDisk=7 HTTP/1.1" 200 5235 "http://mathxpert.com/download2.php" "Mozilla/4.0 (compatible; MSIE 7.0; Windows NT 6.0; SLCC1; .NET CLR 2.0.50727; .NET CLR 3.0.04506)"
66.75.255.149 - - [31/Jul/2007:13:03:36 -0700] "GET /Install/header_fill.jpg HTTP/1.1" 200 578 "http://mathxpert.com/Install/SaveOrRun.php?Email=drew@ntira.com&WhichDisk=7" "Mozilla/4.0 (compatible; MSIE 7.0; Windows NT 6.0; SLCC1; .NET CLR 2.0.50727; .NET CLR 3.0.04506)"
66.75.255.149 - - [31/Jul/2007:13:03:36 -0700] "GET /Install/oci_header.jpg HTTP/1.1" 200 6586 "http://mathxpert.com/Install/SaveOrRun.php?Email=drew@ntira.com&WhichDisk=7" "Mozilla/4.0 (compatible; MSIE 7.0; Windows NT 6.0; SLCC1; .NET CLR 2.0.50727; .NET CLR 3.0.04506)"
66.75.255.149 - - [31/Jul/2007:13:03:36 -0700] "GET /Install/UL.gif HTTP/1.1" 200 170 "http://mathxpert.com/Install/SaveOrRun.php?Email=drew@ntira.com&WhichDisk=7" "Mozilla/4.0 (compatible; MSIE 7.0; Windows NT 6.0; SLCC1; .NET CLR 2.0.50727; .NET CLR 3.0.04506)"
66.75.255.149 - - [31/Jul/2007:13:03:36 -0700] "GET /Install/UR.gif HTTP/1.1" 200 169 "http://mathxpert.com/Install/SaveOrRun.php?Email=drew@ntira.com&WhichDisk=7" "Mozilla/4.0 (compatible; MSIE 7.0; Windows NT 6.0; SLCC1; .NET CLR 2.0.50727; .NET CLR 3.0.04506)"
66.75.255.149 - - [31/Jul/2007:13:03:36 -0700] "GET /Install/b_saveorrun.gif HTTP/1.1" 200 2947 "http://mathxpert.com/Install/SaveOrRun.php?Email=drew@ntira.com&WhichDisk=7" "Mozilla/4.0 (compatible; MSIE 7.0; Windows NT 6.0; SLCC1; .NET CLR 2.0.50727; .NET CLR 3.0.04506)"
66.75.255.149 - - [31/Jul/2007:13:03:36 -0700] "GET /Install/LL.gif HTTP/1.1" 200 169 "http://mathxpert.com/Install/SaveOrRun.php?Email=drew@ntira.com&WhichDisk=7" "Mozilla/4.0 (compatible; MSIE 7.0; Windows NT 6.0; SLCC1; .NET CLR 2.0.50727; .NET CLR 3.0.04506)"
66.75.255.149 - - [31/Jul/2007:13:03:36 -0700] "GET /Install/LR.gif HTTP/1.1" 200 169 "http://mathxpert.com/Install/SaveOrRun.php?Email=drew@ntira.com&WhichDisk=7" "Mozilla/4.0 (compatible; MSIE 7.0; Windows NT 6.0; SLCC1; .NET CLR 2.0.50727; .NET CLR 3.0.04506)"
66.75.255.149 - - [31/Jul/2007:13:03:39 -0700] "GET /Install/saving_running.htm HTTP/1.1" 200 4541 "http://mathxpert.com/Install/SaveOrRun.php?Email=drew@ntira.com&WhichDisk=7" "Mozilla/4.0 (compatible; MSIE 7.0; Windows NT 6.0; SLCC1; .NET CLR 2.0.50727; .NET CLR 3.0.04506)"
66.75.255.149 - - [31/Jul/2007:13:03:41 -0700] "GET /Install/setup.exe HTTP/1.1" 200 13072520 "-" "Mozilla/4.0 (compatible; MSIE 7.0; Windows NT 6.0; SLCC1; .NET CLR 2.0.50727; .NET CLR 3.0.04506)"
66.75.255.149 - - [31/Jul/2007:13:03:49 -0700] "GET /Install/setup.exe HTTP/1.1" 206 13069600 "-" "Mozilla/4.0 (compatible; MSIE 7.0; Windows NT 6.0; SLCC1; .NET CLR 2.0.50727; .NET CLR 3.0.04506)"
::1 - - [31/Jul/2007:13:07:53 -0700] "GET /" 400 669 "-" "-"
::1 - - [31/Jul/2007:13:08:30 -0700] "GET /" 400 669 "-" "-"
::1 - - [31/Jul/2007:13:08:31 -0700] "GET /" 400 669 "-" "-"
::1 - - [31/Jul/2007:13:10:38 -0700] "GET /" 400 669 "-" "-"
::1 - - [31/Jul/2007:13:10:39 -0700] "GET /" 400 669 "-" "-"
::1 - - [31/Jul/2007:13:10:40 -0700] "GET /" 400 669 "-" "-"
::1 - - [31/Jul/2007:13:10:42 -0700] "GET /" 400 669 "-" "-"
::1 - - [31/Jul/2007:13:11:07 -0700] "GET /" 400 669 "-" "-"
::1 - - [31/Jul/2007:13:11:08 -0700] "GET /" 400 669 "-" "-"
::1 - - [31/Jul/2007:13:11:15 -0700] "GET /" 400 669 "-" "-"
::1 - - [31/Jul/2007:13:12:22 -0700] "GET /" 400 669 "-" "-"
::1 - - [31/Jul/2007:13:12:23 -0700] "GET /" 400 669 "-" "-"
::1 - - [31/Jul/2007:13:17:32 -0700] "GET /" 400 669 "-" "-"
::1 - - [31/Jul/2007:13:17:33 -0700] "GET /" 400 669 "-" "-"
::1 - - [31/Jul/2007:13:17:35 -0700] "GET /" 400 669 "-" "-"
::1 - - [31/Jul/2007:13:17:39 -0700] "GET /" 400 669 "-" "-"
::1 - - [31/Jul/2007:13:17:40 -0700] "GET /" 400 669 "-" "-"
::1 - - [31/Jul/2007:13:18:21 -0700] "GET /" 400 669 "-" "-"
::1 - - [31/Jul/2007:13:18:37 -0700] "GET /" 400 669 "-" "-"
::1 - - [31/Jul/2007:13:20:08 -0700] "GET /" 400 669 "-" "-"
::1 - - [31/Jul/2007:13:21:37 -0700] "GET /" 400 669 "-" "-"
::1 - - [31/Jul/2007:13:21:42 -0700] "GET /" 400 669 "-" "-"
::1 - - [31/Jul/2007:13:21:43 -0700] "GET /" 400 669 "-" "-"
::1 - - [31/Jul/2007:13:21:44 -0700] "GET /" 400 669 "-" "-"
::1 - - [31/Jul/2007:13:21:45 -0700] "GET /" 400 669 "-" "-"
::1 - - [31/Jul/2007:13:21:46 -0700] "GET /" 400 669 "-" "-"
::1 - - [31/Jul/2007:13:21:48 -0700] "GET /" 400 669 "-" "-"
::1 - - [31/Jul/2007:13:21:59 -0700] "GET /" 400 669 "-" "-"
::1 - - [31/Jul/2007:13:22:22 -0700] "GET /" 400 669 "-" "-"
::1 - - [31/Jul/2007:13:22:23 -0700] "GET /" 400 669 "-" "-"
::1 - - [31/Jul/2007:13:22:26 -0700] "GET /" 400 669 "-" "-"
::1 - - [31/Jul/2007:13:22:37 -0700] "GET /" 400 669 "-" "-"
::1 - - [31/Jul/2007:13:22:40 -0700] "GET /" 400 669 "-" "-"
::1 - - [31/Jul/2007:13:23:02 -0700] "GET /" 400 669 "-" "-"
::1 - - [31/Jul/2007:13:23:31 -0700] "GET /" 400 669 "-" "-"
::1 - - [31/Jul/2007:13:25:03 -0700] "GET /" 400 669 "-" "-"
::1 - - [31/Jul/2007:13:25:04 -0700] "GET /" 400 669 "-" "-"
::1 - - [31/Jul/2007:13:25:05 -0700] "GET /" 400 669 "-" "-"
82.129.200.37 - - [31/Jul/2007:13:15:34 -0700] "GET /Install/setup.exe HTTP/1.1" 206 1195416 "http://www.djelfa.info/vb/showthread.php?t=10285" "Mozilla/5.0 (Windows; U; Win 9x 4.90; ar; rv:1.8.0.6) Gecko/20060728 Firefox/1.5.0.6"
62.231.203.114 - - [31/Jul/2007:13:25:38 -0700] "GET / HTTP/1.0" 200 10654 "-" "Mozilla/4.0 (compatible; MSIE 6.0; Windows NT 5.1; SV1; InfoPath.2)"
82.129.200.37 - - [31/Jul/2007:13:15:34 -0700] "GET /Install/setup.exe HTTP/1.1" 206 1189252 "http://www.djelfa.info/vb/showthread.php?t=10285" "Mozilla/5.0 (Windows; U; Win 9x 4.90; ar; rv:1.8.0.6) Gecko/20060728 Firefox/1.5.0.6"
82.129.200.37 - - [31/Jul/2007:13:15:34 -0700] "GET /Install/setup.exe HTTP/1.1" 206 1205331 "http://www.djelfa.info/vb/showthread.php?t=10285" "Mozilla/5.0 (Windows; U; Win 9x 4.90; ar; rv:1.8.0.6) Gecko/20060728 Firefox/1.5.0.6"
82.129.200.37 - - [31/Jul/2007:13:15:34 -0700] "GET /Install/setup.exe HTTP/1.1" 206 1191933 "http://www.djelfa.info/vb/showthread.php?t=10285" "Mozilla/5.0 (Windows; U; Win 9x 4.90; ar; rv:1.8.0.6) Gecko/20060728 Firefox/1.5.0.6"
62.231.203.114 - - [31/Jul/2007:13:25:41 -0700] "GET /demo/image4.gif HTTP/1.0" 200 17692 "http://www.helpwithmath.com/" "Mozilla/4.0 (compatible; MSIE 6.0; Windows NT 5.1; SV1; InfoPath.2)"
62.231.203.114 - - [31/Jul/2007:13:25:41 -0700] "GET /demo/step4a.gif HTTP/1.0" 200 18054 "http://www.helpwithmath.com/" "Mozilla/4.0 (compatible; MSIE 6.0; Windows NT 5.1; SV1; InfoPath.2)"
82.129.200.37 - - [31/Jul/2007:13:15:34 -0700] "GET /Install/setup.exe HTTP/1.1" 206 1240171 "http://www.djelfa.info/vb/showthread.php?t=10285" "Mozilla/5.0 (Windows; U; Win 9x 4.90; ar; rv:1.8.0.6) Gecko/20060728 Firefox/1.5.0.6"
82.129.200.37 - - [31/Jul/2007:13:15:34 -0700] "GET /Install/setup.exe HTTP/1.1" 206 1204261 "http://www.djelfa.info/vb/showthread.php?t=10285" "Mozilla/5.0 (Windows; U; Win 9x 4.90; ar; rv:1.8.0.6) Gecko/20060728 Firefox/1.5.0.6"
62.231.203.114 - - [31/Jul/2007:13:25:48 -0700] "GET /about.php?include=teacher.html HTTP/1.0" 200 12450 "http://www.helpwithmath.com/" "Mozilla/4.0 (compatible; MSIE 6.0; Windows NT 5.1; SV1; InfoPath.2)"
82.129.200.37 - - [31/Jul/2007:13:15:31 -0700] "GET /Install/setup.exe HTTP/1.1" 206 12580472 "http://www.djelfa.info/vb/showthread.php?t=10285" "Mozilla/5.0 (Windows; U; Win 9x 4.90; ar; rv:1.8.0.6) Gecko/20060728 Firefox/1.5.0.6"
::1 - - [31/Jul/2007:13:25:50 -0700] "GET /" 400 669 "-" "-"
::1 - - [31/Jul/2007:13:25:53 -0700] "GET /" 400 669 "-" "-"
::1 - - [31/Jul/2007:13:25:59 -0700] "GET /" 400 669 "-" "-"
::1 - - [31/Jul/2007:13:26:35 -0700] "GET /" 400 669 "-" "-"
::1 - - [31/Jul/2007:13:26:36 -0700] "GET /" 400 669 "-" "-"
::1 - - [31/Jul/2007:13:26:45 -0700] "GET /" 400 669 "-" "-"
82.129.200.37 - - [31/Jul/2007:13:25:43 -0700] "GET /Install/setup.exe HTTP/1.1" 206 1430184 "http://www.djelfa.info/vb/showthread.php?t=10285" "Mozilla/5.0 (Windows; U; Win 9x 4.90; ar; rv:1.8.0.6) Gecko/20060728 Firefox/1.5.0.6"
::1 - - [31/Jul/2007:13:26:46 -0700] "GET /" 400 669 "-" "-"
::1 - - [31/Jul/2007:13:27:20 -0700] "GET /" 400 669 "-" "-"
::1 - - [31/Jul/2007:13:27:21 -0700] "GET /" 400 669 "-" "-"
::1 - - [31/Jul/2007:13:27:22 -0700] "GET /" 400 669 "-" "-"
::1 - - [31/Jul/2007:13:27:24 -0700] "GET /" 400 669 "-" "-"
62.231.203.114 - - [31/Jul/2007:13:27:30 -0700] "GET /download.php HTTP/1.0" 200 9885 "http://www.helpwithmath.com/about.php?include=teacher.html" "Mozilla/4.0 (compatible; MSIE 6.0; Windows NT 5.1; SV1; InfoPath.2)"
::1 - - [31/Jul/2007:13:27:34 -0700] "GET /" 400 669 "-" "-"
62.231.203.114 - - [31/Jul/2007:13:27:41 -0700] "POST /download2.php HTTP/1.0" 302 9166 "http://www.helpwithmath.com/download.php" "Mozilla/4.0 (compatible; MSIE 6.0; Windows NT 5.1; SV1; InfoPath.2)"
62.231.203.114 - - [31/Jul/2007:13:27:42 -0700] "GET /download3.php?ProductType=individual HTTP/1.0" 302 8680 "http://www.helpwithmath.com/download.php" "Mozilla/4.0 (compatible; MSIE 6.0; Windows NT 5.1; SV1; InfoPath.2)"
62.231.203.114 - - [31/Jul/2007:13:27:44 -0700] "GET /purchase.php?WhichDisk=&ProductType=individual HTTP/1.0" 200 11698 "http://www.helpwithmath.com/download.php" "Mozilla/4.0 (compatible; MSIE 6.0; Windows NT 5.1; SV1; InfoPath.2)"
82.129.200.37 - - [31/Jul/2007:13:26:57 -0700] "GET /Install/setup.exe HTTP/1.1" 206 1430184 "http://www.djelfa.info/vb/showthread.php?t=10285" "Mozilla/5.0 (Windows; U; Win 9x 4.90; ar; rv:1.8.0.6) Gecko/20060728 Firefox/1.5.0.6"
82.129.200.37 - - [31/Jul/2007:13:25:39 -0700] "GET /Install/setup.exe HTTP/1.1" 206 8012808 "http://www.djelfa.info/vb/showthread.php?t=10285" "Mozilla/5.0 (Windows; U; Win 9x 4.90; ar; rv:1.8.0.6) Gecko/20060728 Firefox/1.5.0.6"
::1 - - [31/Jul/2007:13:28:28 -0700] "GET /" 400 669 "-" "-"
::1 - - [31/Jul/2007:13:28:30 -0700] "GET /" 400 669 "-" "-"
82.129.200.37 - - [31/Jul/2007:13:27:47 -0700] "GET /Install/setup.exe HTTP/1.1" 206 1430184 "http://www.djelfa.info/vb/showthread.php?t=10285" "Mozilla/5.0 (Windows; U; Win 9x 4.90; ar; rv:1.8.0.6) Gecko/20060728 Firefox/1.5.0.6"
::1 - - [31/Jul/2007:13:28:32 -0700] "GET /" 400 669 "-" "-"
::1 - - [31/Jul/2007:13:28:52 -0700] "GET /" 400 669 "-" "-"
::1 - - [31/Jul/2007:13:28:53 -0700] "GET /" 400 669 "-" "-"
::1 - - [31/Jul/2007:13:29:11 -0700] "GET /" 400 669 "-" "-"
82.129.200.37 - - [31/Jul/2007:13:25:39 -0700] "GET /Install/setup.exe HTTP/1.1" 206 9593340 "http://www.djelfa.info/vb/showthread.php?t=10285" "Mozilla/5.0 (Windows; U; Win 9x 4.90; ar; rv:1.8.0.6) Gecko/20060728 Firefox/1.5.0.6"
82.129.200.37 - - [31/Jul/2007:13:25:40 -0700] "GET /Install/setup.exe HTTP/1.1" 206 11164759 "http://www.djelfa.info/vb/showthread.php?t=10285" "Mozilla/5.0 (Windows; U; Win 9x 4.90; ar; rv:1.8.0.6) Gecko/20060728 Firefox/1.5.0.6"
::1 - - [31/Jul/2007:13:29:12 -0700] "GET /" 400 669 "-" "-"
82.129.200.37 - - [31/Jul/2007:13:27:48 -0700] "GET /Install/setup.exe HTTP/1.1" 206 1669507 "http://www.djelfa.info/vb/showthread.php?t=10285" "Mozilla/5.0 (Windows; U; Win 9x 4.90; ar; rv:1.8.0.6) Gecko/20060728 Firefox/1.5.0.6"
::1 - - [31/Jul/2007:13:29:13 -0700] "GET /" 400 669 "-" "-"
::1 - - [31/Jul/2007:13:29:14 -0700] "GET /" 400 669 "-" "-"
::1 - - [31/Jul/2007:13:29:15 -0700] "GET /" 400 669 "-" "-"
::1 - - [31/Jul/2007:13:29:16 -0700] "GET /" 400 669 "-" "-"
82.129.200.37 - - [31/Jul/2007:13:28:32 -0700] "GET /Install/setup.exe HTTP/1.1" 206 3054133 "http://www.djelfa.info/vb/showthread.php?t=10285" "Mozilla/5.0 (Windows; U; Win 9x 4.90; ar; rv:1.8.0.6) Gecko/20060728 Firefox/1.5.0.6"
::1 - - [31/Jul/2007:13:29:17 -0700] "GET /" 400 669 "-" "-"
::1 - - [31/Jul/2007:13:29:23 -0700] "GET /" 400 669 "-" "-"
::1 - - [31/Jul/2007:13:29:24 -0700] "GET /" 400 669 "-" "-"
82.129.200.37 - - [31/Jul/2007:13:25:39 -0700] "GET /Install/setup.exe HTTP/1.1" 206 3075037 "http://www.djelfa.info/vb/showthread.php?t=10285" "Mozilla/5.0 (Windows; U; Win 9x 4.90; ar; rv:1.8.0.6) Gecko/20060728 Firefox/1.5.0.6"
::1 - - [31/Jul/2007:13:29:25 -0700] "GET /" 400 669 "-" "-"
::1 - - [31/Jul/2007:13:29:26 -0700] "GET /" 400 669 "-" "-"
::1 - - [31/Jul/2007:13:29:28 -0700] "GET /" 400 669 "-" "-"
82.129.200.37 - - [31/Jul/2007:13:28:48 -0700] "GET /Install/setup.exe HTTP/1.1" 206 1429648 "http://www.djelfa.info/vb/showthread.php?t=10285" "Mozilla/5.0 (Windows; U; Win 9x 4.90; ar; rv:1.8.0.6) Gecko/20060728 Firefox/1.5.0.6"
::1 - - [31/Jul/2007:13:29:29 -0700] "GET /" 400 669 "-" "-"
::1 - - [31/Jul/2007:13:30:08 -0700] "GET /" 400 669 "-" "-"
::1 - - [31/Jul/2007:13:30:09 -0700] "GET /" 400 669 "-" "-"
::1 - - [31/Jul/2007:13:30:15 -0700] "GET /" 400 669 "-" "-"
::1 - - [31/Jul/2007:13:30:16 -0700] "GET /" 400 669 "-" "-"
::1 - - [31/Jul/2007:13:30:19 -0700] "GET /" 400 669 "-" "-"
::1 - - [31/Jul/2007:13:31:21 -0700] "GET /" 400 669 "-" "-"
::1 - - [31/Jul/2007:13:31:24 -0700] "GET /" 400 669 "-" "-"
::1 - - [31/Jul/2007:13:31:25 -0700] "GET /" 400 669 "-" "-"
::1 - - [31/Jul/2007:13:31:28 -0700] "GET /" 400 669 "-" "-"
::1 - - [31/Jul/2007:13:32:32 -0700] "GET /" 400 669 "-" "-"
::1 - - [31/Jul/2007:13:32:33 -0700] "GET /" 400 669 "-" "-"
82.129.200.37 - - [31/Jul/2007:13:29:19 -0700] "GET /Install/setup.exe HTTP/1.1" 206 4814490 "http://www.djelfa.info/vb/showthread.php?t=10285" "Mozilla/5.0 (Windows; U; Win 9x 4.90; ar; rv:1.8.0.6) Gecko/20060728 Firefox/1.5.0.6"
82.129.200.37 - - [31/Jul/2007:13:29:32 -0700] "GET /Install/setup.exe HTTP/1.1" 206 1429648 "http://www.djelfa.info/vb/showthread.php?t=10285" "Mozilla/5.0 (Windows; U; Win 9x 4.90; ar; rv:1.8.0.6) Gecko/20060728 Firefox/1.5.0.6"
::1 - - [31/Jul/2007:13:33:27 -0700] "GET /" 400 669 "-" "-"
82.129.200.37 - - [31/Jul/2007:13:15:34 -0700] "GET /Install/setup.exe HTTP/1.1" 206 1197561 "http://www.djelfa.info/vb/showthread.php?t=10285" "Mozilla/5.0 (Windows; U; Win 9x 4.90; ar; rv:1.8.0.6) Gecko/20060728 Firefox/1.5.0.6"
82.129.200.37 - - [31/Jul/2007:13:25:39 -0700] "GET /Install/setup.exe HTTP/1.1" 206 6328293 "http://www.djelfa.info/vb/showthread.php?t=10285" "Mozilla/5.0 (Windows; U; Win 9x 4.90; ar; rv:1.8.0.6) Gecko/20060728 Firefox/1.5.0.6"
::1 - - [31/Jul/2007:13:33:28 -0700] "GET /" 400 669 "-" "-"
::1 - - [31/Jul/2007:13:33:29 -0700] "GET /" 400 669 "-" "-"
82.129.200.37 - - [31/Jul/2007:13:25:39 -0700] "GET /Install/setup.exe HTTP/1.1" 206 4704344 "http://www.djelfa.info/vb/showthread.php?t=10285" "Mozilla/5.0 (Windows; U; Win 9x 4.90; ar; rv:1.8.0.6) Gecko/20060728 Firefox/1.5.0.6"
::1 - - [31/Jul/2007:13:33:39 -0700] "GET /" 400 669 "-" "-"
::1 - - [31/Jul/2007:13:33:59 -0700] "GET /" 400 669 "-" "-"
::1 - - [31/Jul/2007:13:34:00 -0700] "GET /" 400 669 "-" "-"
74.6.131.205 - - [31/Jul/2007:13:35:29 -0700] "GET / HTTP/1.0" 200 10654 "-" "Mozilla/5.0 (compatible; Yahoo! DE Slurp; http://help.yahoo.com/help/us/ysearch/slurp)"
74.6.17.165 - - [31/Jul/2007:13:36:39 -0700] "GET /about.php?include=howitworks.html HTTP/1.0" 200 10929 "-" "Mozilla/5.0 (compatible; Yahoo! Slurp; http://help.yahoo.com/help/us/ysearch/slurp)"
82.129.200.37 - - [31/Jul/2007:13:33:30 -0700] "GET /Install/setup.exe HTTP/1.1" 206 1532291 "http://www.djelfa.info/vb/showthread.php?t=10285" "Mozilla/5.0 (Windows; U; Win 9x 4.90; ar; rv:1.8.0.6) Gecko/20060728 Firefox/1.5.0.6"
82.129.200.37 - - [31/Jul/2007:13:33:30 -0700] "GET /Install/setup.exe HTTP/1.1" 206 3208232 "http://www.djelfa.info/vb/showthread.php?t=10285" "Mozilla/5.0 (Windows; U; Win 9x 4.90; ar; rv:1.8.0.6) Gecko/20060728 Firefox/1.5.0.6"
82.129.200.37 - - [31/Jul/2007:13:33:30 -0700] "GET /Install/setup.exe HTTP/1.1" 206 945105 "http://www.djelfa.info/vb/showthread.php?t=10285" "Mozilla/5.0 (Windows; U; Win 9x 4.90; ar; rv:1.8.0.6) Gecko/20060728 Firefox/1.5.0.6"
82.129.200.37 - - [31/Jul/2007:13:29:43 -0700] "GET /Install/setup.exe HTTP/1.1" 206 1667899 "http://www.djelfa.info/vb/showthread.php?t=10285" "Mozilla/5.0 (Windows; U; Win 9x 4.90; ar; rv:1.8.0.6) Gecko/20060728 Firefox/1.5.0.6"
::1 - - [31/Jul/2007:13:37:06 -0700] "GET /" 400 669 "-" "-"
82.129.200.37 - - [31/Jul/2007:13:33:30 -0700] "GET /Install/setup.exe HTTP/1.1" 206 2588617 "http://www.djelfa.info/vb/showthread.php?t=10285" "Mozilla/5.0 (Windows; U; Win 9x 4.90; ar; rv:1.8.0.6) Gecko/20060728 Firefox/1.5.0.6"
::1 - - [31/Jul/2007:13:37:07 -0700] "GET /" 400 669 "-" "-"
::1 - - [31/Jul/2007:13:37:09 -0700] "GET /" 400 669 "-" "-"
::1 - - [31/Jul/2007:13:37:10 -0700] "GET /" 400 669 "-" "-"
::1 - - [31/Jul/2007:13:37:25 -0700] "GET /" 400 669 "-" "-"
::1 - - [31/Jul/2007:13:37:30 -0700] "GET /" 400 669 "-" "-"
82.129.200.37 - - [31/Jul/2007:13:29:20 -0700] "GET /Install/setup.exe HTTP/1.1" 206 3245751 "http://www.djelfa.info/vb/showthread.php?t=10285" "Mozilla/5.0 (Windows; U; Win 9x 4.90; ar; rv:1.8.0.6) Gecko/20060728 Firefox/1.5.0.6"
::1 - - [31/Jul/2007:13:37:31 -0700] "GET /" 400 669 "-" "-"
::1 - - [31/Jul/2007:13:37:43 -0700] "GET /" 400 669 "-" "-"
::1 - - [31/Jul/2007:13:37:44 -0700] "GET /" 400 669 "-" "-"
::1 - - [31/Jul/2007:13:37:45 -0700] "GET /" 400 669 "-" "-"
::1 - - [31/Jul/2007:13:37:46 -0700] "GET /" 400 669 "-" "-"
::1 - - [31/Jul/2007:13:37:47 -0700] "GET /" 400 669 "-" "-"
::1 - - [31/Jul/2007:13:37:48 -0700] "GET /" 400 669 "-" "-"
::1 - - [31/Jul/2007:13:37:49 -0700] "GET /" 400 669 "-" "-"
82.129.200.37 - - [31/Jul/2007:13:29:19 -0700] "GET /Install/setup.exe HTTP/1.1" 206 3054133 "http://www.djelfa.info/vb/showthread.php?t=10285" "Mozilla/5.0 (Windows; U; Win 9x 4.90; ar; rv:1.8.0.6) Gecko/20060728 Firefox/1.5.0.6"
::1 - - [31/Jul/2007:13:37:50 -0700] "GET /" 400 669 "-" "-"
::1 - - [31/Jul/2007:13:37:51 -0700] "GET /" 400 669 "-" "-"
82.129.200.37 - - [31/Jul/2007:13:33:33 -0700] "GET /Install/setup.exe HTTP/1.1" 206 1583747 "http://www.djelfa.info/vb/showthread.php?t=10285" "Mozilla/5.0 (Windows; U; Win 9x 4.90; ar; rv:1.8.0.6) Gecko/20060728 Firefox/1.5.0.6"
::1 - - [31/Jul/2007:13:37:52 -0700] "GET /" 400 669 "-" "-"
::1 - - [31/Jul/2007:13:37:53 -0700] "GET /" 400 669 "-" "-"
::1 - - [31/Jul/2007:13:37:54 -0700] "GET /" 400 669 "-" "-"
::1 - - [31/Jul/2007:13:37:55 -0700] "GET /" 400 669 "-" "-"
::1 - - [31/Jul/2007:13:37:56 -0700] "GET /" 400 669 "-" "-"
::1 - - [31/Jul/2007:13:37:57 -0700] "GET /" 400 669 "-" "-"
::1 - - [31/Jul/2007:13:37:58 -0700] "GET /" 400 669 "-" "-"
::1 - - [31/Jul/2007:13:37:59 -0700] "GET /" 400 669 "-" "-"
::1 - - [31/Jul/2007:13:38:00 -0700] "GET /" 400 669 "-" "-"
::1 - - [31/Jul/2007:13:38:01 -0700] "GET /" 400 669 "-" "-"
::1 - - [31/Jul/2007:13:38:03 -0700] "GET /" 400 669 "-" "-"
::1 - - [31/Jul/2007:13:38:13 -0700] "GET /" 400 669 "-" "-"
::1 - - [31/Jul/2007:13:38:14 -0700] "GET /" 400 669 "-" "-"
::1 - - [31/Jul/2007:13:38:31 -0700] "GET /" 400 669 "-" "-"
::1 - - [31/Jul/2007:13:38:32 -0700] "GET /" 400 669 "-" "-"
::1 - - [31/Jul/2007:13:38:33 -0700] "GET /" 400 669 "-" "-"
::1 - - [31/Jul/2007:13:38:34 -0700] "GET /" 400 669 "-" "-"
::1 - - [31/Jul/2007:13:38:35 -0700] "GET /" 400 669 "-" "-"
::1 - - [31/Jul/2007:13:38:36 -0700] "GET /" 400 669 "-" "-"
::1 - - [31/Jul/2007:13:38:37 -0700] "GET /" 400 669 "-" "-"
::1 - - [31/Jul/2007:13:38:38 -0700] "GET /" 400 669 "-" "-"
74.6.18.104 - - [31/Jul/2007:13:39:18 -0700] "GET /index.php HTTP/1.0" 200 10654 "-" "Mozilla/5.0 (compatible; Yahoo! Slurp; http://help.yahoo.com/help/us/ysearch/slurp)"
82.129.200.37 - - [31/Jul/2007:13:39:53 -0700] "GET /Install/setup.exe HTTP/1.1" 206 891236 "http://www.djelfa.info/vb/showthread.php?t=10285" "Mozilla/5.0 (Windows; U; Win 9x 4.90; ar; rv:1.8.0.6) Gecko/20060728 Firefox/1.5.0.6"
82.129.200.37 - - [31/Jul/2007:13:39:54 -0700] "GET /Install/setup.exe HTTP/1.1" 206 949123 "http://www.djelfa.info/vb/showthread.php?t=10285" "Mozilla/5.0 (Windows; U; Win 9x 4.90; ar; rv:1.8.0.6) Gecko/20060728 Firefox/1.5.0.6"
82.129.200.37 - - [31/Jul/2007:13:39:54 -0700] "GET /Install/setup.exe HTTP/1.1" 206 888021 "http://www.djelfa.info/vb/showthread.php?t=10285" "Mozilla/5.0 (Windows; U; Win 9x 4.90; ar; rv:1.8.0.6) Gecko/20060728 Firefox/1.5.0.6"
82.129.200.37 - - [31/Jul/2007:13:39:54 -0700] "GET /Install/setup.exe HTTP/1.1" 206 904099 "http://www.djelfa.info/vb/showthread.php?t=10285" "Mozilla/5.0 (Windows; U; Win 9x 4.90; ar; rv:1.8.0.6) Gecko/20060728 Firefox/1.5.0.6"
82.129.200.37 - - [31/Jul/2007:13:39:54 -0700] "GET /Install/setup.exe HTTP/1.1" 206 900349 "http://www.djelfa.info/vb/showthread.php?t=10285" "Mozilla/5.0 (Windows; U; Win 9x 4.90; ar; rv:1.8.0.6) Gecko/20060728 Firefox/1.5.0.6"
82.129.200.37 - - [31/Jul/2007:13:39:54 -0700] "GET /Install/setup.exe HTTP/1.1" 206 905441 "http://www.djelfa.info/vb/showthread.php?t=10285" "Mozilla/5.0 (Windows; U; Win 9x 4.90; ar; rv:1.8.0.6) Gecko/20060728 Firefox/1.5.0.6"
::1 - - [31/Jul/2007:13:40:03 -0700] "GET /" 400 669 "-" "-"
82.129.200.37 - - [31/Jul/2007:13:39:54 -0700] "GET /Install/setup.exe HTTP/1.1" 206 920984 "http://www.djelfa.info/vb/showthread.php?t=10285" "Mozilla/5.0 (Windows; U; Win 9x 4.90; ar; rv:1.8.0.6) Gecko/20060728 Firefox/1.5.0.6"
82.129.200.37 - - [31/Jul/2007:13:39:49 -0700] "GET /Install/setup.exe HTTP/1.1" 206 12264232 "http://www.djelfa.info/vb/showthread.php?t=10285" "Mozilla/5.0 (Windows; U; Win 9x 4.90; ar; rv:1.8.0.6) Gecko/20060728 Firefox/1.5.0.6"
::1 - - [31/Jul/2007:13:40:09 -0700] "GET /" 400 669 "-" "-"
::1 - - [31/Jul/2007:13:40:14 -0700] "GET /" 400 669 "-" "-"
::1 - - [31/Jul/2007:13:40:15 -0700] "GET /" 400 669 "-" "-"
::1 - - [31/Jul/2007:13:40:22 -0700] "GET /" 400 669 "-" "-"
::1 - - [31/Jul/2007:13:40:23 -0700] "GET /" 400 669 "-" "-"
::1 - - [31/Jul/2007:13:40:24 -0700] "GET /" 400 669 "-" "-"
82.129.200.37 - - [31/Jul/2007:13:41:00 -0700] "GET /Install/setup.exe HTTP/1.1" 206 12261552 "http://www.djelfa.info/vb/showthread.php?t=10285" "Mozilla/5.0 (Windows; U; Win 9x 4.90; ar; rv:1.8.0.6) Gecko/20060728 Firefox/1.5.0.6"
82.129.200.37 - - [31/Jul/2007:13:41:13 -0700] "GET /Install/setup.exe HTTP/1.1" 206 891236 "http://www.djelfa.info/vb/showthread.php?t=10285" "Mozilla/5.0 (Windows; U; Win 9x 4.90; ar; rv:1.8.0.6) Gecko/20060728 Firefox/1.5.0.6"
82.129.200.37 - - [31/Jul/2007:13:41:13 -0700] "GET /Install/setup.exe HTTP/1.1" 206 949123 "http://www.djelfa.info/vb/showthread.php?t=10285" "Mozilla/5.0 (Windows; U; Win 9x 4.90; ar; rv:1.8.0.6) Gecko/20060728 Firefox/1.5.0.6"
82.129.200.37 - - [31/Jul/2007:13:41:13 -0700] "GET /Install/setup.exe HTTP/1.1" 206 888021 "http://www.djelfa.info/vb/showthread.php?t=10285" "Mozilla/5.0 (Windows; U; Win 9x 4.90; ar; rv:1.8.0.6) Gecko/20060728 Firefox/1.5.0.6"
82.129.200.37 - - [31/Jul/2007:13:41:14 -0700] "GET /Install/setup.exe HTTP/1.1" 206 905441 "http://www.djelfa.info/vb/showthread.php?t=10285" "Mozilla/5.0 (Windows; U; Win 9x 4.90; ar; rv:1.8.0.6) Gecko/20060728 Firefox/1.5.0.6"
82.129.200.37 - - [31/Jul/2007:13:41:14 -0700] "GET /Install/setup.exe HTTP/1.1" 206 920984 "http://www.djelfa.info/vb/showthread.php?t=10285" "Mozilla/5.0 (Windows; U; Win 9x 4.90; ar; rv:1.8.0.6) Gecko/20060728 Firefox/1.5.0.6"
82.129.200.37 - - [31/Jul/2007:13:41:13 -0700] "GET /Install/setup.exe HTTP/1.1" 206 900349 "http://www.djelfa.info/vb/showthread.php?t=10285" "Mozilla/5.0 (Windows; U; Win 9x 4.90; ar; rv:1.8.0.6) Gecko/20060728 Firefox/1.5.0.6"
::1 - - [31/Jul/2007:13:41:22 -0700] "GET /" 400 669 "-" "-"
82.129.200.37 - - [31/Jul/2007:13:41:13 -0700] "GET /Install/setup.exe HTTP/1.1" 206 904099 "http://www.djelfa.info/vb/showthread.php?t=10285" "Mozilla/5.0 (Windows; U; Win 9x 4.90; ar; rv:1.8.0.6) Gecko/20060728 Firefox/1.5.0.6"
::1 - - [31/Jul/2007:13:41:23 -0700] "GET /" 400 669 "-" "-"
::1 - - [31/Jul/2007:13:41:24 -0700] "GET /" 400 669 "-" "-"
::1 - - [31/Jul/2007:13:43:41 -0700] "GET /" 400 669 "-" "-"
::1 - - [31/Jul/2007:13:43:42 -0700] "GET /" 400 669 "-" "-"
208.70.6.20 - - [31/Jul/2007:13:44:01 -0700] "GET /?gclid=CJ3imL_U0o0CFQV5PgodkmBknQ HTTP/1.1" 200 10654 "http://pagead2.googlesyndication.com/pagead/ads?client=ca-pub-0120177304734599&dt=1185947176421&lmt=1185947176&prev_fmts=120x90_0ads_al&format=fp_al_lp&output=html&correlator=1185947174780&channel=9561496942&url=http%3A%2F%2Fwww.sosmath.com%2Fcalculus%2Fcalculus.html&ref=http%3A%2F%2Fwww.sosmath.com%2Falgebra%2Finvfunc%2Ffnc2.html&cc=235&flash=9&u_h=768&u_w=1024&u_ah=738&u_aw=1024&u_cd=32&u_tz=-420&u_his=20&u_java=true&kw_type=radlink&rt=ChBGr58IAAHBkAo-vCH2I1Q4Eg5NYXRoIEZ1bmN0aW9ucxoIM9KTtSeVbEwoAQ&hl=en&kw0=Math+Functions&kw1=Math+Formulas&kw2=Math+Calculus&kw3=Math+Lessons&okw=Math+Functions" "Mozilla/4.0 (compatible; MSIE 6.0; Windows NT 5.1; FunWebProducts; .NET CLR 1.1.4322)"
208.70.6.20 - - [31/Jul/2007:13:44:05 -0700] "GET /HelpWithMathStyle.css HTTP/1.1" 304 - "http://www.helpwithmath.com/?gclid=CJ3imL_U0o0CFQV5PgodkmBknQ" "Mozilla/4.0 (compatible; MSIE 6.0; Windows NT 5.1; FunWebProducts; .NET CLR 1.1.4322)"
208.70.6.20 - - [31/Jul/2007:13:44:06 -0700] "GET /fold.gif HTTP/1.1" 304 - "http://www.helpwithmath.com/?gclid=CJ3imL_U0o0CFQV5PgodkmBknQ" "Mozilla/4.0 (compatible; MSIE 6.0; Windows NT 5.1; FunWebProducts; .NET CLR 1.1.4322)"
208.70.6.20 - - [31/Jul/2007:13:44:09 -0700] "GET /gblnav_left.gif HTTP/1.1" 304 - "http://www.helpwithmath.com/?gclid=CJ3imL_U0o0CFQV5PgodkmBknQ" "Mozilla/4.0 (compatible; MSIE 6.0; Windows NT 5.1; FunWebProducts; .NET CLR 1.1.4322)"
208.70.6.20 - - [31/Jul/2007:13:44:10 -0700] "GET /glbnav_right.gif HTTP/1.1" 304 - "http://www.helpwithmath.com/?gclid=CJ3imL_U0o0CFQV5PgodkmBknQ" "Mozilla/4.0 (compatible; MSIE 6.0; Windows NT 5.1; FunWebProducts; .NET CLR 1.1.4322)"
208.70.6.20 - - [31/Jul/2007:13:44:11 -0700] "GET /open.gif HTTP/1.1" 304 - "http://www.helpwithmath.com/?gclid=CJ3imL_U0o0CFQV5PgodkmBknQ" "Mozilla/4.0 (compatible; MSIE 6.0; Windows NT 5.1; FunWebProducts; .NET CLR 1.1.4322)"
208.70.6.20 - - [31/Jul/2007:13:44:11 -0700] "GET /Spacer.gif HTTP/1.1" 304 - "http://www.helpwithmath.com/?gclid=CJ3imL_U0o0CFQV5PgodkmBknQ" "Mozilla/4.0 (compatible; MSIE 6.0; Windows NT 5.1; FunWebProducts; .NET CLR 1.1.4322)"
208.70.6.20 - - [31/Jul/2007:13:44:12 -0700] "GET /include/Ramanujan1-quality15.jpg HTTP/1.1" 304 - "http://www.helpwithmath.com/?gclid=CJ3imL_U0o0CFQV5PgodkmBknQ" "Mozilla/4.0 (compatible; MSIE 6.0; Windows NT 5.1; FunWebProducts; .NET CLR 1.1.4322)"
208.70.6.20 - - [31/Jul/2007:13:44:12 -0700] "GET /glbnav_background.gif HTTP/1.1" 304 - "http://www.helpwithmath.com/?gclid=CJ3imL_U0o0CFQV5PgodkmBknQ" "Mozilla/4.0 (compatible; MSIE 6.0; Windows NT 5.1; FunWebProducts; .NET CLR 1.1.4322)"
208.70.6.20 - - [31/Jul/2007:13:44:13 -0700] "GET /TransparentMathXpertLogo.gif HTTP/1.1" 304 - "http://www.helpwithmath.com/?gclid=CJ3imL_U0o0CFQV5PgodkmBknQ" "Mozilla/4.0 (compatible; MSIE 6.0; Windows NT 5.1; FunWebProducts; .NET CLR 1.1.4322)"
208.70.6.20 - - [31/Jul/2007:13:44:13 -0700] "GET /demo/image4.gif HTTP/1.1" 304 - "http://www.helpwithmath.com/?gclid=CJ3imL_U0o0CFQV5PgodkmBknQ" "Mozilla/4.0 (compatible; MSIE 6.0; Windows NT 5.1; FunWebProducts; .NET CLR 1.1.4322)"
208.70.6.20 - - [31/Jul/2007:13:44:14 -0700] "GET /include/Background.gif HTTP/1.1" 304 - "http://www.helpwithmath.com/?gclid=CJ3imL_U0o0CFQV5PgodkmBknQ" "Mozilla/4.0 (compatible; MSIE 6.0; Windows NT 5.1; FunWebProducts; .NET CLR 1.1.4322)"
208.70.6.20 - - [31/Jul/2007:13:44:14 -0700] "GET /demo/step4a.gif HTTP/1.1" 304 - "http://www.helpwithmath.com/?gclid=CJ3imL_U0o0CFQV5PgodkmBknQ" "Mozilla/4.0 (compatible; MSIE 6.0; Windows NT 5.1; FunWebProducts; .NET CLR 1.1.4322)"
::1 - - [31/Jul/2007:13:44:20 -0700] "GET /" 400 669 "-" "-"
::1 - - [31/Jul/2007:13:44:22 -0700] "GET /" 400 669 "-" "-"
::1 - - [31/Jul/2007:13:44:31 -0700] "GET /" 400 669 "-" "-"
::1 - - [31/Jul/2007:13:44:32 -0700] "GET /" 400 669 "-" "-"
200.140.36.27 - - [31/Jul/2007:13:44:34 -0700] "GET http://www.helpwithmath.com/index.php?include=http://www.pistario.com.br/admin/boates/tool25.dat?&cmd=id HTTP/1.1" 200 9004 "-" "-"
82.129.200.37 - - [31/Jul/2007:13:42:11 -0700] "GET /Install/setup.exe HTTP/1.1" 206 888021 "http://www.djelfa.info/vb/showthread.php?t=10285" "Mozilla/5.0 (Windows; U; Win 9x 4.90; ar; rv:1.8.0.6) Gecko/20060728 Firefox/1.5.0.6"
82.129.200.37 - - [31/Jul/2007:13:42:11 -0700] "GET /Install/setup.exe HTTP/1.1" 206 891236 "http://www.djelfa.info/vb/showthread.php?t=10285" "Mozilla/5.0 (Windows; U; Win 9x 4.90; ar; rv:1.8.0.6) Gecko/20060728 Firefox/1.5.0.6"
::1 - - [31/Jul/2007:13:44:48 -0700] "GET /" 400 669 "-" "-"
82.129.200.37 - - [31/Jul/2007:13:42:11 -0700] "GET /Install/setup.exe HTTP/1.1" 206 905441 "http://www.djelfa.info/vb/showthread.php?t=10285" "Mozilla/5.0 (Windows; U; Win 9x 4.90; ar; rv:1.8.0.6) Gecko/20060728 Firefox/1.5.0.6"
82.129.200.37 - - [31/Jul/2007:13:42:11 -0700] "GET /Install/setup.exe HTTP/1.1" 206 900349 "http://www.djelfa.info/vb/showthread.php?t=10285" "Mozilla/5.0 (Windows; U; Win 9x 4.90; ar; rv:1.8.0.6) Gecko/20060728 Firefox/1.5.0.6"
::1 - - [31/Jul/2007:13:44:49 -0700] "GET /" 400 669 "-" "-"
82.129.200.37 - - [31/Jul/2007:13:42:11 -0700] "GET /Install/setup.exe HTTP/1.1" 206 920984 "http://www.djelfa.info/vb/showthread.php?t=10285" "Mozilla/5.0 (Windows; U; Win 9x 4.90; ar; rv:1.8.0.6) Gecko/20060728 Firefox/1.5.0.6"
::1 - - [31/Jul/2007:13:44:50 -0700] "GET /" 400 669 "-" "-"
82.129.200.37 - - [31/Jul/2007:13:42:11 -0700] "GET /Install/setup.exe HTTP/1.1" 206 904099 "http://www.djelfa.info/vb/showthread.php?t=10285" "Mozilla/5.0 (Windows; U; Win 9x 4.90; ar; rv:1.8.0.6) Gecko/20060728 Firefox/1.5.0.6"
82.129.200.37 - - [31/Jul/2007:13:41:56 -0700] "GET /Install/setup.exe HTTP/1.1" 206 12258872 "http://www.djelfa.info/vb/showthread.php?t=10285" "Mozilla/5.0 (Windows; U; Win 9x 4.90; ar; rv:1.8.0.6) Gecko/20060728 Firefox/1.5.0.6"
::1 - - [31/Jul/2007:13:44:51 -0700] "GET /" 400 669 "-" "-"
::1 - - [31/Jul/2007:13:44:52 -0700] "GET /" 400 669 "-" "-"
::1 - - [31/Jul/2007:13:44:53 -0700] "GET /" 400 669 "-" "-"
::1 - - [31/Jul/2007:13:44:54 -0700] "GET /" 400 669 "-" "-"
82.129.200.37 - - [31/Jul/2007:13:42:11 -0700] "GET /Install/setup.exe HTTP/1.1" 206 949123 "http://www.djelfa.info/vb/showthread.php?t=10285" "Mozilla/5.0 (Windows; U; Win 9x 4.90; ar; rv:1.8.0.6) Gecko/20060728 Firefox/1.5.0.6"
::1 - - [31/Jul/2007:13:44:59 -0700] "GET /" 400 669 "-" "-"
82.129.200.37 - - [31/Jul/2007:13:45:52 -0700] "GET /Install/setup.exe HTTP/1.1" 206 861755 "http://www.djelfa.info/vb/showthread.php?t=10285" "Mozilla/5.0 (Windows; U; Win 9x 4.90; ar; rv:1.8.0.6) Gecko/20060728 Firefox/1.5.0.6"
82.129.200.37 - - [31/Jul/2007:13:45:51 -0700] "GET /Install/setup.exe HTTP/1.1" 206 839780 "http://www.djelfa.info/vb/showthread.php?t=10285" "Mozilla/5.0 (Windows; U; Win 9x 4.90; ar; rv:1.8.0.6) Gecko/20060728 Firefox/1.5.0.6"
82.129.200.37 - - [31/Jul/2007:13:45:51 -0700] "GET /Install/setup.exe HTTP/1.1" 206 844069 "http://www.djelfa.info/vb/showthread.php?t=10285" "Mozilla/5.0 (Windows; U; Win 9x 4.90; ar; rv:1.8.0.6) Gecko/20060728 Firefox/1.5.0.6"
82.129.200.37 - - [31/Jul/2007:13:45:53 -0700] "GET /Install/setup.exe HTTP/1.1" 206 854521 "http://www.djelfa.info/vb/showthread.php?t=10285" "Mozilla/5.0 (Windows; U; Win 9x 4.90; ar; rv:1.8.0.6) Gecko/20060728 Firefox/1.5.0.6"
82.129.200.37 - - [31/Jul/2007:13:45:51 -0700] "GET /Install/setup.exe HTTP/1.1" 206 904635 "http://www.djelfa.info/vb/showthread.php?t=10285" "Mozilla/5.0 (Windows; U; Win 9x 4.90; ar; rv:1.8.0.6) Gecko/20060728 Firefox/1.5.0.6"
82.129.200.37 - - [31/Jul/2007:13:45:29 -0700] "GET /Install/setup.exe HTTP/1.1" 206 12200448 "http://www.djelfa.info/vb/showthread.php?t=10285" "Mozilla/5.0 (Windows; U; Win 9x 4.90; ar; rv:1.8.0.6) Gecko/20060728 Firefox/1.5.0.6"
82.129.200.37 - - [31/Jul/2007:13:45:52 -0700] "GET /Install/setup.exe HTTP/1.1" 206 874085 "http://www.djelfa.info/vb/showthread.php?t=10285" "Mozilla/5.0 (Windows; U; Win 9x 4.90; ar; rv:1.8.0.6) Gecko/20060728 Firefox/1.5.0.6"
82.129.200.37 - - [31/Jul/2007:13:46:58 -0700] "GET /Install/setup.exe HTTP/1.1" 206 4877741 "http://www.djelfa.info/vb/showthread.php?t=10285" "Mozilla/5.0 (Windows; U; Win 9x 4.90; ar; rv:1.8.0.6) Gecko/20060728 Firefox/1.5.0.6"
82.129.200.37 - - [31/Jul/2007:13:47:17 -0700] "GET /Install/setup.exe HTTP/1.1" 206 853985 "http://www.djelfa.info/vb/showthread.php?t=10285" "Mozilla/5.0 (Windows; U; Win 9x 4.90; ar; rv:1.8.0.6) Gecko/20060728 Firefox/1.5.0.6"
82.129.200.37 - - [31/Jul/2007:13:46:56 -0700] "GET /Install/setup.exe HTTP/1.1" 206 3256472 "http://www.djelfa.info/vb/showthread.php?t=10285" "Mozilla/5.0 (Windows; U; Win 9x 4.90; ar; rv:1.8.0.6) Gecko/20060728 Firefox/1.5.0.6"
82.129.200.37 - - [31/Jul/2007:13:47:21 -0700] "GET /Install/setup.exe HTTP/1.1" 206 1687731 "http://www.djelfa.info/vb/showthread.php?t=10285" "Mozilla/5.0 (Windows; U; Win 9x 4.90; ar; rv:1.8.0.6) Gecko/20060728 Firefox/1.5.0.6"
82.129.200.37 - - [31/Jul/2007:13:46:58 -0700] "GET /Install/setup.exe HTTP/1.1" 206 1571420 "http://www.djelfa.info/vb/showthread.php?t=10285" "Mozilla/5.0 (Windows; U; Win 9x 4.90; ar; rv:1.8.0.6) Gecko/20060728 Firefox/1.5.0.6"
::1 - - [31/Jul/2007:13:48:13 -0700] "GET /" 400 669 "-" "-"
::1 - - [31/Jul/2007:13:48:14 -0700] "GET /" 400 669 "-" "-"
82.129.200.37 - - [31/Jul/2007:13:47:40 -0700] "GET /Install/setup.exe HTTP/1.1" 206 1551587 "http://www.djelfa.info/vb/showthread.php?t=10285" "Mozilla/5.0 (Windows; U; Win 9x 4.90; ar; rv:1.8.0.6) Gecko/20060728 Firefox/1.5.0.6"
::1 - - [31/Jul/2007:13:48:15 -0700] "GET /" 400 669 "-" "-"
82.129.200.37 - - [31/Jul/2007:13:46:58 -0700] "GET /Install/setup.exe HTTP/1.1" 206 1641101 "http://www.djelfa.info/vb/showthread.php?t=10285" "Mozilla/5.0 (Windows; U; Win 9x 4.90; ar; rv:1.8.0.6) Gecko/20060728 Firefox/1.5.0.6"
82.129.200.37 - - [31/Jul/2007:13:45:52 -0700] "GET /Install/setup.exe HTTP/1.1" 206 869528 "http://www.djelfa.info/vb/showthread.php?t=10285" "Mozilla/5.0 (Windows; U; Win 9x 4.90; ar; rv:1.8.0.6) Gecko/20060728 Firefox/1.5.0.6"
82.129.200.37 - - [31/Jul/2007:13:48:27 -0700] "GET /Install/setup.exe HTTP/1.1" 206 12188120 "http://www.djelfa.info/vb/showthread.php?t=10285" "Mozilla/5.0 (Windows; U; Win 9x 4.90; ar; rv:1.8.0.6) Gecko/20060728 Firefox/1.5.0.6"
82.129.200.37 - - [31/Jul/2007:13:48:33 -0700] "GET /Install/setup.exe HTTP/1.1" 206 835492 "http://www.djelfa.info/vb/showthread.php?t=10285" "Mozilla/5.0 (Windows; U; Win 9x 4.90; ar; rv:1.8.0.6) Gecko/20060728 Firefox/1.5.0.6"
82.129.200.37 - - [31/Jul/2007:13:48:34 -0700] "GET /Install/setup.exe HTTP/1.1" 206 869797 "http://www.djelfa.info/vb/showthread.php?t=10285" "Mozilla/5.0 (Windows; U; Win 9x 4.90; ar; rv:1.8.0.6) Gecko/20060728 Firefox/1.5.0.6"
82.129.200.37 - - [31/Jul/2007:13:48:34 -0700] "GET /Install/setup.exe HTTP/1.1" 206 858003 "http://www.djelfa.info/vb/showthread.php?t=10285" "Mozilla/5.0 (Windows; U; Win 9x 4.90; ar; rv:1.8.0.6) Gecko/20060728 Firefox/1.5.0.6"
82.129.200.37 - - [31/Jul/2007:13:48:34 -0700] "GET /Install/setup.exe HTTP/1.1" 206 899811 "http://www.djelfa.info/vb/showthread.php?t=10285" "Mozilla/5.0 (Windows; U; Win 9x 4.90; ar; rv:1.8.0.6) Gecko/20060728 Firefox/1.5.0.6"
::1 - - [31/Jul/2007:13:48:37 -0700] "GET /" 400 669 "-" "-"
82.129.200.37 - - [31/Jul/2007:13:48:34 -0700] "GET /Install/setup.exe HTTP/1.1" 206 840317 "http://www.djelfa.info/vb/showthread.php?t=10285" "Mozilla/5.0 (Windows; U; Win 9x 4.90; ar; rv:1.8.0.6) Gecko/20060728 Firefox/1.5.0.6"
::1 - - [31/Jul/2007:13:48:38 -0700] "GET /" 400 669 "-" "-"
82.129.200.37 - - [31/Jul/2007:13:48:34 -0700] "GET /Install/setup.exe HTTP/1.1" 206 851305 "http://www.djelfa.info/vb/showthread.php?t=10285" "Mozilla/5.0 (Windows; U; Win 9x 4.90; ar; rv:1.8.0.6) Gecko/20060728 Firefox/1.5.0.6"
82.129.200.37 - - [31/Jul/2007:13:48:34 -0700] "GET /Install/setup.exe HTTP/1.1" 206 865240 "http://www.djelfa.info/vb/showthread.php?t=10285" "Mozilla/5.0 (Windows; U; Win 9x 4.90; ar; rv:1.8.0.6) Gecko/20060728 Firefox/1.5.0.6"
::1 - - [31/Jul/2007:13:48:39 -0700] "GET /" 400 669 "-" "-"
::1 - - [31/Jul/2007:13:48:40 -0700] "GET /" 400 669 "-" "-"
::1 - - [31/Jul/2007:13:48:41 -0700] "GET /" 400 669 "-" "-"
::1 - - [31/Jul/2007:13:48:42 -0700] "GET /" 400 669 "-" "-"
76.208.175.119 - - [31/Jul/2007:13:48:59 -0700] "GET /?gclid=CPWqr87V0o0CFRHiQQodpBpZaA HTTP/1.1" 200 10654 "http://www.smartseekerz.com/trf?q=Learn+Geometry&kt=4&kp=1" "Mozilla/5.0 (Windows; U; Windows NT 5.1; en-US; rv:1.8.1.5) Gecko/20070713 Firefox/2.0.0.5"
76.208.175.119 - - [31/Jul/2007:13:48:59 -0700] "GET /HelpWithMathStyle.css HTTP/1.1" 200 7201 "http://www.helpwithmath.com/?gclid=CPWqr87V0o0CFRHiQQodpBpZaA" "Mozilla/5.0 (Windows; U; Windows NT 5.1; en-US; rv:1.8.1.5) Gecko/20070713 Firefox/2.0.0.5"
76.208.175.119 - - [31/Jul/2007:13:48:59 -0700] "GET /fold.gif HTTP/1.1" 200 119 "http://www.helpwithmath.com/?gclid=CPWqr87V0o0CFRHiQQodpBpZaA" "Mozilla/5.0 (Windows; U; Windows NT 5.1; en-US; rv:1.8.1.5) Gecko/20070713 Firefox/2.0.0.5"
76.208.175.119 - - [31/Jul/2007:13:48:59 -0700] "GET /open.gif HTTP/1.1" 200 125 "http://www.helpwithmath.com/?gclid=CPWqr87V0o0CFRHiQQodpBpZaA" "Mozilla/5.0 (Windows; U; Windows NT 5.1; en-US; rv:1.8.1.5) Gecko/20070713 Firefox/2.0.0.5"
76.208.175.119 - - [31/Jul/2007:13:48:59 -0700] "GET /gblnav_left.gif HTTP/1.1" 200 580 "http://www.helpwithmath.com/?gclid=CPWqr87V0o0CFRHiQQodpBpZaA" "Mozilla/5.0 (Windows; U; Windows NT 5.1; en-US; rv:1.8.1.5) Gecko/20070713 Firefox/2.0.0.5"
76.208.175.119 - - [31/Jul/2007:13:48:59 -0700] "GET /glbnav_right.gif HTTP/1.1" 200 578 "http://www.helpwithmath.com/?gclid=CPWqr87V0o0CFRHiQQodpBpZaA" "Mozilla/5.0 (Windows; U; Windows NT 5.1; en-US; rv:1.8.1.5) Gecko/20070713 Firefox/2.0.0.5"
76.208.175.119 - - [31/Jul/2007:13:48:59 -0700] "GET /Spacer.gif HTTP/1.1" 200 52 "http://www.helpwithmath.com/?gclid=CPWqr87V0o0CFRHiQQodpBpZaA" "Mozilla/5.0 (Windows; U; Windows NT 5.1; en-US; rv:1.8.1.5) Gecko/20070713 Firefox/2.0.0.5"
76.208.175.119 - - [31/Jul/2007:13:48:59 -0700] "GET /TransparentMathXpertLogo.gif HTTP/1.1" 200 1845 "http://www.helpwithmath.com/?gclid=CPWqr87V0o0CFRHiQQodpBpZaA" "Mozilla/5.0 (Windows; U; Windows NT 5.1; en-US; rv:1.8.1.5) Gecko/20070713 Firefox/2.0.0.5"
76.208.175.119 - - [31/Jul/2007:13:48:59 -0700] "GET /demo/image4.gif HTTP/1.1" 200 17692 "http://www.helpwithmath.com/?gclid=CPWqr87V0o0CFRHiQQodpBpZaA" "Mozilla/5.0 (Windows; U; Windows NT 5.1; en-US; rv:1.8.1.5) Gecko/20070713 Firefox/2.0.0.5"
76.208.175.119 - - [31/Jul/2007:13:48:59 -0700] "GET /demo/step4a.gif HTTP/1.1" 200 18054 "http://www.helpwithmath.com/?gclid=CPWqr87V0o0CFRHiQQodpBpZaA" "Mozilla/5.0 (Windows; U; Windows NT 5.1; en-US; rv:1.8.1.5) Gecko/20070713 Firefox/2.0.0.5"
76.208.175.119 - - [31/Jul/2007:13:49:00 -0700] "GET /glbnav_background.gif HTTP/1.1" 200 301 "http://www.helpwithmath.com/HelpWithMathStyle.css" "Mozilla/5.0 (Windows; U; Windows NT 5.1; en-US; rv:1.8.1.5) Gecko/20070713 Firefox/2.0.0.5"
76.208.175.119 - - [31/Jul/2007:13:49:00 -0700] "GET /include/Ramanujan1-quality15.jpg HTTP/1.1" 200 34375 "http://www.helpwithmath.com/HelpWithMathStyle.css" "Mozilla/5.0 (Windows; U; Windows NT 5.1; en-US; rv:1.8.1.5) Gecko/20070713 Firefox/2.0.0.5"
76.208.175.119 - - [31/Jul/2007:13:49:00 -0700] "GET /include/Background.gif HTTP/1.1" 200 52448 "http://www.helpwithmath.com/HelpWithMathStyle.css" "Mozilla/5.0 (Windows; U; Windows NT 5.1; en-US; rv:1.8.1.5) Gecko/20070713 Firefox/2.0.0.5"
76.208.175.119 - - [31/Jul/2007:13:49:00 -0700] "GET /favicon.ico HTTP/1.1" 404 405 "-" "Mozilla/5.0 (Windows; U; Windows NT 5.1; en-US; rv:1.8.1.5) Gecko/20070713 Firefox/2.0.0.5"
69.152.180.160 - - [31/Jul/2007:13:49:06 -0700] "GET / HTTP/1.1" 200 10654 "-" "Mozilla/4.0 (compatible; MSIE 6.0; Windows NT 5.1; .NET CLR 1.1.4322)"
69.152.180.160 - - [31/Jul/2007:13:49:06 -0700] "GET /HelpWithMathStyle.css HTTP/1.1" 200 7201 "http://www.mathxpert.com/" "Mozilla/4.0 (compatible; MSIE 6.0; Windows NT 5.1; .NET CLR 1.1.4322)"
69.152.180.160 - - [31/Jul/2007:13:49:07 -0700] "GET /fold.gif HTTP/1.1" 200 119 "http://www.mathxpert.com/" "Mozilla/4.0 (compatible; MSIE 6.0; Windows NT 5.1; .NET CLR 1.1.4322)"
69.152.180.160 - - [31/Jul/2007:13:49:07 -0700] "GET /open.gif HTTP/1.1" 200 125 "http://www.mathxpert.com/" "Mozilla/4.0 (compatible; MSIE 6.0; Windows NT 5.1; .NET CLR 1.1.4322)"
69.152.180.160 - - [31/Jul/2007:13:49:07 -0700] "GET /glbnav_right.gif HTTP/1.1" 200 578 "http://www.mathxpert.com/" "Mozilla/4.0 (compatible; MSIE 6.0; Windows NT 5.1; .NET CLR 1.1.4322)"
