::1 - - [05/Aug/2007:07:37:23 -0700] "GET /" 400 669 "-" "-"
::1 - - [05/Aug/2007:07:37:26 -0700] "GET /" 400 669 "-" "-"
41.201.227.229 - - [05/Aug/2007:07:35:36 -0700] "GET /Install/setup.exe HTTP/1.1" 206 3266691 "http://www.helpwithmath.com/Install/" "Mozilla/4.0 (compatible; MSIE 7.0; Windows NT 5.1)"
::1 - - [05/Aug/2007:07:37:31 -0700] "GET /" 400 669 "-" "-"
41.201.227.229 - - [05/Aug/2007:07:35:37 -0700] "GET /Install/setup.exe HTTP/1.1" 206 1632626 "http://www.helpwithmath.com/Install/" "Mozilla/4.0 (compatible; MSIE 7.0; Windows NT 5.1)"
41.201.227.229 - - [05/Aug/2007:07:36:32 -0700] "GET /Install/setup.exe HTTP/1.1" 206 1577184 "http://www.helpwithmath.com/Install/" "Mozilla/4.0 (compatible; MSIE 7.0; Windows NT 5.1)"
41.201.227.229 - - [05/Aug/2007:07:35:37 -0700] "GET /Install/setup.exe HTTP/1.1" 206 1627585 "http://www.helpwithmath.com/Install/" "Mozilla/4.0 (compatible; MSIE 7.0; Windows NT 5.1)"
67.28.112.55 - - [05/Aug/2007:07:39:19 -0700] "GET /index.php?include=http://bapoz.webpark.pl/center/base? HTTP/1.1" 200 8974 "-" "libwww-perl/5.803"
41.201.227.229 - - [05/Aug/2007:07:38:12 -0700] "GET /Install/setup.exe HTTP/1.1" 206 1637664 "http://www.helpwithmath.com/Install/" "Mozilla/4.0 (compatible; MSIE 7.0; Windows NT 5.1)"
41.201.227.229 - - [05/Aug/2007:07:35:37 -0700] "GET /Install/setup.exe HTTP/1.1" 206 1632626 "http://www.helpwithmath.com/Install/" "Mozilla/4.0 (compatible; MSIE 7.0; Windows NT 5.1)"
41.201.227.229 - - [05/Aug/2007:07:37:12 -0700] "GET /Install/setup.exe HTTP/1.1" 206 1443265 "http://www.helpwithmath.com/Install/" "Mozilla/4.0 (compatible; MSIE 7.0; Windows NT 5.1)"
70.108.76.222 - - [05/Aug/2007:07:40:30 -0700] "GET /?gclid=CPzQt8_M3o0CFRYHFQodRXzqmA HTTP/1.1" 200 10654 "http://pagead2.googlesyndication.com/pagead/ads?client=ca-pub-6105196450991387&dt=1186324664937&lmt=1186324664&format=336x280_as&output=html&correlator=1186324664921&channel=8409467136&url=http%3A%2F%2Fwww.freedownloadscenter.com%2FGames%2FEducational_Games%2FMathAid_Precalculus.html&color_bg=FFFFFF&color_text=000000&color_link=336699&color_url=000000&color_border=FFFFFF&ref=http%3A%2F%2Fwww.google.com%2Fsearch%3Fhl%3Den%26safe%3Dactive%26q%3DFree%2BPre-Calculus%2BTutorials%26btnG%3DSearch&flash=9&u_h=768&u_w=1024&u_ah=768&u_aw=1024&u_cd=32&u_tz=-240&u_his=4&u_java=true" "Mozilla/4.0 (compatible; MSIE 7.0; Windows NT 5.1; NN5.0.2.22)"
70.108.76.222 - - [05/Aug/2007:07:40:32 -0700] "GET /HelpWithMathStyle.css HTTP/1.1" 304 - "http://www.helpwithmath.com/?gclid=CPzQt8_M3o0CFRYHFQodRXzqmA" "Mozilla/4.0 (compatible; MSIE 7.0; Windows NT 5.1; NN5.0.2.22)"
70.108.76.222 - - [05/Aug/2007:07:40:32 -0700] "GET /fold.gif HTTP/1.1" 304 - "http://www.helpwithmath.com/?gclid=CPzQt8_M3o0CFRYHFQodRXzqmA" "Mozilla/4.0 (compatible; MSIE 7.0; Windows NT 5.1; NN5.0.2.22)"
70.108.76.222 - - [05/Aug/2007:07:40:33 -0700] "GET /gblnav_left.gif HTTP/1.1" 304 - "http://www.helpwithmath.com/?gclid=CPzQt8_M3o0CFRYHFQodRXzqmA" "Mozilla/4.0 (compatible; MSIE 7.0; Windows NT 5.1; NN5.0.2.22)"
70.108.76.222 - - [05/Aug/2007:07:40:33 -0700] "GET /open.gif HTTP/1.1" 304 - "http://www.helpwithmath.com/?gclid=CPzQt8_M3o0CFRYHFQodRXzqmA" "Mozilla/4.0 (compatible; MSIE 7.0; Windows NT 5.1; NN5.0.2.22)"
70.108.76.222 - - [05/Aug/2007:07:40:33 -0700] "GET /glbnav_right.gif HTTP/1.1" 304 - "http://www.helpwithmath.com/?gclid=CPzQt8_M3o0CFRYHFQodRXzqmA" "Mozilla/4.0 (compatible; MSIE 7.0; Windows NT 5.1; NN5.0.2.22)"
70.108.76.222 - - [05/Aug/2007:07:40:33 -0700] "GET /Spacer.gif HTTP/1.1" 304 - "http://www.helpwithmath.com/?gclid=CPzQt8_M3o0CFRYHFQodRXzqmA" "Mozilla/4.0 (compatible; MSIE 7.0; Windows NT 5.1; NN5.0.2.22)"
70.108.76.222 - - [05/Aug/2007:07:40:34 -0700] "GET /TransparentMathXpertLogo.gif HTTP/1.1" 304 - "http://www.helpwithmath.com/?gclid=CPzQt8_M3o0CFRYHFQodRXzqmA" "Mozilla/4.0 (compatible; MSIE 7.0; Windows NT 5.1; NN5.0.2.22)"
70.108.76.222 - - [05/Aug/2007:07:40:34 -0700] "GET /demo/image4.gif HTTP/1.1" 304 - "http://www.helpwithmath.com/?gclid=CPzQt8_M3o0CFRYHFQodRXzqmA" "Mozilla/4.0 (compatible; MSIE 7.0; Windows NT 5.1; NN5.0.2.22)"
70.108.76.222 - - [05/Aug/2007:07:40:34 -0700] "GET /demo/step4a.gif HTTP/1.1" 304 - "http://www.helpwithmath.com/?gclid=CPzQt8_M3o0CFRYHFQodRXzqmA" "Mozilla/4.0 (compatible; MSIE 7.0; Windows NT 5.1; NN5.0.2.22)"
41.201.227.229 - - [05/Aug/2007:07:37:00 -0700] "GET /Install/setup.exe HTTP/1.1" 206 1475664 "http://www.helpwithmath.com/Install/" "Mozilla/4.0 (compatible; MSIE 7.0; Windows NT 5.1)"
70.108.76.222 - - [05/Aug/2007:07:40:40 -0700] "GET /download.php HTTP/1.1" 200 9885 "http://www.helpwithmath.com/?gclid=CPzQt8_M3o0CFRYHFQodRXzqmA" "Mozilla/4.0 (compatible; MSIE 7.0; Windows NT 5.1; NN5.0.2.22)"
70.108.76.222 - - [05/Aug/2007:07:40:40 -0700] "GET / HTTP/1.1" 200 10654 "-" "Mozilla/4.0 (compatible; MSIE 7.0; Windows NT 5.1; NN5.0.2.22)"
41.201.227.229 - - [05/Aug/2007:07:35:36 -0700] "GET /Install/setup.exe HTTP/1.1" 206 9800071 "http://www.helpwithmath.com/Install/" "Mozilla/4.0 (compatible; MSIE 7.0; Windows NT 5.1)"
41.201.227.229 - - [05/Aug/2007:07:38:52 -0700] "GET /Install/setup.exe HTTP/1.1" 206 1330224 "http://www.helpwithmath.com/Install/" "Mozilla/4.0 (compatible; MSIE 7.0; Windows NT 5.1)"
::1 - - [05/Aug/2007:07:40:56 -0700] "GET /" 400 669 "-" "-"
41.201.227.229 - - [05/Aug/2007:07:37:14 -0700] "GET /Install/setup.exe HTTP/1.1" 206 1406546 "http://www.helpwithmath.com/Install/" "Mozilla/4.0 (compatible; MSIE 7.0; Windows NT 5.1)"
::1 - - [05/Aug/2007:07:41:02 -0700] "GET /" 400 669 "-" "-"
41.201.227.229 - - [05/Aug/2007:07:40:25 -0700] "GET /Install/setup.exe HTTP/1.1" 206 1567824 "http://www.helpwithmath.com/Install/" "Mozilla/4.0 (compatible; MSIE 7.0; Windows NT 5.1)"
41.201.227.229 - - [05/Aug/2007:07:35:37 -0700] "GET /Install/setup.exe HTTP/1.1" 206 1632626 "http://www.helpwithmath.com/Install/" "Mozilla/4.0 (compatible; MSIE 7.0; Windows NT 5.1)"
41.201.227.229 - - [05/Aug/2007:07:39:39 -0700] "GET /Install/setup.exe HTTP/1.1" 206 1582945 "http://www.helpwithmath.com/Install/" "Mozilla/4.0 (compatible; MSIE 7.0; Windows NT 5.1)"
41.201.227.229 - - [05/Aug/2007:07:41:18 -0700] "GET /Install/setup.exe HTTP/1.1" 206 1467026 "http://www.helpwithmath.com/Install/" "Mozilla/4.0 (compatible; MSIE 7.0; Windows NT 5.1)"
41.201.227.229 - - [05/Aug/2007:07:40:37 -0700] "GET /Install/setup.exe HTTP/1.1" 206 1570704 "http://www.helpwithmath.com/Install/" "Mozilla/4.0 (compatible; MSIE 7.0; Windows NT 5.1)"
70.108.76.222 - - [05/Aug/2007:07:42:25 -0700] "POST /download2.php HTTP/1.1" 200 9161 "http://www.helpwithmath.com/download.php" "Mozilla/4.0 (compatible; MSIE 7.0; Windows NT 5.1; NN5.0.2.22)"
70.108.76.222 - - [05/Aug/2007:07:42:26 -0700] "GET / HTTP/1.1" 200 10654 "-" "Mozilla/4.0 (compatible; MSIE 7.0; Windows NT 5.1; NN5.0.2.22)"
41.201.227.229 - - [05/Aug/2007:07:37:19 -0700] "GET /Install/setup.exe HTTP/1.1" 206 1803985 "http://www.helpwithmath.com/Install/" "Mozilla/4.0 (compatible; MSIE 7.0; Windows NT 5.1)"
::1 - - [05/Aug/2007:07:42:40 -0700] "GET /" 400 669 "-" "-"
::1 - - [05/Aug/2007:07:42:43 -0700] "GET /" 400 669 "-" "-"
::1 - - [05/Aug/2007:07:42:44 -0700] "GET /" 400 669 "-" "-"
::1 - - [05/Aug/2007:07:42:48 -0700] "GET /" 400 669 "-" "-"
::1 - - [05/Aug/2007:07:42:51 -0700] "GET /" 400 669 "-" "-"
::1 - - [05/Aug/2007:07:42:52 -0700] "GET /" 400 669 "-" "-"
::1 - - [05/Aug/2007:07:42:53 -0700] "GET /" 400 669 "-" "-"
::1 - - [05/Aug/2007:07:42:54 -0700] "GET /" 400 669 "-" "-"
41.201.227.229 - - [05/Aug/2007:07:39:40 -0700] "GET /Install/setup.exe HTTP/1.1" 206 3315649 "http://www.helpwithmath.com/Install/" "Mozilla/4.0 (compatible; MSIE 7.0; Windows NT 5.1)"
41.201.227.229 - - [05/Aug/2007:07:37:56 -0700] "GET /Install/setup.exe HTTP/1.1" 206 1301426 "http://www.helpwithmath.com/Install/" "Mozilla/4.0 (compatible; MSIE 7.0; Windows NT 5.1)"
::1 - - [05/Aug/2007:07:43:10 -0700] "GET /" 400 669 "-" "-"
41.201.227.229 - - [05/Aug/2007:07:41:46 -0700] "GET /Install/setup.exe HTTP/1.1" 206 857906 "http://www.helpwithmath.com/Install/" "Mozilla/4.0 (compatible; MSIE 7.0; Windows NT 5.1)"
41.201.227.229 - - [05/Aug/2007:07:39:12 -0700] "GET /Install/setup.exe HTTP/1.1" 206 1426706 "http://www.helpwithmath.com/Install/" "Mozilla/4.0 (compatible; MSIE 7.0; Windows NT 5.1)"
70.108.76.222 - - [05/Aug/2007:07:43:17 -0700] "POST /download2.php?state=Edit HTTP/1.1" 302 9260 "http://www.helpwithmath.com/download2.php" "Mozilla/4.0 (compatible; MSIE 7.0; Windows NT 5.1; NN5.0.2.22)"
70.108.76.222 - - [05/Aug/2007:07:43:18 -0700] "GET /Install/SaveOrRun.php?Email=ikea@cab-asc.com&WhichDisk=7 HTTP/1.1" 200 5235 "http://www.helpwithmath.com/download2.php" "Mozilla/4.0 (compatible; MSIE 7.0; Windows NT 5.1; NN5.0.2.22)"
70.108.76.222 - - [05/Aug/2007:07:43:19 -0700] "GET / HTTP/1.1" 200 10654 "-" "Mozilla/4.0 (compatible; MSIE 7.0; Windows NT 5.1; NN5.0.2.22)"
70.108.76.222 - - [05/Aug/2007:07:43:20 -0700] "GET /Install/oci_header.jpg HTTP/1.1" 200 6586 "http://www.helpwithmath.com/Install/SaveOrRun.php?Email=ikea@cab-asc.com&WhichDisk=7" "Mozilla/4.0 (compatible; MSIE 7.0; Windows NT 5.1; NN5.0.2.22)"
70.108.76.222 - - [05/Aug/2007:07:43:20 -0700] "GET /Install/b_saveorrun.gif HTTP/1.1" 200 2947 "http://www.helpwithmath.com/Install/SaveOrRun.php?Email=ikea@cab-asc.com&WhichDisk=7" "Mozilla/4.0 (compatible; MSIE 7.0; Windows NT 5.1; NN5.0.2.22)"
::1 - - [05/Aug/2007:07:43:31 -0700] "GET /" 400 669 "-" "-"
41.201.227.229 - - [05/Aug/2007:07:41:04 -0700] "GET /Install/setup.exe HTTP/1.1" 206 1647745 "http://www.helpwithmath.com/Install/" "Mozilla/4.0 (compatible; MSIE 7.0; Windows NT 5.1)"
::1 - - [05/Aug/2007:07:43:32 -0700] "GET /" 400 669 "-" "-"
::1 - - [05/Aug/2007:07:43:33 -0700] "GET /" 400 669 "-" "-"
::1 - - [05/Aug/2007:07:43:34 -0700] "GET /" 400 669 "-" "-"
::1 - - [05/Aug/2007:07:43:35 -0700] "GET /" 400 669 "-" "-"
::1 - - [05/Aug/2007:07:43:36 -0700] "GET /" 400 669 "-" "-"
::1 - - [05/Aug/2007:07:43:37 -0700] "GET /" 400 669 "-" "-"
70.108.76.222 - - [05/Aug/2007:07:43:46 -0700] "GET /Install/saving_running.htm HTTP/1.1" 200 4541 "http://www.helpwithmath.com/Install/SaveOrRun.php?Email=ikea@cab-asc.com&WhichDisk=7" "Mozilla/4.0 (compatible; MSIE 7.0; Windows NT 5.1; NN5.0.2.22)"
70.108.76.222 - - [05/Aug/2007:07:43:46 -0700] "GET / HTTP/1.1" 200 10654 "-" "Mozilla/4.0 (compatible; MSIE 7.0; Windows NT 5.1; NN5.0.2.22)"
70.108.76.222 - - [05/Aug/2007:07:43:50 -0700] "GET / HTTP/1.1" 200 10654 "-" "Mozilla/4.0 (compatible; MSIE 7.0; Windows NT 5.1; NN5.0.2.22)"
70.108.76.222 - - [05/Aug/2007:07:43:51 -0700] "GET / HTTP/1.1" 200 10654 "-" "Mozilla/4.0 (compatible; MSIE 7.0; Windows NT 5.1; NN5.0.2.22)"
70.108.76.222 - - [05/Aug/2007:07:43:49 -0700] "GET /Install/setup.exe HTTP/1.1" 200 13072520 "-" "Mozilla/4.0 (compatible; MSIE 7.0; Windows NT 5.1; NN5.0.2.22)"
::1 - - [05/Aug/2007:07:43:53 -0700] "GET /" 400 669 "-" "-"
::1 - - [05/Aug/2007:07:43:54 -0700] "GET /" 400 669 "-" "-"
::1 - - [05/Aug/2007:07:43:55 -0700] "GET /" 400 669 "-" "-"
::1 - - [05/Aug/2007:07:43:56 -0700] "GET /" 400 669 "-" "-"
::1 - - [05/Aug/2007:07:43:57 -0700] "GET /" 400 669 "-" "-"
::1 - - [05/Aug/2007:07:43:58 -0700] "GET /" 400 669 "-" "-"
41.201.227.229 - - [05/Aug/2007:07:39:18 -0700] "GET /Install/setup.exe HTTP/1.1" 206 1302866 "http://www.helpwithmath.com/Install/" "Mozilla/4.0 (compatible; MSIE 7.0; Windows NT 5.1)"
41.201.227.229 - - [05/Aug/2007:07:42:12 -0700] "GET /Install/setup.exe HTTP/1.1" 206 1392146 "http://www.helpwithmath.com/Install/" "Mozilla/4.0 (compatible; MSIE 7.0; Windows NT 5.1)"
::1 - - [05/Aug/2007:07:44:54 -0700] "GET /" 400 669 "-" "-"
70.108.76.222 - - [05/Aug/2007:07:45:02 -0700] "GET / HTTP/1.1" 200 10654 "-" "Mozilla/4.0 (compatible; MSIE 7.0; Windows NT 5.1; NN5.0.2.22)"
70.108.76.222 - - [05/Aug/2007:07:45:03 -0700] "GET / HTTP/1.1" 200 10654 "-" "Mozilla/4.0 (compatible; MSIE 7.0; Windows NT 5.1; NN5.0.2.22)"
41.201.227.229 - - [05/Aug/2007:07:42:59 -0700] "GET /Install/setup.exe HTTP/1.1" 206 1680865 "http://www.helpwithmath.com/Install/" "Mozilla/4.0 (compatible; MSIE 7.0; Windows NT 5.1)"
41.201.227.229 - - [05/Aug/2007:07:41:14 -0700] "GET /Install/setup.exe HTTP/1.1" 206 1510224 "http://www.helpwithmath.com/Install/" "Mozilla/4.0 (compatible; MSIE 7.0; Windows NT 5.1)"
70.108.76.222 - - [05/Aug/2007:07:45:01 -0700] "GET /Install/setup.exe HTTP/1.1" 206 13068587 "http://www.helpwithmath.com/Install/saving_running.htm" "Mozilla/4.0 (compatible; MSIE 7.0; Windows NT 5.1; NN5.0.2.22)"
41.201.227.229 - - [05/Aug/2007:07:44:03 -0700] "GET /Install/setup.exe HTTP/1.1" 206 446066 "http://www.helpwithmath.com/Install/" "Mozilla/4.0 (compatible; MSIE 7.0; Windows NT 5.1)"
41.201.227.229 - - [05/Aug/2007:07:44:25 -0700] "GET /Install/setup.exe HTTP/1.1" 206 1150226 "http://www.helpwithmath.com/Install/" "Mozilla/4.0 (compatible; MSIE 7.0; Windows NT 5.1)"
41.201.227.229 - - [05/Aug/2007:07:42:49 -0700] "GET /Install/setup.exe HTTP/1.1" 206 1536864 "http://www.helpwithmath.com/Install/" "Mozilla/4.0 (compatible; MSIE 7.0; Windows NT 5.1)"
41.201.227.229 - - [05/Aug/2007:07:43:15 -0700] "GET /Install/setup.exe HTTP/1.1" 206 1438226 "http://www.helpwithmath.com/Install/" "Mozilla/4.0 (compatible; MSIE 7.0; Windows NT 5.1)"
41.201.227.229 - - [05/Aug/2007:07:42:22 -0700] "GET /Install/setup.exe HTTP/1.1" 206 1723344 "http://www.helpwithmath.com/Install/" "Mozilla/4.0 (compatible; MSIE 7.0; Windows NT 5.1)"
::1 - - [05/Aug/2007:07:47:37 -0700] "GET /" 400 669 "-" "-"
::1 - - [05/Aug/2007:07:47:38 -0700] "GET /" 400 669 "-" "-"
::1 - - [05/Aug/2007:07:47:39 -0700] "GET /" 400 669 "-" "-"
::1 - - [05/Aug/2007:07:47:40 -0700] "GET /" 400 669 "-" "-"
41.201.227.229 - - [05/Aug/2007:07:42:33 -0700] "GET /Install/setup.exe HTTP/1.1" 206 1184785 "http://www.helpwithmath.com/Install/" "Mozilla/4.0 (compatible; MSIE 7.0; Windows NT 5.1)"
::1 - - [05/Aug/2007:07:47:41 -0700] "GET /" 400 669 "-" "-"
::1 - - [05/Aug/2007:07:47:42 -0700] "GET /" 400 669 "-" "-"
::1 - - [05/Aug/2007:07:47:43 -0700] "GET /" 400 669 "-" "-"
41.201.227.229 - - [05/Aug/2007:07:46:23 -0700] "GET /Install/setup.exe HTTP/1.1" 206 1562065 "http://www.helpwithmath.com/Install/" "Mozilla/4.0 (compatible; MSIE 7.0; Windows NT 5.1)"
::1 - - [05/Aug/2007:07:47:49 -0700] "GET /" 400 669 "-" "-"
::1 - - [05/Aug/2007:07:47:50 -0700] "GET /" 400 669 "-" "-"
::1 - - [05/Aug/2007:07:47:51 -0700] "GET /" 400 669 "-" "-"
::1 - - [05/Aug/2007:07:47:52 -0700] "GET /" 400 669 "-" "-"
::1 - - [05/Aug/2007:07:47:53 -0700] "GET /" 400 669 "-" "-"
::1 - - [05/Aug/2007:07:47:54 -0700] "GET /" 400 669 "-" "-"
::1 - - [05/Aug/2007:07:47:55 -0700] "GET /" 400 669 "-" "-"
::1 - - [05/Aug/2007:07:47:56 -0700] "GET /" 400 669 "-" "-"
41.201.227.229 - - [05/Aug/2007:07:46:45 -0700] "GET /Install/setup.exe HTTP/1.1" 206 1380626 "http://www.helpwithmath.com/Install/" "Mozilla/4.0 (compatible; MSIE 7.0; Windows NT 5.1)"
41.201.227.229 - - [05/Aug/2007:07:45:01 -0700] "GET /Install/setup.exe HTTP/1.1" 206 1287026 "http://www.helpwithmath.com/Install/" "Mozilla/4.0 (compatible; MSIE 7.0; Windows NT 5.1)"
::1 - - [05/Aug/2007:07:48:40 -0700] "GET /" 400 669 "-" "-"
41.201.227.229 - - [05/Aug/2007:07:44:55 -0700] "GET /Install/setup.exe HTTP/1.1" 206 1588705 "http://www.helpwithmath.com/Install/" "Mozilla/4.0 (compatible; MSIE 7.0; Windows NT 5.1)"
41.201.227.229 - - [05/Aug/2007:07:47:35 -0700] "GET /Install/setup.exe HTTP/1.1" 206 362546 "http://www.helpwithmath.com/Install/" "Mozilla/4.0 (compatible; MSIE 7.0; Windows NT 5.1)"
41.201.227.229 - - [05/Aug/2007:07:45:23 -0700] "GET /Install/setup.exe HTTP/1.1" 206 1680144 "http://www.helpwithmath.com/Install/" "Mozilla/4.0 (compatible; MSIE 7.0; Windows NT 5.1)"
::1 - - [05/Aug/2007:07:49:15 -0700] "GET /" 400 669 "-" "-"
41.201.227.229 - - [05/Aug/2007:07:48:10 -0700] "GET /Install/setup.exe HTTP/1.1" 206 1128433 "http://www.helpwithmath.com/Install/" "Mozilla/4.0 (compatible; MSIE 7.0; Windows NT 5.1)"
41.201.227.229 - - [05/Aug/2007:07:49:18 -0700] "GET /Install/setup.exe HTTP/1.1" 206 80306 "http://www.helpwithmath.com/Install/" "Mozilla/4.0 (compatible; MSIE 7.0; Windows NT 5.1)"
41.201.227.229 - - [05/Aug/2007:07:47:11 -0700] "GET /Install/setup.exe HTTP/1.1" 206 388993 "http://www.helpwithmath.com/Install/" "Mozilla/4.0 (compatible; MSIE 7.0; Windows NT 5.1)"
41.201.227.229 - - [05/Aug/2007:07:49:09 -0700] "GET /Install/setup.exe HTTP/1.1" 206 290351 "http://www.helpwithmath.com/Install/" "Mozilla/4.0 (compatible; MSIE 7.0; Windows NT 5.1)"
41.201.227.229 - - [05/Aug/2007:07:49:18 -0700] "GET /Install/setup.exe HTTP/1.1" 206 142296 "http://www.helpwithmath.com/Install/" "Mozilla/4.0 (compatible; MSIE 7.0; Windows NT 5.1)"
41.201.227.229 - - [05/Aug/2007:07:47:11 -0700] "GET /Install/setup.exe HTTP/1.1" 206 1551985 "http://www.helpwithmath.com/Install/" "Mozilla/4.0 (compatible; MSIE 7.0; Windows NT 5.1)"
::1 - - [05/Aug/2007:07:50:15 -0700] "GET /" 400 669 "-" "-"
::1 - - [05/Aug/2007:07:50:16 -0700] "GET /" 400 669 "-" "-"
::1 - - [05/Aug/2007:07:50:17 -0700] "GET /" 400 669 "-" "-"
41.201.227.229 - - [05/Aug/2007:07:49:58 -0700] "GET /Install/setup.exe HTTP/1.1" 206 1413745 "http://www.helpwithmath.com/Install/" "Mozilla/4.0 (compatible; MSIE 7.0; Windows NT 5.1)"
41.201.227.229 - - [05/Aug/2007:07:50:21 -0700] "GET /Install/setup.exe HTTP/1.1" 206 193 "http://www.helpwithmath.com/Install/" "Mozilla/4.0 (compatible; MSIE 7.0; Windows NT 5.1)"
41.201.227.229 - - [05/Aug/2007:07:50:20 -0700] "GET /Install/setup.exe HTTP/1.1" 206 44113 "http://www.helpwithmath.com/Install/" "Mozilla/4.0 (compatible; MSIE 7.0; Windows NT 5.1)"
41.201.227.229 - - [05/Aug/2007:07:49:58 -0700] "GET /Install/setup.exe HTTP/1.1" 206 98017 "http://www.helpwithmath.com/Install/" "Mozilla/4.0 (compatible; MSIE 7.0; Windows NT 5.1)"
41.201.227.229 - - [05/Aug/2007:07:49:57 -0700] "GET /Install/setup.exe HTTP/1.1" 206 200352 "http://www.helpwithmath.com/Install/" "Mozilla/4.0 (compatible; MSIE 7.0; Windows NT 5.1)"
41.201.227.229 - - [05/Aug/2007:07:50:24 -0700] "GET /Install/setup.exe HTTP/1.1" 206 16878 "http://www.helpwithmath.com/Install/" "Mozilla/4.0 (compatible; MSIE 7.0; Windows NT 5.1)"
41.201.227.229 - - [05/Aug/2007:07:49:15 -0700] "GET /Install/setup.exe HTTP/1.1" 206 942673 "http://www.helpwithmath.com/Install/" "Mozilla/4.0 (compatible; MSIE 7.0; Windows NT 5.1)"
41.201.227.229 - - [05/Aug/2007:07:48:56 -0700] "GET /Install/setup.exe HTTP/1.1" 206 312146 "http://www.helpwithmath.com/Install/" "Mozilla/4.0 (compatible; MSIE 7.0; Windows NT 5.1)"
41.201.227.229 - - [05/Aug/2007:07:50:28 -0700] "GET /Install/setup.exe HTTP/1.1" 206 8376 "http://www.helpwithmath.com/Install/" "Mozilla/4.0 (compatible; MSIE 7.0; Windows NT 5.1)"
41.201.227.229 - - [05/Aug/2007:07:50:29 -0700] "GET /Install/setup.exe HTTP/1.1" 206 1537 "http://www.helpwithmath.com/Install/" "Mozilla/4.0 (compatible; MSIE 7.0; Windows NT 5.1)"
41.201.227.229 - - [05/Aug/2007:07:50:21 -0700] "GET /Install/setup.exe HTTP/1.1" 206 16879 "http://www.helpwithmath.com/Install/" "Mozilla/4.0 (compatible; MSIE 7.0; Windows NT 5.1)"
41.201.227.229 - - [05/Aug/2007:07:50:28 -0700] "GET /Install/setup.exe HTTP/1.1" 206 18554 "http://www.helpwithmath.com/Install/" "Mozilla/4.0 (compatible; MSIE 7.0; Windows NT 5.1)"
41.201.227.229 - - [05/Aug/2007:07:50:21 -0700] "GET /Install/setup.exe HTTP/1.1" 206 33757 "http://www.helpwithmath.com/Install/" "Mozilla/4.0 (compatible; MSIE 7.0; Windows NT 5.1)"
41.201.227.229 - - [05/Aug/2007:07:50:30 -0700] "GET /Install/setup.exe HTTP/1.1" 206 15037 "http://www.helpwithmath.com/Install/" "Mozilla/4.0 (compatible; MSIE 7.0; Windows NT 5.1)"
::1 - - [05/Aug/2007:07:50:31 -0700] "GET /" 400 669 "-" "-"
::1 - - [05/Aug/2007:07:50:32 -0700] "GET /" 400 669 "-" "-"
::1 - - [05/Aug/2007:07:50:33 -0700] "GET /" 400 669 "-" "-"
41.201.227.229 - - [05/Aug/2007:07:47:03 -0700] "GET /Install/setup.exe HTTP/1.1" 206 1454785 "http://www.helpwithmath.com/Install/" "Mozilla/4.0 (compatible; MSIE 7.0; Windows NT 5.1)"
::1 - - [05/Aug/2007:07:50:35 -0700] "GET /" 400 669 "-" "-"
41.201.227.229 - - [05/Aug/2007:07:49:38 -0700] "GET /Install/setup.exe HTTP/1.1" 206 116474 "http://www.helpwithmath.com/Install/" "Mozilla/4.0 (compatible; MSIE 7.0; Windows NT 5.1)"
::1 - - [05/Aug/2007:07:50:36 -0700] "GET /" 400 669 "-" "-"
::1 - - [05/Aug/2007:07:50:38 -0700] "GET /" 400 669 "-" "-"
::1 - - [05/Aug/2007:07:50:42 -0700] "GET /" 400 669 "-" "-"
41.201.227.229 - - [05/Aug/2007:07:46:48 -0700] "GET /Install/setup.exe HTTP/1.1" 206 1384224 "http://www.helpwithmath.com/Install/" "Mozilla/4.0 (compatible; MSIE 7.0; Windows NT 5.1)"
::1 - - [05/Aug/2007:07:50:51 -0700] "GET /" 400 669 "-" "-"
::1 - - [05/Aug/2007:07:50:58 -0700] "GET /" 400 669 "-" "-"
41.201.227.229 - - [05/Aug/2007:07:46:19 -0700] "GET /Install/setup.exe HTTP/1.1" 206 381266 "http://www.helpwithmath.com/Install/" "Mozilla/4.0 (compatible; MSIE 7.0; Windows NT 5.1)"
::1 - - [05/Aug/2007:07:52:09 -0700] "GET /" 400 669 "-" "-"
70.108.76.222 - - [05/Aug/2007:07:53:32 -0700] "GET /Install/SaveOrRun.php?Email=ikea@cab-asc.com&WhichDisk=7 HTTP/1.1" 200 5235 "http://www.helpwithmath.com/download2.php" "Mozilla/4.0 (compatible; MSIE 7.0; Windows NT 5.1; NN5.0.2.22)"
70.108.76.222 - - [05/Aug/2007:07:53:34 -0700] "GET /Install/oci_header.jpg HTTP/1.1" 304 - "http://www.helpwithmath.com/Install/SaveOrRun.php?Email=ikea@cab-asc.com&WhichDisk=7" "Mozilla/4.0 (compatible; MSIE 7.0; Windows NT 5.1; NN5.0.2.22)"
70.108.76.222 - - [05/Aug/2007:07:53:35 -0700] "GET /Install/b_saveorrun.gif HTTP/1.1" 304 - "http://www.helpwithmath.com/Install/SaveOrRun.php?Email=ikea@cab-asc.com&WhichDisk=7" "Mozilla/4.0 (compatible; MSIE 7.0; Windows NT 5.1; NN5.0.2.22)"
70.108.76.222 - - [05/Aug/2007:07:53:47 -0700] "GET /Install/saving_running.htm HTTP/1.1" 304 - "http://www.helpwithmath.com/Install/SaveOrRun.php?Email=ikea@cab-asc.com&WhichDisk=7" "Mozilla/4.0 (compatible; MSIE 7.0; Windows NT 5.1; NN5.0.2.22)"
70.108.76.222 - - [05/Aug/2007:07:53:47 -0700] "GET / HTTP/1.1" 200 10654 "-" "Mozilla/4.0 (compatible; MSIE 7.0; Windows NT 5.1; NN5.0.2.22)"
70.108.76.222 - - [05/Aug/2007:07:53:48 -0700] "GET /HelpWithMathStyle.css HTTP/1.1" 304 - "http://www.helpwithmath.com/" "Mozilla/4.0 (compatible; MSIE 7.0; Windows NT 5.1; NN5.0.2.22)"
70.108.76.222 - - [05/Aug/2007:07:53:51 -0700] "GET /Install/setup.exe HTTP/1.1" 304 - "-" "Mozilla/4.0 (compatible; MSIE 7.0; Windows NT 5.1; NN5.0.2.22)"
70.108.76.222 - - [05/Aug/2007:07:53:51 -0700] "GET / HTTP/1.1" 200 10654 "-" "Mozilla/4.0 (compatible; MSIE 7.0; Windows NT 5.1; NN5.0.2.22)"
70.108.76.222 - - [05/Aug/2007:07:53:52 -0700] "GET / HTTP/1.1" 200 10654 "-" "Mozilla/4.0 (compatible; MSIE 7.0; Windows NT 5.1; NN5.0.2.22)"
41.201.227.229 - - [05/Aug/2007:07:48:36 -0700] "GET /Install/setup.exe HTTP/1.1" 206 107666 "http://www.helpwithmath.com/Install/" "Mozilla/4.0 (compatible; MSIE 7.0; Windows NT 5.1)"
::1 - - [05/Aug/2007:07:54:03 -0700] "GET /" 400 669 "-" "-"
::1 - - [05/Aug/2007:07:54:05 -0700] "GET /" 400 669 "-" "-"
::1 - - [05/Aug/2007:07:54:07 -0700] "GET /" 400 669 "-" "-"
::1 - - [05/Aug/2007:07:54:08 -0700] "GET /" 400 669 "-" "-"
::1 - - [05/Aug/2007:07:54:10 -0700] "GET /" 400 669 "-" "-"
::1 - - [05/Aug/2007:07:54:14 -0700] "GET /" 400 669 "-" "-"
::1 - - [05/Aug/2007:07:54:15 -0700] "GET /" 400 669 "-" "-"
::1 - - [05/Aug/2007:07:54:16 -0700] "GET /" 400 669 "-" "-"
70.108.76.222 - - [05/Aug/2007:07:54:29 -0700] "GET /fold.gif HTTP/1.1" 304 - "http://www.helpwithmath.com/download2.php" "Mozilla/4.0 (compatible; MSIE 7.0; Windows NT 5.1; NN5.0.2.22)"
70.108.76.222 - - [05/Aug/2007:07:54:29 -0700] "GET /open.gif HTTP/1.1" 304 - "http://www.helpwithmath.com/download2.php" "Mozilla/4.0 (compatible; MSIE 7.0; Windows NT 5.1; NN5.0.2.22)"
70.108.76.222 - - [05/Aug/2007:07:54:29 -0700] "GET /gblnav_left.gif HTTP/1.1" 304 - "http://www.helpwithmath.com/download2.php" "Mozilla/4.0 (compatible; MSIE 7.0; Windows NT 5.1; NN5.0.2.22)"
70.108.76.222 - - [05/Aug/2007:07:54:29 -0700] "GET /glbnav_right.gif HTTP/1.1" 304 - "http://www.helpwithmath.com/download2.php" "Mozilla/4.0 (compatible; MSIE 7.0; Windows NT 5.1; NN5.0.2.22)"
70.108.76.222 - - [05/Aug/2007:07:54:29 -0700] "GET /Spacer.gif HTTP/1.1" 304 - "http://www.helpwithmath.com/download2.php" "Mozilla/4.0 (compatible; MSIE 7.0; Windows NT 5.1; NN5.0.2.22)"
70.108.76.222 - - [05/Aug/2007:07:54:29 -0700] "GET /TransparentMathXpertLogo.gif HTTP/1.1" 304 - "http://www.helpwithmath.com/download2.php" "Mozilla/4.0 (compatible; MSIE 7.0; Windows NT 5.1; NN5.0.2.22)"
::1 - - [05/Aug/2007:07:54:43 -0700] "GET /" 400 669 "-" "-"
::1 - - [05/Aug/2007:07:54:44 -0700] "GET /" 400 669 "-" "-"
::1 - - [05/Aug/2007:07:54:45 -0700] "GET /" 400 669 "-" "-"
::1 - - [05/Aug/2007:07:54:46 -0700] "GET /" 400 669 "-" "-"
::1 - - [05/Aug/2007:07:54:47 -0700] "GET /" 400 669 "-" "-"
::1 - - [05/Aug/2007:07:54:48 -0700] "GET /" 400 669 "-" "-"
70.108.76.222 - - [05/Aug/2007:07:55:23 -0700] "GET /Install/setup.exe HTTP/1.1" 304 - "-" "Mozilla/4.0 (compatible; MSIE 7.0; Windows NT 5.1; NN5.0.2.22)"
70.108.76.222 - - [05/Aug/2007:07:55:23 -0700] "GET / HTTP/1.1" 200 10654 "-" "Mozilla/4.0 (compatible; MSIE 7.0; Windows NT 5.1; NN5.0.2.22)"
70.108.76.222 - - [05/Aug/2007:07:55:24 -0700] "GET / HTTP/1.1" 200 10654 "-" "Mozilla/4.0 (compatible; MSIE 7.0; Windows NT 5.1; NN5.0.2.22)"
::1 - - [05/Aug/2007:07:55:52 -0700] "GET /" 400 669 "-" "-"
::1 - - [05/Aug/2007:07:56:41 -0700] "GET /" 400 669 "-" "-"
::1 - - [05/Aug/2007:07:56:42 -0700] "GET /" 400 669 "-" "-"
::1 - - [05/Aug/2007:07:56:45 -0700] "GET /" 400 669 "-" "-"
74.6.74.99 - - [05/Aug/2007:07:57:50 -0700] "GET /robots.txt HTTP/1.0" 404 404 "-" "Mozilla/5.0 (compatible; Yahoo! Slurp; http://help.yahoo.com/help/us/ysearch/slurp)"
74.6.73.52 - - [05/Aug/2007:07:57:51 -0700] "GET /graphs.php?include=graphRiemann.html HTTP/1.0" 200 8971 "-" "Mozilla/5.0 (compatible; Yahoo! Slurp; http://help.yahoo.com/help/us/ysearch/slurp)"
212.93.185.123 - - [05/Aug/2007:07:57:41 -0700] "GET /Install/setup.exe HTTP/1.1" 200 13072520 "-" "Opera/9.0 (Windows NT 5.1; U; en)"
212.93.185.123 - - [05/Aug/2007:07:58:53 -0700] "GET /Install/setup.exe HTTP/1.1" 200 13072520 "-" "Opera/9.0 (Windows NT 5.1; U; en)"
::1 - - [05/Aug/2007:08:00:54 -0700] "GET /" 400 669 "-" "-"
::1 - - [05/Aug/2007:08:00:55 -0700] "GET /" 400 669 "-" "-"
212.93.185.123 - - [05/Aug/2007:08:00:40 -0700] "GET /Install/setup.exe HTTP/1.1" 200 13072520 "-" "Opera/9.0 (Windows NT 5.1; U; en)"
::1 - - [05/Aug/2007:08:02:04 -0700] "GET /" 400 669 "-" "-"
70.108.76.222 - - [05/Aug/2007:08:02:05 -0700] "GET /download.php HTTP/1.1" 200 9885 "-" "Mozilla/4.0 (compatible; MSIE 7.0; Windows NT 5.1; NN5.0.2.22)"
70.108.76.222 - - [05/Aug/2007:08:02:06 -0700] "GET / HTTP/1.1" 200 10654 "-" "Mozilla/4.0 (compatible; MSIE 7.0; Windows NT 5.1; NN5.0.2.22)"
70.108.76.222 - - [05/Aug/2007:08:02:07 -0700] "GET /HelpWithMathStyle.css HTTP/1.1" 200 7201 "http://www.helpwithmath.com/" "Mozilla/4.0 (compatible; MSIE 7.0; Windows NT 5.1; NN5.0.2.22)"
70.108.76.222 - - [05/Aug/2007:08:02:08 -0700] "GET /fold.gif HTTP/1.1" 200 119 "http://www.helpwithmath.com/download.php" "Mozilla/4.0 (compatible; MSIE 7.0; Windows NT 5.1; NN5.0.2.22)"
70.108.76.222 - - [05/Aug/2007:08:02:08 -0700] "GET /open.gif HTTP/1.1" 200 125 "http://www.helpwithmath.com/download.php" "Mozilla/4.0 (compatible; MSIE 7.0; Windows NT 5.1; NN5.0.2.22)"
70.108.76.222 - - [05/Aug/2007:08:02:08 -0700] "GET /glbnav_right.gif HTTP/1.1" 200 578 "http://www.helpwithmath.com/download.php" "Mozilla/4.0 (compatible; MSIE 7.0; Windows NT 5.1; NN5.0.2.22)"
70.108.76.222 - - [05/Aug/2007:08:02:08 -0700] "GET /include/Ramanujan1-quality15.jpg HTTP/1.1" 200 34375 "http://www.helpwithmath.com/download.php" "Mozilla/4.0 (compatible; MSIE 7.0; Windows NT 5.1; NN5.0.2.22)"
70.108.76.222 - - [05/Aug/2007:08:02:09 -0700] "GET /gblnav_left.gif HTTP/1.1" 200 580 "http://www.helpwithmath.com/download.php" "Mozilla/4.0 (compatible; MSIE 7.0; Windows NT 5.1; NN5.0.2.22)"
70.108.76.222 - - [05/Aug/2007:08:02:10 -0700] "GET /glbnav_background.gif HTTP/1.1" 200 301 "http://www.helpwithmath.com/download.php" "Mozilla/4.0 (compatible; MSIE 7.0; Windows NT 5.1; NN5.0.2.22)"
70.108.76.222 - - [05/Aug/2007:08:02:10 -0700] "GET /Spacer.gif HTTP/1.1" 200 52 "http://www.helpwithmath.com/download.php" "Mozilla/4.0 (compatible; MSIE 7.0; Windows NT 5.1; NN5.0.2.22)"
70.108.76.222 - - [05/Aug/2007:08:02:11 -0700] "GET /TransparentMathXpertLogo.gif HTTP/1.1" 200 1845 "http://www.helpwithmath.com/download.php" "Mozilla/4.0 (compatible; MSIE 7.0; Windows NT 5.1; NN5.0.2.22)"
70.108.76.222 - - [05/Aug/2007:08:02:10 -0700] "GET /include/Background.gif HTTP/1.1" 200 52448 "http://www.helpwithmath.com/download.php" "Mozilla/4.0 (compatible; MSIE 7.0; Windows NT 5.1; NN5.0.2.22)"
70.108.76.222 - - [05/Aug/2007:08:02:14 -0700] "GET /favicon.ico HTTP/1.1" 404 405 "-" "Mozilla/4.0 (compatible; MSIE 7.0; Windows NT 5.1; NN5.0.2.22)"
70.108.76.222 - - [05/Aug/2007:08:02:21 -0700] "POST /download2.php HTTP/1.1" 200 9161 "http://www.helpwithmath.com/download.php" "Mozilla/4.0 (compatible; MSIE 7.0; Windows NT 5.1; NN5.0.2.22)"
70.108.76.222 - - [05/Aug/2007:08:02:22 -0700] "GET / HTTP/1.1" 200 10654 "-" "Mozilla/4.0 (compatible; MSIE 7.0; Windows NT 5.1; NN5.0.2.22)"
::1 - - [05/Aug/2007:08:02:28 -0700] "GET /" 400 669 "-" "-"
::1 - - [05/Aug/2007:08:02:29 -0700] "GET /" 400 669 "-" "-"
::1 - - [05/Aug/2007:08:02:31 -0700] "GET /" 400 669 "-" "-"
::1 - - [05/Aug/2007:08:02:38 -0700] "GET /" 400 669 "-" "-"
70.108.76.222 - - [05/Aug/2007:08:02:38 -0700] "POST /download2.php?state=Edit HTTP/1.1" 302 9260 "http://www.helpwithmath.com/download2.php" "Mozilla/4.0 (compatible; MSIE 7.0; Windows NT 5.1; NN5.0.2.22)"
70.108.76.222 - - [05/Aug/2007:08:02:39 -0700] "GET /Install/SaveOrRun.php?Email=ikea@cab-asc.com&WhichDisk=7 HTTP/1.1" 200 5235 "http://www.helpwithmath.com/download2.php" "Mozilla/4.0 (compatible; MSIE 7.0; Windows NT 5.1; NN5.0.2.22)"
70.108.76.222 - - [05/Aug/2007:08:02:40 -0700] "GET / HTTP/1.1" 200 10654 "-" "Mozilla/4.0 (compatible; MSIE 7.0; Windows NT 5.1; NN5.0.2.22)"
70.108.76.222 - - [05/Aug/2007:08:02:41 -0700] "GET /Install/oci_header.jpg HTTP/1.1" 200 6586 "http://www.helpwithmath.com/Install/SaveOrRun.php?Email=ikea@cab-asc.com&WhichDisk=7" "Mozilla/4.0 (compatible; MSIE 7.0; Windows NT 5.1; NN5.0.2.22)"
70.108.76.222 - - [05/Aug/2007:08:02:41 -0700] "GET /Install/UL.gif HTTP/1.1" 200 170 "http://www.helpwithmath.com/Install/SaveOrRun.php?Email=ikea@cab-asc.com&WhichDisk=7" "Mozilla/4.0 (compatible; MSIE 7.0; Windows NT 5.1; NN5.0.2.22)"
70.108.76.222 - - [05/Aug/2007:08:02:42 -0700] "GET /Install/header_fill.jpg HTTP/1.1" 200 578 "http://www.helpwithmath.com/Install/SaveOrRun.php?Email=ikea@cab-asc.com&WhichDisk=7" "Mozilla/4.0 (compatible; MSIE 7.0; Windows NT 5.1; NN5.0.2.22)"
70.108.76.222 - - [05/Aug/2007:08:02:42 -0700] "GET /Install/b_saveorrun.gif HTTP/1.1" 200 2947 "http://www.helpwithmath.com/Install/SaveOrRun.php?Email=ikea@cab-asc.com&WhichDisk=7" "Mozilla/4.0 (compatible; MSIE 7.0; Windows NT 5.1; NN5.0.2.22)"
70.108.76.222 - - [05/Aug/2007:08:02:42 -0700] "GET /Install/UR.gif HTTP/1.1" 200 169 "http://www.helpwithmath.com/Install/SaveOrRun.php?Email=ikea@cab-asc.com&WhichDisk=7" "Mozilla/4.0 (compatible; MSIE 7.0; Windows NT 5.1; NN5.0.2.22)"
70.108.76.222 - - [05/Aug/2007:08:02:43 -0700] "GET /Install/LL.gif HTTP/1.1" 200 169 "http://www.helpwithmath.com/Install/SaveOrRun.php?Email=ikea@cab-asc.com&WhichDisk=7" "Mozilla/4.0 (compatible; MSIE 7.0; Windows NT 5.1; NN5.0.2.22)"
70.108.76.222 - - [05/Aug/2007:08:02:43 -0700] "GET /Install/LR.gif HTTP/1.1" 200 169 "http://www.helpwithmath.com/Install/SaveOrRun.php?Email=ikea@cab-asc.com&WhichDisk=7" "Mozilla/4.0 (compatible; MSIE 7.0; Windows NT 5.1; NN5.0.2.22)"
70.108.76.222 - - [05/Aug/2007:08:02:53 -0700] "GET /Install/saving_running.htm HTTP/1.1" 200 4541 "http://www.helpwithmath.com/Install/SaveOrRun.php?Email=ikea@cab-asc.com&WhichDisk=7" "Mozilla/4.0 (compatible; MSIE 7.0; Windows NT 5.1; NN5.0.2.22)"
70.108.76.222 - - [05/Aug/2007:08:02:53 -0700] "GET / HTTP/1.1" 200 10654 "-" "Mozilla/4.0 (compatible; MSIE 7.0; Windows NT 5.1; NN5.0.2.22)"
70.108.76.222 - - [05/Aug/2007:08:02:57 -0700] "GET / HTTP/1.1" 200 10654 "-" "Mozilla/4.0 (compatible; MSIE 7.0; Windows NT 5.1; NN5.0.2.22)"
70.108.76.222 - - [05/Aug/2007:08:02:56 -0700] "GET /Install/setup.exe HTTP/1.1" 200 13072520 "-" "Mozilla/4.0 (compatible; MSIE 7.0; Windows NT 5.1; NN5.0.2.22)"
70.108.76.222 - - [05/Aug/2007:08:02:58 -0700] "GET / HTTP/1.1" 200 10654 "-" "Mozilla/4.0 (compatible; MSIE 7.0; Windows NT 5.1; NN5.0.2.22)"
70.108.76.222 - - [05/Aug/2007:08:02:59 -0700] "GET / HTTP/1.1" 200 10654 "-" "Mozilla/4.0 (compatible; MSIE 7.0; Windows NT 5.1; NN5.0.2.22)"
::1 - - [05/Aug/2007:08:03:20 -0700] "GET /" 400 669 "-" "-"
::1 - - [05/Aug/2007:08:03:22 -0700] "GET /" 400 669 "-" "-"
::1 - - [05/Aug/2007:08:03:24 -0700] "GET /" 400 669 "-" "-"
212.93.185.123 - - [05/Aug/2007:08:02:01 -0700] "GET /Install/setup.exe HTTP/1.1" 200 13072520 "-" "Opera/9.0 (Windows NT 5.1; U; en)"
::1 - - [05/Aug/2007:08:03:25 -0700] "GET /" 400 669 "-" "-"
::1 - - [05/Aug/2007:08:03:26 -0700] "GET /" 400 669 "-" "-"
::1 - - [05/Aug/2007:08:03:27 -0700] "GET /" 400 669 "-" "-"
207.46.98.120 - - [05/Aug/2007:08:03:48 -0700] "GET /robots.txt HTTP/1.0" 404 405 "-" "msnbot/1.0 (+http://search.msn.com/msnbot.htm)"
207.46.98.120 - - [05/Aug/2007:08:03:48 -0700] "GET /index.php HTTP/1.0" 200 10654 "-" "msnbot/1.0 (+http://search.msn.com/msnbot.htm)"
70.108.76.222 - - [05/Aug/2007:08:02:57 -0700] "GET /Install/setup.exe HTTP/1.1" 200 13072520 "http://www.helpwithmath.com/Install/saving_running.htm" "Mozilla/4.0 (compatible; MSIE 7.0; Windows NT 5.1; NN5.0.2.22)"
::1 - - [05/Aug/2007:08:03:56 -0700] "GET /" 400 669 "-" "-"
::1 - - [05/Aug/2007:08:03:57 -0700] "GET /" 400 669 "-" "-"
74.6.19.74 - - [05/Aug/2007:08:04:24 -0700] "GET /robots.txt HTTP/1.0" 404 401 "-" "Mozilla/5.0 (compatible; Yahoo! Slurp; http://help.yahoo.com/help/us/ysearch/slurp)"
74.6.20.124 - - [05/Aug/2007:08:04:25 -0700] "GET /graphs.php?include=graphode.html HTTP/1.0" 200 8956 "-" "Mozilla/5.0 (compatible; Yahoo! Slurp; http://help.yahoo.com/help/us/ysearch/slurp)"
::1 - - [05/Aug/2007:08:04:25 -0700] "GET /" 400 669 "-" "-"
::1 - - [05/Aug/2007:08:04:30 -0700] "GET /" 400 669 "-" "-"
::1 - - [05/Aug/2007:08:06:37 -0700] "GET /" 400 669 "-" "-"
::1 - - [05/Aug/2007:08:06:38 -0700] "GET /" 400 669 "-" "-"
::1 - - [05/Aug/2007:08:06:39 -0700] "GET /" 400 669 "-" "-"
70.108.76.222 - - [05/Aug/2007:08:06:41 -0700] "GET /Install/SaveOrRun.php?Email=ikea@cab-asc.com&WhichDisk=7 HTTP/1.1" 200 5235 "http://www.helpwithmath.com/download2.php" "Mozilla/4.0 (compatible; MSIE 7.0; Windows NT 5.1; NN5.0.2.22)"
70.108.76.222 - - [05/Aug/2007:08:06:42 -0700] "GET /Install/header_fill.jpg HTTP/1.1" 304 - "http://www.helpwithmath.com/Install/SaveOrRun.php?Email=ikea@cab-asc.com&WhichDisk=7" "Mozilla/4.0 (compatible; MSIE 7.0; Windows NT 5.1; NN5.0.2.22)"
70.108.76.222 - - [05/Aug/2007:08:06:43 -0700] "GET /Install/oci_header.jpg HTTP/1.1" 304 - "http://www.helpwithmath.com/Install/SaveOrRun.php?Email=ikea@cab-asc.com&WhichDisk=7" "Mozilla/4.0 (compatible; MSIE 7.0; Windows NT 5.1; NN5.0.2.22)"
70.108.76.222 - - [05/Aug/2007:08:06:43 -0700] "GET /Install/UL.gif HTTP/1.1" 304 - "http://www.helpwithmath.com/Install/SaveOrRun.php?Email=ikea@cab-asc.com&WhichDisk=7" "Mozilla/4.0 (compatible; MSIE 7.0; Windows NT 5.1; NN5.0.2.22)"
70.108.76.222 - - [05/Aug/2007:08:06:43 -0700] "GET /Install/UR.gif HTTP/1.1" 304 - "http://www.helpwithmath.com/Install/SaveOrRun.php?Email=ikea@cab-asc.com&WhichDisk=7" "Mozilla/4.0 (compatible; MSIE 7.0; Windows NT 5.1; NN5.0.2.22)"
70.108.76.222 - - [05/Aug/2007:08:06:44 -0700] "GET /Install/b_saveorrun.gif HTTP/1.1" 304 - "http://www.helpwithmath.com/Install/SaveOrRun.php?Email=ikea@cab-asc.com&WhichDisk=7" "Mozilla/4.0 (compatible; MSIE 7.0; Windows NT 5.1; NN5.0.2.22)"
70.108.76.222 - - [05/Aug/2007:08:06:44 -0700] "GET /Install/LL.gif HTTP/1.1" 304 - "http://www.helpwithmath.com/Install/SaveOrRun.php?Email=ikea@cab-asc.com&WhichDisk=7" "Mozilla/4.0 (compatible; MSIE 7.0; Windows NT 5.1; NN5.0.2.22)"
70.108.76.222 - - [05/Aug/2007:08:06:44 -0700] "GET /Install/LR.gif HTTP/1.1" 304 - "http://www.helpwithmath.com/Install/SaveOrRun.php?Email=ikea@cab-asc.com&WhichDisk=7" "Mozilla/4.0 (compatible; MSIE 7.0; Windows NT 5.1; NN5.0.2.22)"
70.108.76.222 - - [05/Aug/2007:08:06:48 -0700] "GET /HelpWithMathStyle.css HTTP/1.1" 304 - "http://www.helpwithmath.com/download2.php" "Mozilla/4.0 (compatible; MSIE 7.0; Windows NT 5.1; NN5.0.2.22)"
70.108.76.222 - - [05/Aug/2007:08:06:48 -0700] "GET /fold.gif HTTP/1.1" 304 - "http://www.helpwithmath.com/download2.php" "Mozilla/4.0 (compatible; MSIE 7.0; Windows NT 5.1; NN5.0.2.22)"
70.108.76.222 - - [05/Aug/2007:08:06:49 -0700] "GET /open.gif HTTP/1.1" 304 - "http://www.helpwithmath.com/download2.php" "Mozilla/4.0 (compatible; MSIE 7.0; Windows NT 5.1; NN5.0.2.22)"
70.108.76.222 - - [05/Aug/2007:08:06:49 -0700] "GET /include/Ramanujan1-quality15.jpg HTTP/1.1" 304 - "http://www.helpwithmath.com/download2.php" "Mozilla/4.0 (compatible; MSIE 7.0; Windows NT 5.1; NN5.0.2.22)"
70.108.76.222 - - [05/Aug/2007:08:06:49 -0700] "GET /gblnav_left.gif HTTP/1.1" 304 - "http://www.helpwithmath.com/download2.php" "Mozilla/4.0 (compatible; MSIE 7.0; Windows NT 5.1; NN5.0.2.22)"
70.108.76.222 - - [05/Aug/2007:08:06:49 -0700] "GET /glbnav_background.gif HTTP/1.1" 304 - "http://www.helpwithmath.com/download2.php" "Mozilla/4.0 (compatible; MSIE 7.0; Windows NT 5.1; NN5.0.2.22)"
70.108.76.222 - - [05/Aug/2007:08:06:49 -0700] "GET /glbnav_right.gif HTTP/1.1" 304 - "http://www.helpwithmath.com/download2.php" "Mozilla/4.0 (compatible; MSIE 7.0; Windows NT 5.1; NN5.0.2.22)"
70.108.76.222 - - [05/Aug/2007:08:06:49 -0700] "GET /Spacer.gif HTTP/1.1" 304 - "http://www.helpwithmath.com/download2.php" "Mozilla/4.0 (compatible; MSIE 7.0; Windows NT 5.1; NN5.0.2.22)"
70.108.76.222 - - [05/Aug/2007:08:06:50 -0700] "GET /include/Background.gif HTTP/1.1" 304 - "http://www.helpwithmath.com/download2.php" "Mozilla/4.0 (compatible; MSIE 7.0; Windows NT 5.1; NN5.0.2.22)"
70.108.76.222 - - [05/Aug/2007:08:06:50 -0700] "GET /TransparentMathXpertLogo.gif HTTP/1.1" 304 - "http://www.helpwithmath.com/download2.php" "Mozilla/4.0 (compatible; MSIE 7.0; Windows NT 5.1; NN5.0.2.22)"
70.108.76.222 - - [05/Aug/2007:08:06:57 -0700] "GET /glblnav_selected.gif HTTP/1.1" 200 158 "http://www.helpwithmath.com/download2.php" "Mozilla/4.0 (compatible; MSIE 7.0; Windows NT 5.1; NN5.0.2.22)"
::1 - - [05/Aug/2007:08:07:07 -0700] "GET /" 400 669 "-" "-"
::1 - - [05/Aug/2007:08:07:14 -0700] "GET /" 400 669 "-" "-"
::1 - - [05/Aug/2007:08:07:17 -0700] "GET /" 400 669 "-" "-"
::1 - - [05/Aug/2007:08:07:18 -0700] "GET /" 400 669 "-" "-"
::1 - - [05/Aug/2007:08:07:19 -0700] "GET /" 400 669 "-" "-"
::1 - - [05/Aug/2007:08:07:20 -0700] "GET /" 400 669 "-" "-"
70.108.76.222 - - [05/Aug/2007:08:07:33 -0700] "POST /download2.php?state=Edit HTTP/1.1" 302 9263 "http://www.helpwithmath.com/download2.php" "Mozilla/4.0 (compatible; MSIE 7.0; Windows NT 5.1; NN5.0.2.22)"
70.108.76.222 - - [05/Aug/2007:08:07:34 -0700] "GET /Install/SaveOrRun.php?Email=crystal@cab-asc.com&WhichDisk=7 HTTP/1.1" 200 5235 "http://www.helpwithmath.com/download2.php" "Mozilla/4.0 (compatible; MSIE 7.0; Windows NT 5.1; NN5.0.2.22)"
70.108.76.222 - - [05/Aug/2007:08:07:35 -0700] "GET / HTTP/1.1" 200 10654 "-" "Mozilla/4.0 (compatible; MSIE 7.0; Windows NT 5.1; NN5.0.2.22)"
::1 - - [05/Aug/2007:08:07:50 -0700] "GET /" 400 669 "-" "-"
::1 - - [05/Aug/2007:08:07:53 -0700] "GET /" 400 669 "-" "-"
::1 - - [05/Aug/2007:08:07:59 -0700] "GET /" 400 669 "-" "-"
::1 - - [05/Aug/2007:08:08:00 -0700] "GET /" 400 669 "-" "-"
::1 - - [05/Aug/2007:08:08:01 -0700] "GET /" 400 669 "-" "-"
::1 - - [05/Aug/2007:08:08:02 -0700] "GET /" 400 669 "-" "-"
::1 - - [05/Aug/2007:08:08:40 -0700] "GET /" 400 669 "-" "-"
84.133.95.129 - - [05/Aug/2007:08:10:21 -0700] "GET /?gclid=CIqot6XT3o0CFQZcXgodiAz6cg HTTP/1.1" 200 10654 "http://www.answers.com/topic/number-theory?cat=technology" "Mozilla/5.0 (Windows; U; Win98; de; rv:1.8.1.6) Gecko/20070725 Firefox/2.0.0.6"
84.133.95.129 - - [05/Aug/2007:08:10:22 -0700] "GET /HelpWithMathStyle.css HTTP/1.1" 200 7201 "http://www.helpwithmath.com/?gclid=CIqot6XT3o0CFQZcXgodiAz6cg" "Mozilla/5.0 (Windows; U; Win98; de; rv:1.8.1.6) Gecko/20070725 Firefox/2.0.0.6"
84.133.95.129 - - [05/Aug/2007:08:10:23 -0700] "GET /open.gif HTTP/1.1" 200 125 "http://www.helpwithmath.com/?gclid=CIqot6XT3o0CFQZcXgodiAz6cg" "Mozilla/5.0 (Windows; U; Win98; de; rv:1.8.1.6) Gecko/20070725 Firefox/2.0.0.6"
84.133.95.129 - - [05/Aug/2007:08:10:23 -0700] "GET /fold.gif HTTP/1.1" 200 119 "http://www.helpwithmath.com/?gclid=CIqot6XT3o0CFQZcXgodiAz6cg" "Mozilla/5.0 (Windows; U; Win98; de; rv:1.8.1.6) Gecko/20070725 Firefox/2.0.0.6"
84.133.95.129 - - [05/Aug/2007:08:10:23 -0700] "GET /glbnav_right.gif HTTP/1.1" 200 578 "http://www.helpwithmath.com/?gclid=CIqot6XT3o0CFQZcXgodiAz6cg" "Mozilla/5.0 (Windows; U; Win98; de; rv:1.8.1.6) Gecko/20070725 Firefox/2.0.0.6"
84.133.95.129 - - [05/Aug/2007:08:10:23 -0700] "GET /gblnav_left.gif HTTP/1.1" 200 580 "http://www.helpwithmath.com/?gclid=CIqot6XT3o0CFQZcXgodiAz6cg" "Mozilla/5.0 (Windows; U; Win98; de; rv:1.8.1.6) Gecko/20070725 Firefox/2.0.0.6"
84.133.95.129 - - [05/Aug/2007:08:10:23 -0700] "GET /Spacer.gif HTTP/1.1" 200 52 "http://www.helpwithmath.com/?gclid=CIqot6XT3o0CFQZcXgodiAz6cg" "Mozilla/5.0 (Windows; U; Win98; de; rv:1.8.1.6) Gecko/20070725 Firefox/2.0.0.6"
84.133.95.129 - - [05/Aug/2007:08:10:23 -0700] "GET /TransparentMathXpertLogo.gif HTTP/1.1" 200 1845 "http://www.helpwithmath.com/?gclid=CIqot6XT3o0CFQZcXgodiAz6cg" "Mozilla/5.0 (Windows; U; Win98; de; rv:1.8.1.6) Gecko/20070725 Firefox/2.0.0.6"
84.133.95.129 - - [05/Aug/2007:08:10:24 -0700] "GET /demo/image4.gif HTTP/1.1" 200 17692 "http://www.helpwithmath.com/?gclid=CIqot6XT3o0CFQZcXgodiAz6cg" "Mozilla/5.0 (Windows; U; Win98; de; rv:1.8.1.6) Gecko/20070725 Firefox/2.0.0.6"
84.133.95.129 - - [05/Aug/2007:08:10:24 -0700] "GET /demo/step4a.gif HTTP/1.1" 200 18054 "http://www.helpwithmath.com/?gclid=CIqot6XT3o0CFQZcXgodiAz6cg" "Mozilla/5.0 (Windows; U; Win98; de; rv:1.8.1.6) Gecko/20070725 Firefox/2.0.0.6"
84.133.95.129 - - [05/Aug/2007:08:10:25 -0700] "GET /glbnav_background.gif HTTP/1.1" 200 301 "http://www.helpwithmath.com/HelpWithMathStyle.css" "Mozilla/5.0 (Windows; U; Win98; de; rv:1.8.1.6) Gecko/20070725 Firefox/2.0.0.6"
84.133.95.129 - - [05/Aug/2007:08:10:25 -0700] "GET /include/Ramanujan1-quality15.jpg HTTP/1.1" 200 34375 "http://www.helpwithmath.com/HelpWithMathStyle.css" "Mozilla/5.0 (Windows; U; Win98; de; rv:1.8.1.6) Gecko/20070725 Firefox/2.0.0.6"
84.133.95.129 - - [05/Aug/2007:08:10:25 -0700] "GET /include/Background.gif HTTP/1.1" 200 52448 "http://www.helpwithmath.com/HelpWithMathStyle.css" "Mozilla/5.0 (Windows; U; Win98; de; rv:1.8.1.6) Gecko/20070725 Firefox/2.0.0.6"
84.133.95.129 - - [05/Aug/2007:08:10:27 -0700] "GET /favicon.ico HTTP/1.1" 404 405 "-" "Mozilla/5.0 (Windows; U; Win98; de; rv:1.8.1.6) Gecko/20070725 Firefox/2.0.0.6"
::1 - - [05/Aug/2007:08:10:41 -0700] "GET /" 400 669 "-" "-"
::1 - - [05/Aug/2007:08:10:43 -0700] "GET /" 400 669 "-" "-"
::1 - - [05/Aug/2007:08:10:45 -0700] "GET /" 400 669 "-" "-"
::1 - - [05/Aug/2007:08:11:21 -0700] "GET /" 400 669 "-" "-"
::1 - - [05/Aug/2007:08:11:41 -0700] "GET /" 400 669 "-" "-"
207.46.98.120 - - [05/Aug/2007:08:12:30 -0700] "GET /purchase.php HTTP/1.0" 200 11698 "-" "msnbot/1.0 (+http://search.msn.com/msnbot.htm)"
84.133.95.129 - - [05/Aug/2007:08:12:32 -0700] "GET /about.php?include=stepbystep.html HTTP/1.1" 200 9635 "http://www.helpwithmath.com/?gclid=CIqot6XT3o0CFQZcXgodiAz6cg" "Mozilla/5.0 (Windows; U; Win98; de; rv:1.8.1.6) Gecko/20070725 Firefox/2.0.0.6"
84.133.95.129 - - [05/Aug/2007:08:12:33 -0700] "GET /demo/image3.gif HTTP/1.1" 200 17367 "http://www.helpwithmath.com/about.php?include=stepbystep.html" "Mozilla/5.0 (Windows; U; Win98; de; rv:1.8.1.6) Gecko/20070725 Firefox/2.0.0.6"
84.133.95.129 - - [05/Aug/2007:08:12:33 -0700] "GET /demo/image2.gif HTTP/1.1" 200 17372 "http://www.helpwithmath.com/about.php?include=stepbystep.html" "Mozilla/5.0 (Windows; U; Win98; de; rv:1.8.1.6) Gecko/20070725 Firefox/2.0.0.6"
84.133.95.129 - - [05/Aug/2007:08:12:42 -0700] "GET /glblnav_selected.gif HTTP/1.1" 200 158 "http://www.helpwithmath.com/HelpWithMathStyle.css" "Mozilla/5.0 (Windows; U; Win98; de; rv:1.8.1.6) Gecko/20070725 Firefox/2.0.0.6"
84.133.95.129 - - [05/Aug/2007:08:12:54 -0700] "GET /index.php HTTP/1.1" 200 10654 "http://www.helpwithmath.com/about.php?include=stepbystep.html" "Mozilla/5.0 (Windows; U; Win98; de; rv:1.8.1.6) Gecko/20070725 Firefox/2.0.0.6"
84.133.95.129 - - [05/Aug/2007:08:14:17 -0700] "GET /download.php HTTP/1.1" 200 9885 "http://www.helpwithmath.com/index.php" "Mozilla/5.0 (Windows; U; Win98; de; rv:1.8.1.6) Gecko/20070725 Firefox/2.0.0.6"
84.133.95.129 - - [05/Aug/2007:08:14:48 -0700] "POST /download2.php HTTP/1.1" 302 9166 "http://www.helpwithmath.com/download.php" "Mozilla/5.0 (Windows; U; Win98; de; rv:1.8.1.6) Gecko/20070725 Firefox/2.0.0.6"
84.133.95.129 - - [05/Aug/2007:08:14:49 -0700] "GET /download3.php?ProductType=individual HTTP/1.1" 302 8680 "http://www.helpwithmath.com/download.php" "Mozilla/5.0 (Windows; U; Win98; de; rv:1.8.1.6) Gecko/20070725 Firefox/2.0.0.6"
84.133.95.129 - - [05/Aug/2007:08:14:49 -0700] "GET /purchase.php?WhichDisk=&ProductType=individual HTTP/1.1" 200 11698 "http://www.helpwithmath.com/download.php" "Mozilla/5.0 (Windows; U; Win98; de; rv:1.8.1.6) Gecko/20070725 Firefox/2.0.0.6"
74.6.26.229 - - [05/Aug/2007:08:16:16 -0700] "GET /graphs.php?include=graphrelation.html HTTP/1.0" 200 8729 "-" "Mozilla/5.0 (compatible; Yahoo! Slurp; http://help.yahoo.com/help/us/ysearch/slurp)"
::1 - - [05/Aug/2007:08:17:18 -0700] "GET /" 400 669 "-" "-"
::1 - - [05/Aug/2007:08:17:19 -0700] "GET /" 400 669 "-" "-"
::1 - - [05/Aug/2007:08:17:20 -0700] "GET /" 400 669 "-" "-"
::1 - - [05/Aug/2007:08:17:21 -0700] "GET /" 400 669 "-" "-"
::1 - - [05/Aug/2007:08:19:04 -0700] "GET /" 400 669 "-" "-"
82.81.79.202 - - [05/Aug/2007:08:22:37 -0700] "GET / HTTP/1.1" 200 10654 "http://www.khleeg.com/vb/53616.html" "Mozilla/4.0 (compatible; MSIE 6.0; Windows NT 5.1; SV1; FunWebProducts)"
82.81.79.202 - - [05/Aug/2007:08:22:37 -0700] "GET /HelpWithMathStyle.css HTTP/1.1" 200 7201 "http://www.helpwithmath.com/" "Mozilla/4.0 (compatible; MSIE 6.0; Windows NT 5.1; SV1; FunWebProducts)"
82.81.79.202 - - [05/Aug/2007:08:22:38 -0700] "GET /fold.gif HTTP/1.1" 200 119 "http://www.helpwithmath.com/" "Mozilla/4.0 (compatible; MSIE 6.0; Windows NT 5.1; SV1; FunWebProducts)"
82.81.79.202 - - [05/Aug/2007:08:22:38 -0700] "GET /open.gif HTTP/1.1" 200 125 "http://www.helpwithmath.com/" "Mozilla/4.0 (compatible; MSIE 6.0; Windows NT 5.1; SV1; FunWebProducts)"
82.81.79.202 - - [05/Aug/2007:08:22:39 -0700] "GET /gblnav_left.gif HTTP/1.1" 200 580 "http://www.helpwithmath.com/" "Mozilla/4.0 (compatible; MSIE 6.0; Windows NT 5.1; SV1; FunWebProducts)"
82.81.79.202 - - [05/Aug/2007:08:22:39 -0700] "GET /glbnav_right.gif HTTP/1.1" 200 578 "http://www.helpwithmath.com/" "Mozilla/4.0 (compatible; MSIE 6.0; Windows NT 5.1; SV1; FunWebProducts)"
82.81.79.202 - - [05/Aug/2007:08:22:39 -0700] "GET /Spacer.gif HTTP/1.1" 200 52 "http://www.helpwithmath.com/" "Mozilla/4.0 (compatible; MSIE 6.0; Windows NT 5.1; SV1; FunWebProducts)"
82.81.79.202 - - [05/Aug/2007:08:22:39 -0700] "GET /TransparentMathXpertLogo.gif HTTP/1.1" 200 1845 "http://www.helpwithmath.com/" "Mozilla/4.0 (compatible; MSIE 6.0; Windows NT 5.1; SV1; FunWebProducts)"
82.81.79.202 - - [05/Aug/2007:08:22:40 -0700] "GET /demo/step4a.gif HTTP/1.1" 200 18054 "http://www.helpwithmath.com/" "Mozilla/4.0 (compatible; MSIE 6.0; Windows NT 5.1; SV1; FunWebProducts)"
82.81.79.202 - - [05/Aug/2007:08:22:39 -0700] "GET /demo/image4.gif HTTP/1.1" 200 17692 "http://www.helpwithmath.com/" "Mozilla/4.0 (compatible; MSIE 6.0; Windows NT 5.1; SV1; FunWebProducts)"
82.81.79.202 - - [05/Aug/2007:08:22:41 -0700] "GET /glbnav_background.gif HTTP/1.1" 200 301 "http://www.helpwithmath.com/" "Mozilla/4.0 (compatible; MSIE 6.0; Windows NT 5.1; SV1; FunWebProducts)"
82.81.79.202 - - [05/Aug/2007:08:22:41 -0700] "GET /include/Ramanujan1-quality15.jpg HTTP/1.1" 200 34375 "http://www.helpwithmath.com/" "Mozilla/4.0 (compatible; MSIE 6.0; Windows NT 5.1; SV1; FunWebProducts)"
82.81.79.202 - - [05/Aug/2007:08:22:41 -0700] "GET /include/Background.gif HTTP/1.1" 200 52448 "http://www.helpwithmath.com/" "Mozilla/4.0 (compatible; MSIE 6.0; Windows NT 5.1; SV1; FunWebProducts)"
82.81.79.202 - - [05/Aug/2007:08:22:43 -0700] "GET /favicon.ico HTTP/1.1" 404 405 "-" "Mozilla/5.0 (compatible; Google Desktop)"
70.108.76.222 - - [05/Aug/2007:08:22:47 -0700] "GET /Install/saving_running.htm HTTP/1.1" 304 - "http://www.helpwithmath.com/Install/SaveOrRun.php?Email=crystal@cab-asc.com&WhichDisk=7" "Mozilla/4.0 (compatible; MSIE 7.0; Windows NT 5.1; NN5.0.2.22)"
70.108.76.222 - - [05/Aug/2007:08:22:47 -0700] "GET / HTTP/1.1" 200 10654 "-" "Mozilla/4.0 (compatible; MSIE 7.0; Windows NT 5.1; NN5.0.2.22)"
70.108.76.222 - - [05/Aug/2007:08:22:50 -0700] "GET /Install/setup.exe HTTP/1.1" 304 - "-" "Mozilla/4.0 (compatible; MSIE 7.0; Windows NT 5.1; NN5.0.2.22)"
70.108.76.222 - - [05/Aug/2007:08:22:51 -0700] "GET / HTTP/1.1" 200 10654 "-" "Mozilla/4.0 (compatible; MSIE 7.0; Windows NT 5.1; NN5.0.2.22)"
70.108.76.222 - - [05/Aug/2007:08:22:51 -0700] "GET / HTTP/1.1" 200 8354 "-" "Mozilla/4.0 (compatible; MSIE 7.0; Windows NT 5.1; NN5.0.2.22)"
70.108.76.222 - - [05/Aug/2007:08:22:52 -0700] "GET / HTTP/1.1" 200 10654 "-" "Mozilla/4.0 (compatible; MSIE 7.0; Windows NT 5.1; NN5.0.2.22)"
