196.12.206.88 - - [05/Aug/2007:15:24:54 -0700] "GET /Install/setup.exe HTTP/1.1" 206 1534878 "http://www.helpwithmath.com/Install/saving_running.htm" "Mozilla/4.0 (compatible; MSIE 6.0; Windows NT 5.1; SV1; MEGAUPLOAD 2.0; FDM)"
68.21.47.61 - - [05/Aug/2007:15:29:13 -0700] "GET /?gclid=CKWE67G1340CFQJUYQodLETNfg HTTP/1.1" 200 10654 "http://pagead2.googlesyndication.com/pagead/ads?client=ca-pub-8886524782132322&dt=1186352965593&lmt=1176919304&alternate_ad_url=http%3A%2F%2Fwww.analyzemath.com%2Fgoogle_adsense_script.htm&format=300x250_as&output=html&correlator=1186352965593&channel=1697870446&url=http%3A%2F%2Fwww.analyzemath.com%2Fmath_problems%2Ffunctions_questions.html&color_bg=FFFFEE&color_text=FF6600&color_link=FF0033&color_url=6666FF&color_border=FFFFEE&ad_type=text_image&ref=http%3A%2F%2Fwww.analyzemath.com%2Fprecalculustests.html&cc=469&flash=9&u_h=768&u_w=1024&u_ah=738&u_aw=1024&u_cd=32&u_tz=-240&u_his=8&u_java=true" "Mozilla/4.0 (compatible; MSIE 7.0; Windows NT 5.1; YPC 3.2.0; IEMB3; IEMB3; yplus 5.1.04b)"
68.21.47.61 - - [05/Aug/2007:15:29:13 -0700] "GET /HelpWithMathStyle.css HTTP/1.1" 200 7201 "http://www.helpwithmath.com/?gclid=CKWE67G1340CFQJUYQodLETNfg" "Mozilla/4.0 (compatible; MSIE 7.0; Windows NT 5.1; YPC 3.2.0; IEMB3; IEMB3; yplus 5.1.04b)"
196.12.206.88 - - [05/Aug/2007:15:28:00 -0700] "GET /Install/setup.exe HTTP/1.1" 206 572329 "http://www.helpwithmath.com/Install/saving_running.htm" "Mozilla/4.0 (compatible; MSIE 6.0; Windows NT 5.1; SV1; MEGAUPLOAD 2.0; FDM)"
68.21.47.61 - - [05/Aug/2007:15:29:13 -0700] "GET /open.gif HTTP/1.1" 200 125 "http://www.helpwithmath.com/?gclid=CKWE67G1340CFQJUYQodLETNfg" "Mozilla/4.0 (compatible; MSIE 7.0; Windows NT 5.1; YPC 3.2.0; IEMB3; IEMB3; yplus 5.1.04b)"
68.21.47.61 - - [05/Aug/2007:15:29:13 -0700] "GET /fold.gif HTTP/1.1" 200 119 "http://www.helpwithmath.com/?gclid=CKWE67G1340CFQJUYQodLETNfg" "Mozilla/4.0 (compatible; MSIE 7.0; Windows NT 5.1; YPC 3.2.0; IEMB3; IEMB3; yplus 5.1.04b)"
68.21.47.61 - - [05/Aug/2007:15:29:13 -0700] "GET /gblnav_left.gif HTTP/1.1" 200 580 "http://www.helpwithmath.com/?gclid=CKWE67G1340CFQJUYQodLETNfg" "Mozilla/4.0 (compatible; MSIE 7.0; Windows NT 5.1; YPC 3.2.0; IEMB3; IEMB3; yplus 5.1.04b)"
68.21.47.61 - - [05/Aug/2007:15:29:13 -0700] "GET /glbnav_right.gif HTTP/1.1" 200 578 "http://www.helpwithmath.com/?gclid=CKWE67G1340CFQJUYQodLETNfg" "Mozilla/4.0 (compatible; MSIE 7.0; Windows NT 5.1; YPC 3.2.0; IEMB3; IEMB3; yplus 5.1.04b)"
68.21.47.61 - - [05/Aug/2007:15:29:14 -0700] "GET /Spacer.gif HTTP/1.1" 200 52 "http://www.helpwithmath.com/?gclid=CKWE67G1340CFQJUYQodLETNfg" "Mozilla/4.0 (compatible; MSIE 7.0; Windows NT 5.1; YPC 3.2.0; IEMB3; IEMB3; yplus 5.1.04b)"
68.21.47.61 - - [05/Aug/2007:15:29:14 -0700] "GET /TransparentMathXpertLogo.gif HTTP/1.1" 200 1845 "http://www.helpwithmath.com/?gclid=CKWE67G1340CFQJUYQodLETNfg" "Mozilla/4.0 (compatible; MSIE 7.0; Windows NT 5.1; YPC 3.2.0; IEMB3; IEMB3; yplus 5.1.04b)"
68.21.47.61 - - [05/Aug/2007:15:29:14 -0700] "GET /demo/image4.gif HTTP/1.1" 200 17692 "http://www.helpwithmath.com/?gclid=CKWE67G1340CFQJUYQodLETNfg" "Mozilla/4.0 (compatible; MSIE 7.0; Windows NT 5.1; YPC 3.2.0; IEMB3; IEMB3; yplus 5.1.04b)"
68.21.47.61 - - [05/Aug/2007:15:29:14 -0700] "GET /include/Ramanujan1-quality15.jpg HTTP/1.1" 200 34375 "http://www.helpwithmath.com/?gclid=CKWE67G1340CFQJUYQodLETNfg" "Mozilla/4.0 (compatible; MSIE 7.0; Windows NT 5.1; YPC 3.2.0; IEMB3; IEMB3; yplus 5.1.04b)"
68.21.47.61 - - [05/Aug/2007:15:29:14 -0700] "GET /glbnav_background.gif HTTP/1.1" 200 301 "http://www.helpwithmath.com/?gclid=CKWE67G1340CFQJUYQodLETNfg" "Mozilla/4.0 (compatible; MSIE 7.0; Windows NT 5.1; YPC 3.2.0; IEMB3; IEMB3; yplus 5.1.04b)"
68.21.47.61 - - [05/Aug/2007:15:29:14 -0700] "GET /demo/step4a.gif HTTP/1.1" 200 18054 "http://www.helpwithmath.com/?gclid=CKWE67G1340CFQJUYQodLETNfg" "Mozilla/4.0 (compatible; MSIE 7.0; Windows NT 5.1; YPC 3.2.0; IEMB3; IEMB3; yplus 5.1.04b)"
68.21.47.61 - - [05/Aug/2007:15:29:14 -0700] "GET /include/Background.gif HTTP/1.1" 200 52448 "http://www.helpwithmath.com/?gclid=CKWE67G1340CFQJUYQodLETNfg" "Mozilla/4.0 (compatible; MSIE 7.0; Windows NT 5.1; YPC 3.2.0; IEMB3; IEMB3; yplus 5.1.04b)"
68.21.47.61 - - [05/Aug/2007:15:29:14 -0700] "GET /favicon.ico HTTP/1.1" 404 405 "-" "Mozilla/4.0 (compatible; MSIE 7.0; Windows NT 5.1; YPC 3.2.0; IEMB3; IEMB3)"
196.12.206.88 - - [05/Aug/2007:15:27:29 -0700] "GET /Install/setup.exe HTTP/1.1" 206 1884018 "http://www.helpwithmath.com/Install/saving_running.htm" "Mozilla/4.0 (compatible; MSIE 6.0; Windows NT 5.1; SV1; MEGAUPLOAD 2.0; FDM)"
196.12.206.88 - - [05/Aug/2007:15:24:50 -0700] "GET /Install/setup.exe HTTP/1.1" 206 644089 "http://www.helpwithmath.com/Install/saving_running.htm" "Mozilla/4.0 (compatible; MSIE 6.0; Windows NT 5.1; SV1; MEGAUPLOAD 2.0; FDM)"
196.12.206.88 - - [05/Aug/2007:15:27:29 -0700] "GET /Install/setup.exe HTTP/1.1" 206 3355414 "http://www.helpwithmath.com/Install/saving_running.htm" "Mozilla/4.0 (compatible; MSIE 6.0; Windows NT 5.1; SV1; MEGAUPLOAD 2.0; FDM)"
68.21.47.61 - - [05/Aug/2007:15:29:25 -0700] "GET /glblnav_selected.gif HTTP/1.1" 200 158 "http://www.helpwithmath.com/?gclid=CKWE67G1340CFQJUYQodLETNfg" "Mozilla/4.0 (compatible; MSIE 7.0; Windows NT 5.1; YPC 3.2.0; IEMB3; IEMB3; yplus 5.1.04b)"
::1 - - [05/Aug/2007:15:29:37 -0700] "GET /" 400 669 "-" "-"
::1 - - [05/Aug/2007:15:29:38 -0700] "GET /" 400 669 "-" "-"
::1 - - [05/Aug/2007:15:29:43 -0700] "GET /" 400 669 "-" "-"
::1 - - [05/Aug/2007:15:29:46 -0700] "GET /" 400 669 "-" "-"
::1 - - [05/Aug/2007:15:29:47 -0700] "GET /" 400 669 "-" "-"
::1 - - [05/Aug/2007:15:29:50 -0700] "GET /" 400 669 "-" "-"
::1 - - [05/Aug/2007:15:29:51 -0700] "GET /" 400 669 "-" "-"
::1 - - [05/Aug/2007:15:29:52 -0700] "GET /" 400 669 "-" "-"
::1 - - [05/Aug/2007:15:29:53 -0700] "GET /" 400 669 "-" "-"
::1 - - [05/Aug/2007:15:29:54 -0700] "GET /" 400 669 "-" "-"
::1 - - [05/Aug/2007:15:29:55 -0700] "GET /" 400 669 "-" "-"
::1 - - [05/Aug/2007:15:29:56 -0700] "GET /" 400 669 "-" "-"
::1 - - [05/Aug/2007:15:29:57 -0700] "GET /" 400 669 "-" "-"
::1 - - [05/Aug/2007:15:29:58 -0700] "GET /" 400 669 "-" "-"
::1 - - [05/Aug/2007:15:29:59 -0700] "GET /" 400 669 "-" "-"
::1 - - [05/Aug/2007:15:30:00 -0700] "GET /" 400 669 "-" "-"
::1 - - [05/Aug/2007:15:30:01 -0700] "GET /" 400 669 "-" "-"
::1 - - [05/Aug/2007:15:30:02 -0700] "GET /" 400 669 "-" "-"
::1 - - [05/Aug/2007:15:30:03 -0700] "GET /" 400 669 "-" "-"
::1 - - [05/Aug/2007:15:30:04 -0700] "GET /" 400 669 "-" "-"
::1 - - [05/Aug/2007:15:30:05 -0700] "GET /" 400 669 "-" "-"
::1 - - [05/Aug/2007:15:30:06 -0700] "GET /" 400 669 "-" "-"
::1 - - [05/Aug/2007:15:30:07 -0700] "GET /" 400 669 "-" "-"
::1 - - [05/Aug/2007:15:30:08 -0700] "GET /" 400 669 "-" "-"
::1 - - [05/Aug/2007:15:30:09 -0700] "GET /" 400 669 "-" "-"
::1 - - [05/Aug/2007:15:30:10 -0700] "GET /" 400 669 "-" "-"
::1 - - [05/Aug/2007:15:30:11 -0700] "GET /" 400 669 "-" "-"
::1 - - [05/Aug/2007:15:30:12 -0700] "GET /" 400 669 "-" "-"
::1 - - [05/Aug/2007:15:30:13 -0700] "GET /" 400 669 "-" "-"
::1 - - [05/Aug/2007:15:30:14 -0700] "GET /" 400 669 "-" "-"
::1 - - [05/Aug/2007:15:30:15 -0700] "GET /" 400 669 "-" "-"
::1 - - [05/Aug/2007:15:30:16 -0700] "GET /" 400 669 "-" "-"
196.12.206.88 - - [05/Aug/2007:15:28:58 -0700] "GET /Install/setup.exe HTTP/1.1" 206 554389 "http://www.helpwithmath.com/Install/saving_running.htm" "Mozilla/4.0 (compatible; MSIE 6.0; Windows NT 5.1; SV1; MEGAUPLOAD 2.0; FDM)"
::1 - - [05/Aug/2007:15:30:23 -0700] "GET /" 400 669 "-" "-"
196.12.206.88 - - [05/Aug/2007:15:27:04 -0700] "GET /Install/setup.exe HTTP/1.1" 206 1921278 "http://www.helpwithmath.com/Install/saving_running.htm" "Mozilla/4.0 (compatible; MSIE 6.0; Windows NT 5.1; SV1; MEGAUPLOAD 2.0; FDM)"
::1 - - [05/Aug/2007:15:30:30 -0700] "GET /" 400 669 "-" "-"
196.12.206.88 - - [05/Aug/2007:15:28:51 -0700] "GET /Install/setup.exe HTTP/1.1" 206 1156757 "http://www.helpwithmath.com/Install/saving_running.htm" "Mozilla/4.0 (compatible; MSIE 6.0; Windows NT 5.1; SV1; MEGAUPLOAD 2.0; FDM)"
::1 - - [05/Aug/2007:15:30:32 -0700] "GET /" 400 669 "-" "-"
196.12.206.88 - - [05/Aug/2007:15:28:58 -0700] "GET /Install/setup.exe HTTP/1.1" 206 2375616 "http://www.helpwithmath.com/Install/saving_running.htm" "Mozilla/4.0 (compatible; MSIE 6.0; Windows NT 5.1; SV1; MEGAUPLOAD 2.0; FDM)"
196.12.206.88 - - [05/Aug/2007:15:29:18 -0700] "GET /Install/setup.exe HTTP/1.1" 206 3300214 "http://www.helpwithmath.com/Install/saving_running.htm" "Mozilla/4.0 (compatible; MSIE 6.0; Windows NT 5.1; SV1; MEGAUPLOAD 2.0; FDM)"
::1 - - [05/Aug/2007:15:30:37 -0700] "GET /" 400 669 "-" "-"
196.12.206.88 - - [05/Aug/2007:15:28:44 -0700] "GET /Install/setup.exe HTTP/1.1" 206 1918518 "http://www.helpwithmath.com/Install/saving_running.htm" "Mozilla/4.0 (compatible; MSIE 6.0; Windows NT 5.1; SV1; MEGAUPLOAD 2.0; FDM)"
::1 - - [05/Aug/2007:15:31:18 -0700] "GET /" 400 669 "-" "-"
::1 - - [05/Aug/2007:15:31:19 -0700] "GET /" 400 669 "-" "-"
::1 - - [05/Aug/2007:15:31:20 -0700] "GET /" 400 669 "-" "-"
::1 - - [05/Aug/2007:15:31:21 -0700] "GET /" 400 669 "-" "-"
::1 - - [05/Aug/2007:15:31:22 -0700] "GET /" 400 669 "-" "-"
::1 - - [05/Aug/2007:15:31:23 -0700] "GET /" 400 669 "-" "-"
::1 - - [05/Aug/2007:15:31:24 -0700] "GET /" 400 669 "-" "-"
::1 - - [05/Aug/2007:15:31:25 -0700] "GET /" 400 669 "-" "-"
::1 - - [05/Aug/2007:15:31:26 -0700] "GET /" 400 669 "-" "-"
::1 - - [05/Aug/2007:15:31:27 -0700] "GET /" 400 669 "-" "-"
::1 - - [05/Aug/2007:15:31:28 -0700] "GET /" 400 669 "-" "-"
::1 - - [05/Aug/2007:15:31:51 -0700] "GET /" 400 669 "-" "-"
::1 - - [05/Aug/2007:15:31:52 -0700] "GET /" 400 669 "-" "-"
::1 - - [05/Aug/2007:15:32:35 -0700] "GET /" 400 669 "-" "-"
::1 - - [05/Aug/2007:15:32:36 -0700] "GET /" 400 669 "-" "-"
196.12.206.89 - - [05/Aug/2007:15:32:14 -0700] "GET /Install/setup.exe HTTP/1.1" 206 1206437 "http://www.helpwithmath.com/Install/saving_running.htm" "Mozilla/4.0 (compatible; MSIE 6.0; Windows NT 5.1; SV1; MEGAUPLOAD 2.0; FDM)"
196.12.206.89 - - [05/Aug/2007:15:32:10 -0700] "GET /Install/setup.exe HTTP/1.1" 206 8433706 "http://www.helpwithmath.com/Install/saving_running.htm" "Mozilla/4.0 (compatible; MSIE 6.0; Windows NT 5.1; SV1; MEGAUPLOAD 2.0; FDM)"
::1 - - [05/Aug/2007:15:35:31 -0700] "GET /" 400 669 "-" "-"
::1 - - [05/Aug/2007:15:35:32 -0700] "GET /" 400 669 "-" "-"
::1 - - [05/Aug/2007:15:35:33 -0700] "GET /" 400 669 "-" "-"
::1 - - [05/Aug/2007:15:35:34 -0700] "GET /" 400 669 "-" "-"
::1 - - [05/Aug/2007:15:35:35 -0700] "GET /" 400 669 "-" "-"
::1 - - [05/Aug/2007:15:35:37 -0700] "GET /" 400 669 "-" "-"
196.12.206.88 - - [05/Aug/2007:15:30:40 -0700] "GET /Install/setup.exe HTTP/1.1" 206 1446556 "http://www.helpwithmath.com/Install/saving_running.htm" "Mozilla/4.0 (compatible; MSIE 6.0; Windows NT 5.1; SV1; MEGAUPLOAD 2.0; FDM)"
::1 - - [05/Aug/2007:15:35:40 -0700] "GET /" 400 669 "-" "-"
196.12.206.88 - - [05/Aug/2007:15:30:27 -0700] "GET /Install/setup.exe HTTP/1.1" 206 528169 "http://www.helpwithmath.com/Install/saving_running.htm" "Mozilla/4.0 (compatible; MSIE 6.0; Windows NT 5.1; SV1; MEGAUPLOAD 2.0; FDM)"
::1 - - [05/Aug/2007:15:35:50 -0700] "GET /" 400 669 "-" "-"
196.12.206.89 - - [05/Aug/2007:15:32:10 -0700] "GET /Install/setup.exe HTTP/1.1" 206 3895314 "http://www.helpwithmath.com/Install/saving_running.htm" "Mozilla/4.0 (compatible; MSIE 6.0; Windows NT 5.1; SV1; MEGAUPLOAD 2.0; FDM)"
::1 - - [05/Aug/2007:15:35:57 -0700] "GET /" 400 669 "-" "-"
196.12.206.88 - - [05/Aug/2007:15:29:18 -0700] "GET /Install/setup.exe HTTP/1.1" 206 1843998 "http://www.helpwithmath.com/Install/saving_running.htm" "Mozilla/4.0 (compatible; MSIE 6.0; Windows NT 5.1; SV1; MEGAUPLOAD 2.0; FDM)"
::1 - - [05/Aug/2007:15:35:59 -0700] "GET /" 400 669 "-" "-"
196.12.206.88 - - [05/Aug/2007:15:30:34 -0700] "GET /Install/setup.exe HTTP/1.1" 206 1152617 "http://www.helpwithmath.com/Install/saving_running.htm" "Mozilla/4.0 (compatible; MSIE 6.0; Windows NT 5.1; SV1; MEGAUPLOAD 2.0; FDM)"
196.12.206.88 - - [05/Aug/2007:15:29:02 -0700] "GET /Install/setup.exe HTTP/1.1" 206 3400265 "http://www.helpwithmath.com/Install/saving_running.htm" "Mozilla/4.0 (compatible; MSIE 6.0; Windows NT 5.1; SV1; MEGAUPLOAD 2.0; FDM)"
::1 - - [05/Aug/2007:15:36:03 -0700] "GET /" 400 669 "-" "-"
196.12.206.88 - - [05/Aug/2007:15:30:37 -0700] "GET /Install/setup.exe HTTP/1.1" 206 2354916 "http://www.helpwithmath.com/Install/saving_running.htm" "Mozilla/4.0 (compatible; MSIE 6.0; Windows NT 5.1; SV1; MEGAUPLOAD 2.0; FDM)"
::1 - - [05/Aug/2007:15:36:08 -0700] "GET /" 400 669 "-" "-"
196.12.206.88 - - [05/Aug/2007:15:30:37 -0700] "GET /Install/setup.exe HTTP/1.1" 206 3118055 "http://www.helpwithmath.com/Install/saving_running.htm" "Mozilla/4.0 (compatible; MSIE 6.0; Windows NT 5.1; SV1; MEGAUPLOAD 2.0; FDM)"
196.12.206.88 - - [05/Aug/2007:15:26:31 -0700] "GET /Install/setup.exe HTTP/1.1" 206 1312697 "http://www.helpwithmath.com/Install/saving_running.htm" "Mozilla/4.0 (compatible; MSIE 6.0; Windows NT 5.1; SV1; MEGAUPLOAD 2.0; FDM)"
::1 - - [05/Aug/2007:15:36:27 -0700] "GET /" 400 669 "-" "-"
::1 - - [05/Aug/2007:15:36:28 -0700] "GET /" 400 669 "-" "-"
196.12.206.89 - - [05/Aug/2007:15:34:34 -0700] "GET /Install/setup.exe HTTP/1.1" 206 1185737 "http://www.helpwithmath.com/Install/saving_running.htm" "Mozilla/4.0 (compatible; MSIE 6.0; Windows NT 5.1; SV1; MEGAUPLOAD 2.0; FDM)"
::1 - - [05/Aug/2007:15:36:31 -0700] "GET /" 400 669 "-" "-"
196.12.206.89 - - [05/Aug/2007:15:33:34 -0700] "GET /Install/setup.exe HTTP/1.1" 206 1195397 "http://www.helpwithmath.com/Install/saving_running.htm" "Mozilla/4.0 (compatible; MSIE 6.0; Windows NT 5.1; SV1; MEGAUPLOAD 2.0; FDM)"
196.12.206.89 - - [05/Aug/2007:15:32:11 -0700] "GET /Install/setup.exe HTTP/1.1" 206 10342564 "http://www.helpwithmath.com/Install/saving_running.htm" "Mozilla/4.0 (compatible; MSIE 6.0; Windows NT 5.1; SV1; MEGAUPLOAD 2.0; FDM)"
196.12.206.89 - - [05/Aug/2007:15:32:14 -0700] "GET /Install/setup.exe HTTP/1.1" 206 518509 "http://www.helpwithmath.com/Install/saving_running.htm" "Mozilla/4.0 (compatible; MSIE 6.0; Windows NT 5.1; SV1; MEGAUPLOAD 2.0; FDM)"
196.12.206.89 - - [05/Aug/2007:15:32:14 -0700] "GET /Install/setup.exe HTTP/1.1" 206 1478296 "http://www.helpwithmath.com/Install/saving_running.htm" "Mozilla/4.0 (compatible; MSIE 6.0; Windows NT 5.1; SV1; MEGAUPLOAD 2.0; FDM)"
196.12.206.89 - - [05/Aug/2007:15:36:32 -0700] "GET /Install/setup.exe HTTP/1.1" 206 188185 "http://www.helpwithmath.com/Install/saving_running.htm" "Mozilla/4.0 (compatible; MSIE 6.0; Windows NT 5.1; SV1; MEGAUPLOAD 2.0; FDM)"
196.12.206.89 - - [05/Aug/2007:15:37:25 -0700] "GET /Install/setup.exe HTTP/1.1" 206 1073110 "http://www.helpwithmath.com/Install/saving_running.htm" "Mozilla/4.0 (compatible; MSIE 6.0; Windows NT 5.1; SV1; MEGAUPLOAD 2.0; FDM)"
196.12.206.89 - - [05/Aug/2007:15:32:10 -0700] "GET /Install/setup.exe HTTP/1.1" 206 2349396 "http://www.helpwithmath.com/Install/saving_running.htm" "Mozilla/4.0 (compatible; MSIE 6.0; Windows NT 5.1; SV1; MEGAUPLOAD 2.0; FDM)"
196.12.206.89 - - [05/Aug/2007:15:37:25 -0700] "GET /Install/setup.exe HTTP/1.1" 206 185424 "http://www.helpwithmath.com/Install/saving_running.htm" "Mozilla/4.0 (compatible; MSIE 6.0; Windows NT 5.1; SV1; MEGAUPLOAD 2.0; FDM)"
196.12.206.89 - - [05/Aug/2007:15:38:48 -0700] "GET /Install/setup.exe HTTP/1.1" 206 1598703 "http://www.helpwithmath.com/Install/saving_running.htm" "Mozilla/4.0 (compatible; MSIE 6.0; Windows NT 5.1; SV1; MEGAUPLOAD 2.0; FDM)"
196.12.206.89 - - [05/Aug/2007:15:36:00 -0700] "GET /Install/setup.exe HTTP/1.1" 206 1347198 "http://www.helpwithmath.com/Install/saving_running.htm" "Mozilla/4.0 (compatible; MSIE 6.0; Windows NT 5.1; SV1; MEGAUPLOAD 2.0; FDM)"
196.12.206.89 - - [05/Aug/2007:15:38:34 -0700] "GET /Install/setup.exe HTTP/1.1" 206 110213 "http://www.helpwithmath.com/Install/saving_running.htm" "Mozilla/4.0 (compatible; MSIE 6.0; Windows NT 5.1; SV1; MEGAUPLOAD 2.0; FDM)"
::1 - - [05/Aug/2007:15:39:37 -0700] "GET /" 400 669 "-" "-"
196.12.206.89 - - [05/Aug/2007:15:38:37 -0700] "GET /Install/setup.exe HTTP/1.1" 206 94000 "http://www.helpwithmath.com/Install/saving_running.htm" "Mozilla/4.0 (compatible; MSIE 6.0; Windows NT 5.1; SV1; MEGAUPLOAD 2.0; FDM)"
196.12.206.89 - - [05/Aug/2007:15:38:38 -0700] "GET /Install/setup.exe HTTP/1.1" 206 343249 "http://www.helpwithmath.com/Install/saving_running.htm" "Mozilla/4.0 (compatible; MSIE 6.0; Windows NT 5.1; SV1; MEGAUPLOAD 2.0; FDM)"
196.12.206.89 - - [05/Aug/2007:15:38:38 -0700] "GET /Install/setup.exe HTTP/1.1" 206 112285 "http://www.helpwithmath.com/Install/saving_running.htm" "Mozilla/4.0 (compatible; MSIE 6.0; Windows NT 5.1; SV1; MEGAUPLOAD 2.0; FDM)"
196.12.206.89 - - [05/Aug/2007:15:32:10 -0700] "GET /Install/setup.exe HTTP/1.1" 206 7067189 "http://www.helpwithmath.com/Install/saving_running.htm" "Mozilla/4.0 (compatible; MSIE 6.0; Windows NT 5.1; SV1; MEGAUPLOAD 2.0; FDM)"
196.12.206.89 - - [05/Aug/2007:15:37:28 -0700] "GET /Install/setup.exe HTTP/1.1" 206 1579038 "http://www.helpwithmath.com/Install/saving_running.htm" "Mozilla/4.0 (compatible; MSIE 6.0; Windows NT 5.1; SV1; MEGAUPLOAD 2.0; FDM)"
::1 - - [05/Aug/2007:15:39:56 -0700] "GET /" 400 669 "-" "-"
::1 - - [05/Aug/2007:15:39:57 -0700] "GET /" 400 669 "-" "-"
::1 - - [05/Aug/2007:15:39:58 -0700] "GET /" 400 669 "-" "-"
::1 - - [05/Aug/2007:15:39:59 -0700] "GET /" 400 669 "-" "-"
::1 - - [05/Aug/2007:15:40:00 -0700] "GET /" 400 669 "-" "-"
196.12.206.89 - - [05/Aug/2007:15:40:03 -0700] "GET /Install/setup.exe HTTP/1.1" 206 3365926 "http://www.helpwithmath.com/Install/saving_running.htm" "Mozilla/4.0 (compatible; MSIE 6.0; Windows NT 5.1; SV1; MEGAUPLOAD 2.0; FDM)"
196.12.206.89 - - [05/Aug/2007:15:40:00 -0700] "GET /Install/setup.exe HTTP/1.1" 206 3515814 "http://www.helpwithmath.com/Install/saving_running.htm" "Mozilla/4.0 (compatible; MSIE 6.0; Windows NT 5.1; SV1; MEGAUPLOAD 2.0; FDM)"
196.12.206.89 - - [05/Aug/2007:15:40:01 -0700] "GET /Install/setup.exe HTTP/1.1" 206 1665103 "http://www.helpwithmath.com/Install/saving_running.htm" "Mozilla/4.0 (compatible; MSIE 6.0; Windows NT 5.1; SV1; MEGAUPLOAD 2.0; FDM)"
74.52.245.146 - - [05/Aug/2007:15:41:40 -0700] "GET / HTTP/1.0" 200 10654 "-" "Mozilla/5.0 (X11; U; Linux i686; en-US; rv:1.7.5) Gecko/20041107 Firefox/1.0"
196.12.206.89 - - [05/Aug/2007:15:41:31 -0700] "GET /Install/setup.exe HTTP/1.1" 206 1488490 "http://www.helpwithmath.com/Install/saving_running.htm" "Mozilla/4.0 (compatible; MSIE 6.0; Windows NT 5.1; SV1; MEGAUPLOAD 2.0; FDM)"
196.12.206.89 - - [05/Aug/2007:15:40:03 -0700] "GET /Install/setup.exe HTTP/1.1" 206 6715289 "http://www.helpwithmath.com/Install/saving_running.htm" "Mozilla/4.0 (compatible; MSIE 6.0; Windows NT 5.1; SV1; MEGAUPLOAD 2.0; FDM)"
::1 - - [05/Aug/2007:15:42:20 -0700] "GET /" 400 669 "-" "-"
196.12.206.89 - - [05/Aug/2007:15:41:13 -0700] "GET /Install/setup.exe HTTP/1.1" 206 1632858 "http://www.helpwithmath.com/Install/saving_running.htm" "Mozilla/4.0 (compatible; MSIE 6.0; Windows NT 5.1; SV1; MEGAUPLOAD 2.0; FDM)"
196.12.206.89 - - [05/Aug/2007:15:40:01 -0700] "GET /Install/setup.exe HTTP/1.1" 206 341869 "http://www.helpwithmath.com/Install/saving_running.htm" "Mozilla/4.0 (compatible; MSIE 6.0; Windows NT 5.1; SV1; MEGAUPLOAD 2.0; FDM)"
::1 - - [05/Aug/2007:15:42:33 -0700] "GET /" 400 669 "-" "-"
196.12.206.89 - - [05/Aug/2007:15:40:01 -0700] "GET /Install/setup.exe HTTP/1.1" 206 1874676 "http://www.helpwithmath.com/Install/saving_running.htm" "Mozilla/4.0 (compatible; MSIE 6.0; Windows NT 5.1; SV1; MEGAUPLOAD 2.0; FDM)"
::1 - - [05/Aug/2007:15:42:36 -0700] "GET /" 400 669 "-" "-"
::1 - - [05/Aug/2007:15:42:38 -0700] "GET /" 400 669 "-" "-"
196.12.206.89 - - [05/Aug/2007:15:41:16 -0700] "GET /Install/setup.exe HTTP/1.1" 206 1316334 "http://www.helpwithmath.com/Install/saving_running.htm" "Mozilla/4.0 (compatible; MSIE 6.0; Windows NT 5.1; SV1; MEGAUPLOAD 2.0; FDM)"
::1 - - [05/Aug/2007:15:42:43 -0700] "GET /" 400 669 "-" "-"
196.12.206.89 - - [05/Aug/2007:15:40:01 -0700] "GET /Install/setup.exe HTTP/1.1" 206 110905 "http://www.helpwithmath.com/Install/saving_running.htm" "Mozilla/4.0 (compatible; MSIE 6.0; Windows NT 5.1; SV1; MEGAUPLOAD 2.0; FDM)"
::1 - - [05/Aug/2007:15:43:15 -0700] "GET /" 400 669 "-" "-"
196.12.206.89 - - [05/Aug/2007:15:40:01 -0700] "GET /Install/setup.exe HTTP/1.1" 206 92620 "http://www.helpwithmath.com/Install/saving_running.htm" "Mozilla/4.0 (compatible; MSIE 6.0; Windows NT 5.1; SV1; MEGAUPLOAD 2.0; FDM)"
::1 - - [05/Aug/2007:15:43:17 -0700] "GET /" 400 669 "-" "-"
74.6.69.161 - - [05/Aug/2007:15:44:14 -0700] "GET /Order.php HTTP/1.0" 200 10382 "-" "Mozilla/5.0 (compatible; Yahoo! Slurp; http://help.yahoo.com/help/us/ysearch/slurp)"
196.12.206.89 - - [05/Aug/2007:15:43:42 -0700] "GET /Install/setup.exe HTTP/1.1" 206 314269 "http://www.helpwithmath.com/Install/saving_running.htm" "Mozilla/4.0 (compatible; MSIE 6.0; Windows NT 5.1; SV1; MEGAUPLOAD 2.0; FDM)"
196.12.206.89 - - [05/Aug/2007:15:43:43 -0700] "GET /Install/setup.exe HTTP/1.1" 206 3363166 "http://www.helpwithmath.com/Install/saving_running.htm" "Mozilla/4.0 (compatible; MSIE 6.0; Windows NT 5.1; SV1; MEGAUPLOAD 2.0; FDM)"
::1 - - [05/Aug/2007:15:44:41 -0700] "GET /" 400 669 "-" "-"
196.12.206.89 - - [05/Aug/2007:15:43:39 -0700] "GET /Install/setup.exe HTTP/1.1" 206 3500634 "http://www.helpwithmath.com/Install/saving_running.htm" "Mozilla/4.0 (compatible; MSIE 6.0; Windows NT 5.1; SV1; MEGAUPLOAD 2.0; FDM)"
::1 - - [05/Aug/2007:15:44:42 -0700] "GET /" 400 669 "-" "-"
196.12.206.89 - - [05/Aug/2007:15:43:40 -0700] "GET /Install/setup.exe HTTP/1.1" 206 1848456 "http://www.helpwithmath.com/Install/saving_running.htm" "Mozilla/4.0 (compatible; MSIE 6.0; Windows NT 5.1; SV1; MEGAUPLOAD 2.0; FDM)"
::1 - - [05/Aug/2007:15:44:55 -0700] "GET /" 400 669 "-" "-"
196.12.206.89 - - [05/Aug/2007:15:43:40 -0700] "GET /Install/setup.exe HTTP/1.1" 206 60880 "http://www.helpwithmath.com/Install/saving_running.htm" "Mozilla/4.0 (compatible; MSIE 6.0; Windows NT 5.1; SV1; MEGAUPLOAD 2.0; FDM)"
::1 - - [05/Aug/2007:15:44:59 -0700] "GET /" 400 669 "-" "-"
196.12.206.89 - - [05/Aug/2007:15:43:40 -0700] "GET /Install/setup.exe HTTP/1.1" 206 6694589 "http://www.helpwithmath.com/Install/saving_running.htm" "Mozilla/4.0 (compatible; MSIE 6.0; Windows NT 5.1; SV1; MEGAUPLOAD 2.0; FDM)"
::1 - - [05/Aug/2007:15:45:02 -0700] "GET /" 400 669 "-" "-"
196.12.206.89 - - [05/Aug/2007:15:43:40 -0700] "GET /Install/setup.exe HTTP/1.1" 206 1651303 "http://www.helpwithmath.com/Install/saving_running.htm" "Mozilla/4.0 (compatible; MSIE 6.0; Windows NT 5.1; SV1; MEGAUPLOAD 2.0; FDM)"
::1 - - [05/Aug/2007:15:45:09 -0700] "GET /" 400 669 "-" "-"
::1 - - [05/Aug/2007:15:45:21 -0700] "GET /" 400 669 "-" "-"
196.12.206.89 - - [05/Aug/2007:15:43:39 -0700] "GET /Install/setup.exe HTTP/1.1" 206 101245 "http://www.helpwithmath.com/Install/saving_running.htm" "Mozilla/4.0 (compatible; MSIE 6.0; Windows NT 5.1; SV1; MEGAUPLOAD 2.0; FDM)"
74.6.28.204 - - [05/Aug/2007:15:46:21 -0700] "GET /download3.php?ProductType= HTTP/1.0" 200 8680 "-" "Mozilla/5.0 (compatible; Yahoo! Slurp; http://help.yahoo.com/help/us/ysearch/slurp)"
196.12.206.89 - - [05/Aug/2007:15:45:31 -0700] "GET /Install/setup.exe HTTP/1.1" 206 1647163 "http://www.helpwithmath.com/Install/saving_running.htm" "Mozilla/4.0 (compatible; MSIE 6.0; Windows NT 5.1; SV1; MEGAUPLOAD 2.0; FDM)"
::1 - - [05/Aug/2007:15:46:26 -0700] "GET /" 400 669 "-" "-"
::1 - - [05/Aug/2007:15:46:27 -0700] "GET /" 400 669 "-" "-"
::1 - - [05/Aug/2007:15:46:28 -0700] "GET /" 400 669 "-" "-"
196.12.206.89 - - [05/Aug/2007:15:45:33 -0700] "GET /Install/setup.exe HTTP/1.1" 206 97105 "http://www.helpwithmath.com/Install/saving_running.htm" "Mozilla/4.0 (compatible; MSIE 6.0; Windows NT 5.1; SV1; MEGAUPLOAD 2.0; FDM)"
196.12.206.89 - - [05/Aug/2007:15:45:31 -0700] "GET /Install/setup.exe HTTP/1.1" 206 56740 "http://www.helpwithmath.com/Install/saving_running.htm" "Mozilla/4.0 (compatible; MSIE 6.0; Windows NT 5.1; SV1; MEGAUPLOAD 2.0; FDM)"
::1 - - [05/Aug/2007:15:48:15 -0700] "GET /" 400 669 "-" "-"
196.12.206.89 - - [05/Aug/2007:15:45:33 -0700] "GET /Install/setup.exe HTTP/1.1" 206 3496494 "http://www.helpwithmath.com/Install/saving_running.htm" "Mozilla/4.0 (compatible; MSIE 6.0; Windows NT 5.1; SV1; MEGAUPLOAD 2.0; FDM)"
196.12.206.89 - - [05/Aug/2007:15:46:38 -0700] "GET /Install/setup.exe HTTP/1.1" 206 145153 "http://www.helpwithmath.com/Install/saving_running.htm" "Mozilla/4.0 (compatible; MSIE 6.0; Windows NT 5.1; SV1; MEGAUPLOAD 2.0; FDM)"
::1 - - [05/Aug/2007:15:48:18 -0700] "GET /" 400 669 "-" "-"
196.12.206.89 - - [05/Aug/2007:15:45:33 -0700] "GET /Install/setup.exe HTTP/1.1" 206 3363166 "http://www.helpwithmath.com/Install/saving_running.htm" "Mozilla/4.0 (compatible; MSIE 6.0; Windows NT 5.1; SV1; MEGAUPLOAD 2.0; FDM)"
196.12.206.89 - - [05/Aug/2007:15:47:06 -0700] "GET /Install/setup.exe HTTP/1.1" 206 81925 "http://www.helpwithmath.com/Install/saving_running.htm" "Mozilla/4.0 (compatible; MSIE 6.0; Windows NT 5.1; SV1; MEGAUPLOAD 2.0; FDM)"
::1 - - [05/Aug/2007:15:48:19 -0700] "GET /" 400 669 "-" "-"
196.12.206.89 - - [05/Aug/2007:15:45:35 -0700] "GET /Install/setup.exe HTTP/1.1" 206 1844316 "http://www.helpwithmath.com/Install/saving_running.htm" "Mozilla/4.0 (compatible; MSIE 6.0; Windows NT 5.1; SV1; MEGAUPLOAD 2.0; FDM)"
196.12.206.89 - - [05/Aug/2007:15:45:33 -0700] "GET /Install/setup.exe HTTP/1.1" 206 314269 "http://www.helpwithmath.com/Install/saving_running.htm" "Mozilla/4.0 (compatible; MSIE 6.0; Windows NT 5.1; SV1; MEGAUPLOAD 2.0; FDM)"
::1 - - [05/Aug/2007:15:48:58 -0700] "GET /" 400 669 "-" "-"
196.12.206.89 - - [05/Aug/2007:15:45:31 -0700] "GET /Install/setup.exe HTTP/1.1" 206 6690449 "http://www.helpwithmath.com/Install/saving_running.htm" "Mozilla/4.0 (compatible; MSIE 6.0; Windows NT 5.1; SV1; MEGAUPLOAD 2.0; FDM)"
::1 - - [05/Aug/2007:15:49:01 -0700] "GET /" 400 669 "-" "-"
196.12.206.89 - - [05/Aug/2007:15:48:20 -0700] "GET /Install/setup.exe HTTP/1.1" 206 27760 "http://www.helpwithmath.com/Install/saving_running.htm" "Mozilla/4.0 (compatible; MSIE 6.0; Windows NT 5.1; SV1; MEGAUPLOAD 2.0; FDM)"
196.12.206.89 - - [05/Aug/2007:15:48:23 -0700] "GET /Install/setup.exe HTTP/1.1" 206 267349 "http://www.helpwithmath.com/Install/saving_running.htm" "Mozilla/4.0 (compatible; MSIE 6.0; Windows NT 5.1; SV1; MEGAUPLOAD 2.0; FDM)"
196.12.206.89 - - [05/Aug/2007:15:48:22 -0700] "GET /Install/setup.exe HTTP/1.1" 206 6661469 "http://www.helpwithmath.com/Install/saving_running.htm" "Mozilla/4.0 (compatible; MSIE 6.0; Windows NT 5.1; SV1; MEGAUPLOAD 2.0; FDM)"
::1 - - [05/Aug/2007:15:49:34 -0700] "GET /" 400 669 "-" "-"
::1 - - [05/Aug/2007:15:49:35 -0700] "GET /" 400 669 "-" "-"
::1 - - [05/Aug/2007:15:49:36 -0700] "GET /" 400 669 "-" "-"
196.12.206.89 - - [05/Aug/2007:15:48:23 -0700] "GET /Install/setup.exe HTTP/1.1" 206 3453714 "http://www.helpwithmath.com/Install/saving_running.htm" "Mozilla/4.0 (compatible; MSIE 6.0; Windows NT 5.1; SV1; MEGAUPLOAD 2.0; FDM)"
196.12.206.89 - - [05/Aug/2007:15:48:23 -0700] "GET /Install/setup.exe HTTP/1.1" 206 52253 "http://www.helpwithmath.com/Install/saving_running.htm" "Mozilla/4.0 (compatible; MSIE 6.0; Windows NT 5.1; SV1; MEGAUPLOAD 2.0; FDM)"
196.12.206.89 - - [05/Aug/2007:15:49:47 -0700] "GET /Install/setup.exe HTTP/1.1" 206 131353 "http://www.helpwithmath.com/Install/saving_running.htm" "Mozilla/4.0 (compatible; MSIE 6.0; Windows NT 5.1; SV1; MEGAUPLOAD 2.0; FDM)"
196.12.206.89 - - [05/Aug/2007:15:48:19 -0700] "GET /Install/setup.exe HTTP/1.1" 206 227078 "http://www.helpwithmath.com/Install/saving_running.htm" "Mozilla/4.0 (compatible; MSIE 6.0; Windows NT 5.1; SV1; MEGAUPLOAD 2.0; FDM)"
196.12.206.89 - - [05/Aug/2007:15:49:57 -0700] "GET /Install/setup.exe HTTP/1.1" 206 1482970 "http://www.helpwithmath.com/Install/saving_running.htm" "Mozilla/4.0 (compatible; MSIE 6.0; Windows NT 5.1; SV1; MEGAUPLOAD 2.0; FDM)"
196.12.206.89 - - [05/Aug/2007:15:50:10 -0700] "GET /Install/setup.exe HTTP/1.1" 206 7842 "http://www.helpwithmath.com/Install/saving_running.htm" "Mozilla/4.0 (compatible; MSIE 6.0; Windows NT 5.1; SV1; MEGAUPLOAD 2.0; FDM)"
196.12.206.89 - - [05/Aug/2007:15:48:23 -0700] "GET /Install/setup.exe HTTP/1.1" 206 76405 "http://www.helpwithmath.com/Install/saving_running.htm" "Mozilla/4.0 (compatible; MSIE 6.0; Windows NT 5.1; SV1; MEGAUPLOAD 2.0; FDM)"
196.12.206.89 - - [05/Aug/2007:15:49:09 -0700] "GET /Install/setup.exe HTTP/1.1" 206 23620 "http://www.helpwithmath.com/Install/saving_running.htm" "Mozilla/4.0 (compatible; MSIE 6.0; Windows NT 5.1; SV1; MEGAUPLOAD 2.0; FDM)"
196.12.206.89 - - [05/Aug/2007:15:50:17 -0700] "GET /Install/setup.exe HTTP/1.1" 206 8440 "http://www.helpwithmath.com/Install/saving_running.htm" "Mozilla/4.0 (compatible; MSIE 6.0; Windows NT 5.1; SV1; MEGAUPLOAD 2.0; FDM)"
196.12.206.89 - - [05/Aug/2007:15:50:09 -0700] "GET /Install/setup.exe HTTP/1.1" 206 14914 "http://www.helpwithmath.com/Install/saving_running.htm" "Mozilla/4.0 (compatible; MSIE 6.0; Windows NT 5.1; SV1; MEGAUPLOAD 2.0; FDM)"
196.12.206.89 - - [05/Aug/2007:15:50:12 -0700] "GET /Install/setup.exe HTTP/1.1" 206 13960 "http://www.helpwithmath.com/Install/saving_running.htm" "Mozilla/4.0 (compatible; MSIE 6.0; Windows NT 5.1; SV1; MEGAUPLOAD 2.0; FDM)"
196.12.206.89 - - [05/Aug/2007:15:50:23 -0700] "GET /Install/setup.exe HTTP/1.1" 206 6634 "http://www.helpwithmath.com/Install/saving_running.htm" "Mozilla/4.0 (compatible; MSIE 6.0; Windows NT 5.1; SV1; MEGAUPLOAD 2.0; FDM)"
196.12.206.89 - - [05/Aug/2007:15:49:57 -0700] "GET /Install/setup.exe HTTP/1.1" 206 17503 "http://www.helpwithmath.com/Install/saving_running.htm" "Mozilla/4.0 (compatible; MSIE 6.0; Windows NT 5.1; SV1; MEGAUPLOAD 2.0; FDM)"
196.12.206.89 - - [05/Aug/2007:15:50:21 -0700] "GET /Install/setup.exe HTTP/1.1" 206 11983 "http://www.helpwithmath.com/Install/saving_running.htm" "Mozilla/4.0 (compatible; MSIE 6.0; Windows NT 5.1; SV1; MEGAUPLOAD 2.0; FDM)"
::1 - - [05/Aug/2007:15:50:28 -0700] "GET /" 400 669 "-" "-"
196.12.206.89 - - [05/Aug/2007:15:50:29 -0700] "GET /Install/setup.exe HTTP/1.1" 206 2920 "http://www.helpwithmath.com/Install/saving_running.htm" "Mozilla/4.0 (compatible; MSIE 6.0; Windows NT 5.1; SV1; MEGAUPLOAD 2.0; FDM)"
196.12.206.89 - - [05/Aug/2007:15:50:31 -0700] "GET /Install/setup.exe HTTP/1.1" 206 8016 "http://www.helpwithmath.com/Install/saving_running.htm" "Mozilla/4.0 (compatible; MSIE 6.0; Windows NT 5.1; SV1; MEGAUPLOAD 2.0; FDM)"
196.12.206.89 - - [05/Aug/2007:15:50:19 -0700] "GET /Install/setup.exe HTTP/1.1" 206 12156 "http://www.helpwithmath.com/Install/saving_running.htm" "Mozilla/4.0 (compatible; MSIE 6.0; Windows NT 5.1; SV1; MEGAUPLOAD 2.0; FDM)"
196.12.206.89 - - [05/Aug/2007:15:50:33 -0700] "GET /Install/setup.exe HTTP/1.1" 206 1114 "http://www.helpwithmath.com/Install/saving_running.htm" "Mozilla/4.0 (compatible; MSIE 6.0; Windows NT 5.1; SV1; MEGAUPLOAD 2.0; FDM)"
196.12.206.89 - - [05/Aug/2007:15:48:19 -0700] "GET /Install/setup.exe HTTP/1.1" 206 3310726 "http://www.helpwithmath.com/Install/saving_running.htm" "Mozilla/4.0 (compatible; MSIE 6.0; Windows NT 5.1; SV1; MEGAUPLOAD 2.0; FDM)"
196.12.206.89 - - [05/Aug/2007:15:50:40 -0700] "GET /Install/setup.exe HTTP/1.1" 206 2496 "http://www.helpwithmath.com/Install/saving_running.htm" "Mozilla/4.0 (compatible; MSIE 6.0; Windows NT 5.1; SV1; MEGAUPLOAD 2.0; FDM)"
196.12.206.89 - - [05/Aug/2007:15:50:42 -0700] "GET /Install/setup.exe HTTP/1.1" 206 2323 "http://www.helpwithmath.com/Install/saving_running.htm" "Mozilla/4.0 (compatible; MSIE 6.0; Windows NT 5.1; SV1; MEGAUPLOAD 2.0; FDM)"
196.12.206.89 - - [05/Aug/2007:15:49:57 -0700] "GET /Install/setup.exe HTTP/1.1" 206 1465296 "http://www.helpwithmath.com/Install/saving_running.htm" "Mozilla/4.0 (compatible; MSIE 6.0; Windows NT 5.1; SV1; MEGAUPLOAD 2.0; FDM)"
::1 - - [05/Aug/2007:15:50:47 -0700] "GET /" 400 669 "-" "-"
::1 - - [05/Aug/2007:15:50:48 -0700] "GET /" 400 669 "-" "-"
::1 - - [05/Aug/2007:15:50:49 -0700] "GET /" 400 669 "-" "-"
::1 - - [05/Aug/2007:15:51:04 -0700] "GET /" 400 669 "-" "-"
207.46.98.119 - - [05/Aug/2007:15:51:05 -0700] "GET / HTTP/1.0" 200 10654 "-" "msnbot/1.0 (+http://search.msn.com/msnbot.htm)"
::1 - - [05/Aug/2007:15:52:58 -0700] "GET /" 400 669 "-" "-"
74.6.66.43 - - [05/Aug/2007:15:53:37 -0700] "GET /about.php?include=prices.php HTTP/1.0" 200 9116 "-" "Mozilla/5.0 (compatible; Yahoo! Slurp; http://help.yahoo.com/help/us/ysearch/slurp)"
71.55.204.87 - - [05/Aug/2007:15:54:14 -0700] "GET /?gclid=CLv3wP26340CFQltZQodiiIHmQ HTTP/1.1" 200 10654 "http://pagead2.googlesyndication.com/pagead/ads?client=ca-pub-6105196450991387&dt=1186354479884&lmt=1186354478&format=336x280_as&output=html&correlator=1186354478258&channel=8409467136&url=http%3A%2F%2Fwww.freedownloadscenter.com%2FBusiness%2FEnhanced_Calculators%2FMath_Solver.html&color_bg=FFFFFF&color_text=000000&color_link=336699&color_url=000000&color_border=FFFFFF&ref=http%3A%2F%2Fwww.google.com%2Fsearch%3Fhl%3Den%26q%3Dmath%2Bsolver&flash=9&u_h=768&u_w=1024&u_ah=738&u_aw=1024&u_cd=32&u_tz=-300&u_his=3&u_java=true" "Mozilla/4.0 (compatible; MSIE 7.0; Windows NT 6.0; SLCC1; .NET CLR 2.0.50727; .NET CLR 3.0.04506)"
71.55.204.87 - - [05/Aug/2007:15:54:14 -0700] "GET /HelpWithMathStyle.css HTTP/1.1" 200 7201 "http://www.helpwithmath.com/?gclid=CLv3wP26340CFQltZQodiiIHmQ" "Mozilla/4.0 (compatible; MSIE 7.0; Windows NT 6.0; SLCC1; .NET CLR 2.0.50727; .NET CLR 3.0.04506)"
71.55.204.87 - - [05/Aug/2007:15:54:15 -0700] "GET /fold.gif HTTP/1.1" 200 119 "http://www.helpwithmath.com/?gclid=CLv3wP26340CFQltZQodiiIHmQ" "Mozilla/4.0 (compatible; MSIE 7.0; Windows NT 6.0; SLCC1; .NET CLR 2.0.50727; .NET CLR 3.0.04506)"
71.55.204.87 - - [05/Aug/2007:15:54:15 -0700] "GET /open.gif HTTP/1.1" 200 125 "http://www.helpwithmath.com/?gclid=CLv3wP26340CFQltZQodiiIHmQ" "Mozilla/4.0 (compatible; MSIE 7.0; Windows NT 6.0; SLCC1; .NET CLR 2.0.50727; .NET CLR 3.0.04506)"
71.55.204.87 - - [05/Aug/2007:15:54:15 -0700] "GET /gblnav_left.gif HTTP/1.1" 200 580 "http://www.helpwithmath.com/?gclid=CLv3wP26340CFQltZQodiiIHmQ" "Mozilla/4.0 (compatible; MSIE 7.0; Windows NT 6.0; SLCC1; .NET CLR 2.0.50727; .NET CLR 3.0.04506)"
71.55.204.87 - - [05/Aug/2007:15:54:15 -0700] "GET /glbnav_right.gif HTTP/1.1" 200 578 "http://www.helpwithmath.com/?gclid=CLv3wP26340CFQltZQodiiIHmQ" "Mozilla/4.0 (compatible; MSIE 7.0; Windows NT 6.0; SLCC1; .NET CLR 2.0.50727; .NET CLR 3.0.04506)"
71.55.204.87 - - [05/Aug/2007:15:54:15 -0700] "GET /Spacer.gif HTTP/1.1" 200 52 "http://www.helpwithmath.com/?gclid=CLv3wP26340CFQltZQodiiIHmQ" "Mozilla/4.0 (compatible; MSIE 7.0; Windows NT 6.0; SLCC1; .NET CLR 2.0.50727; .NET CLR 3.0.04506)"
71.55.204.87 - - [05/Aug/2007:15:54:15 -0700] "GET /TransparentMathXpertLogo.gif HTTP/1.1" 200 1845 "http://www.helpwithmath.com/?gclid=CLv3wP26340CFQltZQodiiIHmQ" "Mozilla/4.0 (compatible; MSIE 7.0; Windows NT 6.0; SLCC1; .NET CLR 2.0.50727; .NET CLR 3.0.04506)"
71.55.204.87 - - [05/Aug/2007:15:54:15 -0700] "GET /demo/step4a.gif HTTP/1.1" 200 18054 "http://www.helpwithmath.com/?gclid=CLv3wP26340CFQltZQodiiIHmQ" "Mozilla/4.0 (compatible; MSIE 7.0; Windows NT 6.0; SLCC1; .NET CLR 2.0.50727; .NET CLR 3.0.04506)"
71.55.204.87 - - [05/Aug/2007:15:54:15 -0700] "GET /demo/image4.gif HTTP/1.1" 200 17692 "http://www.helpwithmath.com/?gclid=CLv3wP26340CFQltZQodiiIHmQ" "Mozilla/4.0 (compatible; MSIE 7.0; Windows NT 6.0; SLCC1; .NET CLR 2.0.50727; .NET CLR 3.0.04506)"
71.55.204.87 - - [05/Aug/2007:15:54:16 -0700] "GET /glbnav_background.gif HTTP/1.1" 200 301 "http://www.helpwithmath.com/?gclid=CLv3wP26340CFQltZQodiiIHmQ" "Mozilla/4.0 (compatible; MSIE 7.0; Windows NT 6.0; SLCC1; .NET CLR 2.0.50727; .NET CLR 3.0.04506)"
71.55.204.87 - - [05/Aug/2007:15:54:16 -0700] "GET /include/Ramanujan1-quality15.jpg HTTP/1.1" 200 34375 "http://www.helpwithmath.com/?gclid=CLv3wP26340CFQltZQodiiIHmQ" "Mozilla/4.0 (compatible; MSIE 7.0; Windows NT 6.0; SLCC1; .NET CLR 2.0.50727; .NET CLR 3.0.04506)"
71.55.204.87 - - [05/Aug/2007:15:54:16 -0700] "GET /include/Background.gif HTTP/1.1" 200 52448 "http://www.helpwithmath.com/?gclid=CLv3wP26340CFQltZQodiiIHmQ" "Mozilla/4.0 (compatible; MSIE 7.0; Windows NT 6.0; SLCC1; .NET CLR 2.0.50727; .NET CLR 3.0.04506)"
71.55.204.87 - - [05/Aug/2007:15:54:30 -0700] "GET /favicon.ico HTTP/1.1" 404 405 "-" "Mozilla/4.0 (compatible; MSIE 7.0; Windows NT 6.0; SLCC1; .NET CLR 2.0.50727; .NET CLR 3.0.04506)"
71.55.204.87 - - [05/Aug/2007:15:54:52 -0700] "GET /demo.php HTTP/1.1" 200 9622 "http://www.helpwithmath.com/?gclid=CLv3wP26340CFQltZQodiiIHmQ" "Mozilla/4.0 (compatible; MSIE 7.0; Windows NT 6.0; SLCC1; .NET CLR 2.0.50727; .NET CLR 3.0.04506)"
71.55.204.87 - - [05/Aug/2007:15:54:52 -0700] "GET /demo/image1.gif HTTP/1.1" 200 16881 "http://www.helpwithmath.com/demo.php" "Mozilla/4.0 (compatible; MSIE 7.0; Windows NT 6.0; SLCC1; .NET CLR 2.0.50727; .NET CLR 3.0.04506)"
71.55.204.87 - - [05/Aug/2007:15:55:00 -0700] "GET /glblnav_selected.gif HTTP/1.1" 200 158 "http://www.helpwithmath.com/demo.php" "Mozilla/4.0 (compatible; MSIE 7.0; Windows NT 6.0; SLCC1; .NET CLR 2.0.50727; .NET CLR 3.0.04506)"
71.55.204.87 - - [05/Aug/2007:15:55:03 -0700] "GET /download.php HTTP/1.1" 200 9885 "http://www.helpwithmath.com/demo.php" "Mozilla/4.0 (compatible; MSIE 7.0; Windows NT 6.0; SLCC1; .NET CLR 2.0.50727; .NET CLR 3.0.04506)"
::1 - - [05/Aug/2007:15:55:29 -0700] "GET /" 400 669 "-" "-"
::1 - - [05/Aug/2007:15:55:30 -0700] "GET /" 400 669 "-" "-"
::1 - - [05/Aug/2007:15:55:31 -0700] "GET /" 400 669 "-" "-"
::1 - - [05/Aug/2007:15:55:32 -0700] "GET /" 400 669 "-" "-"
::1 - - [05/Aug/2007:15:55:33 -0700] "GET /" 400 669 "-" "-"
::1 - - [05/Aug/2007:15:55:34 -0700] "GET /" 400 669 "-" "-"
71.55.204.87 - - [05/Aug/2007:15:55:44 -0700] "POST /download2.php HTTP/1.1" 200 9161 "http://www.helpwithmath.com/download.php" "Mozilla/4.0 (compatible; MSIE 7.0; Windows NT 6.0; SLCC1; .NET CLR 2.0.50727; .NET CLR 3.0.04506)"
::1 - - [05/Aug/2007:15:55:47 -0700] "GET /" 400 669 "-" "-"
::1 - - [05/Aug/2007:15:55:48 -0700] "GET /" 400 669 "-" "-"
::1 - - [05/Aug/2007:15:55:49 -0700] "GET /" 400 669 "-" "-"
::1 - - [05/Aug/2007:15:55:50 -0700] "GET /" 400 669 "-" "-"
::1 - - [05/Aug/2007:15:55:51 -0700] "GET /" 400 669 "-" "-"
::1 - - [05/Aug/2007:15:55:52 -0700] "GET /" 400 669 "-" "-"
::1 - - [05/Aug/2007:15:55:53 -0700] "GET /" 400 669 "-" "-"
::1 - - [05/Aug/2007:15:55:54 -0700] "GET /" 400 669 "-" "-"
::1 - - [05/Aug/2007:15:55:55 -0700] "GET /" 400 669 "-" "-"
::1 - - [05/Aug/2007:15:56:08 -0700] "GET /" 400 669 "-" "-"
::1 - - [05/Aug/2007:15:56:09 -0700] "GET /" 400 669 "-" "-"
::1 - - [05/Aug/2007:15:56:10 -0700] "GET /" 400 669 "-" "-"
::1 - - [05/Aug/2007:15:56:11 -0700] "GET /" 400 669 "-" "-"
::1 - - [05/Aug/2007:15:56:12 -0700] "GET /" 400 669 "-" "-"
::1 - - [05/Aug/2007:15:56:21 -0700] "GET /" 400 669 "-" "-"
::1 - - [05/Aug/2007:15:56:22 -0700] "GET /" 400 669 "-" "-"
::1 - - [05/Aug/2007:15:56:23 -0700] "GET /" 400 669 "-" "-"
::1 - - [05/Aug/2007:15:56:27 -0700] "GET /" 400 669 "-" "-"
::1 - - [05/Aug/2007:15:56:28 -0700] "GET /" 400 669 "-" "-"
::1 - - [05/Aug/2007:15:56:29 -0700] "GET /" 400 669 "-" "-"
::1 - - [05/Aug/2007:15:56:30 -0700] "GET /" 400 669 "-" "-"
::1 - - [05/Aug/2007:15:56:31 -0700] "GET /" 400 669 "-" "-"
::1 - - [05/Aug/2007:15:56:32 -0700] "GET /" 400 669 "-" "-"
71.55.204.87 - - [05/Aug/2007:15:56:33 -0700] "POST /download2.php?state=Edit HTTP/1.1" 302 9267 "http://www.helpwithmath.com/download2.php" "Mozilla/4.0 (compatible; MSIE 7.0; Windows NT 6.0; SLCC1; .NET CLR 2.0.50727; .NET CLR 3.0.04506)"
71.55.204.87 - - [05/Aug/2007:15:56:33 -0700] "GET /Install/SaveOrRun.php?Email=missjazzy7894@yahoo.com&WhichDisk=7 HTTP/1.1" 200 5235 "http://www.helpwithmath.com/download2.php" "Mozilla/4.0 (compatible; MSIE 7.0; Windows NT 6.0; SLCC1; .NET CLR 2.0.50727; .NET CLR 3.0.04506)"
71.55.204.87 - - [05/Aug/2007:15:56:33 -0700] "GET /Install/oci_header.jpg HTTP/1.1" 200 6586 "http://www.helpwithmath.com/Install/SaveOrRun.php?Email=missjazzy7894@yahoo.com&WhichDisk=7" "Mozilla/4.0 (compatible; MSIE 7.0; Windows NT 6.0; SLCC1; .NET CLR 2.0.50727; .NET CLR 3.0.04506)"
71.55.204.87 - - [05/Aug/2007:15:56:34 -0700] "GET /Install/header_fill.jpg HTTP/1.1" 200 578 "http://www.helpwithmath.com/Install/SaveOrRun.php?Email=missjazzy7894@yahoo.com&WhichDisk=7" "Mozilla/4.0 (compatible; MSIE 7.0; Windows NT 6.0; SLCC1; .NET CLR 2.0.50727; .NET CLR 3.0.04506)"
71.55.204.87 - - [05/Aug/2007:15:56:34 -0700] "GET /Install/UL.gif HTTP/1.1" 200 170 "http://www.helpwithmath.com/Install/SaveOrRun.php?Email=missjazzy7894@yahoo.com&WhichDisk=7" "Mozilla/4.0 (compatible; MSIE 7.0; Windows NT 6.0; SLCC1; .NET CLR 2.0.50727; .NET CLR 3.0.04506)"
71.55.204.87 - - [05/Aug/2007:15:56:34 -0700] "GET /Install/UR.gif HTTP/1.1" 200 169 "http://www.helpwithmath.com/Install/SaveOrRun.php?Email=missjazzy7894@yahoo.com&WhichDisk=7" "Mozilla/4.0 (compatible; MSIE 7.0; Windows NT 6.0; SLCC1; .NET CLR 2.0.50727; .NET CLR 3.0.04506)"
71.55.204.87 - - [05/Aug/2007:15:56:34 -0700] "GET /Install/b_saveorrun.gif HTTP/1.1" 200 2947 "http://www.helpwithmath.com/Install/SaveOrRun.php?Email=missjazzy7894@yahoo.com&WhichDisk=7" "Mozilla/4.0 (compatible; MSIE 7.0; Windows NT 6.0; SLCC1; .NET CLR 2.0.50727; .NET CLR 3.0.04506)"
71.55.204.87 - - [05/Aug/2007:15:56:34 -0700] "GET /Install/LL.gif HTTP/1.1" 200 169 "http://www.helpwithmath.com/Install/SaveOrRun.php?Email=missjazzy7894@yahoo.com&WhichDisk=7" "Mozilla/4.0 (compatible; MSIE 7.0; Windows NT 6.0; SLCC1; .NET CLR 2.0.50727; .NET CLR 3.0.04506)"
71.55.204.87 - - [05/Aug/2007:15:56:34 -0700] "GET /Install/LR.gif HTTP/1.1" 200 169 "http://www.helpwithmath.com/Install/SaveOrRun.php?Email=missjazzy7894@yahoo.com&WhichDisk=7" "Mozilla/4.0 (compatible; MSIE 7.0; Windows NT 6.0; SLCC1; .NET CLR 2.0.50727; .NET CLR 3.0.04506)"
71.55.204.87 - - [05/Aug/2007:15:56:40 -0700] "GET /Install/saving_running.htm HTTP/1.1" 200 4541 "http://www.helpwithmath.com/Install/SaveOrRun.php?Email=missjazzy7894@yahoo.com&WhichDisk=7" "Mozilla/4.0 (compatible; MSIE 7.0; Windows NT 6.0; SLCC1; .NET CLR 2.0.50727; .NET CLR 3.0.04506)"
71.55.204.87 - - [05/Aug/2007:15:56:43 -0700] "GET /Install/setup.exe HTTP/1.1" 200 13072520 "-" "Mozilla/4.0 (compatible; MSIE 7.0; Windows NT 6.0; SLCC1; .NET CLR 2.0.50727; .NET CLR 3.0.04506)"
::1 - - [05/Aug/2007:15:56:44 -0700] "GET /" 400 669 "-" "-"
::1 - - [05/Aug/2007:15:57:16 -0700] "GET /" 400 669 "-" "-"
::1 - - [05/Aug/2007:15:57:17 -0700] "GET /" 400 669 "-" "-"
::1 - - [05/Aug/2007:15:57:19 -0700] "GET /" 400 669 "-" "-"
::1 - - [05/Aug/2007:15:57:21 -0700] "GET /" 400 669 "-" "-"
::1 - - [05/Aug/2007:15:57:38 -0700] "GET /" 400 669 "-" "-"
::1 - - [05/Aug/2007:15:57:39 -0700] "GET /" 400 669 "-" "-"
::1 - - [05/Aug/2007:15:57:40 -0700] "GET /" 400 669 "-" "-"
::1 - - [05/Aug/2007:15:57:41 -0700] "GET /" 400 669 "-" "-"
::1 - - [05/Aug/2007:15:57:42 -0700] "GET /" 400 669 "-" "-"
::1 - - [05/Aug/2007:15:57:43 -0700] "GET /" 400 669 "-" "-"
::1 - - [05/Aug/2007:15:57:44 -0700] "GET /" 400 669 "-" "-"
::1 - - [05/Aug/2007:15:57:45 -0700] "GET /" 400 669 "-" "-"
::1 - - [05/Aug/2007:15:57:46 -0700] "GET /" 400 669 "-" "-"
::1 - - [05/Aug/2007:15:57:47 -0700] "GET /" 400 669 "-" "-"
71.55.204.87 - - [05/Aug/2007:15:57:06 -0700] "GET /Install/setup.exe HTTP/1.1" 206 13068768 "http://www.helpwithmath.com/Install/saving_running.htm" "Mozilla/4.0 (compatible; MSIE 7.0; Windows NT 6.0; SLCC1; .NET CLR 2.0.50727; .NET CLR 3.0.04506)"
::1 - - [05/Aug/2007:15:58:45 -0700] "GET /" 400 669 "-" "-"
::1 - - [05/Aug/2007:15:58:46 -0700] "GET /" 400 669 "-" "-"
::1 - - [05/Aug/2007:15:58:47 -0700] "GET /" 400 669 "-" "-"
::1 - - [05/Aug/2007:16:00:16 -0700] "GET /" 400 669 "-" "-"
::1 - - [05/Aug/2007:16:00:17 -0700] "GET /" 400 669 "-" "-"
::1 - - [05/Aug/2007:16:00:47 -0700] "GET /" 400 669 "-" "-"
::1 - - [05/Aug/2007:16:00:48 -0700] "GET /" 400 669 "-" "-"
87.118.114.200 - - [05/Aug/2007:16:01:11 -0700] "GET /?gclid=CMqD4cO8340CFR31ZgodZhiAtA HTTP/1.1" 200 10654 "-" "Mozilla/5.0 (compatible; Googlebot/2.1; +http://www.google.com/bot.html)"
87.118.114.200 - - [05/Aug/2007:16:01:13 -0700] "GET /?gclid=CLPhvsW8340CFRo-Zwod2jFArw HTTP/1.1" 200 10654 "-" "Mozilla/5.0 (compatible; Googlebot/2.1; +http://www.google.com/bot.html)"
::1 - - [05/Aug/2007:16:02:33 -0700] "GET /" 400 669 "-" "-"
::1 - - [05/Aug/2007:16:03:21 -0700] "GET /" 400 669 "-" "-"
::1 - - [05/Aug/2007:16:03:23 -0700] "GET /" 400 669 "-" "-"
::1 - - [05/Aug/2007:16:03:24 -0700] "GET /" 400 669 "-" "-"
::1 - - [05/Aug/2007:16:03:25 -0700] "GET /" 400 669 "-" "-"
::1 - - [05/Aug/2007:16:03:26 -0700] "GET /" 400 669 "-" "-"
::1 - - [05/Aug/2007:16:03:28 -0700] "GET /" 400 669 "-" "-"
::1 - - [05/Aug/2007:16:03:29 -0700] "GET /" 400 669 "-" "-"
::1 - - [05/Aug/2007:16:03:30 -0700] "GET /" 400 669 "-" "-"
::1 - - [05/Aug/2007:16:03:31 -0700] "GET /" 400 669 "-" "-"
::1 - - [05/Aug/2007:16:03:58 -0700] "GET /" 400 669 "-" "-"
::1 - - [05/Aug/2007:16:03:59 -0700] "GET /" 400 669 "-" "-"
::1 - - [05/Aug/2007:16:04:13 -0700] "GET /" 400 669 "-" "-"
::1 - - [05/Aug/2007:16:04:22 -0700] "GET /" 400 669 "-" "-"
::1 - - [05/Aug/2007:16:04:23 -0700] "GET /" 400 669 "-" "-"
72.130.192.195 - - [05/Aug/2007:16:05:38 -0700] "GET / HTTP/1.1" 200 10654 "http://search.yahoo.com/search?p=math+xpert&fr=yfp-t-501&toggle=1&cop=mss&ei=UTF-8" "Mozilla/4.0 (compatible; MSIE 7.0; Windows NT 5.1; InfoPath.1; .NET CLR 1.1.4322; .NET CLR 2.0.50727; .NET CLR 3.0.04506.30)"
72.130.192.195 - - [05/Aug/2007:16:05:39 -0700] "GET /HelpWithMathStyle.css HTTP/1.1" 200 7201 "http://www.mathxpert.com/" "Mozilla/4.0 (compatible; MSIE 7.0; Windows NT 5.1; InfoPath.1; .NET CLR 1.1.4322; .NET CLR 2.0.50727; .NET CLR 3.0.04506.30)"
72.130.192.195 - - [05/Aug/2007:16:05:39 -0700] "GET /fold.gif HTTP/1.1" 200 119 "http://www.mathxpert.com/" "Mozilla/4.0 (compatible; MSIE 7.0; Windows NT 5.1; InfoPath.1; .NET CLR 1.1.4322; .NET CLR 2.0.50727; .NET CLR 3.0.04506.30)"
72.130.192.195 - - [05/Aug/2007:16:05:39 -0700] "GET /open.gif HTTP/1.1" 200 125 "http://www.mathxpert.com/" "Mozilla/4.0 (compatible; MSIE 7.0; Windows NT 5.1; InfoPath.1; .NET CLR 1.1.4322; .NET CLR 2.0.50727; .NET CLR 3.0.04506.30)"
72.130.192.195 - - [05/Aug/2007:16:05:39 -0700] "GET /gblnav_left.gif HTTP/1.1" 200 580 "http://www.mathxpert.com/" "Mozilla/4.0 (compatible; MSIE 7.0; Windows NT 5.1; InfoPath.1; .NET CLR 1.1.4322; .NET CLR 2.0.50727; .NET CLR 3.0.04506.30)"
72.130.192.195 - - [05/Aug/2007:16:05:39 -0700] "GET /glbnav_right.gif HTTP/1.1" 200 578 "http://www.mathxpert.com/" "Mozilla/4.0 (compatible; MSIE 7.0; Windows NT 5.1; InfoPath.1; .NET CLR 1.1.4322; .NET CLR 2.0.50727; .NET CLR 3.0.04506.30)"
72.130.192.195 - - [05/Aug/2007:16:05:39 -0700] "GET /Spacer.gif HTTP/1.1" 200 52 "http://www.mathxpert.com/" "Mozilla/4.0 (compatible; MSIE 7.0; Windows NT 5.1; InfoPath.1; .NET CLR 1.1.4322; .NET CLR 2.0.50727; .NET CLR 3.0.04506.30)"
72.130.192.195 - - [05/Aug/2007:16:05:39 -0700] "GET /TransparentMathXpertLogo.gif HTTP/1.1" 200 1845 "http://www.mathxpert.com/" "Mozilla/4.0 (compatible; MSIE 7.0; Windows NT 5.1; InfoPath.1; .NET CLR 1.1.4322; .NET CLR 2.0.50727; .NET CLR 3.0.04506.30)"
72.130.192.195 - - [05/Aug/2007:16:05:39 -0700] "GET /include/Ramanujan1-quality15.jpg HTTP/1.1" 200 34375 "http://www.mathxpert.com/" "Mozilla/4.0 (compatible; MSIE 7.0; Windows NT 5.1; InfoPath.1; .NET CLR 1.1.4322; .NET CLR 2.0.50727; .NET CLR 3.0.04506.30)"
72.130.192.195 - - [05/Aug/2007:16:05:39 -0700] "GET /demo/image4.gif HTTP/1.1" 200 17692 "http://www.mathxpert.com/" "Mozilla/4.0 (compatible; MSIE 7.0; Windows NT 5.1; InfoPath.1; .NET CLR 1.1.4322; .NET CLR 2.0.50727; .NET CLR 3.0.04506.30)"
72.130.192.195 - - [05/Aug/2007:16:05:40 -0700] "GET /demo/step4a.gif HTTP/1.1" 200 18054 "http://www.mathxpert.com/" "Mozilla/4.0 (compatible; MSIE 7.0; Windows NT 5.1; InfoPath.1; .NET CLR 1.1.4322; .NET CLR 2.0.50727; .NET CLR 3.0.04506.30)"
72.130.192.195 - - [05/Aug/2007:16:05:40 -0700] "GET /glbnav_background.gif HTTP/1.1" 200 301 "http://www.mathxpert.com/" "Mozilla/4.0 (compatible; MSIE 7.0; Windows NT 5.1; InfoPath.1; .NET CLR 1.1.4322; .NET CLR 2.0.50727; .NET CLR 3.0.04506.30)"
72.130.192.195 - - [05/Aug/2007:16:05:40 -0700] "GET /include/Background.gif HTTP/1.1" 200 52448 "http://www.mathxpert.com/" "Mozilla/4.0 (compatible; MSIE 7.0; Windows NT 5.1; InfoPath.1; .NET CLR 1.1.4322; .NET CLR 2.0.50727; .NET CLR 3.0.04506.30)"
72.130.192.195 - - [05/Aug/2007:16:05:40 -0700] "GET /favicon.ico HTTP/1.1" 404 402 "-" "Mozilla/4.0 (compatible; MSIE 7.0; Windows NT 5.1; InfoPath.1; .NET CLR 1.1.4322; .NET CLR 2.0.50727; .NET CLR 3.0.04506.30)"
::1 - - [05/Aug/2007:16:06:13 -0700] "GET /" 400 669 "-" "-"
72.130.192.195 - - [05/Aug/2007:16:06:36 -0700] "GET /glblnav_selected.gif HTTP/1.1" 200 158 "http://www.mathxpert.com/" "Mozilla/4.0 (compatible; MSIE 7.0; Windows NT 5.1; InfoPath.1; .NET CLR 1.1.4322; .NET CLR 2.0.50727; .NET CLR 3.0.04506.30)"
72.130.192.195 - - [05/Aug/2007:16:06:37 -0700] "GET /purchase.php HTTP/1.1" 200 11698 "http://www.mathxpert.com/" "Mozilla/4.0 (compatible; MSIE 7.0; Windows NT 5.1; InfoPath.1; .NET CLR 1.1.4322; .NET CLR 2.0.50727; .NET CLR 3.0.04506.30)"
196.217.47.208 - - [05/Aug/2007:16:07:08 -0700] "GET /Install/saving_running.htm HTTP/1.1" 200 4541 "http://www.startimes2.com/f.aspx?t=4191552" "Mozilla/5.0 (Windows; U; Windows NT 5.1; fr; rv:1.8.1) Gecko/20061010 Firefox/2.0"
196.217.47.208 - - [05/Aug/2007:16:07:08 -0700] "GET /Install/oci_header.jpg HTTP/1.1" 200 6586 "http://www.helpwithmath.com/Install/saving_running.htm" "Mozilla/5.0 (Windows; U; Windows NT 5.1; fr; rv:1.8.1) Gecko/20061010 Firefox/2.0"
196.217.47.208 - - [05/Aug/2007:16:07:08 -0700] "GET /Install/header_fill.jpg HTTP/1.1" 200 578 "http://www.helpwithmath.com/Install/saving_running.htm" "Mozilla/5.0 (Windows; U; Windows NT 5.1; fr; rv:1.8.1) Gecko/20061010 Firefox/2.0"
