196.206.216.250 - - [06/Aug/2007:08:36:01 -0700] "GET /Install/SaveOrRun.php?Email=berrimo_1@hotmail.com&WhichDisk=7 HTTP/1.1" 200 5235 "http://www.mathxpert.com/download2.php" "Mozilla/4.0 (compatible; MSIE 6.0; Windows NT 5.1; SV1)"
196.206.216.250 - - [06/Aug/2007:08:36:02 -0700] "GET /Install/oci_header.jpg HTTP/1.1" 200 6586 "http://www.mathxpert.com/Install/SaveOrRun.php?Email=berrimo_1@hotmail.com&WhichDisk=7" "Mozilla/4.0 (compatible; MSIE 6.0; Windows NT 5.1; SV1)"
196.206.216.250 - - [06/Aug/2007:08:36:02 -0700] "GET /Install/header_fill.jpg HTTP/1.1" 200 578 "http://www.mathxpert.com/Install/SaveOrRun.php?Email=berrimo_1@hotmail.com&WhichDisk=7" "Mozilla/4.0 (compatible; MSIE 6.0; Windows NT 5.1; SV1)"
196.206.216.250 - - [06/Aug/2007:08:36:02 -0700] "GET /Install/UL.gif HTTP/1.1" 200 170 "http://www.mathxpert.com/Install/SaveOrRun.php?Email=berrimo_1@hotmail.com&WhichDisk=7" "Mozilla/4.0 (compatible; MSIE 6.0; Windows NT 5.1; SV1)"
196.206.216.250 - - [06/Aug/2007:08:36:02 -0700] "GET /Install/UR.gif HTTP/1.1" 200 169 "http://www.mathxpert.com/Install/SaveOrRun.php?Email=berrimo_1@hotmail.com&WhichDisk=7" "Mozilla/4.0 (compatible; MSIE 6.0; Windows NT 5.1; SV1)"
196.206.216.250 - - [06/Aug/2007:08:36:03 -0700] "GET /Install/b_saveorrun.gif HTTP/1.1" 200 2947 "http://www.mathxpert.com/Install/SaveOrRun.php?Email=berrimo_1@hotmail.com&WhichDisk=7" "Mozilla/4.0 (compatible; MSIE 6.0; Windows NT 5.1; SV1)"
196.206.216.250 - - [06/Aug/2007:08:36:03 -0700] "GET /Install/LL.gif HTTP/1.1" 200 169 "http://www.mathxpert.com/Install/SaveOrRun.php?Email=berrimo_1@hotmail.com&WhichDisk=7" "Mozilla/4.0 (compatible; MSIE 6.0; Windows NT 5.1; SV1)"
196.206.216.250 - - [06/Aug/2007:08:36:03 -0700] "GET /Install/LR.gif HTTP/1.1" 200 169 "http://www.mathxpert.com/Install/SaveOrRun.php?Email=berrimo_1@hotmail.com&WhichDisk=7" "Mozilla/4.0 (compatible; MSIE 6.0; Windows NT 5.1; SV1)"
196.206.216.250 - - [06/Aug/2007:08:36:06 -0700] "GET /Install/saving_running.htm HTTP/1.1" 200 4541 "http://www.mathxpert.com/Install/SaveOrRun.php?Email=berrimo_1@hotmail.com&WhichDisk=7" "Mozilla/4.0 (compatible; MSIE 6.0; Windows NT 5.1; SV1)"
196.206.216.250 - - [06/Aug/2007:08:36:11 -0700] "GET /Install/setup.exe HTTP/1.1" 200 13072520 "http://www.mathxpert.com/Install/saving_running.htm" "Mozilla/4.0 (compatible; MSIE 6.0; Windows NT 5.1; SV1)"
12.202.59.171 - - [06/Aug/2007:08:36:55 -0700] "GET /about.php?include=stepbystep.html HTTP/1.1" 200 9635 "http://www.helpwithmath.com/" "Mozilla/4.0 (compatible; MSIE 6.0; Windows NT 5.1; SV1; FunWebProducts)"
12.202.59.171 - - [06/Aug/2007:08:36:56 -0700] "GET /demo/image2.gif HTTP/1.1" 200 17372 "http://www.helpwithmath.com/about.php?include=stepbystep.html" "Mozilla/4.0 (compatible; MSIE 6.0; Windows NT 5.1; SV1; FunWebProducts)"
12.202.59.171 - - [06/Aug/2007:08:36:56 -0700] "GET /demo/image3.gif HTTP/1.1" 200 17367 "http://www.helpwithmath.com/about.php?include=stepbystep.html" "Mozilla/4.0 (compatible; MSIE 6.0; Windows NT 5.1; SV1; FunWebProducts)"
12.202.59.171 - - [06/Aug/2007:08:37:21 -0700] "GET /demo.php HTTP/1.1" 200 9622 "http://www.helpwithmath.com/about.php?include=stepbystep.html" "Mozilla/4.0 (compatible; MSIE 6.0; Windows NT 5.1; SV1; FunWebProducts)"
12.202.59.171 - - [06/Aug/2007:08:37:22 -0700] "GET /demo/image1.gif HTTP/1.1" 200 16881 "http://www.helpwithmath.com/demo.php" "Mozilla/4.0 (compatible; MSIE 6.0; Windows NT 5.1; SV1; FunWebProducts)"
::1 - - [06/Aug/2007:08:37:41 -0700] "GET /" 400 669 "-" "-"
12.202.59.171 - - [06/Aug/2007:08:37:46 -0700] "GET /glblnav_selected.gif HTTP/1.1" 200 158 "http://www.helpwithmath.com/demo.php" "Mozilla/4.0 (compatible; MSIE 6.0; Windows NT 5.1; SV1; FunWebProducts)"
::1 - - [06/Aug/2007:08:37:47 -0700] "GET /" 400 669 "-" "-"
12.202.59.171 - - [06/Aug/2007:08:37:59 -0700] "GET /demo.php HTTP/1.1" 200 9622 "http://www.helpwithmath.com/about.php?include=stepbystep.html" "Mozilla/4.0 (compatible; MSIE 6.0; Windows NT 5.1; SV1; FunWebProducts)"
::1 - - [06/Aug/2007:08:38:06 -0700] "GET /" 400 669 "-" "-"
::1 - - [06/Aug/2007:08:38:07 -0700] "GET /" 400 669 "-" "-"
::1 - - [06/Aug/2007:08:38:08 -0700] "GET /" 400 669 "-" "-"
::1 - - [06/Aug/2007:08:38:17 -0700] "GET /" 400 669 "-" "-"
::1 - - [06/Aug/2007:08:38:25 -0700] "GET /" 400 669 "-" "-"
::1 - - [06/Aug/2007:08:38:26 -0700] "GET /" 400 669 "-" "-"
::1 - - [06/Aug/2007:08:38:27 -0700] "GET /" 400 669 "-" "-"
::1 - - [06/Aug/2007:08:38:29 -0700] "GET /" 400 669 "-" "-"
12.202.59.171 - - [06/Aug/2007:08:38:30 -0700] "GET /download.php HTTP/1.1" 200 9885 "http://search.yahoo.com/search?p=helpwithmath.com&fr=yfp-t-501&toggle=1&cop=mss&ei=UTF-8" "Mozilla/4.0 (compatible; MSIE 6.0; Windows NT 5.1; SV1; FunWebProducts)"
::1 - - [06/Aug/2007:08:39:09 -0700] "GET /" 400 669 "-" "-"
::1 - - [06/Aug/2007:08:40:34 -0700] "GET /" 400 669 "-" "-"
196.206.216.250 - - [06/Aug/2007:08:36:08 -0700] "GET /Install/setup.exe HTTP/1.1" 200 13072520 "-" "Mozilla/4.0 (compatible; MSIE 6.0; Windows NT 5.1; SV1)"
::1 - - [06/Aug/2007:08:41:26 -0700] "GET /" 400 669 "-" "-"
::1 - - [06/Aug/2007:08:41:27 -0700] "GET /" 400 669 "-" "-"
::1 - - [06/Aug/2007:08:41:53 -0700] "GET /" 400 669 "-" "-"
::1 - - [06/Aug/2007:08:41:54 -0700] "GET /" 400 669 "-" "-"
::1 - - [06/Aug/2007:08:41:55 -0700] "GET /" 400 669 "-" "-"
::1 - - [06/Aug/2007:08:42:15 -0700] "GET /" 400 669 "-" "-"
::1 - - [06/Aug/2007:08:42:22 -0700] "GET /" 400 669 "-" "-"
::1 - - [06/Aug/2007:08:42:23 -0700] "GET /" 400 669 "-" "-"
::1 - - [06/Aug/2007:08:42:24 -0700] "GET /" 400 669 "-" "-"
::1 - - [06/Aug/2007:08:42:33 -0700] "GET /" 400 669 "-" "-"
::1 - - [06/Aug/2007:08:42:35 -0700] "GET /" 400 669 "-" "-"
::1 - - [06/Aug/2007:08:42:36 -0700] "GET /" 400 669 "-" "-"
::1 - - [06/Aug/2007:08:42:37 -0700] "GET /" 400 669 "-" "-"
::1 - - [06/Aug/2007:08:42:38 -0700] "GET /" 400 669 "-" "-"
::1 - - [06/Aug/2007:08:42:39 -0700] "GET /" 400 669 "-" "-"
::1 - - [06/Aug/2007:08:42:40 -0700] "GET /" 400 669 "-" "-"
::1 - - [06/Aug/2007:08:42:41 -0700] "GET /" 400 669 "-" "-"
::1 - - [06/Aug/2007:08:42:42 -0700] "GET /" 400 669 "-" "-"
::1 - - [06/Aug/2007:08:42:43 -0700] "GET /" 400 669 "-" "-"
::1 - - [06/Aug/2007:08:42:44 -0700] "GET /" 400 669 "-" "-"
::1 - - [06/Aug/2007:08:42:45 -0700] "GET /" 400 669 "-" "-"
194.83.140.45 - - [06/Aug/2007:08:43:46 -0700] "GET / HTTP/1.1" 200 10654 "http://www.google.com/search?client=opera&rls=en&q=MathXpert&sourceid=opera&ie=utf-8&oe=utf-8" "Opera/9.20 (Windows NT 5.1; U; en)"
194.83.140.45 - - [06/Aug/2007:08:43:47 -0700] "GET /HelpWithMathStyle.css HTTP/1.1" 200 7201 "http://www.helpwithmath.com/" "Opera/9.20 (Windows NT 5.1; U; en)"
194.83.140.45 - - [06/Aug/2007:08:43:47 -0700] "GET /fold.gif HTTP/1.1" 200 119 "http://www.helpwithmath.com/" "Opera/9.20 (Windows NT 5.1; U; en)"
194.83.140.45 - - [06/Aug/2007:08:43:47 -0700] "GET /open.gif HTTP/1.1" 200 125 "http://www.helpwithmath.com/" "Opera/9.20 (Windows NT 5.1; U; en)"
41.221.17.248 - - [06/Aug/2007:08:43:47 -0700] "GET /Install/saving_running.htm HTTP/1.1" 200 4541 "http://www.sedty.com/vb/showthread.php?t=31036" "Mozilla/4.0 (compatible; MSIE 7.0; Windows NT 5.1)"
194.83.140.45 - - [06/Aug/2007:08:43:47 -0700] "GET /glbnav_background.gif HTTP/1.1" 200 301 "http://www.helpwithmath.com/" "Opera/9.20 (Windows NT 5.1; U; en)"
194.83.140.45 - - [06/Aug/2007:08:43:47 -0700] "GET /gblnav_left.gif HTTP/1.1" 200 580 "http://www.helpwithmath.com/" "Opera/9.20 (Windows NT 5.1; U; en)"
194.83.140.45 - - [06/Aug/2007:08:43:47 -0700] "GET /glbnav_right.gif HTTP/1.1" 200 578 "http://www.helpwithmath.com/" "Opera/9.20 (Windows NT 5.1; U; en)"
194.83.140.45 - - [06/Aug/2007:08:43:48 -0700] "GET /Spacer.gif HTTP/1.1" 200 52 "http://www.helpwithmath.com/" "Opera/9.20 (Windows NT 5.1; U; en)"
194.83.140.45 - - [06/Aug/2007:08:43:48 -0700] "GET /TransparentMathXpertLogo.gif HTTP/1.1" 200 1845 "http://www.helpwithmath.com/" "Opera/9.20 (Windows NT 5.1; U; en)"
194.83.140.45 - - [06/Aug/2007:08:43:47 -0700] "GET /include/Ramanujan1-quality15.jpg HTTP/1.1" 200 34375 "http://www.helpwithmath.com/" "Opera/9.20 (Windows NT 5.1; U; en)"
194.83.140.45 - - [06/Aug/2007:08:43:48 -0700] "GET /demo/image4.gif HTTP/1.1" 200 17692 "http://www.helpwithmath.com/" "Opera/9.20 (Windows NT 5.1; U; en)"
41.221.17.248 - - [06/Aug/2007:08:43:48 -0700] "GET /Install/oci_header.jpg HTTP/1.1" 200 6586 "http://www.helpwithmath.com/Install/saving_running.htm" "Mozilla/4.0 (compatible; MSIE 7.0; Windows NT 5.1)"
194.83.140.45 - - [06/Aug/2007:08:43:48 -0700] "GET /include/Background.gif HTTP/1.1" 200 52448 "http://www.helpwithmath.com/" "Opera/9.20 (Windows NT 5.1; U; en)"
194.83.140.45 - - [06/Aug/2007:08:43:48 -0700] "GET /demo/step4a.gif HTTP/1.1" 200 18054 "http://www.helpwithmath.com/" "Opera/9.20 (Windows NT 5.1; U; en)"
194.83.140.45 - - [06/Aug/2007:08:43:48 -0700] "GET /demo/step4a.gif HTTP/1.1" 200 18054 "http://www.helpwithmath.com/" "Opera/9.20 (Windows NT 5.1; U; en)"
194.83.140.45 - - [06/Aug/2007:08:43:48 -0700] "GET /include/Background.gif HTTP/1.1" 200 52448 "http://www.helpwithmath.com/" "Opera/9.20 (Windows NT 5.1; U; en)"
194.83.140.45 - - [06/Aug/2007:08:43:50 -0700] "GET /favicon.ico HTTP/1.1" 404 405 "http://www.helpwithmath.com/" "Opera/9.20 (Windows NT 5.1; U; en)"
41.221.17.248 - - [06/Aug/2007:08:43:51 -0700] "GET /Install/header_fill.jpg HTTP/1.1" 200 578 "http://www.helpwithmath.com/Install/saving_running.htm" "Mozilla/4.0 (compatible; MSIE 7.0; Windows NT 5.1)"
41.221.17.248 - - [06/Aug/2007:08:43:52 -0700] "GET /favicon.ico HTTP/1.1" 404 405 "-" "Mozilla/4.0 (compatible; MSIE 7.0; Windows NT 5.1)"
194.83.140.45 - - [06/Aug/2007:08:43:58 -0700] "GET /glblnav_selected.gif HTTP/1.1" 200 158 "http://www.helpwithmath.com/" "Opera/9.20 (Windows NT 5.1; U; en)"
194.83.140.45 - - [06/Aug/2007:08:43:59 -0700] "GET /about.php HTTP/1.1" 200 11767 "http://www.helpwithmath.com/" "Opera/9.20 (Windows NT 5.1; U; en)"
41.221.17.248 - - [06/Aug/2007:08:44:00 -0700] "GET /Install/setup.exe HTTP/1.1" 206 1626126 "http://www.helpwithmath.com/Install/saving_running.htm" "Mozilla/4.0 (compatible; MSIE 7.0; Windows NT 5.1)"
41.221.17.248 - - [06/Aug/2007:08:44:00 -0700] "GET /Install/setup.exe HTTP/1.1" 206 1630982 "http://www.helpwithmath.com/Install/saving_running.htm" "Mozilla/4.0 (compatible; MSIE 7.0; Windows NT 5.1)"
194.83.140.45 - - [06/Aug/2007:08:44:06 -0700] "GET /demo.php HTTP/1.1" 200 9622 "http://www.helpwithmath.com/about.php" "Opera/9.20 (Windows NT 5.1; U; en)"
194.83.140.45 - - [06/Aug/2007:08:44:06 -0700] "GET /demo/image1.gif HTTP/1.1" 200 16881 "http://www.helpwithmath.com/demo.php" "Opera/9.20 (Windows NT 5.1; U; en)"
41.221.17.248 - - [06/Aug/2007:08:44:04 -0700] "GET /Install/setup.exe HTTP/1.1" 206 1626126 "http://www.helpwithmath.com/Install/saving_running.htm" "Mozilla/4.0 (compatible; MSIE 7.0; Windows NT 5.1)"
41.221.17.248 - - [06/Aug/2007:08:44:05 -0700] "GET /Install/setup.exe HTTP/1.1" 206 1630982 "http://www.helpwithmath.com/Install/saving_running.htm" "Mozilla/4.0 (compatible; MSIE 7.0; Windows NT 5.1)"
41.221.17.248 - - [06/Aug/2007:08:43:59 -0700] "GET /Install/setup.exe HTTP/1.1" 206 1632869 "http://www.helpwithmath.com/Install/saving_running.htm" "Mozilla/4.0 (compatible; MSIE 7.0; Windows NT 5.1)"
41.221.17.248 - - [06/Aug/2007:08:44:11 -0700] "GET /Install/setup.exe HTTP/1.1" 206 1626126 "http://www.helpwithmath.com/Install/saving_running.htm" "Mozilla/4.0 (compatible; MSIE 7.0; Windows NT 5.1)"
41.221.17.248 - - [06/Aug/2007:08:44:12 -0700] "GET /Install/setup.exe HTTP/1.1" 206 1632869 "http://www.helpwithmath.com/Install/saving_running.htm" "Mozilla/4.0 (compatible; MSIE 7.0; Windows NT 5.1)"
194.83.140.45 - - [06/Aug/2007:08:44:13 -0700] "GET /contact.php HTTP/1.1" 200 8928 "http://www.helpwithmath.com/demo.php" "Opera/9.20 (Windows NT 5.1; U; en)"
41.221.17.248 - - [06/Aug/2007:08:44:12 -0700] "GET /Install/setup.exe HTTP/1.1" 206 1630982 "http://www.helpwithmath.com/Install/saving_running.htm" "Mozilla/4.0 (compatible; MSIE 7.0; Windows NT 5.1)"
12.202.59.171 - - [06/Aug/2007:08:44:16 -0700] "GET /about.php?include=graphs.html HTTP/1.1" 200 9822 "http://search.yahoo.com/search?p=helpwithmath.com&fr=yfp-t-501&toggle=1&cop=mss&ei=UTF-8" "Mozilla/4.0 (compatible; MSIE 6.0; Windows NT 5.1; SV1; FunWebProducts)"
12.202.59.171 - - [06/Aug/2007:08:44:17 -0700] "GET /HelpWithMathStyle.css HTTP/1.1" 304 - "http://www.helpwithmath.com/about.php?include=graphs.html" "Mozilla/4.0 (compatible; MSIE 6.0; Windows NT 5.1; SV1; FunWebProducts)"
12.202.59.171 - - [06/Aug/2007:08:44:17 -0700] "GET /fold.gif HTTP/1.1" 304 - "http://www.helpwithmath.com/about.php?include=graphs.html" "Mozilla/4.0 (compatible; MSIE 6.0; Windows NT 5.1; SV1; FunWebProducts)"
12.202.59.171 - - [06/Aug/2007:08:44:17 -0700] "GET /open.gif HTTP/1.1" 304 - "http://www.helpwithmath.com/about.php?include=graphs.html" "Mozilla/4.0 (compatible; MSIE 6.0; Windows NT 5.1; SV1; FunWebProducts)"
12.202.59.171 - - [06/Aug/2007:08:44:17 -0700] "GET /gblnav_left.gif HTTP/1.1" 304 - "http://www.helpwithmath.com/about.php?include=graphs.html" "Mozilla/4.0 (compatible; MSIE 6.0; Windows NT 5.1; SV1; FunWebProducts)"
12.202.59.171 - - [06/Aug/2007:08:44:17 -0700] "GET /glbnav_right.gif HTTP/1.1" 304 - "http://www.helpwithmath.com/about.php?include=graphs.html" "Mozilla/4.0 (compatible; MSIE 6.0; Windows NT 5.1; SV1; FunWebProducts)"
12.202.59.171 - - [06/Aug/2007:08:44:17 -0700] "GET /TransparentMathXpertLogo.gif HTTP/1.1" 304 - "http://www.helpwithmath.com/about.php?include=graphs.html" "Mozilla/4.0 (compatible; MSIE 6.0; Windows NT 5.1; SV1; FunWebProducts)"
12.202.59.171 - - [06/Aug/2007:08:44:17 -0700] "GET /Spacer.gif HTTP/1.1" 304 - "http://www.helpwithmath.com/about.php?include=graphs.html" "Mozilla/4.0 (compatible; MSIE 6.0; Windows NT 5.1; SV1; FunWebProducts)"
12.202.59.171 - - [06/Aug/2007:08:44:17 -0700] "GET /include/Ramanujan1-quality15.jpg HTTP/1.1" 304 - "http://www.helpwithmath.com/about.php?include=graphs.html" "Mozilla/4.0 (compatible; MSIE 6.0; Windows NT 5.1; SV1; FunWebProducts)"
12.202.59.171 - - [06/Aug/2007:08:44:17 -0700] "GET /glbnav_background.gif HTTP/1.1" 304 - "http://www.helpwithmath.com/about.php?include=graphs.html" "Mozilla/4.0 (compatible; MSIE 6.0; Windows NT 5.1; SV1; FunWebProducts)"
12.202.59.171 - - [06/Aug/2007:08:44:17 -0700] "GET /include/Background.gif HTTP/1.1" 304 - "http://www.helpwithmath.com/about.php?include=graphs.html" "Mozilla/4.0 (compatible; MSIE 6.0; Windows NT 5.1; SV1; FunWebProducts)"
12.202.59.171 - - [06/Aug/2007:08:44:17 -0700] "GET /include/GraphDialog.jpg HTTP/1.1" 200 55955 "http://www.helpwithmath.com/about.php?include=graphs.html" "Mozilla/4.0 (compatible; MSIE 6.0; Windows NT 5.1; SV1; FunWebProducts)"
194.83.140.45 - - [06/Aug/2007:08:44:20 -0700] "GET /download.php HTTP/1.1" 200 9885 "http://www.helpwithmath.com/contact.php" "Opera/9.20 (Windows NT 5.1; U; en)"
41.221.17.248 - - [06/Aug/2007:08:44:18 -0700] "GET /Install/setup.exe HTTP/1.1" 206 1626126 "http://www.helpwithmath.com/Install/saving_running.htm" "Mozilla/4.0 (compatible; MSIE 7.0; Windows NT 5.1)"
41.221.17.248 - - [06/Aug/2007:08:44:21 -0700] "GET /Install/setup.exe HTTP/1.1" 206 1630982 "http://www.helpwithmath.com/Install/saving_running.htm" "Mozilla/4.0 (compatible; MSIE 7.0; Windows NT 5.1)"
41.221.17.248 - - [06/Aug/2007:08:44:29 -0700] "GET /Install/setup.exe HTTP/1.1" 206 1626126 "http://www.helpwithmath.com/Install/saving_running.htm" "Mozilla/4.0 (compatible; MSIE 7.0; Windows NT 5.1)"
41.221.17.248 - - [06/Aug/2007:08:44:32 -0700] "GET / HTTP/1.1" 200 10654 "http://www.sedty.com/vb/showthread.php?t=31036" "Mozilla/4.0 (compatible; MSIE 7.0; Windows NT 5.1)"
12.202.59.171 - - [06/Aug/2007:08:44:36 -0700] "GET /glblnav_selected.gif HTTP/1.1" 304 - "http://www.helpwithmath.com/about.php?include=graphs.html" "Mozilla/4.0 (compatible; MSIE 6.0; Windows NT 5.1; SV1; FunWebProducts)"
12.202.59.171 - - [06/Aug/2007:08:44:37 -0700] "GET /demo.php HTTP/1.1" 200 9622 "http://www.helpwithmath.com/about.php?include=graphs.html" "Mozilla/4.0 (compatible; MSIE 6.0; Windows NT 5.1; SV1; FunWebProducts)"
12.202.59.171 - - [06/Aug/2007:08:44:37 -0700] "GET /demo/image1.gif HTTP/1.1" 304 - "http://www.helpwithmath.com/demo.php" "Mozilla/4.0 (compatible; MSIE 6.0; Windows NT 5.1; SV1; FunWebProducts)"
41.221.17.248 - - [06/Aug/2007:08:44:39 -0700] "GET /Install/setup.exe HTTP/1.1" 206 1626126 "http://www.helpwithmath.com/Install/saving_running.htm" "Mozilla/4.0 (compatible; MSIE 7.0; Windows NT 5.1)"
41.221.17.248 - - [06/Aug/2007:08:44:41 -0700] "GET /HelpWithMathStyle.css HTTP/1.1" 200 7201 "http://www.helpwithmath.com/" "Mozilla/4.0 (compatible; MSIE 7.0; Windows NT 5.1)"
41.221.17.248 - - [06/Aug/2007:08:44:44 -0700] "GET /open.gif HTTP/1.1" 200 125 "http://www.helpwithmath.com/" "Mozilla/4.0 (compatible; MSIE 7.0; Windows NT 5.1)"
41.221.17.248 - - [06/Aug/2007:08:44:44 -0700] "GET /fold.gif HTTP/1.1" 200 119 "http://www.helpwithmath.com/" "Mozilla/4.0 (compatible; MSIE 7.0; Windows NT 5.1)"
41.221.17.248 - - [06/Aug/2007:08:44:45 -0700] "GET /gblnav_left.gif HTTP/1.1" 200 580 "http://www.helpwithmath.com/" "Mozilla/4.0 (compatible; MSIE 7.0; Windows NT 5.1)"
41.221.17.248 - - [06/Aug/2007:08:44:45 -0700] "GET /glbnav_background.gif HTTP/1.1" 200 301 "http://www.helpwithmath.com/" "Mozilla/4.0 (compatible; MSIE 7.0; Windows NT 5.1)"
41.221.17.248 - - [06/Aug/2007:08:44:45 -0700] "GET /glbnav_right.gif HTTP/1.1" 200 578 "http://www.helpwithmath.com/" "Mozilla/4.0 (compatible; MSIE 7.0; Windows NT 5.1)"
41.221.17.248 - - [06/Aug/2007:08:44:46 -0700] "GET /Spacer.gif HTTP/1.1" 200 52 "http://www.helpwithmath.com/" "Mozilla/4.0 (compatible; MSIE 7.0; Windows NT 5.1)"
194.83.140.45 - - [06/Aug/2007:08:44:46 -0700] "POST /download2.php HTTP/1.1" 302 9166 "http://www.helpwithmath.com/download.php" "Opera/9.20 (Windows NT 5.1; U; en)"
194.83.140.45 - - [06/Aug/2007:08:44:46 -0700] "GET /download3.php?ProductType=individual HTTP/1.1" 302 8680 "http://www.helpwithmath.com/download.php" "Opera/9.20 (Windows NT 5.1; U; en)"
194.83.140.45 - - [06/Aug/2007:08:44:46 -0700] "GET /purchase.php?WhichDisk=&ProductType=individual HTTP/1.1" 200 11698 "http://www.helpwithmath.com/download.php" "Opera/9.20 (Windows NT 5.1; U; en)"
::1 - - [06/Aug/2007:08:44:52 -0700] "GET /" 400 669 "-" "-"
41.221.17.248 - - [06/Aug/2007:08:44:45 -0700] "GET /include/Ramanujan1-quality15.jpg HTTP/1.1" 200 34375 "http://www.helpwithmath.com/" "Mozilla/4.0 (compatible; MSIE 7.0; Windows NT 5.1)"
41.221.17.248 - - [06/Aug/2007:08:44:46 -0700] "GET /include/Background.gif HTTP/1.1" 200 52448 "http://www.helpwithmath.com/" "Mozilla/4.0 (compatible; MSIE 7.0; Windows NT 5.1)"
194.83.140.45 - - [06/Aug/2007:08:44:57 -0700] "POST /download2.php HTTP/1.1" 200 9161 "http://www.helpwithmath.com/download.php" "Opera/9.20 (Windows NT 5.1; U; en)"
::1 - - [06/Aug/2007:08:45:03 -0700] "GET /" 400 669 "-" "-"
::1 - - [06/Aug/2007:08:45:04 -0700] "GET /" 400 669 "-" "-"
::1 - - [06/Aug/2007:08:45:06 -0700] "GET /" 400 669 "-" "-"
::1 - - [06/Aug/2007:08:45:13 -0700] "GET /" 400 669 "-" "-"
194.83.140.45 - - [06/Aug/2007:08:45:14 -0700] "POST /download2.php?state=Edit HTTP/1.1" 302 9270 "http://www.helpwithmath.com/download2.php" "Opera/9.20 (Windows NT 5.1; U; en)"
194.83.140.45 - - [06/Aug/2007:08:45:14 -0700] "GET /Install/SaveOrRun.php?Email=daniel_stahl@operamail.com&WhichDisk=7 HTTP/1.1" 200 5235 "http://www.helpwithmath.com/download2.php" "Opera/9.20 (Windows NT 5.1; U; en)"
::1 - - [06/Aug/2007:08:45:15 -0700] "GET /" 400 669 "-" "-"
194.83.140.45 - - [06/Aug/2007:08:45:15 -0700] "GET /Install/header_fill.jpg HTTP/1.1" 200 578 "http://www.helpwithmath.com/Install/SaveOrRun.php?Email=daniel_stahl@operamail.com&WhichDisk=7" "Opera/9.20 (Windows NT 5.1; U; en)"
194.83.140.45 - - [06/Aug/2007:08:45:15 -0700] "GET /Install/oci_header.jpg HTTP/1.1" 200 6586 "http://www.helpwithmath.com/Install/SaveOrRun.php?Email=daniel_stahl@operamail.com&WhichDisk=7" "Opera/9.20 (Windows NT 5.1; U; en)"
194.83.140.45 - - [06/Aug/2007:08:45:15 -0700] "GET /Install/UL.gif HTTP/1.1" 200 170 "http://www.helpwithmath.com/Install/SaveOrRun.php?Email=daniel_stahl@operamail.com&WhichDisk=7" "Opera/9.20 (Windows NT 5.1; U; en)"
194.83.140.45 - - [06/Aug/2007:08:45:15 -0700] "GET /Install/UR.gif HTTP/1.1" 200 169 "http://www.helpwithmath.com/Install/SaveOrRun.php?Email=daniel_stahl@operamail.com&WhichDisk=7" "Opera/9.20 (Windows NT 5.1; U; en)"
194.83.140.45 - - [06/Aug/2007:08:45:15 -0700] "GET /Install/LL.gif HTTP/1.1" 200 169 "http://www.helpwithmath.com/Install/SaveOrRun.php?Email=daniel_stahl@operamail.com&WhichDisk=7" "Opera/9.20 (Windows NT 5.1; U; en)"
194.83.140.45 - - [06/Aug/2007:08:45:15 -0700] "GET /Install/LR.gif HTTP/1.1" 200 169 "http://www.helpwithmath.com/Install/SaveOrRun.php?Email=daniel_stahl@operamail.com&WhichDisk=7" "Opera/9.20 (Windows NT 5.1; U; en)"
194.83.140.45 - - [06/Aug/2007:08:45:15 -0700] "GET /Install/b_save.gif HTTP/1.1" 200 2618 "http://www.helpwithmath.com/Install/SaveOrRun.php?Email=daniel_stahl@operamail.com&WhichDisk=7" "Opera/9.20 (Windows NT 5.1; U; en)"
194.83.140.45 - - [06/Aug/2007:08:45:18 -0700] "GET /Install/saving_running.htm HTTP/1.1" 200 4541 "http://www.helpwithmath.com/Install/SaveOrRun.php?Email=daniel_stahl@operamail.com&WhichDisk=7" "Opera/9.20 (Windows NT 5.1; U; en)"
::1 - - [06/Aug/2007:08:45:31 -0700] "GET /" 400 669 "-" "-"
::1 - - [06/Aug/2007:08:45:34 -0700] "GET /" 400 669 "-" "-"
::1 - - [06/Aug/2007:08:45:36 -0700] "GET /" 400 669 "-" "-"
::1 - - [06/Aug/2007:08:45:37 -0700] "GET /" 400 669 "-" "-"
194.83.140.45 - - [06/Aug/2007:08:45:20 -0700] "GET /Install/setup.exe HTTP/1.1" 200 13072520 "http://www.helpwithmath.com/Install/saving_running.htm" "Opera/9.20 (Windows NT 5.1; U; en)"
41.221.17.248 - - [06/Aug/2007:08:44:16 -0700] "GET /Install/setup.exe HTTP/1.1" 206 1632869 "http://www.helpwithmath.com/Install/saving_running.htm" "Mozilla/4.0 (compatible; MSIE 7.0; Windows NT 5.1)"
::1 - - [06/Aug/2007:08:46:11 -0700] "GET /" 400 669 "-" "-"
::1 - - [06/Aug/2007:08:46:13 -0700] "GET /" 400 669 "-" "-"
70.143.52.252 - - [06/Aug/2007:08:47:06 -0700] "GET /?gclid=CKel07Cd4Y0CFQ3YggodDBD-mg HTTP/1.1" 200 10654 "http://pagead2.googlesyndication.com/pagead/ads?client=ca-pub-2258608561945403&dt=1186415221640&lmt=1186415221&format=fp_al_lp&output=html&correlator=1186415221625&channel=2887744830&url=http%3A%2F%2Fwww.math.com%2Fhomeworkhelp%2FAlgebra.html&ref=http%3A%2F%2Fwww.google.com%2Fsearch%3Fsourceid%3Dnavclient%26aq%3Dt%26ie%3DUTF-8%26rls%3DGGIC%2CGGIC%3A2006-50%2CGGIC%3Aen%26q%3Dmath%2Bhelp&cc=597&flash=9&u_h=768&u_w=1024&u_ah=738&u_aw=1024&u_cd=32&u_tz=-300&u_his=18&u_java=true&kw_type=radlink&prev_fmts=468x15_0ads_al&rt=ChBGt0J2AAnAwwqCSiLtPRqJEg1IZWxwIGZvciBNYXRoGghq0URQySWNvCgB&hl=en&kw0=Math+Equations&kw1=Math+Class&kw2=Math+Grade+5&kw3=Help+for+Math&okw=Help+for+Math" "Mozilla/4.0 (compatible; MSIE 6.0; Windows NT 5.1; SV1; .NET CLR 1.0.3705; .NET CLR 1.1.4322; Media Center PC 4.0; .NET CLR 2.0.50727)"
70.143.52.252 - - [06/Aug/2007:08:47:06 -0700] "GET /HelpWithMathStyle.css HTTP/1.1" 200 7201 "http://www.helpwithmath.com/?gclid=CKel07Cd4Y0CFQ3YggodDBD-mg" "Mozilla/4.0 (compatible; MSIE 6.0; Windows NT 5.1; SV1; .NET CLR 1.0.3705; .NET CLR 1.1.4322; Media Center PC 4.0; .NET CLR 2.0.50727)"
70.143.52.252 - - [06/Aug/2007:08:47:06 -0700] "GET /fold.gif HTTP/1.1" 200 119 "http://www.helpwithmath.com/?gclid=CKel07Cd4Y0CFQ3YggodDBD-mg" "Mozilla/4.0 (compatible; MSIE 6.0; Windows NT 5.1; SV1; .NET CLR 1.0.3705; .NET CLR 1.1.4322; Media Center PC 4.0; .NET CLR 2.0.50727)"
70.143.52.252 - - [06/Aug/2007:08:47:07 -0700] "GET /gblnav_left.gif HTTP/1.1" 200 580 "http://www.helpwithmath.com/?gclid=CKel07Cd4Y0CFQ3YggodDBD-mg" "Mozilla/4.0 (compatible; MSIE 6.0; Windows NT 5.1; SV1; .NET CLR 1.0.3705; .NET CLR 1.1.4322; Media Center PC 4.0; .NET CLR 2.0.50727)"
70.143.52.252 - - [06/Aug/2007:08:47:07 -0700] "GET /glbnav_right.gif HTTP/1.1" 200 578 "http://www.helpwithmath.com/?gclid=CKel07Cd4Y0CFQ3YggodDBD-mg" "Mozilla/4.0 (compatible; MSIE 6.0; Windows NT 5.1; SV1; .NET CLR 1.0.3705; .NET CLR 1.1.4322; Media Center PC 4.0; .NET CLR 2.0.50727)"
70.143.52.252 - - [06/Aug/2007:08:47:07 -0700] "GET /open.gif HTTP/1.1" 200 125 "http://www.helpwithmath.com/?gclid=CKel07Cd4Y0CFQ3YggodDBD-mg" "Mozilla/4.0 (compatible; MSIE 6.0; Windows NT 5.1; SV1; .NET CLR 1.0.3705; .NET CLR 1.1.4322; Media Center PC 4.0; .NET CLR 2.0.50727)"
70.143.52.252 - - [06/Aug/2007:08:47:07 -0700] "GET /Spacer.gif HTTP/1.1" 200 52 "http://www.helpwithmath.com/?gclid=CKel07Cd4Y0CFQ3YggodDBD-mg" "Mozilla/4.0 (compatible; MSIE 6.0; Windows NT 5.1; SV1; .NET CLR 1.0.3705; .NET CLR 1.1.4322; Media Center PC 4.0; .NET CLR 2.0.50727)"
70.143.52.252 - - [06/Aug/2007:08:47:07 -0700] "GET /TransparentMathXpertLogo.gif HTTP/1.1" 200 1845 "http://www.helpwithmath.com/?gclid=CKel07Cd4Y0CFQ3YggodDBD-mg" "Mozilla/4.0 (compatible; MSIE 6.0; Windows NT 5.1; SV1; .NET CLR 1.0.3705; .NET CLR 1.1.4322; Media Center PC 4.0; .NET CLR 2.0.50727)"
70.143.52.252 - - [06/Aug/2007:08:47:07 -0700] "GET /glbnav_background.gif HTTP/1.1" 200 301 "http://www.helpwithmath.com/?gclid=CKel07Cd4Y0CFQ3YggodDBD-mg" "Mozilla/4.0 (compatible; MSIE 6.0; Windows NT 5.1; SV1; .NET CLR 1.0.3705; .NET CLR 1.1.4322; Media Center PC 4.0; .NET CLR 2.0.50727)"
70.143.52.252 - - [06/Aug/2007:08:47:07 -0700] "GET /demo/image4.gif HTTP/1.1" 200 17692 "http://www.helpwithmath.com/?gclid=CKel07Cd4Y0CFQ3YggodDBD-mg" "Mozilla/4.0 (compatible; MSIE 6.0; Windows NT 5.1; SV1; .NET CLR 1.0.3705; .NET CLR 1.1.4322; Media Center PC 4.0; .NET CLR 2.0.50727)"
70.143.52.252 - - [06/Aug/2007:08:47:07 -0700] "GET /include/Ramanujan1-quality15.jpg HTTP/1.1" 200 34375 "http://www.helpwithmath.com/?gclid=CKel07Cd4Y0CFQ3YggodDBD-mg" "Mozilla/4.0 (compatible; MSIE 6.0; Windows NT 5.1; SV1; .NET CLR 1.0.3705; .NET CLR 1.1.4322; Media Center PC 4.0; .NET CLR 2.0.50727)"
70.143.52.252 - - [06/Aug/2007:08:47:07 -0700] "GET /demo/step4a.gif HTTP/1.1" 200 18054 "http://www.helpwithmath.com/?gclid=CKel07Cd4Y0CFQ3YggodDBD-mg" "Mozilla/4.0 (compatible; MSIE 6.0; Windows NT 5.1; SV1; .NET CLR 1.0.3705; .NET CLR 1.1.4322; Media Center PC 4.0; .NET CLR 2.0.50727)"
70.143.52.252 - - [06/Aug/2007:08:47:07 -0700] "GET /include/Background.gif HTTP/1.1" 200 52448 "http://www.helpwithmath.com/?gclid=CKel07Cd4Y0CFQ3YggodDBD-mg" "Mozilla/4.0 (compatible; MSIE 6.0; Windows NT 5.1; SV1; .NET CLR 1.0.3705; .NET CLR 1.1.4322; Media Center PC 4.0; .NET CLR 2.0.50727)"
70.143.52.252 - - [06/Aug/2007:08:47:11 -0700] "GET /glblnav_selected.gif HTTP/1.1" 200 158 "http://www.helpwithmath.com/?gclid=CKel07Cd4Y0CFQ3YggodDBD-mg" "Mozilla/4.0 (compatible; MSIE 6.0; Windows NT 5.1; SV1; .NET CLR 1.0.3705; .NET CLR 1.1.4322; Media Center PC 4.0; .NET CLR 2.0.50727)"
::1 - - [06/Aug/2007:08:47:29 -0700] "GET /" 400 669 "-" "-"
70.143.52.252 - - [06/Aug/2007:08:47:34 -0700] "GET /demo.php HTTP/1.1" 200 9622 "http://www.helpwithmath.com/?gclid=CKel07Cd4Y0CFQ3YggodDBD-mg" "Mozilla/4.0 (compatible; MSIE 6.0; Windows NT 5.1; SV1; .NET CLR 1.0.3705; .NET CLR 1.1.4322; Media Center PC 4.0; .NET CLR 2.0.50727)"
70.143.52.252 - - [06/Aug/2007:08:47:34 -0700] "GET /demo/image1.gif HTTP/1.1" 200 16881 "http://www.helpwithmath.com/demo.php" "Mozilla/4.0 (compatible; MSIE 6.0; Windows NT 5.1; SV1; .NET CLR 1.0.3705; .NET CLR 1.1.4322; Media Center PC 4.0; .NET CLR 2.0.50727)"
41.221.17.248 - - [06/Aug/2007:08:43:59 -0700] "GET /Install/setup.exe HTTP/1.1" 206 1633811 "http://www.helpwithmath.com/Install/saving_running.htm" "Mozilla/4.0 (compatible; MSIE 7.0; Windows NT 5.1)"
70.143.52.252 - - [06/Aug/2007:08:47:48 -0700] "GET /about.php HTTP/1.1" 200 11767 "http://www.helpwithmath.com/demo.php" "Mozilla/4.0 (compatible; MSIE 6.0; Windows NT 5.1; SV1; .NET CLR 1.0.3705; .NET CLR 1.1.4322; Media Center PC 4.0; .NET CLR 2.0.50727)"
70.143.52.252 - - [06/Aug/2007:08:47:56 -0700] "GET /about.php?include=whichassistant.html HTTP/1.1" 200 12364 "http://www.helpwithmath.com/about.php" "Mozilla/4.0 (compatible; MSIE 6.0; Windows NT 5.1; SV1; .NET CLR 1.0.3705; .NET CLR 1.1.4322; Media Center PC 4.0; .NET CLR 2.0.50727)"
70.143.52.252 - - [06/Aug/2007:08:48:12 -0700] "GET /purchase.php HTTP/1.1" 200 11698 "http://www.helpwithmath.com/about.php?include=whichassistant.html" "Mozilla/4.0 (compatible; MSIE 6.0; Windows NT 5.1; SV1; .NET CLR 1.0.3705; .NET CLR 1.1.4322; Media Center PC 4.0; .NET CLR 2.0.50727)"
41.221.17.248 - - [06/Aug/2007:08:43:57 -0700] "GET /Install/setup.exe HTTP/1.1" 206 9802864 "http://www.helpwithmath.com/Install/saving_running.htm" "Mozilla/4.0 (compatible; MSIE 7.0; Windows NT 5.1)"
41.221.17.248 - - [06/Aug/2007:08:43:57 -0700] "GET /Install/setup.exe HTTP/1.1" 206 6535243 "http://www.helpwithmath.com/Install/saving_running.htm" "Mozilla/4.0 (compatible; MSIE 7.0; Windows NT 5.1)"
41.221.17.248 - - [06/Aug/2007:08:44:50 -0700] "GET /Install/setup.exe HTTP/1.1" 206 1626126 "http://www.helpwithmath.com/Install/saving_running.htm" "Mozilla/4.0 (compatible; MSIE 7.0; Windows NT 5.1)"
::1 - - [06/Aug/2007:08:50:44 -0700] "GET /" 400 669 "-" "-"
41.221.17.248 - - [06/Aug/2007:08:51:48 -0700] "GET /Install/setup.exe HTTP/1.1" 206 575729 "http://www.helpwithmath.com/Install/saving_running.htm" "Mozilla/4.0 (compatible; MSIE 7.0; Windows NT 5.1)"
::1 - - [06/Aug/2007:08:51:52 -0700] "GET /" 400 669 "-" "-"
::1 - - [06/Aug/2007:08:51:53 -0700] "GET /" 400 669 "-" "-"
::1 - - [06/Aug/2007:08:51:54 -0700] "GET /" 400 669 "-" "-"
::1 - - [06/Aug/2007:08:51:55 -0700] "GET /" 400 669 "-" "-"
::1 - - [06/Aug/2007:08:51:56 -0700] "GET /" 400 669 "-" "-"
41.221.17.248 - - [06/Aug/2007:08:51:53 -0700] "GET /Install/setup.exe HTTP/1.1" 206 575729 "http://www.helpwithmath.com/Install/saving_running.htm" "Mozilla/4.0 (compatible; MSIE 7.0; Windows NT 5.1)"
::1 - - [06/Aug/2007:08:51:57 -0700] "GET /" 400 669 "-" "-"
41.221.17.248 - - [06/Aug/2007:08:49:25 -0700] "GET /Install/setup.exe HTTP/1.1" 206 772883 "http://www.helpwithmath.com/Install/saving_running.htm" "Mozilla/4.0 (compatible; MSIE 7.0; Windows NT 5.1)"
81.192.87.150 - - [06/Aug/2007:08:52:18 -0700] "GET /Install/saving_running.htm HTTP/1.1" 200 4541 "-" "Mozilla/4.0 (compatible; MSIE 6.0; Windows NT 5.1; InfoPath.1)"
66.249.70.236 - - [06/Aug/2007:08:52:23 -0700] "GET /robots.txt HTTP/1.1" 404 401 "-" "Mozilla/5.0 (compatible; Googlebot/2.1; +http://www.google.com/bot.html)"
66.249.70.236 - - [06/Aug/2007:08:52:23 -0700] "GET / HTTP/1.1" 200 10654 "-" "Mozilla/5.0 (compatible; Googlebot/2.1; +http://www.google.com/bot.html)"
41.221.17.248 - - [06/Aug/2007:08:47:30 -0700] "GET /Install/setup.exe HTTP/1.1" 206 1359950 "http://www.helpwithmath.com/Install/saving_running.htm" "Mozilla/4.0 (compatible; MSIE 7.0; Windows NT 5.1)"
81.192.87.150 - - [06/Aug/2007:08:52:46 -0700] "GET / HTTP/1.1" 200 10654 "http://www.startimes2.com/f.aspx?t=4191552" "Mozilla/4.0 (compatible; MSIE 6.0; Windows NT 5.1; InfoPath.1)"
81.192.87.150 - - [06/Aug/2007:08:52:49 -0700] "GET /gblnav_left.gif HTTP/1.1" 200 580 "http://www.helpwithmath.com/" "Mozilla/4.0 (compatible; MSIE 6.0; Windows NT 5.1; InfoPath.1)"
81.192.87.150 - - [06/Aug/2007:08:52:53 -0700] "GET /glbnav_right.gif HTTP/1.1" 200 578 "http://www.helpwithmath.com/" "Mozilla/4.0 (compatible; MSIE 6.0; Windows NT 5.1; InfoPath.1)"
41.221.17.248 - - [06/Aug/2007:08:43:55 -0700] "GET /Install/setup.exe HTTP/1.1" 206 13072520 "http://www.helpwithmath.com/Install/saving_running.htm" "Mozilla/4.0 (compatible; MSIE 7.0; Windows NT 5.1)"
81.192.87.150 - - [06/Aug/2007:08:52:53 -0700] "GET /Spacer.gif HTTP/1.1" 200 52 "http://www.helpwithmath.com/" "Mozilla/4.0 (compatible; MSIE 6.0; Windows NT 5.1; InfoPath.1)"
41.221.17.248 - - [06/Aug/2007:08:51:56 -0700] "GET /Install/setup.exe HTTP/1.1" 206 575729 "http://www.helpwithmath.com/Install/saving_running.htm" "Mozilla/4.0 (compatible; MSIE 7.0; Windows NT 5.1)"
81.192.87.150 - - [06/Aug/2007:08:53:15 -0700] "GET /glblnav_selected.gif HTTP/1.1" 200 158 "http://www.helpwithmath.com/" "Mozilla/4.0 (compatible; MSIE 6.0; Windows NT 5.1; InfoPath.1)"
81.192.87.150 - - [06/Aug/2007:08:53:19 -0700] "GET /download.php HTTP/1.1" 200 9885 "-" "Mozilla/4.0 (compatible; MSIE 6.0; Windows NT 5.1; InfoPath.1)"
81.192.87.150 - - [06/Aug/2007:08:53:44 -0700] "POST /download2.php HTTP/1.1" 200 9161 "http://www.helpwithmath.com/download.php" "Mozilla/4.0 (compatible; MSIE 6.0; Windows NT 5.1; InfoPath.1)"
41.221.17.248 - - [06/Aug/2007:08:43:57 -0700] "GET /Install/setup.exe HTTP/1.1" 206 3267622 "http://www.helpwithmath.com/Install/saving_running.htm" "Mozilla/4.0 (compatible; MSIE 7.0; Windows NT 5.1)"
41.221.17.248 - - [06/Aug/2007:08:53:46 -0700] "GET /Install/setup.exe HTTP/1.1" 206 48314 "http://www.helpwithmath.com/Install/saving_running.htm" "Mozilla/4.0 (compatible; MSIE 7.0; Windows NT 5.1)"
41.221.17.248 - - [06/Aug/2007:08:48:18 -0700] "GET /Install/setup.exe HTTP/1.1" 206 943909 "http://www.helpwithmath.com/Install/saving_running.htm" "Mozilla/4.0 (compatible; MSIE 7.0; Windows NT 5.1)"
81.192.87.150 - - [06/Aug/2007:08:53:51 -0700] "POST /download2.php?state=Edit HTTP/1.1" 200 9244 "http://www.helpwithmath.com/download2.php" "Mozilla/4.0 (compatible; MSIE 6.0; Windows NT 5.1; InfoPath.1)"
41.221.17.248 - - [06/Aug/2007:08:53:46 -0700] "GET /Install/setup.exe HTTP/1.1" 206 36621 "http://www.helpwithmath.com/Install/saving_running.htm" "Mozilla/4.0 (compatible; MSIE 7.0; Windows NT 5.1)"
41.221.17.248 - - [06/Aug/2007:08:44:29 -0700] "GET /Install/setup.exe HTTP/1.1" 206 1630982 "http://www.helpwithmath.com/Install/saving_running.htm" "Mozilla/4.0 (compatible; MSIE 7.0; Windows NT 5.1)"
41.221.17.248 - - [06/Aug/2007:08:52:53 -0700] "GET /Install/setup.exe HTTP/1.1" 206 1695094 "http://www.helpwithmath.com/Install/saving_running.htm" "Mozilla/4.0 (compatible; MSIE 7.0; Windows NT 5.1)"
41.221.17.248 - - [06/Aug/2007:08:53:54 -0700] "GET /Install/setup.exe HTTP/1.1" 206 1050718 "http://www.helpwithmath.com/Install/saving_running.htm" "Mozilla/4.0 (compatible; MSIE 7.0; Windows NT 5.1)"
41.221.17.248 - - [06/Aug/2007:08:52:06 -0700] "GET /Install/setup.exe HTTP/1.1" 206 1246681 "http://www.helpwithmath.com/Install/saving_running.htm" "Mozilla/4.0 (compatible; MSIE 7.0; Windows NT 5.1)"
41.221.17.248 - - [06/Aug/2007:08:53:55 -0700] "GET /Install/setup.exe HTTP/1.1" 206 87632 "http://www.helpwithmath.com/Install/saving_running.htm" "Mozilla/4.0 (compatible; MSIE 7.0; Windows NT 5.1)"
41.221.17.248 - - [06/Aug/2007:08:54:13 -0700] "GET /Install/setup.exe HTTP/1.1" 206 79006 "http://www.helpwithmath.com/Install/saving_running.htm" "Mozilla/4.0 (compatible; MSIE 7.0; Windows NT 5.1)"
41.221.17.248 - - [06/Aug/2007:08:54:16 -0700] "GET /Install/setup.exe HTTP/1.1" 206 61822 "http://www.helpwithmath.com/Install/saving_running.htm" "Mozilla/4.0 (compatible; MSIE 7.0; Windows NT 5.1)"
41.221.17.248 - - [06/Aug/2007:08:53:50 -0700] "GET /Install/setup.exe HTTP/1.1" 206 174439 "http://www.helpwithmath.com/Install/saving_running.htm" "Mozilla/4.0 (compatible; MSIE 7.0; Windows NT 5.1)"
41.221.17.248 - - [06/Aug/2007:08:53:54 -0700] "GET /Install/setup.exe HTTP/1.1" 206 136008 "http://www.helpwithmath.com/Install/saving_running.htm" "Mozilla/4.0 (compatible; MSIE 7.0; Windows NT 5.1)"
41.221.17.248 - - [06/Aug/2007:08:54:28 -0700] "GET /Install/setup.exe HTTP/1.1" 206 32510 "http://www.helpwithmath.com/Install/saving_running.htm" "Mozilla/4.0 (compatible; MSIE 7.0; Windows NT 5.1)"
41.221.17.248 - - [06/Aug/2007:08:52:51 -0700] "GET /Install/setup.exe HTTP/1.1" 206 441718 "http://www.helpwithmath.com/Install/saving_running.htm" "Mozilla/4.0 (compatible; MSIE 7.0; Windows NT 5.1)"
41.221.17.248 - - [06/Aug/2007:08:54:14 -0700] "GET /Install/setup.exe HTTP/1.1" 206 126509 "http://www.helpwithmath.com/Install/saving_running.htm" "Mozilla/4.0 (compatible; MSIE 7.0; Windows NT 5.1)"
41.221.17.248 - - [06/Aug/2007:08:54:34 -0700] "GET /Install/setup.exe HTTP/1.1" 206 15865 "http://www.helpwithmath.com/Install/saving_running.htm" "Mozilla/4.0 (compatible; MSIE 7.0; Windows NT 5.1)"
41.221.17.248 - - [06/Aug/2007:08:54:34 -0700] "GET /Install/setup.exe HTTP/1.1" 206 31728 "http://www.helpwithmath.com/Install/saving_running.htm" "Mozilla/4.0 (compatible; MSIE 7.0; Windows NT 5.1)"
41.221.17.248 - - [06/Aug/2007:08:54:36 -0700] "GET /Install/setup.exe HTTP/1.1" 206 15645 "http://www.helpwithmath.com/Install/saving_running.htm" "Mozilla/4.0 (compatible; MSIE 7.0; Windows NT 5.1)"
41.221.17.248 - - [06/Aug/2007:08:50:02 -0700] "GET /Install/setup.exe HTTP/1.1" 206 2213620 "http://www.helpwithmath.com/Install/saving_running.htm" "Mozilla/4.0 (compatible; MSIE 7.0; Windows NT 5.1)"
41.221.17.248 - - [06/Aug/2007:08:54:38 -0700] "GET /Install/setup.exe HTTP/1.1" 206 807 "http://www.helpwithmath.com/Install/saving_running.htm" "Mozilla/4.0 (compatible; MSIE 7.0; Windows NT 5.1)"
41.221.17.248 - - [06/Aug/2007:08:54:37 -0700] "GET /Install/setup.exe HTTP/1.1" 206 13851 "http://www.helpwithmath.com/Install/saving_running.htm" "Mozilla/4.0 (compatible; MSIE 7.0; Windows NT 5.1)"
41.221.17.248 - - [06/Aug/2007:08:54:37 -0700] "GET /Install/setup.exe HTTP/1.1" 206 14978 "http://www.helpwithmath.com/Install/saving_running.htm" "Mozilla/4.0 (compatible; MSIE 7.0; Windows NT 5.1)"
41.221.17.248 - - [06/Aug/2007:08:54:28 -0700] "GET /Install/setup.exe HTTP/1.1" 206 31729 "http://www.helpwithmath.com/Install/saving_running.htm" "Mozilla/4.0 (compatible; MSIE 7.0; Windows NT 5.1)"
41.221.17.248 - - [06/Aug/2007:08:52:00 -0700] "GET /Install/setup.exe HTTP/1.1" 206 1335472 "http://www.helpwithmath.com/Install/saving_running.htm" "Mozilla/4.0 (compatible; MSIE 7.0; Windows NT 5.1)"
::1 - - [06/Aug/2007:08:54:40 -0700] "GET /" 400 669 "-" "-"
::1 - - [06/Aug/2007:08:54:41 -0700] "GET /" 400 669 "-" "-"
::1 - - [06/Aug/2007:08:54:42 -0700] "GET /" 400 669 "-" "-"
41.221.17.248 - - [06/Aug/2007:08:53:48 -0700] "GET /Install/setup.exe HTTP/1.1" 206 1653053 "http://www.helpwithmath.com/Install/saving_running.htm" "Mozilla/4.0 (compatible; MSIE 7.0; Windows NT 5.1)"
::1 - - [06/Aug/2007:08:54:43 -0700] "GET /" 400 669 "-" "-"
::1 - - [06/Aug/2007:08:54:44 -0700] "GET /" 400 669 "-" "-"
::1 - - [06/Aug/2007:08:54:45 -0700] "GET /" 400 669 "-" "-"
::1 - - [06/Aug/2007:08:54:46 -0700] "GET /" 400 669 "-" "-"
::1 - - [06/Aug/2007:08:55:40 -0700] "GET /" 400 669 "-" "-"
::1 - - [06/Aug/2007:08:55:43 -0700] "GET /" 400 669 "-" "-"
41.221.17.248 - - [06/Aug/2007:08:45:43 -0700] "GET /Install/setup.exe HTTP/1.1" 206 1572279 "http://www.helpwithmath.com/Install/saving_running.htm" "Mozilla/4.0 (compatible; MSIE 7.0; Windows NT 5.1)"
212.217.3.158 - - [06/Aug/2007:08:59:08 -0700] "GET / HTTP/1.1" 200 10654 "-" "Mozilla/4.0 (compatible;)"
::1 - - [06/Aug/2007:09:02:38 -0700] "GET /" 400 669 "-" "-"
::1 - - [06/Aug/2007:09:02:39 -0700] "GET /" 400 669 "-" "-"
::1 - - [06/Aug/2007:09:02:41 -0700] "GET /" 400 669 "-" "-"
::1 - - [06/Aug/2007:09:02:57 -0700] "GET /" 400 669 "-" "-"
::1 - - [06/Aug/2007:09:03:46 -0700] "GET /" 400 669 "-" "-"
::1 - - [06/Aug/2007:09:03:47 -0700] "GET /" 400 669 "-" "-"
::1 - - [06/Aug/2007:09:03:50 -0700] "GET /" 400 669 "-" "-"
::1 - - [06/Aug/2007:09:03:51 -0700] "GET /" 400 669 "-" "-"
::1 - - [06/Aug/2007:09:03:54 -0700] "GET /" 400 669 "-" "-"
::1 - - [06/Aug/2007:09:03:55 -0700] "GET /" 400 669 "-" "-"
::1 - - [06/Aug/2007:09:03:56 -0700] "GET /" 400 669 "-" "-"
::1 - - [06/Aug/2007:09:03:57 -0700] "GET /" 400 669 "-" "-"
::1 - - [06/Aug/2007:09:03:58 -0700] "GET /" 400 669 "-" "-"
::1 - - [06/Aug/2007:09:03:59 -0700] "GET /" 400 669 "-" "-"
::1 - - [06/Aug/2007:09:04:00 -0700] "GET /" 400 669 "-" "-"
::1 - - [06/Aug/2007:09:04:01 -0700] "GET /" 400 669 "-" "-"
::1 - - [06/Aug/2007:09:04:02 -0700] "GET /" 400 669 "-" "-"
::1 - - [06/Aug/2007:09:04:03 -0700] "GET /" 400 669 "-" "-"
::1 - - [06/Aug/2007:09:04:04 -0700] "GET /" 400 669 "-" "-"
::1 - - [06/Aug/2007:09:04:05 -0700] "GET /" 400 669 "-" "-"
::1 - - [06/Aug/2007:09:04:06 -0700] "GET /" 400 669 "-" "-"
::1 - - [06/Aug/2007:09:04:08 -0700] "GET /" 400 669 "-" "-"
::1 - - [06/Aug/2007:09:04:15 -0700] "GET /" 400 669 "-" "-"
::1 - - [06/Aug/2007:09:06:29 -0700] "GET /" 400 669 "-" "-"
64.213.203.146 - - [06/Aug/2007:09:07:23 -0700] "GET /robots.txt HTTP/1.0" 404 401 "-" "ia_archiver"
64.213.203.146 - - [06/Aug/2007:09:07:23 -0700] "GET /download.php HTTP/1.0" 200 9885 "-" "ia_archiver"
64.213.203.146 - - [06/Aug/2007:09:07:33 -0700] "GET /demo.php HTTP/1.0" 200 9622 "-" "ia_archiver"
124.115.0.102 - - [06/Aug/2007:09:08:12 -0700] "GET / HTTP/1.1" 200 10654 "http://www.mathxpert.com/" "Mozilla/4.0 (compatible; MSIE 6.0)"
124.115.0.102 - - [06/Aug/2007:09:08:15 -0700] "GET /HelpWithMathStyle.css HTTP/1.1" 200 7201 "http://www.mathxpert.com/HelpWithMathStyle.css" "Mozilla/4.0 (compatible; MSIE 6.0)"
::1 - - [06/Aug/2007:09:09:24 -0700] "GET /" 400 669 "-" "-"
::1 - - [06/Aug/2007:09:09:25 -0700] "GET /" 400 669 "-" "-"
77.176.70.33 - - [06/Aug/2007:09:09:55 -0700] "GET /download.php HTTP/1.1" 200 9885 "-" "Mozilla/5.0 (Windows; U; Windows NT 5.1; de; rv:1.8.1) Gecko/20061010 Firefox/2.0"
::1 - - [06/Aug/2007:09:10:15 -0700] "GET /" 400 669 "-" "-"
::1 - - [06/Aug/2007:09:10:44 -0700] "GET /" 400 669 "-" "-"
::1 - - [06/Aug/2007:09:10:46 -0700] "GET /" 400 669 "-" "-"
::1 - - [06/Aug/2007:09:11:01 -0700] "GET /" 400 669 "-" "-"
::1 - - [06/Aug/2007:09:11:02 -0700] "GET /" 400 669 "-" "-"
::1 - - [06/Aug/2007:09:11:08 -0700] "GET /" 400 669 "-" "-"
74.6.73.51 - - [06/Aug/2007:09:11:22 -0700] "GET /warranty.php HTTP/1.0" 200 8564 "-" "Mozilla/5.0 (compatible; Yahoo! Slurp; http://help.yahoo.com/help/us/ysearch/slurp)"
::1 - - [06/Aug/2007:09:11:26 -0700] "GET /" 400 669 "-" "-"
::1 - - [06/Aug/2007:09:11:27 -0700] "GET /" 400 669 "-" "-"
::1 - - [06/Aug/2007:09:11:49 -0700] "GET /" 400 669 "-" "-"
::1 - - [06/Aug/2007:09:11:50 -0700] "GET /" 400 669 "-" "-"
207.46.98.120 - - [06/Aug/2007:09:12:01 -0700] "GET /about.php?include=teacher.html HTTP/1.0" 200 12450 "-" "msnbot/1.0 (+http://search.msn.com/msnbot.htm)"
::1 - - [06/Aug/2007:09:12:43 -0700] "GET /" 400 669 "-" "-"
::1 - - [06/Aug/2007:09:12:44 -0700] "GET /" 400 669 "-" "-"
::1 - - [06/Aug/2007:09:14:13 -0700] "GET /" 400 669 "-" "-"
74.6.26.154 - - [06/Aug/2007:09:15:06 -0700] "GET /index.php?include=step9.html HTTP/1.0" 200 8764 "-" "Mozilla/5.0 (compatible; Yahoo! Slurp; http://help.yahoo.com/help/us/ysearch/slurp)"
::1 - - [06/Aug/2007:09:15:17 -0700] "GET /" 400 669 "-" "-"
::1 - - [06/Aug/2007:09:15:18 -0700] "GET /" 400 669 "-" "-"
::1 - - [06/Aug/2007:09:15:19 -0700] "GET /" 400 669 "-" "-"
::1 - - [06/Aug/2007:09:15:20 -0700] "GET /" 400 669 "-" "-"
::1 - - [06/Aug/2007:09:15:21 -0700] "GET /" 400 669 "-" "-"
::1 - - [06/Aug/2007:09:15:22 -0700] "GET /" 400 669 "-" "-"
41.201.181.108 - - [06/Aug/2007:09:16:30 -0700] "GET /favicon.ico HTTP/1.1" 404 405 "-" "Mozilla/4.0 (compatible; MSIE 7.0; Windows NT 5.1; .NET CLR 1.1.4322; .NET CLR 2.0.50727; InfoPath.2; MEGAUPLOAD 2.0)"
41.201.181.108 - - [06/Aug/2007:09:16:30 -0700] "GET /Install/saving_running.htm HTTP/1.1" 200 4541 "http://www.startimes2.com/f.aspx?t=4191552" "Mozilla/4.0 (compatible; MSIE 7.0; Windows NT 5.1; .NET CLR 1.1.4322; .NET CLR 2.0.50727; InfoPath.2; MEGAUPLOAD 2.0)"
41.201.181.108 - - [06/Aug/2007:09:16:31 -0700] "GET /Install/oci_header.jpg HTTP/1.1" 200 6586 "http://www.helpwithmath.com/Install/saving_running.htm" "Mozilla/4.0 (compatible; MSIE 7.0; Windows NT 5.1; .NET CLR 1.1.4322; .NET CLR 2.0.50727; InfoPath.2; MEGAUPLOAD 2.0)"
41.201.181.108 - - [06/Aug/2007:09:16:31 -0700] "GET /Install/header_fill.jpg HTTP/1.1" 200 578 "http://www.helpwithmath.com/Install/saving_running.htm" "Mozilla/4.0 (compatible; MSIE 7.0; Windows NT 5.1; .NET CLR 1.1.4322; .NET CLR 2.0.50727; InfoPath.2; MEGAUPLOAD 2.0)"
41.201.181.108 - - [06/Aug/2007:09:16:34 -0700] "GET /Install/setup.exe HTTP/1.1" 200 13072520 "-" "Mozilla/4.0 (compatible; MSIE 7.0; Windows NT 5.1; .NET CLR 1.1.4322; .NET CLR 2.0.50727; InfoPath.2; MEGAUPLOAD 2.0)"
::1 - - [06/Aug/2007:09:16:52 -0700] "GET /" 400 669 "-" "-"
::1 - - [06/Aug/2007:09:16:53 -0700] "GET /" 400 669 "-" "-"
::1 - - [06/Aug/2007:09:16:54 -0700] "GET /" 400 669 "-" "-"
41.201.181.108 - - [06/Aug/2007:09:17:11 -0700] "GET / HTTP/1.1" 200 10654 "http://www.startimes2.com/f.aspx?t=4191552" "Mozilla/4.0 (compatible; MSIE 7.0; Windows NT 5.1; .NET CLR 1.1.4322; .NET CLR 2.0.50727; InfoPath.2; MEGAUPLOAD 2.0)"
41.201.181.108 - - [06/Aug/2007:09:17:11 -0700] "GET /HelpWithMathStyle.css HTTP/1.1" 200 7201 "http://www.helpwithmath.com/" "Mozilla/4.0 (compatible; MSIE 7.0; Windows NT 5.1; .NET CLR 1.1.4322; .NET CLR 2.0.50727; InfoPath.2; MEGAUPLOAD 2.0)"
41.201.181.108 - - [06/Aug/2007:09:17:13 -0700] "GET /fold.gif HTTP/1.1" 200 119 "http://www.helpwithmath.com/" "Mozilla/4.0 (compatible; MSIE 7.0; Windows NT 5.1; .NET CLR 1.1.4322; .NET CLR 2.0.50727; InfoPath.2; MEGAUPLOAD 2.0)"
41.201.181.108 - - [06/Aug/2007:09:17:13 -0700] "GET /open.gif HTTP/1.1" 200 125 "http://www.helpwithmath.com/" "Mozilla/4.0 (compatible; MSIE 7.0; Windows NT 5.1; .NET CLR 1.1.4322; .NET CLR 2.0.50727; InfoPath.2; MEGAUPLOAD 2.0)"
41.201.181.108 - - [06/Aug/2007:09:17:14 -0700] "GET /gblnav_left.gif HTTP/1.1" 200 580 "http://www.helpwithmath.com/" "Mozilla/4.0 (compatible; MSIE 7.0; Windows NT 5.1; .NET CLR 1.1.4322; .NET CLR 2.0.50727; InfoPath.2; MEGAUPLOAD 2.0)"
41.201.181.108 - - [06/Aug/2007:09:17:14 -0700] "GET /glbnav_right.gif HTTP/1.1" 200 578 "http://www.helpwithmath.com/" "Mozilla/4.0 (compatible; MSIE 7.0; Windows NT 5.1; .NET CLR 1.1.4322; .NET CLR 2.0.50727; InfoPath.2; MEGAUPLOAD 2.0)"
41.201.181.108 - - [06/Aug/2007:09:17:14 -0700] "GET /TransparentMathXpertLogo.gif HTTP/1.1" 200 1845 "http://www.helpwithmath.com/" "Mozilla/4.0 (compatible; MSIE 7.0; Windows NT 5.1; .NET CLR 1.1.4322; .NET CLR 2.0.50727; InfoPath.2; MEGAUPLOAD 2.0)"
41.201.181.108 - - [06/Aug/2007:09:17:14 -0700] "GET /Spacer.gif HTTP/1.1" 200 52 "http://www.helpwithmath.com/" "Mozilla/4.0 (compatible; MSIE 7.0; Windows NT 5.1; .NET CLR 1.1.4322; .NET CLR 2.0.50727; InfoPath.2; MEGAUPLOAD 2.0)"
41.201.181.108 - - [06/Aug/2007:09:17:14 -0700] "GET /Install/saving_running.htm HTTP/1.1" 304 - "http://www.startimes2.com/f.aspx?t=4191552" "Mozilla/4.0 (compatible; MSIE 7.0; Windows NT 5.1; .NET CLR 1.1.4322; .NET CLR 2.0.50727; InfoPath.2; MEGAUPLOAD 2.0)"
41.201.181.108 - - [06/Aug/2007:09:17:14 -0700] "GET /Install/oci_header.jpg HTTP/1.1" 304 - "http://www.helpwithmath.com/Install/saving_running.htm" "Mozilla/4.0 (compatible; MSIE 7.0; Windows NT 5.1; .NET CLR 1.1.4322; .NET CLR 2.0.50727; InfoPath.2; MEGAUPLOAD 2.0)"
41.201.181.108 - - [06/Aug/2007:09:17:14 -0700] "GET /Install/header_fill.jpg HTTP/1.1" 304 - "http://www.helpwithmath.com/Install/saving_running.htm" "Mozilla/4.0 (compatible; MSIE 7.0; Windows NT 5.1; .NET CLR 1.1.4322; .NET CLR 2.0.50727; InfoPath.2; MEGAUPLOAD 2.0)"
41.201.181.108 - - [06/Aug/2007:09:17:14 -0700] "GET /glbnav_background.gif HTTP/1.1" 200 301 "http://www.helpwithmath.com/" "Mozilla/4.0 (compatible; MSIE 7.0; Windows NT 5.1; .NET CLR 1.1.4322; .NET CLR 2.0.50727; InfoPath.2; MEGAUPLOAD 2.0)"
41.201.181.108 - - [06/Aug/2007:09:17:14 -0700] "GET /demo/image4.gif HTTP/1.1" 200 17692 "http://www.helpwithmath.com/" "Mozilla/4.0 (compatible; MSIE 7.0; Windows NT 5.1; .NET CLR 1.1.4322; .NET CLR 2.0.50727; InfoPath.2; MEGAUPLOAD 2.0)"
::1 - - [06/Aug/2007:09:17:16 -0700] "GET /" 400 669 "-" "-"
41.201.181.108 - - [06/Aug/2007:09:17:16 -0700] "GET /Install/setup.exe HTTP/1.1" 206 13071080 "-" "Mozilla/4.0 (compatible; MSIE 7.0; Windows NT 5.1; .NET CLR 1.1.4322; .NET CLR 2.0.50727; InfoPath.2; MEGAUPLOAD 2.0)"
::1 - - [06/Aug/2007:09:17:17 -0700] "GET /" 400 669 "-" "-"
::1 - - [06/Aug/2007:09:17:18 -0700] "GET /" 400 669 "-" "-"
::1 - - [06/Aug/2007:09:17:19 -0700] "GET /" 400 669 "-" "-"
41.201.181.108 - - [06/Aug/2007:09:17:14 -0700] "GET /include/Ramanujan1-quality15.jpg HTTP/1.1" 200 34375 "http://www.helpwithmath.com/" "Mozilla/4.0 (compatible; MSIE 7.0; Windows NT 5.1; .NET CLR 1.1.4322; .NET CLR 2.0.50727; InfoPath.2; MEGAUPLOAD 2.0)"
::1 - - [06/Aug/2007:09:17:20 -0700] "GET /" 400 669 "-" "-"
::1 - - [06/Aug/2007:09:17:21 -0700] "GET /" 400 669 "-" "-"
::1 - - [06/Aug/2007:09:17:22 -0700] "GET /" 400 669 "-" "-"
::1 - - [06/Aug/2007:09:17:23 -0700] "GET /" 400 669 "-" "-"
::1 - - [06/Aug/2007:09:17:24 -0700] "GET /" 400 669 "-" "-"
41.201.181.108 - - [06/Aug/2007:09:17:14 -0700] "GET /demo/step4a.gif HTTP/1.1" 200 18054 "http://www.helpwithmath.com/" "Mozilla/4.0 (compatible; MSIE 7.0; Windows NT 5.1; .NET CLR 1.1.4322; .NET CLR 2.0.50727; InfoPath.2; MEGAUPLOAD 2.0)"
41.201.181.108 - - [06/Aug/2007:09:17:14 -0700] "GET /include/Background.gif HTTP/1.1" 200 52448 "http://www.helpwithmath.com/" "Mozilla/4.0 (compatible; MSIE 7.0; Windows NT 5.1; .NET CLR 1.1.4322; .NET CLR 2.0.50727; InfoPath.2; MEGAUPLOAD 2.0)"
::1 - - [06/Aug/2007:09:17:25 -0700] "GET /" 400 669 "-" "-"
::1 - - [06/Aug/2007:09:17:26 -0700] "GET /" 400 669 "-" "-"
::1 - - [06/Aug/2007:09:17:27 -0700] "GET /" 400 669 "-" "-"
::1 - - [06/Aug/2007:09:17:28 -0700] "GET /" 400 669 "-" "-"
::1 - - [06/Aug/2007:09:17:29 -0700] "GET /" 400 669 "-" "-"
::1 - - [06/Aug/2007:09:17:30 -0700] "GET /" 400 669 "-" "-"
::1 - - [06/Aug/2007:09:17:31 -0700] "GET /" 400 669 "-" "-"
::1 - - [06/Aug/2007:09:17:32 -0700] "GET /" 400 669 "-" "-"
::1 - - [06/Aug/2007:09:17:33 -0700] "GET /" 400 669 "-" "-"
::1 - - [06/Aug/2007:09:17:34 -0700] "GET /" 400 669 "-" "-"
::1 - - [06/Aug/2007:09:17:35 -0700] "GET /" 400 669 "-" "-"
::1 - - [06/Aug/2007:09:17:36 -0700] "GET /" 400 669 "-" "-"
::1 - - [06/Aug/2007:09:17:37 -0700] "GET /" 400 669 "-" "-"
::1 - - [06/Aug/2007:09:17:38 -0700] "GET /" 400 669 "-" "-"
::1 - - [06/Aug/2007:09:17:39 -0700] "GET /" 400 669 "-" "-"
::1 - - [06/Aug/2007:09:17:40 -0700] "GET /" 400 669 "-" "-"
