196.12.206.91 - - [05/Aug/2007:14:09:55 -0700] "GET /Install/setup.exe HTTP/1.1" 206 1648038 "http://www.helpwithmath.com/Install/saving_running.htm" "Mozilla/4.0 (compatible; MSIE 6.0; Windows NT 5.1; SV1; MEGAUPLOAD 2.0; FDM)"
196.12.206.91 - - [05/Aug/2007:14:11:57 -0700] "GET /Install/setup.exe HTTP/1.1" 206 3214655 "http://www.helpwithmath.com/Install/saving_running.htm" "Mozilla/4.0 (compatible; MSIE 6.0; Windows NT 5.1; SV1; MEGAUPLOAD 2.0; FDM)"
::1 - - [05/Aug/2007:14:12:55 -0700] "GET /" 400 669 "-" "-"
196.12.206.91 - - [05/Aug/2007:14:11:15 -0700] "GET /Install/setup.exe HTTP/1.1" 206 1619747 "http://www.helpwithmath.com/Install/saving_running.htm" "Mozilla/4.0 (compatible; MSIE 6.0; Windows NT 5.1; SV1; MEGAUPLOAD 2.0; FDM)"
81.192.124.237 - - [05/Aug/2007:14:13:02 -0700] "GET /Install/setup.exe HTTP/1.1" 206 12728880 "http://www.helpwithmath.com/Install/saving_running.htm" "Mozilla/4.0 (compatible; MSIE 5.00; Windows 98)"
81.192.124.237 - - [05/Aug/2007:14:13:03 -0700] "GET /Install/setup.exe HTTP/1.1" 206 12728880 "http://www.helpwithmath.com/Install/saving_running.htm" "Mozilla/4.0 (compatible; MSIE 5.00; Windows 98)"
81.192.124.237 - - [05/Aug/2007:14:13:05 -0700] "GET /Install/setup.exe HTTP/1.1" 206 8795569 "http://www.helpwithmath.com/Install/saving_running.htm" "Mozilla/4.0 (compatible; MSIE 5.00; Windows 98)"
81.192.124.237 - - [05/Aug/2007:14:13:05 -0700] "GET /Install/setup.exe HTTP/1.1" 206 11413108 "http://www.helpwithmath.com/Install/saving_running.htm" "Mozilla/4.0 (compatible; MSIE 5.00; Windows 98)"
81.192.124.237 - - [05/Aug/2007:14:13:05 -0700] "GET /Install/setup.exe HTTP/1.1" 206 9882862 "http://www.helpwithmath.com/Install/saving_running.htm" "Mozilla/4.0 (compatible; MSIE 5.00; Windows 98)"
81.192.124.237 - - [05/Aug/2007:14:13:05 -0700] "GET /Install/setup.exe HTTP/1.1" 206 12728880 "http://www.helpwithmath.com/Install/saving_running.htm" "Mozilla/4.0 (compatible; MSIE 5.00; Windows 98)"
196.12.206.91 - - [05/Aug/2007:14:10:30 -0700] "GET /Install/setup.exe HTTP/1.1" 206 1634236 "http://www.helpwithmath.com/Install/saving_running.htm" "Mozilla/4.0 (compatible; MSIE 6.0; Windows NT 5.1; SV1; MEGAUPLOAD 2.0; FDM)"
196.12.206.91 - - [05/Aug/2007:14:08:46 -0700] "GET /Install/setup.exe HTTP/1.1" 206 1556269 "http://www.helpwithmath.com/Install/saving_running.htm" "Mozilla/4.0 (compatible; MSIE 6.0; Windows NT 5.1; SV1; MEGAUPLOAD 2.0; FDM)"
196.12.206.91 - - [05/Aug/2007:14:11:00 -0700] "GET /Install/setup.exe HTTP/1.1" 206 1603878 "http://www.helpwithmath.com/Install/saving_running.htm" "Mozilla/4.0 (compatible; MSIE 6.0; Windows NT 5.1; SV1; MEGAUPLOAD 2.0; FDM)"
::1 - - [05/Aug/2007:14:13:40 -0700] "GET /" 400 669 "-" "-"
82.9.221.105 - - [05/Aug/2007:14:13:54 -0700] "GET /?gclid=CIPD9cSk340CFQlDMAodwEqNYw HTTP/1.1" 200 10654 "http://www.monstermarketplace.com/searchkan.asp?q=learn%20algebra" "Mozilla/4.0 (compatible; MSIE 6.0; Windows 98; Win 9x 4.90; .NET CLR 1.1.4322)"
82.9.221.105 - - [05/Aug/2007:14:13:55 -0700] "GET /HelpWithMathStyle.css HTTP/1.1" 200 7201 "http://www.helpwithmath.com/?gclid=CIPD9cSk340CFQlDMAodwEqNYw" "Mozilla/4.0 (compatible; MSIE 6.0; Windows 98; Win 9x 4.90; .NET CLR 1.1.4322)"
82.9.221.105 - - [05/Aug/2007:14:13:56 -0700] "GET /fold.gif HTTP/1.1" 200 119 "http://www.helpwithmath.com/?gclid=CIPD9cSk340CFQlDMAodwEqNYw" "Mozilla/4.0 (compatible; MSIE 6.0; Windows 98; Win 9x 4.90; .NET CLR 1.1.4322)"
82.9.221.105 - - [05/Aug/2007:14:13:56 -0700] "GET /open.gif HTTP/1.1" 200 125 "http://www.helpwithmath.com/?gclid=CIPD9cSk340CFQlDMAodwEqNYw" "Mozilla/4.0 (compatible; MSIE 6.0; Windows 98; Win 9x 4.90; .NET CLR 1.1.4322)"
82.9.221.105 - - [05/Aug/2007:14:13:56 -0700] "GET /glbnav_background.gif HTTP/1.1" 200 301 "http://www.helpwithmath.com/?gclid=CIPD9cSk340CFQlDMAodwEqNYw" "Mozilla/4.0 (compatible; MSIE 6.0; Windows 98; Win 9x 4.90; .NET CLR 1.1.4322)"
82.9.221.105 - - [05/Aug/2007:14:13:56 -0700] "GET /gblnav_left.gif HTTP/1.1" 200 580 "http://www.helpwithmath.com/?gclid=CIPD9cSk340CFQlDMAodwEqNYw" "Mozilla/4.0 (compatible; MSIE 6.0; Windows 98; Win 9x 4.90; .NET CLR 1.1.4322)"
82.9.221.105 - - [05/Aug/2007:14:13:56 -0700] "GET /glbnav_right.gif HTTP/1.1" 200 578 "http://www.helpwithmath.com/?gclid=CIPD9cSk340CFQlDMAodwEqNYw" "Mozilla/4.0 (compatible; MSIE 6.0; Windows 98; Win 9x 4.90; .NET CLR 1.1.4322)"
82.9.221.105 - - [05/Aug/2007:14:13:56 -0700] "GET /Spacer.gif HTTP/1.1" 200 52 "http://www.helpwithmath.com/?gclid=CIPD9cSk340CFQlDMAodwEqNYw" "Mozilla/4.0 (compatible; MSIE 6.0; Windows 98; Win 9x 4.90; .NET CLR 1.1.4322)"
82.9.221.105 - - [05/Aug/2007:14:13:56 -0700] "GET /TransparentMathXpertLogo.gif HTTP/1.1" 200 1845 "http://www.helpwithmath.com/?gclid=CIPD9cSk340CFQlDMAodwEqNYw" "Mozilla/4.0 (compatible; MSIE 6.0; Windows 98; Win 9x 4.90; .NET CLR 1.1.4322)"
82.9.221.105 - - [05/Aug/2007:14:13:56 -0700] "GET /include/Ramanujan1-quality15.jpg HTTP/1.1" 200 34375 "http://www.helpwithmath.com/?gclid=CIPD9cSk340CFQlDMAodwEqNYw" "Mozilla/4.0 (compatible; MSIE 6.0; Windows 98; Win 9x 4.90; .NET CLR 1.1.4322)"
82.9.221.105 - - [05/Aug/2007:14:13:57 -0700] "GET /demo/image4.gif HTTP/1.1" 200 17692 "http://www.helpwithmath.com/?gclid=CIPD9cSk340CFQlDMAodwEqNYw" "Mozilla/4.0 (compatible; MSIE 6.0; Windows 98; Win 9x 4.90; .NET CLR 1.1.4322)"
82.9.221.105 - - [05/Aug/2007:14:13:57 -0700] "GET /demo/step4a.gif HTTP/1.1" 200 18054 "http://www.helpwithmath.com/?gclid=CIPD9cSk340CFQlDMAodwEqNYw" "Mozilla/4.0 (compatible; MSIE 6.0; Windows 98; Win 9x 4.90; .NET CLR 1.1.4322)"
82.9.221.105 - - [05/Aug/2007:14:13:57 -0700] "GET /include/Background.gif HTTP/1.1" 200 52448 "http://www.helpwithmath.com/?gclid=CIPD9cSk340CFQlDMAodwEqNYw" "Mozilla/4.0 (compatible; MSIE 6.0; Windows 98; Win 9x 4.90; .NET CLR 1.1.4322)"
::1 - - [05/Aug/2007:14:14:14 -0700] "GET /" 400 669 "-" "-"
::1 - - [05/Aug/2007:14:14:15 -0700] "GET /" 400 669 "-" "-"
::1 - - [05/Aug/2007:14:14:16 -0700] "GET /" 400 669 "-" "-"
::1 - - [05/Aug/2007:14:14:17 -0700] "GET /" 400 669 "-" "-"
::1 - - [05/Aug/2007:14:14:18 -0700] "GET /" 400 669 "-" "-"
196.12.206.91 - - [05/Aug/2007:14:13:14 -0700] "GET /Install/setup.exe HTTP/1.1" 206 1465189 "http://www.helpwithmath.com/Install/saving_running.htm" "Mozilla/4.0 (compatible; MSIE 6.0; Windows NT 5.1; SV1; MEGAUPLOAD 2.0; FDM)"
::1 - - [05/Aug/2007:14:14:19 -0700] "GET /" 400 669 "-" "-"
::1 - - [05/Aug/2007:14:14:20 -0700] "GET /" 400 669 "-" "-"
196.12.206.91 - - [05/Aug/2007:14:11:02 -0700] "GET /Install/setup.exe HTTP/1.1" 206 1594218 "http://www.helpwithmath.com/Install/saving_running.htm" "Mozilla/4.0 (compatible; MSIE 6.0; Windows NT 5.1; SV1; MEGAUPLOAD 2.0; FDM)"
196.12.206.91 - - [05/Aug/2007:14:11:56 -0700] "GET /Install/setup.exe HTTP/1.1" 206 1648038 "http://www.helpwithmath.com/Install/saving_running.htm" "Mozilla/4.0 (compatible; MSIE 6.0; Windows NT 5.1; SV1; MEGAUPLOAD 2.0; FDM)"
::1 - - [05/Aug/2007:14:14:21 -0700] "GET /" 400 669 "-" "-"
::1 - - [05/Aug/2007:14:14:22 -0700] "GET /" 400 669 "-" "-"
196.12.206.91 - - [05/Aug/2007:14:13:16 -0700] "GET /Install/setup.exe HTTP/1.1" 206 1648036 "http://www.helpwithmath.com/Install/saving_running.htm" "Mozilla/4.0 (compatible; MSIE 6.0; Windows NT 5.1; SV1; MEGAUPLOAD 2.0; FDM)"
::1 - - [05/Aug/2007:14:14:24 -0700] "GET /" 400 669 "-" "-"
196.12.206.91 - - [05/Aug/2007:14:12:55 -0700] "GET /Install/setup.exe HTTP/1.1" 206 1630098 "http://www.helpwithmath.com/Install/saving_running.htm" "Mozilla/4.0 (compatible; MSIE 6.0; Windows NT 5.1; SV1; MEGAUPLOAD 2.0; FDM)"
196.12.206.91 - - [05/Aug/2007:14:13:06 -0700] "GET /Install/setup.exe HTTP/1.1" 206 3151176 "http://www.helpwithmath.com/Install/saving_running.htm" "Mozilla/4.0 (compatible; MSIE 6.0; Windows NT 5.1; SV1; MEGAUPLOAD 2.0; FDM)"
::1 - - [05/Aug/2007:14:14:29 -0700] "GET /" 400 669 "-" "-"
::1 - - [05/Aug/2007:14:14:31 -0700] "GET /" 400 669 "-" "-"
196.12.206.91 - - [05/Aug/2007:14:12:55 -0700] "GET /Install/setup.exe HTTP/1.1" 206 1561097 "http://www.helpwithmath.com/Install/saving_running.htm" "Mozilla/4.0 (compatible; MSIE 6.0; Windows NT 5.1; SV1; MEGAUPLOAD 2.0; FDM)"
196.12.206.91 - - [05/Aug/2007:14:12:55 -0700] "GET /Install/setup.exe HTTP/1.1" 206 3218795 "http://www.helpwithmath.com/Install/saving_running.htm" "Mozilla/4.0 (compatible; MSIE 6.0; Windows NT 5.1; SV1; MEGAUPLOAD 2.0; FDM)"
196.12.206.91 - - [05/Aug/2007:14:10:16 -0700] "GET /Install/setup.exe HTTP/1.1" 206 1558337 "http://www.helpwithmath.com/Install/saving_running.htm" "Mozilla/4.0 (compatible; MSIE 6.0; Windows NT 5.1; SV1; MEGAUPLOAD 2.0; FDM)"
196.12.206.91 - - [05/Aug/2007:14:14:38 -0700] "GET /Install/setup.exe HTTP/1.1" 206 3260195 "http://www.helpwithmath.com/Install/saving_running.htm" "Mozilla/4.0 (compatible; MSIE 6.0; Windows NT 5.1; SV1; MEGAUPLOAD 2.0; FDM)"
196.12.206.91 - - [05/Aug/2007:14:14:38 -0700] "GET /Install/setup.exe HTTP/1.1" 206 6610089 "http://www.helpwithmath.com/Install/saving_running.htm" "Mozilla/4.0 (compatible; MSIE 6.0; Windows NT 5.1; SV1; MEGAUPLOAD 2.0; FDM)"
196.12.206.91 - - [05/Aug/2007:14:14:39 -0700] "GET /Install/setup.exe HTTP/1.1" 206 4772994 "http://www.helpwithmath.com/Install/saving_running.htm" "Mozilla/4.0 (compatible; MSIE 6.0; Windows NT 5.1; SV1; MEGAUPLOAD 2.0; FDM)"
196.12.206.91 - - [05/Aug/2007:14:14:39 -0700] "GET /Install/setup.exe HTTP/1.1" 206 3145656 "http://www.helpwithmath.com/Install/saving_running.htm" "Mozilla/4.0 (compatible; MSIE 6.0; Windows NT 5.1; SV1; MEGAUPLOAD 2.0; FDM)"
::1 - - [05/Aug/2007:14:15:56 -0700] "GET /" 400 669 "-" "-"
196.12.206.91 - - [05/Aug/2007:14:14:39 -0700] "GET /Install/setup.exe HTTP/1.1" 206 4957913 "http://www.helpwithmath.com/Install/saving_running.htm" "Mozilla/4.0 (compatible; MSIE 6.0; Windows NT 5.1; SV1; MEGAUPLOAD 2.0; FDM)"
::1 - - [05/Aug/2007:14:16:00 -0700] "GET /" 400 669 "-" "-"
::1 - - [05/Aug/2007:14:16:04 -0700] "GET /" 400 669 "-" "-"
::1 - - [05/Aug/2007:14:16:05 -0700] "GET /" 400 669 "-" "-"
::1 - - [05/Aug/2007:14:16:06 -0700] "GET /" 400 669 "-" "-"
::1 - - [05/Aug/2007:14:16:07 -0700] "GET /" 400 669 "-" "-"
196.12.206.91 - - [05/Aug/2007:14:16:33 -0700] "GET /Install/setup.exe HTTP/1.1" 206 1677707 "http://www.helpwithmath.com/Install/saving_running.htm" "Mozilla/4.0 (compatible; MSIE 6.0; Windows NT 5.1; SV1; MEGAUPLOAD 2.0; FDM)"
81.192.124.237 - - [05/Aug/2007:14:18:08 -0700] "GET /Install/setup.exe HTTP/1.1" 206 12728880 "http://www.helpwithmath.com/Install/saving_running.htm" "Mozilla/4.0 (compatible; MSIE 5.00; Windows 98)"
81.192.124.237 - - [05/Aug/2007:14:18:09 -0700] "GET /Install/setup.exe HTTP/1.1" 206 12728880 "http://www.helpwithmath.com/Install/saving_running.htm" "Mozilla/4.0 (compatible; MSIE 5.00; Windows 98)"
81.192.124.237 - - [05/Aug/2007:14:18:09 -0700] "GET /Install/setup.exe HTTP/1.1" 206 7394280 "http://www.helpwithmath.com/Install/saving_running.htm" "Mozilla/4.0 (compatible; MSIE 5.00; Windows 98)"
81.192.124.237 - - [05/Aug/2007:14:18:09 -0700] "GET /Install/setup.exe HTTP/1.1" 206 8795569 "http://www.helpwithmath.com/Install/saving_running.htm" "Mozilla/4.0 (compatible; MSIE 5.00; Windows 98)"
81.192.124.237 - - [05/Aug/2007:14:18:09 -0700] "GET /Install/setup.exe HTTP/1.1" 206 9882862 "http://www.helpwithmath.com/Install/saving_running.htm" "Mozilla/4.0 (compatible; MSIE 5.00; Windows 98)"
::1 - - [05/Aug/2007:14:18:11 -0700] "GET /" 400 669 "-" "-"
81.192.124.237 - - [05/Aug/2007:14:18:12 -0700] "GET /Install/setup.exe HTTP/1.1" 206 11413108 "http://www.helpwithmath.com/Install/saving_running.htm" "Mozilla/4.0 (compatible; MSIE 5.00; Windows 98)"
81.192.138.179 - - [05/Aug/2007:14:18:59 -0700] "GET /favicon.ico HTTP/1.1" 404 405 "-" "Avant Browser"
196.12.206.91 - - [05/Aug/2007:14:17:31 -0700] "GET /Install/setup.exe HTTP/1.1" 206 1677707 "http://www.helpwithmath.com/Install/saving_running.htm" "Mozilla/4.0 (compatible; MSIE 6.0; Windows NT 5.1; SV1; MEGAUPLOAD 2.0; FDM)"
196.12.206.91 - - [05/Aug/2007:14:14:34 -0700] "GET /Install/setup.exe HTTP/1.1" 206 1721178 "http://www.helpwithmath.com/Install/saving_running.htm" "Mozilla/4.0 (compatible; MSIE 6.0; Windows NT 5.1; SV1; MEGAUPLOAD 2.0; FDM)"
81.192.138.179 - - [05/Aug/2007:14:19:10 -0700] "GET /Install/setup.exe HTTP/1.1" 200 13072520 "http://www.helpwithmath.com/Install" "Mozilla/4.0 (compatible; MSIE 5.00; Windows 98)"
81.192.138.179 - - [05/Aug/2007:14:20:06 -0700] "GET /Install/setup.exe HTTP/1.1" 304 - "http://www.helpwithmath.com/Install" "Mozilla/4.0 (compatible; MSIE 5.00; Windows 98)"
196.12.206.91 - - [05/Aug/2007:14:14:34 -0700] "GET /Install/setup.exe HTTP/1.1" 206 1461049 "http://www.helpwithmath.com/Install/saving_running.htm" "Mozilla/4.0 (compatible; MSIE 6.0; Windows NT 5.1; SV1; MEGAUPLOAD 2.0; FDM)"
196.12.206.91 - - [05/Aug/2007:14:16:17 -0700] "GET /Install/setup.exe HTTP/1.1" 206 4880631 "http://www.helpwithmath.com/Install/saving_running.htm" "Mozilla/4.0 (compatible; MSIE 6.0; Windows NT 5.1; SV1; MEGAUPLOAD 2.0; FDM)"
196.12.206.91 - - [05/Aug/2007:14:16:15 -0700] "GET /Install/setup.exe HTTP/1.1" 206 3227075 "http://www.helpwithmath.com/Install/saving_running.htm" "Mozilla/4.0 (compatible; MSIE 6.0; Windows NT 5.1; SV1; MEGAUPLOAD 2.0; FDM)"
196.12.206.91 - - [05/Aug/2007:14:16:17 -0700] "GET /Install/setup.exe HTTP/1.1" 206 1521077 "http://www.helpwithmath.com/Install/saving_running.htm" "Mozilla/4.0 (compatible; MSIE 6.0; Windows NT 5.1; SV1; MEGAUPLOAD 2.0; FDM)"
::1 - - [05/Aug/2007:14:20:50 -0700] "GET /" 400 669 "-" "-"
::1 - - [05/Aug/2007:14:20:51 -0700] "GET /" 400 669 "-" "-"
196.12.206.91 - - [05/Aug/2007:14:19:45 -0700] "GET /Install/setup.exe HTTP/1.1" 206 1694267 "http://www.helpwithmath.com/Install/saving_running.htm" "Mozilla/4.0 (compatible; MSIE 6.0; Windows NT 5.1; SV1; MEGAUPLOAD 2.0; FDM)"
::1 - - [05/Aug/2007:14:20:52 -0700] "GET /" 400 669 "-" "-"
::1 - - [05/Aug/2007:14:20:53 -0700] "GET /" 400 669 "-" "-"
::1 - - [05/Aug/2007:14:20:54 -0700] "GET /" 400 669 "-" "-"
::1 - - [05/Aug/2007:14:20:55 -0700] "GET /" 400 669 "-" "-"
::1 - - [05/Aug/2007:14:20:56 -0700] "GET /" 400 669 "-" "-"
::1 - - [05/Aug/2007:14:20:57 -0700] "GET /" 400 669 "-" "-"
::1 - - [05/Aug/2007:14:20:58 -0700] "GET /" 400 669 "-" "-"
::1 - - [05/Aug/2007:14:20:59 -0700] "GET /" 400 669 "-" "-"
::1 - - [05/Aug/2007:14:21:01 -0700] "GET /" 400 669 "-" "-"
::1 - - [05/Aug/2007:14:21:02 -0700] "GET /" 400 669 "-" "-"
::1 - - [05/Aug/2007:14:21:03 -0700] "GET /" 400 669 "-" "-"
::1 - - [05/Aug/2007:14:21:04 -0700] "GET /" 400 669 "-" "-"
::1 - - [05/Aug/2007:14:21:05 -0700] "GET /" 400 669 "-" "-"
196.12.206.91 - - [05/Aug/2007:14:20:39 -0700] "GET /Install/setup.exe HTTP/1.1" 206 1703238 "http://www.helpwithmath.com/Install/saving_running.htm" "Mozilla/4.0 (compatible; MSIE 6.0; Windows NT 5.1; SV1; MEGAUPLOAD 2.0; FDM)"
196.12.206.91 - - [05/Aug/2007:14:20:32 -0700] "GET /Install/setup.exe HTTP/1.1" 206 3341614 "http://www.helpwithmath.com/Install/saving_running.htm" "Mozilla/4.0 (compatible; MSIE 6.0; Windows NT 5.1; SV1; MEGAUPLOAD 2.0; FDM)"
196.12.206.91 - - [05/Aug/2007:14:20:55 -0700] "GET /Install/setup.exe HTTP/1.1" 206 1680467 "http://www.helpwithmath.com/Install/saving_running.htm" "Mozilla/4.0 (compatible; MSIE 6.0; Windows NT 5.1; SV1; MEGAUPLOAD 2.0; FDM)"
196.12.206.91 - - [05/Aug/2007:14:16:17 -0700] "GET /Install/setup.exe HTTP/1.1" 206 3303665 "http://www.helpwithmath.com/Install/saving_running.htm" "Mozilla/4.0 (compatible; MSIE 6.0; Windows NT 5.1; SV1; MEGAUPLOAD 2.0; FDM)"
81.192.138.179 - - [05/Aug/2007:14:22:20 -0700] "GET /Install/setup.exe HTTP/1.1" 304 - "http://www.helpwithmath.com/Install" "Mozilla/4.0 (compatible; MSIE 5.00; Windows 98)"
196.12.206.91 - - [05/Aug/2007:14:19:31 -0700] "GET /Install/setup.exe HTTP/1.1" 206 1649418 "http://www.helpwithmath.com/Install/saving_running.htm" "Mozilla/4.0 (compatible; MSIE 6.0; Windows NT 5.1; SV1; MEGAUPLOAD 2.0; FDM)"
196.12.206.91 - - [05/Aug/2007:14:21:37 -0700] "GET /Install/setup.exe HTTP/1.1" 206 4876491 "http://www.helpwithmath.com/Install/saving_running.htm" "Mozilla/4.0 (compatible; MSIE 6.0; Windows NT 5.1; SV1; MEGAUPLOAD 2.0; FDM)"
::1 - - [05/Aug/2007:14:22:38 -0700] "GET /" 400 669 "-" "-"
196.12.206.91 - - [05/Aug/2007:14:19:31 -0700] "GET /Install/setup.exe HTTP/1.1" 206 1404469 "http://www.helpwithmath.com/Install/saving_running.htm" "Mozilla/4.0 (compatible; MSIE 6.0; Windows NT 5.1; SV1; MEGAUPLOAD 2.0; FDM)"
::1 - - [05/Aug/2007:14:22:39 -0700] "GET /" 400 669 "-" "-"
::1 - - [05/Aug/2007:14:22:40 -0700] "GET /" 400 669 "-" "-"
::1 - - [05/Aug/2007:14:22:41 -0700] "GET /" 400 669 "-" "-"
::1 - - [05/Aug/2007:14:22:42 -0700] "GET /" 400 669 "-" "-"
196.12.206.91 - - [05/Aug/2007:14:19:56 -0700] "GET /Install/setup.exe HTTP/1.1" 206 1537637 "http://www.helpwithmath.com/Install/saving_running.htm" "Mozilla/4.0 (compatible; MSIE 6.0; Windows NT 5.1; SV1; MEGAUPLOAD 2.0; FDM)"
::1 - - [05/Aug/2007:14:22:43 -0700] "GET /" 400 669 "-" "-"
::1 - - [05/Aug/2007:14:22:44 -0700] "GET /" 400 669 "-" "-"
::1 - - [05/Aug/2007:14:22:45 -0700] "GET /" 400 669 "-" "-"
::1 - - [05/Aug/2007:14:22:46 -0700] "GET /" 400 669 "-" "-"
::1 - - [05/Aug/2007:14:22:47 -0700] "GET /" 400 669 "-" "-"
81.192.138.179 - - [05/Aug/2007:14:19:29 -0700] "GET /Install/setup.exe HTTP/1.1" 206 8497138 "http://www.mathxpert.com/Install/saving_running.htm" "Mozilla/4.0 (compatible; MSIE 5.00; Windows 98)"
::1 - - [05/Aug/2007:14:22:50 -0700] "GET /" 400 669 "-" "-"
81.192.138.179 - - [05/Aug/2007:14:22:50 -0700] "GET /Install/setup.exe HTTP/1.1" 304 - "http://www.helpwithmath.com/Install" "Mozilla/4.0 (compatible; MSIE 5.00; Windows 98)"
196.12.206.91 - - [05/Aug/2007:14:21:35 -0700] "GET /Install/setup.exe HTTP/1.1" 206 3239495 "http://www.helpwithmath.com/Install/saving_running.htm" "Mozilla/4.0 (compatible; MSIE 6.0; Windows NT 5.1; SV1; MEGAUPLOAD 2.0; FDM)"
196.12.206.91 - - [05/Aug/2007:14:22:23 -0700] "GET /Install/setup.exe HTTP/1.1" 206 1726007 "http://www.helpwithmath.com/Install/saving_running.htm" "Mozilla/4.0 (compatible; MSIE 6.0; Windows NT 5.1; SV1; MEGAUPLOAD 2.0; FDM)"
196.12.206.91 - - [05/Aug/2007:14:21:37 -0700] "GET /Install/setup.exe HTTP/1.1" 206 1526598 "http://www.helpwithmath.com/Install/saving_running.htm" "Mozilla/4.0 (compatible; MSIE 6.0; Windows NT 5.1; SV1; MEGAUPLOAD 2.0; FDM)"
::1 - - [05/Aug/2007:14:23:07 -0700] "GET /" 400 669 "-" "-"
81.192.138.179 - - [05/Aug/2007:14:21:59 -0700] "GET /Install/setup.exe HTTP/1.1" 206 418004 "http://www.mathxpert.com/Install/saving_running.htm" "Mozilla/4.0 (compatible; MSIE 5.00; Windows 98)"
81.192.138.179 - - [05/Aug/2007:14:21:15 -0700] "GET /Install/setup.exe HTTP/1.1" 206 3179374 "http://www.mathxpert.com/Install/saving_running.htm" "Mozilla/4.0 (compatible; MSIE 5.00; Windows 98)"
81.192.138.179 - - [05/Aug/2007:14:23:18 -0700] "GET /Install/setup.exe HTTP/1.1" 304 - "http://www.helpwithmath.com/Install" "Mozilla/4.0 (compatible; MSIE 5.00; Windows 98)"
193.52.234.176 - - [05/Aug/2007:14:23:21 -0700] "GET /Install/saving_running.htm HTTP/1.0" 200 4541 "http://www.startimes2.com/f.aspx?t=4191552" "Mozilla/4.0 (compatible; MSIE 6.0; Windows NT 5.1; SV1; .NET CLR 2.0.50727; InfoPath.2; .NET CLR 1.1.4322)"
81.192.138.179 - - [05/Aug/2007:14:23:22 -0700] "GET /Install/setup.exe HTTP/1.1" 304 - "http://www.helpwithmath.com/Install" "Mozilla/4.0 (compatible; MSIE 5.00; Windows 98)"
193.52.234.176 - - [05/Aug/2007:14:23:22 -0700] "GET /Install/oci_header.jpg HTTP/1.0" 200 6586 "http://www.helpwithmath.com/Install/saving_running.htm" "Mozilla/4.0 (compatible; MSIE 6.0; Windows NT 5.1; SV1; .NET CLR 2.0.50727; InfoPath.2; .NET CLR 1.1.4322)"
193.52.234.176 - - [05/Aug/2007:14:23:22 -0700] "GET /Install/header_fill.jpg HTTP/1.0" 200 578 "http://www.helpwithmath.com/Install/saving_running.htm" "Mozilla/4.0 (compatible; MSIE 6.0; Windows NT 5.1; SV1; .NET CLR 2.0.50727; InfoPath.2; .NET CLR 1.1.4322)"
81.192.138.179 - - [05/Aug/2007:14:23:23 -0700] "GET /Install/setup.exe HTTP/1.1" 304 - "http://www.helpwithmath.com/Install" "Mozilla/4.0 (compatible; MSIE 5.00; Windows 98)"
81.192.138.179 - - [05/Aug/2007:14:23:23 -0700] "GET /Install/setup.exe HTTP/1.1" 304 - "http://www.helpwithmath.com/Install" "Mozilla/4.0 (compatible; MSIE 5.00; Windows 98)"
81.192.138.179 - - [05/Aug/2007:14:23:23 -0700] "GET /Install/setup.exe HTTP/1.1" 304 - "http://www.helpwithmath.com/Install" "Mozilla/4.0 (compatible; MSIE 5.00; Windows 98)"
81.192.138.179 - - [05/Aug/2007:14:23:28 -0700] "GET /Install/setup.exe HTTP/1.1" 304 - "http://www.helpwithmath.com/Install" "Mozilla/4.0 (compatible; MSIE 5.00; Windows 98)"
81.192.138.179 - - [05/Aug/2007:14:23:28 -0700] "GET /Install/setup.exe HTTP/1.1" 304 - "http://www.helpwithmath.com/Install" "Mozilla/4.0 (compatible; MSIE 5.00; Windows 98)"
81.192.138.179 - - [05/Aug/2007:14:23:29 -0700] "GET /Install/setup.exe HTTP/1.1" 304 - "http://www.helpwithmath.com/Install" "Mozilla/4.0 (compatible; MSIE 5.00; Windows 98)"
81.192.138.179 - - [05/Aug/2007:14:23:29 -0700] "GET /Install/setup.exe HTTP/1.1" 304 - "http://www.helpwithmath.com/Install" "Mozilla/4.0 (compatible; MSIE 5.00; Windows 98)"
81.192.138.179 - - [05/Aug/2007:14:23:29 -0700] "GET /Install/setup.exe HTTP/1.1" 304 - "http://www.helpwithmath.com/Install" "Mozilla/4.0 (compatible; MSIE 5.00; Windows 98)"
81.192.138.179 - - [05/Aug/2007:14:23:30 -0700] "GET /Install/setup.exe HTTP/1.1" 304 - "http://www.helpwithmath.com/Install" "Mozilla/4.0 (compatible; MSIE 5.00; Windows 98)"
81.192.138.179 - - [05/Aug/2007:14:23:30 -0700] "GET /Install/setup.exe HTTP/1.1" 304 - "http://www.helpwithmath.com/Install" "Mozilla/4.0 (compatible; MSIE 5.00; Windows 98)"
81.192.138.179 - - [05/Aug/2007:14:23:31 -0700] "GET /Install/setup.exe HTTP/1.1" 304 - "http://www.helpwithmath.com/Install" "Mozilla/4.0 (compatible; MSIE 5.00; Windows 98)"
81.192.138.179 - - [05/Aug/2007:14:23:31 -0700] "GET /Install/setup.exe HTTP/1.1" 304 - "http://www.helpwithmath.com/Install" "Mozilla/4.0 (compatible; MSIE 5.00; Windows 98)"
81.192.138.179 - - [05/Aug/2007:14:23:34 -0700] "GET /Install/setup.exe HTTP/1.1" 304 - "http://www.helpwithmath.com/Install" "Mozilla/4.0 (compatible; MSIE 5.00; Windows 98)"
193.52.234.176 - - [05/Aug/2007:14:23:25 -0700] "GET /Install/setup.exe HTTP/1.0" 200 13072520 "-" "Mozilla/4.0 (compatible; MSIE 6.0; Windows NT 5.1; SV1; .NET CLR 2.0.50727; InfoPath.2; .NET CLR 1.1.4322)"
81.192.138.179 - - [05/Aug/2007:14:23:39 -0700] "GET /Install/setup.exe HTTP/1.1" 304 - "http://www.helpwithmath.com/Install" "Mozilla/4.0 (compatible; MSIE 5.00; Windows 98)"
81.192.138.179 - - [05/Aug/2007:14:21:44 -0700] "GET /Install/setup.exe HTTP/1.1" 206 1776172 "http://www.mathxpert.com/Install/saving_running.htm" "Mozilla/4.0 (compatible; MSIE 5.00; Windows 98)"
81.192.138.179 - - [05/Aug/2007:14:23:42 -0700] "GET /Install/setup.exe HTTP/1.1" 206 46608 "http://www.mathxpert.com/Install/saving_running.htm" "Mozilla/4.0 (compatible; MSIE 5.00; Windows 98)"
81.192.138.179 - - [05/Aug/2007:14:23:43 -0700] "GET /Install/setup.exe HTTP/1.1" 304 - "http://www.helpwithmath.com/Install" "Mozilla/4.0 (compatible; MSIE 5.00; Windows 98)"
::1 - - [05/Aug/2007:14:23:48 -0700] "GET /" 400 669 "-" "-"
81.192.138.179 - - [05/Aug/2007:14:23:48 -0700] "GET /Install/setup.exe HTTP/1.1" 304 - "http://www.helpwithmath.com/Install" "Mozilla/4.0 (compatible; MSIE 5.00; Windows 98)"
81.192.138.179 - - [05/Aug/2007:14:22:50 -0700] "GET /Install/setup.exe HTTP/1.1" 206 10655590 "http://www.mathxpert.com/Install/saving_running.htm" "Mozilla/4.0 (compatible; MSIE 5.00; Windows 98)"
81.192.138.179 - - [05/Aug/2007:14:23:48 -0700] "GET /Install/setup.exe HTTP/1.1" 304 - "http://www.helpwithmath.com/Install" "Mozilla/4.0 (compatible; MSIE 5.00; Windows 98)"
81.192.138.179 - - [05/Aug/2007:14:23:49 -0700] "GET /Install/setup.exe HTTP/1.1" 304 - "http://www.helpwithmath.com/Install" "Mozilla/4.0 (compatible; MSIE 5.00; Windows 98)"
81.192.138.179 - - [05/Aug/2007:14:23:51 -0700] "GET /Install/setup.exe HTTP/1.1" 304 - "http://www.helpwithmath.com/Install" "Mozilla/4.0 (compatible; MSIE 5.00; Windows 98)"
81.192.138.179 - - [05/Aug/2007:14:23:52 -0700] "GET /Install/setup.exe HTTP/1.1" 304 - "http://www.helpwithmath.com/Install" "Mozilla/4.0 (compatible; MSIE 5.00; Windows 98)"
81.192.138.179 - - [05/Aug/2007:14:23:52 -0700] "GET /Install/setup.exe HTTP/1.1" 304 - "http://www.helpwithmath.com/Install" "Mozilla/4.0 (compatible; MSIE 5.00; Windows 98)"
81.192.138.179 - - [05/Aug/2007:14:23:53 -0700] "GET /Install/setup.exe HTTP/1.1" 304 - "http://www.helpwithmath.com/Install" "Mozilla/4.0 (compatible; MSIE 5.00; Windows 98)"
81.192.138.179 - - [05/Aug/2007:14:23:54 -0700] "GET /Install/setup.exe HTTP/1.1" 304 - "http://www.helpwithmath.com/Install" "Mozilla/4.0 (compatible; MSIE 5.00; Windows 98)"
81.192.138.179 - - [05/Aug/2007:14:23:54 -0700] "GET /Install/setup.exe HTTP/1.1" 304 - "http://www.helpwithmath.com/Install" "Mozilla/4.0 (compatible; MSIE 5.00; Windows 98)"
81.192.138.179 - - [05/Aug/2007:14:23:55 -0700] "GET /Install/setup.exe HTTP/1.1" 304 - "http://www.helpwithmath.com/Install" "Mozilla/4.0 (compatible; MSIE 5.00; Windows 98)"
81.192.138.179 - - [05/Aug/2007:14:23:11 -0700] "GET /Install/setup.exe HTTP/1.1" 206 4044099 "http://www.mathxpert.com/Install/saving_running.htm" "Mozilla/4.0 (compatible; MSIE 5.00; Windows 98)"
::1 - - [05/Aug/2007:14:23:59 -0700] "GET /" 400 669 "-" "-"
81.192.138.179 - - [05/Aug/2007:14:23:47 -0700] "GET /Install/setup.exe HTTP/1.1" 206 4055543 "http://www.mathxpert.com/Install/saving_running.htm" "Mozilla/4.0 (compatible; MSIE 5.00; Windows 98)"
::1 - - [05/Aug/2007:14:24:00 -0700] "GET /" 400 669 "-" "-"
81.192.138.179 - - [05/Aug/2007:14:23:41 -0700] "GET /Install/setup.exe HTTP/1.1" 206 9232580 "http://www.mathxpert.com/Install/saving_running.htm" "Mozilla/4.0 (compatible; MSIE 5.00; Windows 98)"
81.192.138.179 - - [05/Aug/2007:14:19:29 -0700] "GET /Install/setup.exe HTTP/1.1" 206 11567112 "http://www.mathxpert.com/Install/saving_running.htm" "Mozilla/4.0 (compatible; MSIE 5.00; Windows 98)"
::1 - - [05/Aug/2007:14:24:01 -0700] "GET /" 400 669 "-" "-"
::1 - - [05/Aug/2007:14:24:02 -0700] "GET /" 400 669 "-" "-"
81.192.138.179 - - [05/Aug/2007:14:24:01 -0700] "GET /Install/setup.exe HTTP/1.1" 206 11612902 "http://www.mathxpert.com/Install/saving_running.htm" "Mozilla/4.0 (compatible; MSIE 5.00; Windows 98)"
81.192.138.179 - - [05/Aug/2007:14:24:02 -0700] "GET /Install/setup.exe HTTP/1.1" 206 3951119 "http://www.mathxpert.com/Install/saving_running.htm" "Mozilla/4.0 (compatible; MSIE 5.00; Windows 98)"
::1 - - [05/Aug/2007:14:24:09 -0700] "GET /" 400 669 "-" "-"
81.192.138.179 - - [05/Aug/2007:14:19:03 -0700] "GET /Install/setup.exe HTTP/1.1" 200 13072520 "-" "Mozilla/4.0 (compatible; MSIE 6.0; Windows NT 5.1; Avant Browser)"
::1 - - [05/Aug/2007:14:24:10 -0700] "GET /" 400 669 "-" "-"
::1 - - [05/Aug/2007:14:24:11 -0700] "GET /" 400 669 "-" "-"
::1 - - [05/Aug/2007:14:24:12 -0700] "GET /" 400 669 "-" "-"
::1 - - [05/Aug/2007:14:24:13 -0700] "GET /" 400 669 "-" "-"
193.52.234.176 - - [05/Aug/2007:14:23:36 -0700] "GET /Install/setup.exe HTTP/1.0" 200 13072520 "-" "Mozilla/4.0 (compatible; MSIE 6.0; Windows NT 5.1; SV1; .NET CLR 2.0.50727; InfoPath.2; .NET CLR 1.1.4322)"
::1 - - [05/Aug/2007:14:24:14 -0700] "GET /" 400 669 "-" "-"
::1 - - [05/Aug/2007:14:24:15 -0700] "GET /" 400 669 "-" "-"
::1 - - [05/Aug/2007:14:24:16 -0700] "GET /" 400 669 "-" "-"
::1 - - [05/Aug/2007:14:24:17 -0700] "GET /" 400 669 "-" "-"
::1 - - [05/Aug/2007:14:24:20 -0700] "GET /" 400 669 "-" "-"
::1 - - [05/Aug/2007:14:24:21 -0700] "GET /" 400 669 "-" "-"
::1 - - [05/Aug/2007:14:24:22 -0700] "GET /" 400 669 "-" "-"
::1 - - [05/Aug/2007:14:24:23 -0700] "GET /" 400 669 "-" "-"
::1 - - [05/Aug/2007:14:24:24 -0700] "GET /" 400 669 "-" "-"
::1 - - [05/Aug/2007:14:24:25 -0700] "GET /" 400 669 "-" "-"
::1 - - [05/Aug/2007:14:24:26 -0700] "GET /" 400 669 "-" "-"
::1 - - [05/Aug/2007:14:24:27 -0700] "GET /" 400 669 "-" "-"
::1 - - [05/Aug/2007:14:24:28 -0700] "GET /" 400 669 "-" "-"
::1 - - [05/Aug/2007:14:24:29 -0700] "GET /" 400 669 "-" "-"
::1 - - [05/Aug/2007:14:24:30 -0700] "GET /" 400 669 "-" "-"
::1 - - [05/Aug/2007:14:24:31 -0700] "GET /" 400 669 "-" "-"
::1 - - [05/Aug/2007:14:24:32 -0700] "GET /" 400 669 "-" "-"
::1 - - [05/Aug/2007:14:24:33 -0700] "GET /" 400 669 "-" "-"
::1 - - [05/Aug/2007:14:24:34 -0700] "GET /" 400 669 "-" "-"
::1 - - [05/Aug/2007:14:24:35 -0700] "GET /" 400 669 "-" "-"
::1 - - [05/Aug/2007:14:24:36 -0700] "GET /" 400 669 "-" "-"
::1 - - [05/Aug/2007:14:24:37 -0700] "GET /" 400 669 "-" "-"
196.12.206.91 - - [05/Aug/2007:14:12:55 -0700] "GET /Install/setup.exe HTTP/1.1" 206 3149795 "http://www.helpwithmath.com/Install/saving_running.htm" "Mozilla/4.0 (compatible; MSIE 6.0; Windows NT 5.1; SV1; MEGAUPLOAD 2.0; FDM)"
::1 - - [05/Aug/2007:14:24:45 -0700] "GET /" 400 669 "-" "-"
193.52.234.176 - - [05/Aug/2007:14:24:49 -0700] "GET /favicon.ico HTTP/1.0" 404 405 "-" "Mozilla/4.0 (compatible; MSIE 6.0; Windows NT 5.1; SV1; .NET CLR 2.0.50727; InfoPath.2; .NET CLR 1.1.4322)"
196.12.206.91 - - [05/Aug/2007:14:24:10 -0700] "GET /Install/setup.exe HTTP/1.1" 206 1726007 "http://www.helpwithmath.com/Install/saving_running.htm" "Mozilla/4.0 (compatible; MSIE 6.0; Windows NT 5.1; SV1; MEGAUPLOAD 2.0; FDM)"
196.12.206.91 - - [05/Aug/2007:14:22:13 -0700] "GET /Install/setup.exe HTTP/1.1" 206 1605258 "http://www.helpwithmath.com/Install/saving_running.htm" "Mozilla/4.0 (compatible; MSIE 6.0; Windows NT 5.1; SV1; MEGAUPLOAD 2.0; FDM)"
196.12.206.91 - - [05/Aug/2007:14:25:02 -0700] "GET /Install/setup.exe HTTP/1.1" 206 1324429 "http://www.helpwithmath.com/Install/saving_running.htm" "Mozilla/4.0 (compatible; MSIE 6.0; Windows NT 5.1; SV1; MEGAUPLOAD 2.0; FDM)"
196.12.206.91 - - [05/Aug/2007:14:21:37 -0700] "GET /Install/setup.exe HTTP/1.1" 206 1354789 "http://www.helpwithmath.com/Install/saving_running.htm" "Mozilla/4.0 (compatible; MSIE 6.0; Windows NT 5.1; SV1; MEGAUPLOAD 2.0; FDM)"
196.12.206.91 - - [05/Aug/2007:14:25:00 -0700] "GET /Install/setup.exe HTTP/1.1" 206 3079416 "http://www.helpwithmath.com/Install/saving_running.htm" "Mozilla/4.0 (compatible; MSIE 6.0; Windows NT 5.1; SV1; MEGAUPLOAD 2.0; FDM)"
196.12.206.91 - - [05/Aug/2007:14:24:09 -0700] "GET /Install/setup.exe HTTP/1.1" 206 1718418 "http://www.helpwithmath.com/Install/saving_running.htm" "Mozilla/4.0 (compatible; MSIE 6.0; Windows NT 5.1; SV1; MEGAUPLOAD 2.0; FDM)"
196.12.206.91 - - [05/Aug/2007:14:25:04 -0700] "GET /Install/setup.exe HTTP/1.1" 206 1551437 "http://www.helpwithmath.com/Install/saving_running.htm" "Mozilla/4.0 (compatible; MSIE 6.0; Windows NT 5.1; SV1; MEGAUPLOAD 2.0; FDM)"
81.192.138.179 - - [05/Aug/2007:14:19:29 -0700] "GET /Install/setup.exe HTTP/1.1" 206 7189886 "http://www.mathxpert.com/Install/saving_running.htm" "Mozilla/4.0 (compatible; MSIE 5.00; Windows 98)"
196.12.206.91 - - [05/Aug/2007:14:24:07 -0700] "GET /Install/setup.exe HTTP/1.1" 206 3363694 "http://www.helpwithmath.com/Install/saving_running.htm" "Mozilla/4.0 (compatible; MSIE 6.0; Windows NT 5.1; SV1; MEGAUPLOAD 2.0; FDM)"
196.12.206.91 - - [05/Aug/2007:14:24:18 -0700] "GET /Install/setup.exe HTTP/1.1" 206 3252605 "http://www.helpwithmath.com/Install/saving_running.htm" "Mozilla/4.0 (compatible; MSIE 6.0; Windows NT 5.1; SV1; MEGAUPLOAD 2.0; FDM)"
::1 - - [05/Aug/2007:14:26:12 -0700] "GET /" 400 669 "-" "-"
::1 - - [05/Aug/2007:14:26:13 -0700] "GET /" 400 669 "-" "-"
::1 - - [05/Aug/2007:14:26:14 -0700] "GET /" 400 669 "-" "-"
81.192.138.179 - - [05/Aug/2007:14:19:26 -0700] "GET /Install/setup.exe HTTP/1.1" 206 9150764 "http://www.mathxpert.com/Install/saving_running.htm" "Mozilla/4.0 (compatible; MSIE 5.00; Windows 98)"
81.192.124.237 - - [05/Aug/2007:14:26:07 -0700] "GET /Install/setup.exe HTTP/1.1" 206 11413108 "http://www.mathxpert.com/Install/saving_running.htm" "Mozilla/4.0 (compatible; MSIE 5.00; Windows 98)"
81.192.138.179 - - [05/Aug/2007:14:19:29 -0700] "GET /Install/setup.exe HTTP/1.1" 206 5882634 "http://www.mathxpert.com/Install/saving_running.htm" "Mozilla/4.0 (compatible; MSIE 5.00; Windows 98)"
196.12.206.91 - - [05/Aug/2007:14:25:06 -0700] "GET /Install/setup.exe HTTP/1.1" 206 1345817 "http://www.helpwithmath.com/Install/saving_running.htm" "Mozilla/4.0 (compatible; MSIE 6.0; Windows NT 5.1; SV1; MEGAUPLOAD 2.0; FDM)"
81.192.124.237 - - [05/Aug/2007:14:26:38 -0700] "GET /Install/setup.exe HTTP/1.1" 206 5710559 "http://www.mathxpert.com/Install/saving_running.htm" "Mozilla/4.0 (compatible; MSIE 5.00; Windows 98)"
81.192.124.237 - - [05/Aug/2007:14:26:21 -0700] "GET /Install/setup.exe HTTP/1.1" 206 1614398 "http://www.mathxpert.com/Install/saving_running.htm" "Mozilla/4.0 (compatible; MSIE 5.00; Windows 98)"
::1 - - [05/Aug/2007:14:27:57 -0700] "GET /" 400 669 "-" "-"
::1 - - [05/Aug/2007:14:27:58 -0700] "GET /" 400 669 "-" "-"
81.192.124.237 - - [05/Aug/2007:14:26:21 -0700] "GET /Install/setup.exe HTTP/1.1" 206 3587598 "http://www.mathxpert.com/Install/saving_running.htm" "Mozilla/4.0 (compatible; MSIE 5.00; Windows 98)"
196.12.206.91 - - [05/Aug/2007:14:26:21 -0700] "GET /Install/setup.exe HTTP/1.1" 206 1548677 "http://www.helpwithmath.com/Install/saving_running.htm" "Mozilla/4.0 (compatible; MSIE 6.0; Windows NT 5.1; SV1; MEGAUPLOAD 2.0; FDM)"
196.12.206.91 - - [05/Aug/2007:14:21:35 -0700] "GET /Install/setup.exe HTTP/1.1" 206 1511417 "http://www.helpwithmath.com/Install/saving_running.htm" "Mozilla/4.0 (compatible; MSIE 6.0; Windows NT 5.1; SV1; MEGAUPLOAD 2.0; FDM)"
81.192.124.237 - - [05/Aug/2007:14:26:04 -0700] "GET /Install/setup.exe HTTP/1.1" 206 7394280 "http://www.helpwithmath.com/Install/saving_running.htm" "Mozilla/4.0 (compatible; MSIE 5.00; Windows 98)"
196.12.206.91 - - [05/Aug/2007:14:25:57 -0700] "GET /Install/setup.exe HTTP/1.1" 206 1318909 "http://www.helpwithmath.com/Install/saving_running.htm" "Mozilla/4.0 (compatible; MSIE 6.0; Windows NT 5.1; SV1; MEGAUPLOAD 2.0; FDM)"
81.192.124.237 - - [05/Aug/2007:14:26:21 -0700] "GET /Install/setup.exe HTTP/1.1" 206 2689734 "http://www.helpwithmath.com/Install/saving_running.htm" "Mozilla/4.0 (compatible; MSIE 5.00; Windows 98)"
81.192.124.237 - - [05/Aug/2007:14:26:38 -0700] "GET /Install/setup.exe HTTP/1.1" 206 988208 "http://www.mathxpert.com/Install/saving_running.htm" "Mozilla/4.0 (compatible; MSIE 5.00; Windows 98)"
196.12.206.91 - - [05/Aug/2007:14:25:29 -0700] "GET /Install/setup.exe HTTP/1.1" 206 1643896 "http://www.helpwithmath.com/Install/saving_running.htm" "Mozilla/4.0 (compatible; MSIE 6.0; Windows NT 5.1; SV1; MEGAUPLOAD 2.0; FDM)"
81.192.124.237 - - [05/Aug/2007:14:26:04 -0700] "GET /Install/setup.exe HTTP/1.1" 206 6233289 "http://www.helpwithmath.com/Install/saving_running.htm" "Mozilla/4.0 (compatible; MSIE 5.00; Windows 98)"
::1 - - [05/Aug/2007:14:28:41 -0700] "GET /" 400 669 "-" "-"
::1 - - [05/Aug/2007:14:28:42 -0700] "GET /" 400 669 "-" "-"
196.12.206.91 - - [05/Aug/2007:14:25:29 -0700] "GET /Install/setup.exe HTTP/1.1" 206 1526598 "http://www.helpwithmath.com/Install/saving_running.htm" "Mozilla/4.0 (compatible; MSIE 6.0; Windows NT 5.1; SV1; MEGAUPLOAD 2.0; FDM)"
196.12.206.91 - - [05/Aug/2007:14:28:20 -0700] "GET /Install/setup.exe HTTP/1.1" 206 1295449 "http://www.helpwithmath.com/Install/saving_running.htm" "Mozilla/4.0 (compatible; MSIE 6.0; Windows NT 5.1; SV1; MEGAUPLOAD 2.0; FDM)"
196.12.206.91 - - [05/Aug/2007:14:28:20 -0700] "GET /Install/setup.exe HTTP/1.1" 206 5213213 "http://www.helpwithmath.com/Install/saving_running.htm" "Mozilla/4.0 (compatible; MSIE 6.0; Windows NT 5.1; SV1; MEGAUPLOAD 2.0; FDM)"
::1 - - [05/Aug/2007:14:28:53 -0700] "GET /" 400 669 "-" "-"
196.12.206.91 - - [05/Aug/2007:14:24:59 -0700] "GET /Install/setup.exe HTTP/1.1" 206 3308495 "http://www.helpwithmath.com/Install/saving_running.htm" "Mozilla/4.0 (compatible; MSIE 6.0; Windows NT 5.1; SV1; MEGAUPLOAD 2.0; FDM)"
::1 - - [05/Aug/2007:14:28:54 -0700] "GET /" 400 669 "-" "-"
81.192.124.237 - - [05/Aug/2007:14:26:37 -0700] "GET /Install/setup.exe HTTP/1.1" 206 10932012 "http://www.mathxpert.com/Install/saving_running.htm" "Mozilla/4.0 (compatible; MSIE 5.00; Windows 98)"
196.12.206.91 - - [05/Aug/2007:14:28:25 -0700] "GET /Install/setup.exe HTTP/1.1" 206 3047676 "http://www.helpwithmath.com/Install/saving_running.htm" "Mozilla/4.0 (compatible; MSIE 6.0; Windows NT 5.1; SV1; MEGAUPLOAD 2.0; FDM)"
::1 - - [05/Aug/2007:14:28:59 -0700] "GET /" 400 669 "-" "-"
196.12.206.91 - - [05/Aug/2007:14:28:25 -0700] "GET /Install/setup.exe HTTP/1.1" 206 3512735 "http://www.helpwithmath.com/Install/saving_running.htm" "Mozilla/4.0 (compatible; MSIE 6.0; Windows NT 5.1; SV1; MEGAUPLOAD 2.0; FDM)"
::1 - - [05/Aug/2007:14:29:01 -0700] "GET /" 400 669 "-" "-"
196.12.206.91 - - [05/Aug/2007:14:28:08 -0700] "GET /Install/setup.exe HTTP/1.1" 206 4574274 "http://www.helpwithmath.com/Install/saving_running.htm" "Mozilla/4.0 (compatible; MSIE 6.0; Windows NT 5.1; SV1; MEGAUPLOAD 2.0; FDM)"
::1 - - [05/Aug/2007:14:29:02 -0700] "GET /" 400 669 "-" "-"
81.192.138.179 - - [05/Aug/2007:14:24:02 -0700] "GET /Install/setup.exe HTTP/1.1" 206 4290230 "http://www.mathxpert.com/Install/saving_running.htm" "Mozilla/4.0 (compatible; MSIE 5.00; Windows 98)"
81.192.138.179 - - [05/Aug/2007:14:24:02 -0700] "GET /Install/setup.exe HTTP/1.1" 206 10689748 "http://www.mathxpert.com/Install/saving_running.htm" "Mozilla/4.0 (compatible; MSIE 5.00; Windows 98)"
::1 - - [05/Aug/2007:14:29:03 -0700] "GET /" 400 669 "-" "-"
81.192.138.179 - - [05/Aug/2007:14:24:02 -0700] "GET /Install/setup.exe HTTP/1.1" 206 4076827 "http://www.mathxpert.com/Install/saving_running.htm" "Mozilla/4.0 (compatible; MSIE 5.00; Windows 98)"
::1 - - [05/Aug/2007:14:29:04 -0700] "GET /" 400 669 "-" "-"
196.12.206.91 - - [05/Aug/2007:14:25:26 -0700] "GET /Install/setup.exe HTTP/1.1" 206 1732218 "http://www.helpwithmath.com/Install/saving_running.htm" "Mozilla/4.0 (compatible; MSIE 6.0; Windows NT 5.1; SV1; MEGAUPLOAD 2.0; FDM)"
196.12.206.91 - - [05/Aug/2007:14:26:00 -0700] "GET /Install/setup.exe HTTP/1.1" 206 3069756 "http://www.helpwithmath.com/Install/saving_running.htm" "Mozilla/4.0 (compatible; MSIE 6.0; Windows NT 5.1; SV1; MEGAUPLOAD 2.0; FDM)"
::1 - - [05/Aug/2007:14:29:05 -0700] "GET /" 400 669 "-" "-"
::1 - - [05/Aug/2007:14:29:06 -0700] "GET /" 400 669 "-" "-"
81.192.124.237 - - [05/Aug/2007:14:26:37 -0700] "GET /Install/setup.exe HTTP/1.1" 206 331286 "http://www.mathxpert.com/Install/saving_running.htm" "Mozilla/4.0 (compatible; MSIE 5.00; Windows 98)"
::1 - - [05/Aug/2007:14:29:07 -0700] "GET /" 400 669 "-" "-"
::1 - - [05/Aug/2007:14:29:08 -0700] "GET /" 400 669 "-" "-"
81.192.124.237 - - [05/Aug/2007:14:28:00 -0700] "GET /Install/setup.exe HTTP/1.1" 206 5704879 "http://www.mathxpert.com/Install/saving_running.htm" "Mozilla/4.0 (compatible; MSIE 5.00; Windows 98)"
196.12.206.91 - - [05/Aug/2007:14:28:17 -0700] "GET /Install/setup.exe HTTP/1.1" 206 6881949 "http://www.helpwithmath.com/Install/saving_running.htm" "Mozilla/4.0 (compatible; MSIE 6.0; Windows NT 5.1; SV1; MEGAUPLOAD 2.0; FDM)"
196.12.206.91 - - [05/Aug/2007:14:28:17 -0700] "GET /Install/setup.exe HTTP/1.1" 206 1937838 "http://www.helpwithmath.com/Install/saving_running.htm" "Mozilla/4.0 (compatible; MSIE 6.0; Windows NT 5.1; SV1; MEGAUPLOAD 2.0; FDM)"
81.192.124.237 - - [05/Aug/2007:14:26:21 -0700] "GET /Install/setup.exe HTTP/1.1" 206 2059731 "http://www.helpwithmath.com/Install/saving_running.htm" "Mozilla/4.0 (compatible; MSIE 5.00; Windows 98)"
::1 - - [05/Aug/2007:14:29:38 -0700] "GET /" 400 669 "-" "-"
81.192.124.237 - - [05/Aug/2007:14:28:44 -0700] "GET /Install/setup.exe HTTP/1.1" 206 2655654 "http://www.mathxpert.com/Install/saving_running.htm" "Mozilla/4.0 (compatible; MSIE 5.00; Windows 98)"
81.192.124.237 - - [05/Aug/2007:14:28:14 -0700] "GET /Install/setup.exe HTTP/1.1" 206 3570558 "http://www.mathxpert.com/Install/saving_running.htm" "Mozilla/4.0 (compatible; MSIE 5.00; Windows 98)"
81.192.124.237 - - [05/Aug/2007:14:29:50 -0700] "GET /Install/setup.exe HTTP/1.1" 206 8252801 "http://www.helpwithmath.com/Install/saving_running.htm" "Mozilla/4.0 (compatible; MSIE 5.00; Windows 98)"
196.12.206.91 - - [05/Aug/2007:14:26:57 -0700] "GET /Install/setup.exe HTTP/1.1" 206 1329257 "http://www.helpwithmath.com/Install/saving_running.htm" "Mozilla/4.0 (compatible; MSIE 6.0; Windows NT 5.1; SV1; MEGAUPLOAD 2.0; FDM)"
::1 - - [05/Aug/2007:14:30:31 -0700] "GET /" 400 669 "-" "-"
::1 - - [05/Aug/2007:14:30:32 -0700] "GET /" 400 669 "-" "-"
196.12.206.91 - - [05/Aug/2007:14:29:56 -0700] "GET /Install/setup.exe HTTP/1.1" 206 6880569 "http://www.helpwithmath.com/Install/saving_running.htm" "Mozilla/4.0 (compatible; MSIE 6.0; Windows NT 5.1; SV1; MEGAUPLOAD 2.0; FDM)"
196.12.206.91 - - [05/Aug/2007:14:29:53 -0700] "GET /Install/setup.exe HTTP/1.1" 206 1295449 "http://www.helpwithmath.com/Install/saving_running.htm" "Mozilla/4.0 (compatible; MSIE 6.0; Windows NT 5.1; SV1; MEGAUPLOAD 2.0; FDM)"
196.12.206.91 - - [05/Aug/2007:14:29:57 -0700] "GET /Install/setup.exe HTTP/1.1" 206 3512735 "http://www.helpwithmath.com/Install/saving_running.htm" "Mozilla/4.0 (compatible; MSIE 6.0; Windows NT 5.1; SV1; MEGAUPLOAD 2.0; FDM)"
81.192.124.237 - - [05/Aug/2007:14:28:46 -0700] "GET /Install/setup.exe HTTP/1.1" 206 961228 "http://www.mathxpert.com/Install/saving_running.htm" "Mozilla/4.0 (compatible; MSIE 5.00; Windows 98)"
81.192.124.237 - - [05/Aug/2007:14:28:55 -0700] "GET /Install/setup.exe HTTP/1.1" 206 5927989 "http://www.helpwithmath.com/Install/saving_running.htm" "Mozilla/4.0 (compatible; MSIE 5.00; Windows 98)"
81.192.124.237 - - [05/Aug/2007:14:28:42 -0700] "GET /Install/setup.exe HTTP/1.1" 206 7097500 "http://www.mathxpert.com/Install/saving_running.htm" "Mozilla/4.0 (compatible; MSIE 5.00; Windows 98)"
81.192.124.237 - - [05/Aug/2007:14:26:04 -0700] "GET /Install/setup.exe HTTP/1.1" 206 9882862 "http://www.helpwithmath.com/Install/saving_running.htm" "Mozilla/4.0 (compatible; MSIE 5.00; Windows 98)"
81.192.124.237 - - [05/Aug/2007:14:30:23 -0700] "GET /Install/setup.exe HTTP/1.1" 206 2637194 "http://www.mathxpert.com/Install/saving_running.htm" "Mozilla/4.0 (compatible; MSIE 5.00; Windows 98)"
196.12.206.91 - - [05/Aug/2007:14:29:57 -0700] "GET /Install/setup.exe HTTP/1.1" 206 3047676 "http://www.helpwithmath.com/Install/saving_running.htm" "Mozilla/4.0 (compatible; MSIE 6.0; Windows NT 5.1; SV1; MEGAUPLOAD 2.0; FDM)"
81.192.124.237 - - [05/Aug/2007:14:26:21 -0700] "GET /Install/setup.exe HTTP/1.1" 206 4731534 "http://www.mathxpert.com/Install/saving_running.htm" "Mozilla/4.0 (compatible; MSIE 5.00; Windows 98)"
196.12.206.91 - - [05/Aug/2007:14:29:54 -0700] "GET /Install/setup.exe HTTP/1.1" 206 5213213 "http://www.helpwithmath.com/Install/saving_running.htm" "Mozilla/4.0 (compatible; MSIE 6.0; Windows NT 5.1; SV1; MEGAUPLOAD 2.0; FDM)"
81.192.124.237 - - [05/Aug/2007:14:26:04 -0700] "GET /Install/setup.exe HTTP/1.1" 206 8795569 "http://www.helpwithmath.com/Install/saving_running.htm" "Mozilla/4.0 (compatible; MSIE 5.00; Windows 98)"
81.192.124.237 - - [05/Aug/2007:14:29:26 -0700] "GET /Install/setup.exe HTTP/1.1" 206 5693519 "http://www.mathxpert.com/Install/saving_running.htm" "Mozilla/4.0 (compatible; MSIE 5.00; Windows 98)"
::1 - - [05/Aug/2007:14:32:19 -0700] "GET /" 400 669 "-" "-"
81.192.124.237 - - [05/Aug/2007:14:29:21 -0700] "GET /Install/setup.exe HTTP/1.1" 206 285846 "http://www.mathxpert.com/Install/saving_running.htm" "Mozilla/4.0 (compatible; MSIE 5.00; Windows 98)"
81.192.124.237 - - [05/Aug/2007:14:31:27 -0700] "GET /Install/setup.exe HTTP/1.1" 206 5883969 "http://www.helpwithmath.com/Install/saving_running.htm" "Mozilla/4.0 (compatible; MSIE 5.00; Windows 98)"
196.12.206.91 - - [05/Aug/2007:14:30:43 -0700] "GET /Install/setup.exe HTTP/1.1" 206 1665976 "http://www.helpwithmath.com/Install/saving_running.htm" "Mozilla/4.0 (compatible; MSIE 6.0; Windows NT 5.1; SV1; MEGAUPLOAD 2.0; FDM)"
74.220.202.11 - - [05/Aug/2007:14:33:04 -0700] "GET /index.php?include=http://www.corkingwines.com/templates/canboy? HTTP/1.1" 200 8992 "-" "libwww-perl/5.805"
81.192.124.237 - - [05/Aug/2007:14:32:20 -0700] "GET /Install/setup.exe HTTP/1.1" 206 4525634 "http://www.mathxpert.com/Install/saving_running.htm" "Mozilla/4.0 (compatible; MSIE 5.00; Windows 98)"
81.192.124.237 - - [05/Aug/2007:14:32:40 -0700] "GET /Install/setup.exe HTTP/1.1" 206 5876869 "http://www.helpwithmath.com/Install/saving_running.htm" "Mozilla/4.0 (compatible; MSIE 5.00; Windows 98)"
196.12.206.91 - - [05/Aug/2007:14:32:09 -0700] "GET /Install/setup.exe HTTP/1.1" 206 1327877 "http://www.helpwithmath.com/Install/saving_running.htm" "Mozilla/4.0 (compatible; MSIE 6.0; Windows NT 5.1; SV1; MEGAUPLOAD 2.0; FDM)"
81.192.124.237 - - [05/Aug/2007:14:26:04 -0700] "GET /Install/setup.exe HTTP/1.1" 206 12728880 "http://www.helpwithmath.com/Install/saving_running.htm" "Mozilla/4.0 (compatible; MSIE 5.00; Windows 98)"
::1 - - [05/Aug/2007:14:34:56 -0700] "GET /" 400 669 "-" "-"
196.12.206.91 - - [05/Aug/2007:14:33:54 -0700] "GET /Install/setup.exe HTTP/1.1" 206 5896631 "http://www.helpwithmath.com/Install/saving_running.htm" "Mozilla/4.0 (compatible; MSIE 6.0; Windows NT 5.1; SV1; MEGAUPLOAD 2.0; FDM)"
::1 - - [05/Aug/2007:14:35:01 -0700] "GET /" 400 669 "-" "-"
196.12.206.91 - - [05/Aug/2007:14:30:53 -0700] "GET /Install/setup.exe HTTP/1.1" 206 1285789 "http://www.helpwithmath.com/Install/saving_running.htm" "Mozilla/4.0 (compatible; MSIE 6.0; Windows NT 5.1; SV1; MEGAUPLOAD 2.0; FDM)"
::1 - - [05/Aug/2007:14:35:03 -0700] "GET /" 400 669 "-" "-"
81.192.124.237 - - [05/Aug/2007:14:27:01 -0700] "GET /Install/setup.exe HTTP/1.1" 206 11406008 "http://www.mathxpert.com/Install/saving_running.htm" "Mozilla/4.0 (compatible; MSIE 5.00; Windows 98)"
196.12.206.91 - - [05/Aug/2007:14:29:58 -0700] "GET /Install/setup.exe HTTP/1.1" 206 4572894 "http://www.helpwithmath.com/Install/saving_running.htm" "Mozilla/4.0 (compatible; MSIE 6.0; Windows NT 5.1; SV1; MEGAUPLOAD 2.0; FDM)"
::1 - - [05/Aug/2007:14:35:08 -0700] "GET /" 400 669 "-" "-"
196.12.206.91 - - [05/Aug/2007:14:33:10 -0700] "GET /Install/setup.exe HTTP/1.1" 206 11126404 "http://www.helpwithmath.com/Install/saving_running.htm" "Mozilla/4.0 (compatible; MSIE 6.0; Windows NT 5.1; SV1; MEGAUPLOAD 2.0; FDM)"
::1 - - [05/Aug/2007:14:35:13 -0700] "GET /" 400 669 "-" "-"
81.192.124.237 - - [05/Aug/2007:14:33:35 -0700] "GET /Install/setup.exe HTTP/1.1" 206 4514274 "http://www.mathxpert.com/Install/saving_running.htm" "Mozilla/4.0 (compatible; MSIE 5.00; Windows 98)"
::1 - - [05/Aug/2007:14:35:36 -0700] "GET /" 400 669 "-" "-"
196.12.206.91 - - [05/Aug/2007:14:30:38 -0700] "GET /Install/setup.exe HTTP/1.1" 206 1330637 "http://www.helpwithmath.com/Install/saving_running.htm" "Mozilla/4.0 (compatible; MSIE 6.0; Windows NT 5.1; SV1; MEGAUPLOAD 2.0; FDM)"
::1 - - [05/Aug/2007:14:35:38 -0700] "GET /" 400 669 "-" "-"
81.192.124.237 - - [05/Aug/2007:14:28:01 -0700] "GET /Install/setup.exe HTTP/1.1" 206 1600198 "http://www.mathxpert.com/Install/saving_running.htm" "Mozilla/4.0 (compatible; MSIE 5.00; Windows 98)"
::1 - - [05/Aug/2007:14:35:39 -0700] "GET /" 400 669 "-" "-"
196.12.206.91 - - [05/Aug/2007:14:33:38 -0700] "GET /Install/setup.exe HTTP/1.1" 206 1270609 "http://www.helpwithmath.com/Install/saving_running.htm" "Mozilla/4.0 (compatible; MSIE 6.0; Windows NT 5.1; SV1; MEGAUPLOAD 2.0; FDM)"
::1 - - [05/Aug/2007:14:35:43 -0700] "GET /" 400 669 "-" "-"
196.12.206.91 - - [05/Aug/2007:14:33:38 -0700] "GET /Install/setup.exe HTTP/1.1" 206 4535634 "http://www.helpwithmath.com/Install/saving_running.htm" "Mozilla/4.0 (compatible; MSIE 6.0; Windows NT 5.1; SV1; MEGAUPLOAD 2.0; FDM)"
::1 - - [05/Aug/2007:14:35:44 -0700] "GET /" 400 669 "-" "-"
81.192.124.237 - - [05/Aug/2007:14:32:34 -0700] "GET /Install/setup.exe HTTP/1.1" 206 224786 "http://www.mathxpert.com/Install/saving_running.htm" "Mozilla/4.0 (compatible; MSIE 5.00; Windows 98)"
74.220.202.11 - - [05/Aug/2007:14:35:53 -0700] "GET /index.php?include=step2.html/index.php?include=http://www.corkingwines.com/templates/canboy? HTTP/1.1" 200 9040 "-" "libwww-perl/5.805"
196.12.206.91 - - [05/Aug/2007:14:33:54 -0700] "GET /Install/setup.exe HTTP/1.1" 206 3021456 "http://www.helpwithmath.com/Install/saving_running.htm" "Mozilla/4.0 (compatible; MSIE 6.0; Windows NT 5.1; SV1; MEGAUPLOAD 2.0; FDM)"
196.12.206.91 - - [05/Aug/2007:14:33:54 -0700] "GET /Install/setup.exe HTTP/1.1" 206 7820669 "http://www.helpwithmath.com/Install/saving_running.htm" "Mozilla/4.0 (compatible; MSIE 6.0; Windows NT 5.1; SV1; MEGAUPLOAD 2.0; FDM)"
196.12.206.91 - - [05/Aug/2007:14:32:22 -0700] "GET /Install/setup.exe HTTP/1.1" 206 3358174 "http://www.helpwithmath.com/Install/saving_running.htm" "Mozilla/4.0 (compatible; MSIE 6.0; Windows NT 5.1; SV1; MEGAUPLOAD 2.0; FDM)"
196.12.206.91 - - [05/Aug/2007:14:33:54 -0700] "GET /Install/setup.exe HTTP/1.1" 206 12799280 "http://www.helpwithmath.com/Install/saving_running.htm" "Mozilla/4.0 (compatible; MSIE 6.0; Windows NT 5.1; SV1; MEGAUPLOAD 2.0; FDM)"
::1 - - [05/Aug/2007:14:36:03 -0700] "GET /" 400 669 "-" "-"
81.192.124.237 - - [05/Aug/2007:14:32:30 -0700] "GET /Install/setup.exe HTTP/1.1" 206 5633879 "http://www.mathxpert.com/Install/saving_running.htm" "Mozilla/4.0 (compatible; MSIE 5.00; Windows 98)"
::1 - - [05/Aug/2007:14:36:11 -0700] "GET /" 400 669 "-" "-"
196.12.206.91 - - [05/Aug/2007:14:32:09 -0700] "GET /Install/setup.exe HTTP/1.1" 206 1739807 "http://www.helpwithmath.com/Install/saving_running.htm" "Mozilla/4.0 (compatible; MSIE 6.0; Windows NT 5.1; SV1; MEGAUPLOAD 2.0; FDM)"
::1 - - [05/Aug/2007:14:36:13 -0700] "GET /" 400 669 "-" "-"
81.192.124.237 - - [05/Aug/2007:14:30:41 -0700] "GET /Install/setup.exe HTTP/1.1" 206 3532218 "http://www.mathxpert.com/Install/saving_running.htm" "Mozilla/4.0 (compatible; MSIE 5.00; Windows 98)"
