41.249.17.64 - - [05/Aug/2007:12:40:00 -0700] "GET /Install/header_fill.jpg HTTP/1.1" 200 578 "http://www.helpwithmath.com/Install/SaveOrRun.php?Email=satriani-joe@hotmail.com&WhichDisk=1" "Mozilla/4.0 (compatible; MSIE 6.0; Windows NT 5.1; SV1)"
41.249.17.64 - - [05/Aug/2007:12:40:00 -0700] "GET /Install/oci_header.jpg HTTP/1.1" 200 6586 "http://www.helpwithmath.com/Install/SaveOrRun.php?Email=satriani-joe@hotmail.com&WhichDisk=1" "Mozilla/4.0 (compatible; MSIE 6.0; Windows NT 5.1; SV1)"
41.249.17.64 - - [05/Aug/2007:12:40:01 -0700] "GET /Install/UL.gif HTTP/1.1" 200 170 "http://www.helpwithmath.com/Install/SaveOrRun.php?Email=satriani-joe@hotmail.com&WhichDisk=1" "Mozilla/4.0 (compatible; MSIE 6.0; Windows NT 5.1; SV1)"
41.249.17.64 - - [05/Aug/2007:12:40:01 -0700] "GET /Install/UR.gif HTTP/1.1" 200 169 "http://www.helpwithmath.com/Install/SaveOrRun.php?Email=satriani-joe@hotmail.com&WhichDisk=1" "Mozilla/4.0 (compatible; MSIE 6.0; Windows NT 5.1; SV1)"
41.249.17.64 - - [05/Aug/2007:12:40:01 -0700] "GET /Install/b_saveorrun.gif HTTP/1.1" 200 2947 "http://www.helpwithmath.com/Install/SaveOrRun.php?Email=satriani-joe@hotmail.com&WhichDisk=1" "Mozilla/4.0 (compatible; MSIE 6.0; Windows NT 5.1; SV1)"
41.249.17.64 - - [05/Aug/2007:12:40:02 -0700] "GET /Install/LL.gif HTTP/1.1" 200 169 "http://www.helpwithmath.com/Install/SaveOrRun.php?Email=satriani-joe@hotmail.com&WhichDisk=1" "Mozilla/4.0 (compatible; MSIE 6.0; Windows NT 5.1; SV1)"
41.249.17.64 - - [05/Aug/2007:12:40:02 -0700] "GET /Install/LR.gif HTTP/1.1" 200 169 "http://www.helpwithmath.com/Install/SaveOrRun.php?Email=satriani-joe@hotmail.com&WhichDisk=1" "Mozilla/4.0 (compatible; MSIE 6.0; Windows NT 5.1; SV1)"
41.249.17.64 - - [05/Aug/2007:12:40:03 -0700] "GET /Install/saving_running.htm HTTP/1.1" 200 4541 "http://www.helpwithmath.com/Install/SaveOrRun.php?Email=satriani-joe@hotmail.com&WhichDisk=1" "Mozilla/4.0 (compatible; MSIE 6.0; Windows NT 5.1; SV1)"
41.249.17.64 - - [05/Aug/2007:12:40:06 -0700] "GET /Install/setup.exe HTTP/1.1" 200 13072520 "-" "Mozilla/4.0 (compatible; MSIE 6.0; Windows NT 5.1; SV1)"
41.249.17.64 - - [05/Aug/2007:12:40:07 -0700] "GET /Install/setup.exe HTTP/1.1" 200 13072520 "http://www.helpwithmath.com/Install/saving_running.htm" "Mozilla/4.0 (compatible; MSIE 6.0; Windows NT 5.1; SV1)"
41.249.17.64 - - [05/Aug/2007:12:40:18 -0700] "GET /Install/SaveOrRun.php?Email=satriani-joe@hotmail.com&WhichDisk=1 HTTP/1.1" 200 5235 "http://www.helpwithmath.com/download2.php?state=Edit" "Mozilla/4.0 (compatible; MSIE 6.0; Windows NT 5.1; SV1)"
41.249.17.64 - - [05/Aug/2007:12:40:19 -0700] "GET /Install/oci_header.jpg HTTP/1.1" 304 - "http://www.helpwithmath.com/Install/SaveOrRun.php?Email=satriani-joe@hotmail.com&WhichDisk=1" "Mozilla/4.0 (compatible; MSIE 6.0; Windows NT 5.1; SV1)"
41.249.17.64 - - [05/Aug/2007:12:40:19 -0700] "GET /Install/header_fill.jpg HTTP/1.1" 304 - "http://www.helpwithmath.com/Install/SaveOrRun.php?Email=satriani-joe@hotmail.com&WhichDisk=1" "Mozilla/4.0 (compatible; MSIE 6.0; Windows NT 5.1; SV1)"
41.249.17.64 - - [05/Aug/2007:12:40:19 -0700] "GET /Install/UL.gif HTTP/1.1" 304 - "http://www.helpwithmath.com/Install/SaveOrRun.php?Email=satriani-joe@hotmail.com&WhichDisk=1" "Mozilla/4.0 (compatible; MSIE 6.0; Windows NT 5.1; SV1)"
41.249.17.64 - - [05/Aug/2007:12:40:20 -0700] "GET /Install/UR.gif HTTP/1.1" 304 - "http://www.helpwithmath.com/Install/SaveOrRun.php?Email=satriani-joe@hotmail.com&WhichDisk=1" "Mozilla/4.0 (compatible; MSIE 6.0; Windows NT 5.1; SV1)"
41.249.17.64 - - [05/Aug/2007:12:40:20 -0700] "GET /Install/b_saveorrun.gif HTTP/1.1" 304 - "http://www.helpwithmath.com/Install/SaveOrRun.php?Email=satriani-joe@hotmail.com&WhichDisk=1" "Mozilla/4.0 (compatible; MSIE 6.0; Windows NT 5.1; SV1)"
41.249.17.64 - - [05/Aug/2007:12:40:20 -0700] "GET /Install/LL.gif HTTP/1.1" 304 - "http://www.helpwithmath.com/Install/SaveOrRun.php?Email=satriani-joe@hotmail.com&WhichDisk=1" "Mozilla/4.0 (compatible; MSIE 6.0; Windows NT 5.1; SV1)"
41.249.17.64 - - [05/Aug/2007:12:40:20 -0700] "GET /Install/LR.gif HTTP/1.1" 304 - "http://www.helpwithmath.com/Install/SaveOrRun.php?Email=satriani-joe@hotmail.com&WhichDisk=1" "Mozilla/4.0 (compatible; MSIE 6.0; Windows NT 5.1; SV1)"
::1 - - [05/Aug/2007:12:40:29 -0700] "GET /" 400 669 "-" "-"
41.249.17.64 - - [05/Aug/2007:12:40:38 -0700] "GET / HTTP/1.1" 200 10654 "http://www.almeshkah.net/showthread.php?t=857" "Mozilla/4.0 (compatible; MSIE 6.0; Windows NT 5.1; SV1)"
41.249.17.64 - - [05/Aug/2007:12:40:39 -0700] "GET /HelpWithMathStyle.css HTTP/1.1" 304 - "http://www.helpwithmath.com/" "Mozilla/4.0 (compatible; MSIE 6.0; Windows NT 5.1; SV1)"
41.249.17.64 - - [05/Aug/2007:12:40:39 -0700] "GET /fold.gif HTTP/1.1" 304 - "http://www.helpwithmath.com/" "Mozilla/4.0 (compatible; MSIE 6.0; Windows NT 5.1; SV1)"
41.249.17.64 - - [05/Aug/2007:12:40:39 -0700] "GET /open.gif HTTP/1.1" 304 - "http://www.helpwithmath.com/" "Mozilla/4.0 (compatible; MSIE 6.0; Windows NT 5.1; SV1)"
41.249.17.64 - - [05/Aug/2007:12:40:40 -0700] "GET /gblnav_left.gif HTTP/1.1" 304 - "http://www.helpwithmath.com/" "Mozilla/4.0 (compatible; MSIE 6.0; Windows NT 5.1; SV1)"
41.249.17.64 - - [05/Aug/2007:12:40:40 -0700] "GET /include/Ramanujan1-quality15.jpg HTTP/1.1" 304 - "http://www.helpwithmath.com/" "Mozilla/4.0 (compatible; MSIE 6.0; Windows NT 5.1; SV1)"
41.249.17.64 - - [05/Aug/2007:12:40:40 -0700] "GET /glbnav_right.gif HTTP/1.1" 304 - "http://www.helpwithmath.com/" "Mozilla/4.0 (compatible; MSIE 6.0; Windows NT 5.1; SV1)"
41.249.17.64 - - [05/Aug/2007:12:40:41 -0700] "GET /Spacer.gif HTTP/1.1" 304 - "http://www.helpwithmath.com/" "Mozilla/4.0 (compatible; MSIE 6.0; Windows NT 5.1; SV1)"
41.249.17.64 - - [05/Aug/2007:12:40:41 -0700] "GET /TransparentMathXpertLogo.gif HTTP/1.1" 304 - "http://www.helpwithmath.com/" "Mozilla/4.0 (compatible; MSIE 6.0; Windows NT 5.1; SV1)"
41.249.17.64 - - [05/Aug/2007:12:40:42 -0700] "GET /glbnav_background.gif HTTP/1.1" 304 - "http://www.helpwithmath.com/" "Mozilla/4.0 (compatible; MSIE 6.0; Windows NT 5.1; SV1)"
41.249.17.64 - - [05/Aug/2007:12:40:42 -0700] "GET /include/Background.gif HTTP/1.1" 304 - "http://www.helpwithmath.com/" "Mozilla/4.0 (compatible; MSIE 6.0; Windows NT 5.1; SV1)"
::1 - - [05/Aug/2007:12:40:43 -0700] "GET /" 400 669 "-" "-"
41.249.17.64 - - [05/Aug/2007:12:40:43 -0700] "GET /demo/image4.gif HTTP/1.1" 200 17692 "http://www.helpwithmath.com/" "Mozilla/4.0 (compatible; MSIE 6.0; Windows NT 5.1; SV1)"
::1 - - [05/Aug/2007:12:40:44 -0700] "GET /" 400 669 "-" "-"
41.249.17.64 - - [05/Aug/2007:12:40:45 -0700] "GET /demo.php HTTP/1.1" 200 9622 "http://www.helpwithmath.com/" "Mozilla/4.0 (compatible; MSIE 6.0; Windows NT 5.1; SV1)"
41.249.17.64 - - [05/Aug/2007:12:40:46 -0700] "GET /demo/image1.gif HTTP/1.1" 200 16881 "http://www.helpwithmath.com/demo.php" "Mozilla/4.0 (compatible; MSIE 6.0; Windows NT 5.1; SV1)"
41.251.75.253 - - [05/Aug/2007:12:41:30 -0700] "GET /Install/saving_running.htm HTTP/1.1" 200 4541 "http://www.startimes2.com/f.aspx?t=4191552" "Mozilla/4.0 (compatible; MSIE 6.0; Windows NT 5.1; SV1)"
41.251.75.253 - - [05/Aug/2007:12:41:31 -0700] "GET /Install/oci_header.jpg HTTP/1.1" 200 6586 "http://www.helpwithmath.com/Install/saving_running.htm" "Mozilla/4.0 (compatible; MSIE 6.0; Windows NT 5.1; SV1)"
41.251.75.253 - - [05/Aug/2007:12:41:32 -0700] "GET /Install/header_fill.jpg HTTP/1.1" 200 578 "http://www.helpwithmath.com/Install/saving_running.htm" "Mozilla/4.0 (compatible; MSIE 6.0; Windows NT 5.1; SV1)"
41.251.75.253 - - [05/Aug/2007:12:41:34 -0700] "GET /Install/setup.exe HTTP/1.1" 200 13072520 "-" "Mozilla/4.0 (compatible; MSIE 6.0; Windows NT 5.1; SV1)"
82.205.211.131 - - [05/Aug/2007:11:51:15 -0700] "GET /Install/setup.exe HTTP/1.1" 200 13072520 "http://www.3yonha.com/vb/showthread.php?t=6842" "Mozilla/4.0 (compatible; MSIE 6.0; Windows NT 5.1; SV1)"
::1 - - [05/Aug/2007:12:43:41 -0700] "GET /" 400 669 "-" "-"
59.50.22.166 - - [05/Aug/2007:12:43:46 -0700] "GET /demo/image4.gif HTTP/1.1" 200 17692 "http://0daycheck.eastgame.net/0day/index.php?/archives/20051007.html" "Mozilla/4.0 (compatible; MSIE 6.0; Windows NT 5.1; SV1)"
::1 - - [05/Aug/2007:12:44:01 -0700] "GET /" 400 669 "-" "-"
::1 - - [05/Aug/2007:12:44:02 -0700] "GET /" 400 669 "-" "-"
::1 - - [05/Aug/2007:12:44:03 -0700] "GET /" 400 669 "-" "-"
::1 - - [05/Aug/2007:12:44:04 -0700] "GET /" 400 669 "-" "-"
::1 - - [05/Aug/2007:12:44:05 -0700] "GET /" 400 669 "-" "-"
::1 - - [05/Aug/2007:12:44:06 -0700] "GET /" 400 669 "-" "-"
::1 - - [05/Aug/2007:12:44:07 -0700] "GET /" 400 669 "-" "-"
::1 - - [05/Aug/2007:12:44:08 -0700] "GET /" 400 669 "-" "-"
::1 - - [05/Aug/2007:12:44:09 -0700] "GET /" 400 669 "-" "-"
41.249.17.64 - - [05/Aug/2007:12:38:45 -0700] "GET /Install/setup.exe HTTP/1.1" 200 13072520 "http://www.almeshkah.net/showthread.php?t=857" "Mozilla/4.0 (compatible; MSIE 6.0; Windows NT 5.1; SV1)"
::1 - - [05/Aug/2007:12:44:10 -0700] "GET /" 400 669 "-" "-"
::1 - - [05/Aug/2007:12:44:11 -0700] "GET /" 400 669 "-" "-"
::1 - - [05/Aug/2007:12:44:12 -0700] "GET /" 400 669 "-" "-"
::1 - - [05/Aug/2007:12:44:13 -0700] "GET /" 400 669 "-" "-"
::1 - - [05/Aug/2007:12:44:14 -0700] "GET /" 400 669 "-" "-"
::1 - - [05/Aug/2007:12:44:15 -0700] "GET /" 400 669 "-" "-"
::1 - - [05/Aug/2007:12:44:27 -0700] "GET /" 400 669 "-" "-"
41.221.16.55 - - [05/Aug/2007:12:44:32 -0700] "GET / HTTP/1.1" 200 10654 "http://www.startimes2.com/f.aspx?t=4191552" "Mozilla/4.0 (compatible; MSIE 6.0; Windows NT 5.1; SV1)"
41.221.16.55 - - [05/Aug/2007:12:44:33 -0700] "GET /HelpWithMathStyle.css HTTP/1.1" 200 7201 "http://www.helpwithmath.com/" "Mozilla/4.0 (compatible; MSIE 6.0; Windows NT 5.1; SV1)"
41.221.16.55 - - [05/Aug/2007:12:44:36 -0700] "GET /fold.gif HTTP/1.1" 200 119 "http://www.helpwithmath.com/" "Mozilla/4.0 (compatible; MSIE 6.0; Windows NT 5.1; SV1)"
41.221.16.55 - - [05/Aug/2007:12:44:36 -0700] "GET /open.gif HTTP/1.1" 200 125 "http://www.helpwithmath.com/" "Mozilla/4.0 (compatible; MSIE 6.0; Windows NT 5.1; SV1)"
41.221.16.55 - - [05/Aug/2007:12:44:36 -0700] "GET /gblnav_left.gif HTTP/1.1" 200 580 "http://www.helpwithmath.com/" "Mozilla/4.0 (compatible; MSIE 6.0; Windows NT 5.1; SV1)"
41.221.16.55 - - [05/Aug/2007:12:44:36 -0700] "GET /glbnav_background.gif HTTP/1.1" 200 301 "http://www.helpwithmath.com/" "Mozilla/4.0 (compatible; MSIE 6.0; Windows NT 5.1; SV1)"
41.221.16.55 - - [05/Aug/2007:12:44:38 -0700] "GET /glbnav_right.gif HTTP/1.1" 200 578 "http://www.helpwithmath.com/" "Mozilla/4.0 (compatible; MSIE 6.0; Windows NT 5.1; SV1)"
41.221.16.55 - - [05/Aug/2007:12:44:39 -0700] "GET /Spacer.gif HTTP/1.1" 200 52 "http://www.helpwithmath.com/" "Mozilla/4.0 (compatible; MSIE 6.0; Windows NT 5.1; SV1)"
41.221.16.55 - - [05/Aug/2007:12:44:36 -0700] "GET /include/Ramanujan1-quality15.jpg HTTP/1.1" 200 34375 "http://www.helpwithmath.com/" "Mozilla/4.0 (compatible; MSIE 6.0; Windows NT 5.1; SV1)"
80.249.74.22 - - [05/Aug/2007:12:44:42 -0700] "GET /Install/saving_running.htm HTTP/1.1" 200 4541 "http://www.startimes2.com/f.aspx?t=4191552" "Mozilla/4.0 (compatible; MSIE 6.0; Windows NT 5.1; SV1; SU 3.005; MEGAUPLOAD 1.0)"
41.221.16.55 - - [05/Aug/2007:12:44:43 -0700] "GET /TransparentMathXpertLogo.gif HTTP/1.1" 200 1845 "http://www.helpwithmath.com/" "Mozilla/4.0 (compatible; MSIE 6.0; Windows NT 5.1; SV1)"
41.221.16.55 - - [05/Aug/2007:12:44:43 -0700] "GET /demo/image4.gif HTTP/1.1" 200 17692 "http://www.helpwithmath.com/" "Mozilla/4.0 (compatible; MSIE 6.0; Windows NT 5.1; SV1)"
41.221.16.55 - - [05/Aug/2007:12:44:40 -0700] "GET /include/Background.gif HTTP/1.1" 200 52448 "http://www.helpwithmath.com/" "Mozilla/4.0 (compatible; MSIE 6.0; Windows NT 5.1; SV1)"
41.221.16.55 - - [05/Aug/2007:12:44:49 -0700] "GET /Install/saving_running.htm HTTP/1.1" 200 4541 "http://www.startimes2.com/f.aspx?t=4191552" "Mozilla/4.0 (compatible; MSIE 6.0; Windows NT 5.1; SV1)"
41.221.16.55 - - [05/Aug/2007:12:44:50 -0700] "GET /Install/oci_header.jpg HTTP/1.1" 200 6586 "http://www.helpwithmath.com/Install/saving_running.htm" "Mozilla/4.0 (compatible; MSIE 6.0; Windows NT 5.1; SV1)"
41.221.16.55 - - [05/Aug/2007:12:44:48 -0700] "GET /demo/step4a.gif HTTP/1.1" 200 18054 "http://www.helpwithmath.com/" "Mozilla/4.0 (compatible; MSIE 6.0; Windows NT 5.1; SV1)"
41.221.16.55 - - [05/Aug/2007:12:44:51 -0700] "GET /Install/header_fill.jpg HTTP/1.1" 200 578 "http://www.helpwithmath.com/Install/saving_running.htm" "Mozilla/4.0 (compatible; MSIE 6.0; Windows NT 5.1; SV1)"
80.249.74.22 - - [05/Aug/2007:12:44:53 -0700] "GET /Install/oci_header.jpg HTTP/1.1" 200 6586 "http://www.helpwithmath.com/Install/saving_running.htm" "Mozilla/4.0 (compatible; MSIE 6.0; Windows NT 5.1; SV1; SU 3.005; MEGAUPLOAD 1.0)"
80.249.74.22 - - [05/Aug/2007:12:44:53 -0700] "GET /Install/header_fill.jpg HTTP/1.1" 200 578 "http://www.helpwithmath.com/Install/saving_running.htm" "Mozilla/4.0 (compatible; MSIE 6.0; Windows NT 5.1; SV1; SU 3.005; MEGAUPLOAD 1.0)"
::1 - - [05/Aug/2007:12:45:09 -0700] "GET /" 400 669 "-" "-"
::1 - - [05/Aug/2007:12:45:10 -0700] "GET /" 400 669 "-" "-"
::1 - - [05/Aug/2007:12:45:11 -0700] "GET /" 400 669 "-" "-"
::1 - - [05/Aug/2007:12:45:31 -0700] "GET /" 400 669 "-" "-"
196.218.32.35 - - [05/Aug/2007:12:36:13 -0700] "GET /Install/setup.exe HTTP/1.1" 200 13072520 "http://www.helpwithmath.com/Install/saving_running.htm" "Mozilla/5.0 (Windows; U; Windows NT 5.1; en-US; rv:1.8.1.6) Gecko/20070725 Firefox/2.0.0.2;MEGAUPLOAD 1.0"
41.221.16.55 - - [05/Aug/2007:12:45:01 -0700] "GET /Install/setup.exe HTTP/1.1" 206 1633559 "http://www.helpwithmath.com/Install/saving_running.htm" "Mozilla/4.0 (compatible; MSIE 6.0; Windows NT 5.1; SV1)"
::1 - - [05/Aug/2007:12:46:40 -0700] "GET /" 400 669 "-" "-"
41.221.16.55 - - [05/Aug/2007:12:45:03 -0700] "GET /Install/setup.exe HTTP/1.1" 206 9801349 "http://www.helpwithmath.com/Install/saving_running.htm" "Mozilla/4.0 (compatible; MSIE 6.0; Windows NT 5.1; SV1)"
::1 - - [05/Aug/2007:12:48:47 -0700] "GET /" 400 669 "-" "-"
::1 - - [05/Aug/2007:12:48:48 -0700] "GET /" 400 669 "-" "-"
::1 - - [05/Aug/2007:12:48:49 -0700] "GET /" 400 669 "-" "-"
::1 - - [05/Aug/2007:12:49:00 -0700] "GET /" 400 669 "-" "-"
::1 - - [05/Aug/2007:12:50:18 -0700] "GET /" 400 669 "-" "-"
41.221.16.55 - - [05/Aug/2007:12:44:59 -0700] "GET /Install/setup.exe HTTP/1.1" 206 6534233 "http://www.helpwithmath.com/Install/saving_running.htm" "Mozilla/4.0 (compatible; MSIE 6.0; Windows NT 5.1; SV1)"
41.251.75.253 - - [05/Aug/2007:12:41:41 -0700] "GET /Install/setup.exe HTTP/1.1" 206 13071068 "http://www.helpwithmath.com/Install/saving_running.htm" "Mozilla/4.0 (compatible; MSIE 6.0; Windows NT 5.1; SV1)"
41.221.16.55 - - [05/Aug/2007:12:45:00 -0700] "GET /Install/setup.exe HTTP/1.1" 206 3267117 "http://www.helpwithmath.com/Install/saving_running.htm" "Mozilla/4.0 (compatible; MSIE 6.0; Windows NT 5.1; SV1)"
80.249.74.22 - - [05/Aug/2007:12:45:25 -0700] "GET /Install/setup.exe HTTP/1.1" 206 3267786 "http://www.helpwithmath.com/Install/saving_running.htm" "Mozilla/4.0 (compatible; MSIE 6.0; Windows NT 5.1; SV1; SU 3.005; MEGAUPLOAD 1.0)"
189.132.254.109 - - [05/Aug/2007:12:51:37 -0700] "GET /graphs/graphineq.gif HTTP/1.1" 200 21025 "http://posteando.com/foro/viewtopic.php?t=4240&highlight=matematicas" "Mozilla/5.0 (Windows; U; Windows NT 5.1; es-ES; rv:1.8.1.6) Gecko/20070725 Firefox/2.0.0.4 MEGAUPLOA D 1.0"
41.221.16.55 - - [05/Aug/2007:12:50:27 -0700] "GET /Install/setup.exe HTTP/1.1" 206 552635 "http://www.helpwithmath.com/Install/saving_running.htm" "Mozilla/4.0 (compatible; MSIE 6.0; Windows NT 5.1; SV1)"
::1 - - [05/Aug/2007:12:52:12 -0700] "GET /" 400 669 "-" "-"
41.221.16.55 - - [05/Aug/2007:12:48:30 -0700] "GET /Install/setup.exe HTTP/1.1" 206 1305698 "http://www.helpwithmath.com/Install/saving_running.htm" "Mozilla/4.0 (compatible; MSIE 6.0; Windows NT 5.1; SV1)"
41.221.16.55 - - [05/Aug/2007:12:46:42 -0700] "GET /Install/setup.exe HTTP/1.1" 206 1419943 "http://www.helpwithmath.com/Install/saving_running.htm" "Mozilla/4.0 (compatible; MSIE 6.0; Windows NT 5.1; SV1)"
41.221.16.55 - - [05/Aug/2007:12:47:15 -0700] "GET /Install/setup.exe HTTP/1.1" 206 1355722 "http://www.helpwithmath.com/Install/saving_running.htm" "Mozilla/4.0 (compatible; MSIE 6.0; Windows NT 5.1; SV1)"
::1 - - [05/Aug/2007:12:53:01 -0700] "GET /" 400 669 "-" "-"
212.93.185.123 - - [05/Aug/2007:12:52:22 -0700] "GET /Install/setup.exe HTTP/1.1" 206 13071060 "http://www.kuwait91.com/vb/showthread.php?t=50412" "Mozilla/4.0 (compatible; MSIE 5.00; Windows 98)"
212.93.185.123 - - [05/Aug/2007:12:52:23 -0700] "GET /Install/setup.exe HTTP/1.1" 206 6535530 "http://www.kuwait91.com/vb/showthread.php?t=50412" "Mozilla/4.0 (compatible; MSIE 5.00; Windows 98)"
41.221.16.55 - - [05/Aug/2007:12:45:02 -0700] "GET /Install/setup.exe HTTP/1.1" 206 1625447 "http://www.helpwithmath.com/Install/saving_running.htm" "Mozilla/4.0 (compatible; MSIE 6.0; Windows NT 5.1; SV1)"
41.221.16.55 - - [05/Aug/2007:12:47:20 -0700] "GET /Install/setup.exe HTTP/1.1" 206 1597053 "http://www.helpwithmath.com/Install/saving_running.htm" "Mozilla/4.0 (compatible; MSIE 6.0; Windows NT 5.1; SV1)"
41.221.16.55 - - [05/Aug/2007:12:53:48 -0700] "GET /download.php HTTP/1.1" 200 9885 "http://www.helpwithmath.com/" "Mozilla/4.0 (compatible; MSIE 6.0; Windows NT 5.1; SV1)"
41.221.16.55 - - [05/Aug/2007:12:54:02 -0700] "POST /download2.php HTTP/1.1" 200 9161 "http://www.helpwithmath.com/download.php" "Mozilla/4.0 (compatible; MSIE 6.0; Windows NT 5.1; SV1)"
::1 - - [05/Aug/2007:12:54:21 -0700] "GET /" 400 669 "-" "-"
41.221.16.55 - - [05/Aug/2007:12:54:37 -0700] "POST /download2.php?state=Edit HTTP/1.1" 302 9262 "http://www.helpwithmath.com/download2.php" "Mozilla/4.0 (compatible; MSIE 6.0; Windows NT 5.1; SV1)"
41.221.16.55 - - [05/Aug/2007:12:54:39 -0700] "GET /Install/SaveOrRun.php?Email=niri39@hotmail.com&WhichDisk=7 HTTP/1.1" 200 5235 "http://www.helpwithmath.com/download2.php" "Mozilla/4.0 (compatible; MSIE 6.0; Windows NT 5.1; SV1)"
41.221.16.55 - - [05/Aug/2007:12:54:40 -0700] "GET /Install/UL.gif HTTP/1.1" 200 170 "http://www.helpwithmath.com/Install/SaveOrRun.php?Email=niri39@hotmail.com&WhichDisk=7" "Mozilla/4.0 (compatible; MSIE 6.0; Windows NT 5.1; SV1)"
41.221.16.55 - - [05/Aug/2007:12:54:41 -0700] "GET /Install/UR.gif HTTP/1.1" 200 169 "http://www.helpwithmath.com/Install/SaveOrRun.php?Email=niri39@hotmail.com&WhichDisk=7" "Mozilla/4.0 (compatible; MSIE 6.0; Windows NT 5.1; SV1)"
41.221.16.55 - - [05/Aug/2007:12:54:41 -0700] "GET /Install/b_saveorrun.gif HTTP/1.1" 200 2947 "http://www.helpwithmath.com/Install/SaveOrRun.php?Email=niri39@hotmail.com&WhichDisk=7" "Mozilla/4.0 (compatible; MSIE 6.0; Windows NT 5.1; SV1)"
41.221.16.55 - - [05/Aug/2007:12:51:49 -0700] "GET /Install/setup.exe HTTP/1.1" 206 479627 "http://www.helpwithmath.com/Install/saving_running.htm" "Mozilla/4.0 (compatible; MSIE 6.0; Windows NT 5.1; SV1)"
41.221.16.55 - - [05/Aug/2007:12:54:41 -0700] "GET /Install/LL.gif HTTP/1.1" 200 169 "http://www.helpwithmath.com/Install/SaveOrRun.php?Email=niri39@hotmail.com&WhichDisk=7" "Mozilla/4.0 (compatible; MSIE 6.0; Windows NT 5.1; SV1)"
41.221.16.55 - - [05/Aug/2007:12:54:42 -0700] "GET /Install/LR.gif HTTP/1.1" 200 169 "http://www.helpwithmath.com/Install/SaveOrRun.php?Email=niri39@hotmail.com&WhichDisk=7" "Mozilla/4.0 (compatible; MSIE 6.0; Windows NT 5.1; SV1)"
41.221.16.55 - - [05/Aug/2007:12:50:41 -0700] "GET /Install/setup.exe HTTP/1.1" 206 1453741 "http://www.helpwithmath.com/Install/saving_running.htm" "Mozilla/4.0 (compatible; MSIE 6.0; Windows NT 5.1; SV1)"
41.221.16.55 - - [05/Aug/2007:12:44:58 -0700] "GET /Install/setup.exe HTTP/1.1" 206 13072520 "http://www.helpwithmath.com/Install/saving_running.htm" "Mozilla/4.0 (compatible; MSIE 6.0; Windows NT 5.1; SV1)"
41.221.16.55 - - [05/Aug/2007:12:53:48 -0700] "GET /Install/setup.exe HTTP/1.1" 206 1937082 "http://www.helpwithmath.com/Install/saving_running.htm" "Mozilla/4.0 (compatible; MSIE 6.0; Windows NT 5.1; SV1)"
41.221.16.55 - - [05/Aug/2007:12:45:04 -0700] "GET /Install/setup.exe HTTP/1.1" 206 1631531 "http://www.helpwithmath.com/Install/saving_running.htm" "Mozilla/4.0 (compatible; MSIE 6.0; Windows NT 5.1; SV1)"
::1 - - [05/Aug/2007:12:54:57 -0700] "GET /" 400 669 "-" "-"
80.249.74.22 - - [05/Aug/2007:12:51:17 -0700] "GET /Install/setup.exe HTTP/1.1" 206 1247492 "http://www.helpwithmath.com/Install/saving_running.htm" "Mozilla/4.0 (compatible; MSIE 6.0; Windows NT 5.1; SV1; SU 3.005; MEGAUPLOAD 1.0)"
41.221.16.55 - - [05/Aug/2007:12:46:17 -0700] "GET /Install/setup.exe HTTP/1.1" 206 1533509 "http://www.helpwithmath.com/Install/saving_running.htm" "Mozilla/4.0 (compatible; MSIE 6.0; Windows NT 5.1; SV1)"
::1 - - [05/Aug/2007:12:55:05 -0700] "GET /" 400 669 "-" "-"
41.221.16.55 - - [05/Aug/2007:12:50:21 -0700] "GET /Install/setup.exe HTTP/1.1" 206 885225 "http://www.helpwithmath.com/Install/saving_running.htm" "Mozilla/4.0 (compatible; MSIE 6.0; Windows NT 5.1; SV1)"
41.221.16.55 - - [05/Aug/2007:12:49:16 -0700] "GET /Install/setup.exe HTTP/1.1" 206 1505117 "http://www.helpwithmath.com/Install/saving_running.htm" "Mozilla/4.0 (compatible; MSIE 6.0; Windows NT 5.1; SV1)"
41.221.16.55 - - [05/Aug/2007:12:54:00 -0700] "GET /Install/setup.exe HTTP/1.1" 206 341047 "http://www.helpwithmath.com/Install/saving_running.htm" "Mozilla/4.0 (compatible; MSIE 6.0; Windows NT 5.1; SV1)"
41.221.16.55 - - [05/Aug/2007:12:54:43 -0700] "GET /Install/setup.exe HTTP/1.1" 206 745970 "http://www.helpwithmath.com/Install/saving_running.htm" "Mozilla/4.0 (compatible; MSIE 6.0; Windows NT 5.1; SV1)"
41.221.16.55 - - [05/Aug/2007:12:55:17 -0700] "GET /Install/setup.exe HTTP/1.1" 206 139173 "http://www.helpwithmath.com/Install/saving_running.htm" "Mozilla/4.0 (compatible; MSIE 6.0; Windows NT 5.1; SV1)"
41.221.16.55 - - [05/Aug/2007:12:55:14 -0700] "GET /Install/setup.exe HTTP/1.1" 206 134191 "http://www.helpwithmath.com/Install/saving_running.htm" "Mozilla/4.0 (compatible; MSIE 6.0; Windows NT 5.1; SV1)"
::1 - - [05/Aug/2007:12:55:58 -0700] "GET /" 400 669 "-" "-"
::1 - - [05/Aug/2007:12:56:00 -0700] "GET /" 400 669 "-" "-"
41.221.16.55 - - [05/Aug/2007:12:55:55 -0700] "GET /Install/setup.exe HTTP/1.1" 206 1033946 "http://www.helpwithmath.com/Install/saving_running.htm" "Mozilla/4.0 (compatible; MSIE 6.0; Windows NT 5.1; SV1)"
41.221.16.55 - - [05/Aug/2007:12:56:06 -0700] "GET /Install/setup.exe HTTP/1.1" 206 53447 "http://www.helpwithmath.com/Install/saving_running.htm" "Mozilla/4.0 (compatible; MSIE 6.0; Windows NT 5.1; SV1)"
41.221.16.55 - - [05/Aug/2007:12:55:42 -0700] "GET /Install/setup.exe HTTP/1.1" 206 265163 "http://www.helpwithmath.com/Install/saving_running.htm" "Mozilla/4.0 (compatible; MSIE 6.0; Windows NT 5.1; SV1)"
::1 - - [05/Aug/2007:12:56:17 -0700] "GET /" 400 669 "-" "-"
41.221.16.55 - - [05/Aug/2007:12:55:56 -0700] "GET /Install/setup.exe HTTP/1.1" 206 82558 "http://www.helpwithmath.com/Install/saving_running.htm" "Mozilla/4.0 (compatible; MSIE 6.0; Windows NT 5.1; SV1)"
41.221.16.55 - - [05/Aug/2007:12:56:05 -0700] "GET /Install/setup.exe HTTP/1.1" 206 110949 "http://www.helpwithmath.com/Install/saving_running.htm" "Mozilla/4.0 (compatible; MSIE 6.0; Windows NT 5.1; SV1)"
::1 - - [05/Aug/2007:12:56:20 -0700] "GET /" 400 669 "-" "-"
::1 - - [05/Aug/2007:12:56:21 -0700] "GET /" 400 669 "-" "-"
41.221.16.55 - - [05/Aug/2007:12:55:56 -0700] "GET /Install/setup.exe HTTP/1.1" 206 59532 "http://www.helpwithmath.com/Install/saving_running.htm" "Mozilla/4.0 (compatible; MSIE 6.0; Windows NT 5.1; SV1)"
::1 - - [05/Aug/2007:12:56:26 -0700] "GET /" 400 669 "-" "-"
41.221.16.55 - - [05/Aug/2007:12:56:29 -0700] "GET /Install/setup.exe HTTP/1.1" 206 13863 "http://www.helpwithmath.com/Install/saving_running.htm" "Mozilla/4.0 (compatible; MSIE 6.0; Windows NT 5.1; SV1)"
41.221.16.55 - - [05/Aug/2007:12:53:16 -0700] "GET /Install/setup.exe HTTP/1.1" 206 1119799 "http://www.helpwithmath.com/Install/saving_running.htm" "Mozilla/4.0 (compatible; MSIE 6.0; Windows NT 5.1; SV1)"
41.221.16.55 - - [05/Aug/2007:12:56:33 -0700] "GET /Install/setup.exe HTTP/1.1" 206 13203 "http://www.helpwithmath.com/Install/saving_running.htm" "Mozilla/4.0 (compatible; MSIE 6.0; Windows NT 5.1; SV1)"
41.221.16.55 - - [05/Aug/2007:12:56:32 -0700] "GET /Install/setup.exe HTTP/1.1" 206 25034 "http://www.helpwithmath.com/Install/saving_running.htm" "Mozilla/4.0 (compatible; MSIE 6.0; Windows NT 5.1; SV1)"
41.221.16.55 - - [05/Aug/2007:12:54:41 -0700] "GET /Install/setup.exe HTTP/1.1" 206 2029693 "http://www.helpwithmath.com/Install/saving_running.htm" "Mozilla/4.0 (compatible; MSIE 6.0; Windows NT 5.1; SV1)"
41.221.16.55 - - [05/Aug/2007:12:56:37 -0700] "GET /Install/setup.exe HTTP/1.1" 206 22351 "http://www.helpwithmath.com/Install/saving_running.htm" "Mozilla/4.0 (compatible; MSIE 6.0; Windows NT 5.1; SV1)"
41.221.16.55 - - [05/Aug/2007:12:56:37 -0700] "GET /Install/setup.exe HTTP/1.1" 206 18170 "http://www.helpwithmath.com/Install/saving_running.htm" "Mozilla/4.0 (compatible; MSIE 6.0; Windows NT 5.1; SV1)"
41.221.16.55 - - [05/Aug/2007:12:55:44 -0700] "GET /Install/setup.exe HTTP/1.1" 206 131230 "http://www.helpwithmath.com/Install/saving_running.htm" "Mozilla/4.0 (compatible; MSIE 6.0; Windows NT 5.1; SV1)"
41.221.16.55 - - [05/Aug/2007:12:56:40 -0700] "GET /Install/setup.exe HTTP/1.1" 206 11850 "http://www.helpwithmath.com/Install/saving_running.htm" "Mozilla/4.0 (compatible; MSIE 6.0; Windows NT 5.1; SV1)"
41.221.16.55 - - [05/Aug/2007:12:56:40 -0700] "GET /Install/setup.exe HTTP/1.1" 206 16818 "http://www.helpwithmath.com/Install/saving_running.htm" "Mozilla/4.0 (compatible; MSIE 6.0; Windows NT 5.1; SV1)"
41.221.16.55 - - [05/Aug/2007:12:56:41 -0700] "GET /Install/setup.exe HTTP/1.1" 206 10498 "http://www.helpwithmath.com/Install/saving_running.htm" "Mozilla/4.0 (compatible; MSIE 6.0; Windows NT 5.1; SV1)"
41.221.16.55 - - [05/Aug/2007:12:56:40 -0700] "GET /Install/setup.exe HTTP/1.1" 206 15568 "http://www.helpwithmath.com/Install/saving_running.htm" "Mozilla/4.0 (compatible; MSIE 6.0; Windows NT 5.1; SV1)"
41.221.16.55 - - [05/Aug/2007:12:56:38 -0700] "GET /Install/setup.exe HTTP/1.1" 206 22224 "http://www.helpwithmath.com/Install/saving_running.htm" "Mozilla/4.0 (compatible; MSIE 6.0; Windows NT 5.1; SV1)"
41.221.16.55 - - [05/Aug/2007:12:56:29 -0700] "GET /Install/setup.exe HTTP/1.1" 206 56826 "http://www.helpwithmath.com/Install/saving_running.htm" "Mozilla/4.0 (compatible; MSIE 6.0; Windows NT 5.1; SV1)"
41.221.16.55 - - [05/Aug/2007:12:56:44 -0700] "GET /Install/setup.exe HTTP/1.1" 206 4752 "http://www.helpwithmath.com/Install/saving_running.htm" "Mozilla/4.0 (compatible; MSIE 6.0; Windows NT 5.1; SV1)"
41.221.16.55 - - [05/Aug/2007:12:56:44 -0700] "GET /Install/setup.exe HTTP/1.1" 206 4648 "http://www.helpwithmath.com/Install/saving_running.htm" "Mozilla/4.0 (compatible; MSIE 6.0; Windows NT 5.1; SV1)"
41.221.16.55 - - [05/Aug/2007:12:56:29 -0700] "GET /Install/setup.exe HTTP/1.1" 206 29111 "http://www.helpwithmath.com/Install/saving_running.htm" "Mozilla/4.0 (compatible; MSIE 6.0; Windows NT 5.1; SV1)"
41.221.16.55 - - [05/Aug/2007:12:56:42 -0700] "GET /Install/setup.exe HTTP/1.1" 206 18295 "http://www.helpwithmath.com/Install/saving_running.htm" "Mozilla/4.0 (compatible; MSIE 6.0; Windows NT 5.1; SV1)"
::1 - - [05/Aug/2007:12:56:46 -0700] "GET /" 400 669 "-" "-"
::1 - - [05/Aug/2007:12:56:47 -0700] "GET /" 400 669 "-" "-"
::1 - - [05/Aug/2007:12:56:48 -0700] "GET /" 400 669 "-" "-"
::1 - - [05/Aug/2007:12:56:49 -0700] "GET /" 400 669 "-" "-"
41.221.16.55 - - [05/Aug/2007:12:56:29 -0700] "GET /Install/setup.exe HTTP/1.1" 206 58220 "http://www.helpwithmath.com/Install/saving_running.htm" "Mozilla/4.0 (compatible; MSIE 6.0; Windows NT 5.1; SV1)"
::1 - - [05/Aug/2007:12:56:50 -0700] "GET /" 400 669 "-" "-"
41.221.16.55 - - [05/Aug/2007:12:56:32 -0700] "GET /Install/setup.exe HTTP/1.1" 206 26282 "http://www.helpwithmath.com/Install/saving_running.htm" "Mozilla/4.0 (compatible; MSIE 6.0; Windows NT 5.1; SV1)"
::1 - - [05/Aug/2007:12:56:53 -0700] "GET /" 400 669 "-" "-"
41.221.16.55 - - [05/Aug/2007:12:52:14 -0700] "GET /Install/setup.exe HTTP/1.1" 206 2147994 "http://www.helpwithmath.com/Install/saving_running.htm" "Mozilla/4.0 (compatible; MSIE 6.0; Windows NT 5.1; SV1)"
::1 - - [05/Aug/2007:12:58:09 -0700] "GET /" 400 669 "-" "-"
41.221.16.55 - - [05/Aug/2007:12:52:34 -0700] "GET /Install/setup.exe HTTP/1.1" 206 520863 "http://www.helpwithmath.com/Install/saving_running.htm" "Mozilla/4.0 (compatible; MSIE 6.0; Windows NT 5.1; SV1)"
41.221.16.55 - - [05/Aug/2007:12:45:02 -0700] "GET /Install/setup.exe HTTP/1.1" 206 3256975 "http://www.helpwithmath.com/Install/saving_running.htm" "Mozilla/4.0 (compatible; MSIE 6.0; Windows NT 5.1; SV1)"
::1 - - [05/Aug/2007:12:59:08 -0700] "GET /" 400 669 "-" "-"
::1 - - [05/Aug/2007:12:59:09 -0700] "GET /" 400 669 "-" "-"
::1 - - [05/Aug/2007:12:59:29 -0700] "GET /" 400 669 "-" "-"
::1 - - [05/Aug/2007:12:59:30 -0700] "GET /" 400 669 "-" "-"
::1 - - [05/Aug/2007:12:59:35 -0700] "GET /" 400 669 "-" "-"
::1 - - [05/Aug/2007:12:59:41 -0700] "GET /" 400 669 "-" "-"
::1 - - [05/Aug/2007:12:59:42 -0700] "GET /" 400 669 "-" "-"
::1 - - [05/Aug/2007:12:59:43 -0700] "GET /" 400 669 "-" "-"
::1 - - [05/Aug/2007:12:59:44 -0700] "GET /" 400 669 "-" "-"
::1 - - [05/Aug/2007:12:59:45 -0700] "GET /" 400 669 "-" "-"
::1 - - [05/Aug/2007:12:59:46 -0700] "GET /" 400 669 "-" "-"
::1 - - [05/Aug/2007:12:59:47 -0700] "GET /" 400 669 "-" "-"
::1 - - [05/Aug/2007:12:59:48 -0700] "GET /" 400 669 "-" "-"
::1 - - [05/Aug/2007:12:59:49 -0700] "GET /" 400 669 "-" "-"
::1 - - [05/Aug/2007:12:59:50 -0700] "GET /" 400 669 "-" "-"
::1 - - [05/Aug/2007:12:59:51 -0700] "GET /" 400 669 "-" "-"
::1 - - [05/Aug/2007:12:59:52 -0700] "GET /" 400 669 "-" "-"
::1 - - [05/Aug/2007:12:59:53 -0700] "GET /" 400 669 "-" "-"
::1 - - [05/Aug/2007:12:59:54 -0700] "GET /" 400 669 "-" "-"
::1 - - [05/Aug/2007:12:59:55 -0700] "GET /" 400 669 "-" "-"
::1 - - [05/Aug/2007:12:59:56 -0700] "GET /" 400 669 "-" "-"
41.221.16.55 - - [05/Aug/2007:12:54:37 -0700] "GET /Install/setup.exe HTTP/1.1" 206 639162 "http://www.helpwithmath.com/Install/saving_running.htm" "Mozilla/4.0 (compatible; MSIE 6.0; Windows NT 5.1; SV1)"
41.221.16.55 - - [05/Aug/2007:12:55:10 -0700] "GET /Install/setup.exe HTTP/1.1" 206 1673947 "http://www.helpwithmath.com/Install/saving_running.htm" "Mozilla/4.0 (compatible; MSIE 6.0; Windows NT 5.1; SV1)"
::1 - - [05/Aug/2007:13:00:13 -0700] "GET /" 400 669 "-" "-"
::1 - - [05/Aug/2007:13:00:32 -0700] "GET /" 400 669 "-" "-"
41.221.16.55 - - [05/Aug/2007:12:54:45 -0700] "GET /Install/setup.exe HTTP/1.1" 206 371634 "http://www.helpwithmath.com/Install/saving_running.htm" "Mozilla/4.0 (compatible; MSIE 6.0; Windows NT 5.1; SV1)"
193.251.135.118 - - [05/Aug/2007:13:02:02 -0700] "GET /favicon.ico HTTP/1.1" 404 405 "-" "Mozilla/4.0 (compatible; MSIE 7.0b; Windows NT 5.1)"
193.251.135.118 - - [05/Aug/2007:13:02:02 -0700] "GET /Install/saving_running.htm HTTP/1.1" 200 4541 "http://forum.kooora.com/f.aspx?t=4191552" "Mozilla/4.0 (compatible; MSIE 7.0b; Windows NT 5.1)"
::1 - - [05/Aug/2007:13:02:12 -0700] "GET /" 400 669 "-" "-"
::1 - - [05/Aug/2007:13:02:13 -0700] "GET /" 400 669 "-" "-"
::1 - - [05/Aug/2007:13:02:14 -0700] "GET /" 400 669 "-" "-"
::1 - - [05/Aug/2007:13:02:15 -0700] "GET /" 400 669 "-" "-"
::1 - - [05/Aug/2007:13:02:16 -0700] "GET /" 400 669 "-" "-"
::1 - - [05/Aug/2007:13:02:17 -0700] "GET /" 400 669 "-" "-"
::1 - - [05/Aug/2007:13:02:19 -0700] "GET /" 400 669 "-" "-"
193.251.135.118 - - [05/Aug/2007:13:02:20 -0700] "GET /Install/header_fill.jpg HTTP/1.1" 200 578 "http://www.helpwithmath.com/Install/saving_running.htm" "Mozilla/4.0 (compatible; MSIE 7.0b; Windows NT 5.1)"
193.251.135.118 - - [05/Aug/2007:13:02:23 -0700] "GET /Install/oci_header.jpg HTTP/1.1" 200 6586 "http://www.helpwithmath.com/Install/saving_running.htm" "Mozilla/4.0 (compatible; MSIE 7.0b; Windows NT 5.1)"
::1 - - [05/Aug/2007:13:03:00 -0700] "GET /" 400 669 "-" "-"
::1 - - [05/Aug/2007:13:03:13 -0700] "GET /" 400 669 "-" "-"
::1 - - [05/Aug/2007:13:03:18 -0700] "GET /" 400 669 "-" "-"
::1 - - [05/Aug/2007:13:03:19 -0700] "GET /" 400 669 "-" "-"
::1 - - [05/Aug/2007:13:04:05 -0700] "GET /" 400 669 "-" "-"
::1 - - [05/Aug/2007:13:04:09 -0700] "GET /" 400 669 "-" "-"
193.251.135.118 - - [05/Aug/2007:13:04:58 -0700] "GET /Install/setup.exe HTTP/1.1" 206 3268131 "http://www.helpwithmath.com/Install/saving_running.htm" "Mozilla/4.0 (compatible; MSIE 7.0b; Windows NT 5.1)"
193.251.135.118 - - [05/Aug/2007:13:04:59 -0700] "GET /Install/setup.exe HTTP/1.1" 206 9804391 "http://www.helpwithmath.com/Install/saving_running.htm" "Mozilla/4.0 (compatible; MSIE 7.0b; Windows NT 5.1)"
193.251.135.118 - - [05/Aug/2007:13:04:51 -0700] "GET /Install/setup.exe HTTP/1.1" 206 13072520 "http://www.helpwithmath.com/Install/saving_running.htm" "Mozilla/4.0 (compatible; MSIE 7.0b; Windows NT 5.1)"
::1 - - [05/Aug/2007:13:05:21 -0700] "GET /" 400 669 "-" "-"
193.251.135.118 - - [05/Aug/2007:13:04:58 -0700] "GET /Install/setup.exe HTTP/1.1" 206 6536261 "http://www.helpwithmath.com/Install/saving_running.htm" "Mozilla/4.0 (compatible; MSIE 7.0b; Windows NT 5.1)"
::1 - - [05/Aug/2007:13:05:22 -0700] "GET /" 400 669 "-" "-"
41.221.16.55 - - [05/Aug/2007:13:05:23 -0700] "GET /Install/saving_running.htm HTTP/1.1" 304 - "http://www.startimes2.com/f.aspx?t=4191552" "Mozilla/4.0 (compatible; MSIE 6.0; Windows NT 5.1; SV1)"
41.221.16.55 - - [05/Aug/2007:13:05:24 -0700] "GET /Install/oci_header.jpg HTTP/1.1" 304 - "http://www.helpwithmath.com/Install/saving_running.htm" "Mozilla/4.0 (compatible; MSIE 6.0; Windows NT 5.1; SV1)"
41.221.16.55 - - [05/Aug/2007:13:05:24 -0700] "GET /Install/header_fill.jpg HTTP/1.1" 304 - "http://www.helpwithmath.com/Install/saving_running.htm" "Mozilla/4.0 (compatible; MSIE 6.0; Windows NT 5.1; SV1)"
80.249.74.22 - - [05/Aug/2007:12:45:36 -0700] "GET /Install/setup.exe HTTP/1.1" 206 1631823 "http://www.helpwithmath.com/Install/saving_running.htm" "Mozilla/4.0 (compatible; MSIE 6.0; Windows NT 5.1; SV1; SU 3.005; MEGAUPLOAD 1.0)"
41.221.16.55 - - [05/Aug/2007:13:05:28 -0700] "GET /Install/setup.exe HTTP/1.1" 206 6534233 "http://www.helpwithmath.com/Install/saving_running.htm" "Mozilla/4.0 (compatible; MSIE 6.0; Windows NT 5.1; SV1)"
41.221.16.55 - - [05/Aug/2007:13:05:28 -0700] "GET /Install/setup.exe HTTP/1.1" 206 9801349 "http://www.helpwithmath.com/Install/saving_running.htm" "Mozilla/4.0 (compatible; MSIE 6.0; Windows NT 5.1; SV1)"
41.221.16.55 - - [05/Aug/2007:13:05:31 -0700] "GET /Install/setup.exe HTTP/1.1" 206 1633559 "http://www.helpwithmath.com/Install/saving_running.htm" "Mozilla/4.0 (compatible; MSIE 6.0; Windows NT 5.1; SV1)"
41.221.16.55 - - [05/Aug/2007:13:05:27 -0700] "GET /Install/setup.exe HTTP/1.1" 206 13072520 "http://www.helpwithmath.com/Install/saving_running.htm" "Mozilla/4.0 (compatible; MSIE 6.0; Windows NT 5.1; SV1)"
41.221.16.55 - - [05/Aug/2007:13:05:31 -0700] "GET /Install/setup.exe HTTP/1.1" 206 1627474 "http://www.helpwithmath.com/Install/saving_running.htm" "Mozilla/4.0 (compatible; MSIE 6.0; Windows NT 5.1; SV1)"
41.221.16.55 - - [05/Aug/2007:13:05:28 -0700] "GET /Install/setup.exe HTTP/1.1" 206 3267117 "http://www.helpwithmath.com/Install/saving_running.htm" "Mozilla/4.0 (compatible; MSIE 6.0; Windows NT 5.1; SV1)"
41.221.16.55 - - [05/Aug/2007:13:05:31 -0700] "GET /Install/setup.exe HTTP/1.1" 206 1631531 "http://www.helpwithmath.com/Install/saving_running.htm" "Mozilla/4.0 (compatible; MSIE 6.0; Windows NT 5.1; SV1)"
41.221.16.55 - - [05/Aug/2007:13:05:31 -0700] "GET /Install/setup.exe HTTP/1.1" 206 1623419 "http://www.helpwithmath.com/Install/saving_running.htm" "Mozilla/4.0 (compatible; MSIE 6.0; Windows NT 5.1; SV1)"
::1 - - [05/Aug/2007:13:05:34 -0700] "GET /" 400 669 "-" "-"
::1 - - [05/Aug/2007:13:05:35 -0700] "GET /" 400 669 "-" "-"
::1 - - [05/Aug/2007:13:05:36 -0700] "GET /" 400 669 "-" "-"
::1 - - [05/Aug/2007:13:05:37 -0700] "GET /" 400 669 "-" "-"
::1 - - [05/Aug/2007:13:05:38 -0700] "GET /" 400 669 "-" "-"
::1 - - [05/Aug/2007:13:05:39 -0700] "GET /" 400 669 "-" "-"
::1 - - [05/Aug/2007:13:05:40 -0700] "GET /" 400 669 "-" "-"
::1 - - [05/Aug/2007:13:05:41 -0700] "GET /" 400 669 "-" "-"
::1 - - [05/Aug/2007:13:05:42 -0700] "GET /" 400 669 "-" "-"
::1 - - [05/Aug/2007:13:05:56 -0700] "GET /" 400 669 "-" "-"
::1 - - [05/Aug/2007:13:05:57 -0700] "GET /" 400 669 "-" "-"
::1 - - [05/Aug/2007:13:05:58 -0700] "GET /" 400 669 "-" "-"
::1 - - [05/Aug/2007:13:07:17 -0700] "GET /" 400 669 "-" "-"
41.221.16.55 - - [05/Aug/2007:13:07:38 -0700] "GET / HTTP/1.1" 200 10654 "http://www.startimes2.com/f.aspx?t=4191552" "Mozilla/4.0 (compatible; MSIE 6.0; Windows NT 5.1; SV1)"
41.221.16.55 - - [05/Aug/2007:13:07:39 -0700] "GET /HelpWithMathStyle.css HTTP/1.1" 304 - "http://www.helpwithmath.com/" "Mozilla/4.0 (compatible; MSIE 6.0; Windows NT 5.1; SV1)"
41.221.16.55 - - [05/Aug/2007:13:07:39 -0700] "GET /fold.gif HTTP/1.1" 304 - "http://www.helpwithmath.com/" "Mozilla/4.0 (compatible; MSIE 6.0; Windows NT 5.1; SV1)"
41.221.16.55 - - [05/Aug/2007:13:07:40 -0700] "GET /open.gif HTTP/1.1" 304 - "http://www.helpwithmath.com/" "Mozilla/4.0 (compatible; MSIE 6.0; Windows NT 5.1; SV1)"
41.221.16.55 - - [05/Aug/2007:13:07:40 -0700] "GET /gblnav_left.gif HTTP/1.1" 304 - "http://www.helpwithmath.com/" "Mozilla/4.0 (compatible; MSIE 6.0; Windows NT 5.1; SV1)"
41.221.16.55 - - [05/Aug/2007:13:07:40 -0700] "GET /include/Ramanujan1-quality15.jpg HTTP/1.1" 304 - "http://www.helpwithmath.com/" "Mozilla/4.0 (compatible; MSIE 6.0; Windows NT 5.1; SV1)"
41.221.16.55 - - [05/Aug/2007:13:07:40 -0700] "GET /glbnav_background.gif HTTP/1.1" 304 - "http://www.helpwithmath.com/" "Mozilla/4.0 (compatible; MSIE 6.0; Windows NT 5.1; SV1)"
41.221.16.55 - - [05/Aug/2007:13:07:40 -0700] "GET /glbnav_right.gif HTTP/1.1" 304 - "http://www.helpwithmath.com/" "Mozilla/4.0 (compatible; MSIE 6.0; Windows NT 5.1; SV1)"
41.221.16.55 - - [05/Aug/2007:13:07:41 -0700] "GET /Spacer.gif HTTP/1.1" 304 - "http://www.helpwithmath.com/" "Mozilla/4.0 (compatible; MSIE 6.0; Windows NT 5.1; SV1)"
41.221.16.55 - - [05/Aug/2007:13:07:41 -0700] "GET /include/Background.gif HTTP/1.1" 304 - "http://www.helpwithmath.com/" "Mozilla/4.0 (compatible; MSIE 6.0; Windows NT 5.1; SV1)"
41.221.16.55 - - [05/Aug/2007:13:07:41 -0700] "GET /TransparentMathXpertLogo.gif HTTP/1.1" 304 - "http://www.helpwithmath.com/" "Mozilla/4.0 (compatible; MSIE 6.0; Windows NT 5.1; SV1)"
41.221.16.55 - - [05/Aug/2007:13:07:41 -0700] "GET /demo/image4.gif HTTP/1.1" 304 - "http://www.helpwithmath.com/" "Mozilla/4.0 (compatible; MSIE 6.0; Windows NT 5.1; SV1)"
41.221.16.55 - - [05/Aug/2007:13:07:41 -0700] "GET /demo/step4a.gif HTTP/1.1" 304 - "http://www.helpwithmath.com/" "Mozilla/4.0 (compatible; MSIE 6.0; Windows NT 5.1; SV1)"
::1 - - [05/Aug/2007:13:07:58 -0700] "GET /" 400 669 "-" "-"
71.220.206.189 - - [05/Aug/2007:13:07:59 -0700] "GET /?gclid=CNXz7-iV340CFReEhgodMCwJaQ HTTP/1.1" 200 10654 "-" "Mozilla/4.0 (compatible; MSIE 7.0; Windows NT 5.1; .NET CLR 1.0.3705; Media Center PC 3.1; .NET CLR 1.1.4322)"
71.220.206.189 - - [05/Aug/2007:13:07:59 -0700] "GET /HelpWithMathStyle.css HTTP/1.1" 200 7201 "http://www.helpwithmath.com/?gclid=CNXz7-iV340CFReEhgodMCwJaQ" "Mozilla/4.0 (compatible; MSIE 7.0; Windows NT 5.1; .NET CLR 1.0.3705; Media Center PC 3.1; .NET CLR 1.1.4322)"
71.220.206.189 - - [05/Aug/2007:13:08:00 -0700] "GET /fold.gif HTTP/1.1" 200 119 "http://www.helpwithmath.com/?gclid=CNXz7-iV340CFReEhgodMCwJaQ" "Mozilla/4.0 (compatible; MSIE 7.0; Windows NT 5.1; .NET CLR 1.0.3705; Media Center PC 3.1; .NET CLR 1.1.4322)"
71.220.206.189 - - [05/Aug/2007:13:08:00 -0700] "GET /open.gif HTTP/1.1" 200 125 "http://www.helpwithmath.com/?gclid=CNXz7-iV340CFReEhgodMCwJaQ" "Mozilla/4.0 (compatible; MSIE 7.0; Windows NT 5.1; .NET CLR 1.0.3705; Media Center PC 3.1; .NET CLR 1.1.4322)"
71.220.206.189 - - [05/Aug/2007:13:08:00 -0700] "GET /gblnav_left.gif HTTP/1.1" 200 580 "http://www.helpwithmath.com/?gclid=CNXz7-iV340CFReEhgodMCwJaQ" "Mozilla/4.0 (compatible; MSIE 7.0; Windows NT 5.1; .NET CLR 1.0.3705; Media Center PC 3.1; .NET CLR 1.1.4322)"
71.220.206.189 - - [05/Aug/2007:13:08:00 -0700] "GET /glbnav_right.gif HTTP/1.1" 200 578 "http://www.helpwithmath.com/?gclid=CNXz7-iV340CFReEhgodMCwJaQ" "Mozilla/4.0 (compatible; MSIE 7.0; Windows NT 5.1; .NET CLR 1.0.3705; Media Center PC 3.1; .NET CLR 1.1.4322)"
71.220.206.189 - - [05/Aug/2007:13:08:00 -0700] "GET /Spacer.gif HTTP/1.1" 200 52 "http://www.helpwithmath.com/?gclid=CNXz7-iV340CFReEhgodMCwJaQ" "Mozilla/4.0 (compatible; MSIE 7.0; Windows NT 5.1; .NET CLR 1.0.3705; Media Center PC 3.1; .NET CLR 1.1.4322)"
71.220.206.189 - - [05/Aug/2007:13:08:00 -0700] "GET /TransparentMathXpertLogo.gif HTTP/1.1" 200 1845 "http://www.helpwithmath.com/?gclid=CNXz7-iV340CFReEhgodMCwJaQ" "Mozilla/4.0 (compatible; MSIE 7.0; Windows NT 5.1; .NET CLR 1.0.3705; Media Center PC 3.1; .NET CLR 1.1.4322)"
71.220.206.189 - - [05/Aug/2007:13:08:00 -0700] "GET /include/Ramanujan1-quality15.jpg HTTP/1.1" 200 34375 "http://www.helpwithmath.com/?gclid=CNXz7-iV340CFReEhgodMCwJaQ" "Mozilla/4.0 (compatible; MSIE 7.0; Windows NT 5.1; .NET CLR 1.0.3705; Media Center PC 3.1; .NET CLR 1.1.4322)"
71.220.206.189 - - [05/Aug/2007:13:08:02 -0700] "GET /glbnav_background.gif HTTP/1.1" 200 301 "http://www.helpwithmath.com/?gclid=CNXz7-iV340CFReEhgodMCwJaQ" "Mozilla/4.0 (compatible; MSIE 7.0; Windows NT 5.1; .NET CLR 1.0.3705; Media Center PC 3.1; .NET CLR 1.1.4322)"
71.220.206.189 - - [05/Aug/2007:13:08:00 -0700] "GET /demo/image4.gif HTTP/1.1" 200 17692 "http://www.helpwithmath.com/?gclid=CNXz7-iV340CFReEhgodMCwJaQ" "Mozilla/4.0 (compatible; MSIE 7.0; Windows NT 5.1; .NET CLR 1.0.3705; Media Center PC 3.1; .NET CLR 1.1.4322)"
71.220.206.189 - - [05/Aug/2007:13:08:02 -0700] "GET /demo/step4a.gif HTTP/1.1" 200 18054 "http://www.helpwithmath.com/?gclid=CNXz7-iV340CFReEhgodMCwJaQ" "Mozilla/4.0 (compatible; MSIE 7.0; Windows NT 5.1; .NET CLR 1.0.3705; Media Center PC 3.1; .NET CLR 1.1.4322)"
71.220.206.189 - - [05/Aug/2007:13:08:03 -0700] "GET /include/Background.gif HTTP/1.1" 200 52448 "http://www.helpwithmath.com/?gclid=CNXz7-iV340CFReEhgodMCwJaQ" "Mozilla/4.0 (compatible; MSIE 7.0; Windows NT 5.1; .NET CLR 1.0.3705; Media Center PC 3.1; .NET CLR 1.1.4322)"
71.220.206.189 - - [05/Aug/2007:13:08:05 -0700] "GET /favicon.ico HTTP/1.1" 404 405 "-" "Mozilla/4.0 (compatible; MSIE 7.0; Windows NT 5.1; .NET CLR 1.0.3705; Media Center PC 3.1; .NET CLR 1.1.4322)"
::1 - - [05/Aug/2007:13:08:56 -0700] "GET /" 400 669 "-" "-"
::1 - - [05/Aug/2007:13:08:59 -0700] "GET /" 400 669 "-" "-"
71.220.206.189 - - [05/Aug/2007:13:09:22 -0700] "GET /about.php?include=stepbystep.html HTTP/1.1" 200 9635 "http://www.helpwithmath.com/?gclid=CNXz7-iV340CFReEhgodMCwJaQ" "Mozilla/4.0 (compatible; MSIE 7.0; Windows NT 5.1; .NET CLR 1.0.3705; Media Center PC 3.1; .NET CLR 1.1.4322)"
71.220.206.189 - - [05/Aug/2007:13:09:22 -0700] "GET /demo/image3.gif HTTP/1.1" 200 17367 "http://www.helpwithmath.com/about.php?include=stepbystep.html" "Mozilla/4.0 (compatible; MSIE 7.0; Windows NT 5.1; .NET CLR 1.0.3705; Media Center PC 3.1; .NET CLR 1.1.4322)"
71.220.206.189 - - [05/Aug/2007:13:09:22 -0700] "GET /demo/image2.gif HTTP/1.1" 200 17372 "http://www.helpwithmath.com/about.php?include=stepbystep.html" "Mozilla/4.0 (compatible; MSIE 7.0; Windows NT 5.1; .NET CLR 1.0.3705; Media Center PC 3.1; .NET CLR 1.1.4322)"
80.249.74.22 - - [05/Aug/2007:12:45:20 -0700] "GET /Install/setup.exe HTTP/1.1" 206 13072520 "http://www.helpwithmath.com/Install/saving_running.htm" "Mozilla/4.0 (compatible; MSIE 6.0; Windows NT 5.1; SV1; SU 3.005; MEGAUPLOAD 1.0)"
80.249.74.22 - - [05/Aug/2007:12:54:59 -0700] "GET /Install/setup.exe HTTP/1.1" 206 1135712 "http://www.helpwithmath.com/Install/saving_running.htm" "Mozilla/4.0 (compatible; MSIE 6.0; Windows NT 5.1; SV1; SU 3.005; MEGAUPLOAD 1.0)"
71.220.206.189 - - [05/Aug/2007:13:09:47 -0700] "GET /glblnav_selected.gif HTTP/1.1" 200 158 "http://www.helpwithmath.com/about.php?include=stepbystep.html" "Mozilla/4.0 (compatible; MSIE 7.0; Windows NT 5.1; .NET CLR 1.0.3705; Media Center PC 3.1; .NET CLR 1.1.4322)"
80.249.74.22 - - [05/Aug/2007:12:45:36 -0700] "GET /Install/setup.exe HTTP/1.1" 206 1631134 "http://www.helpwithmath.com/Install/saving_running.htm" "Mozilla/4.0 (compatible; MSIE 6.0; Windows NT 5.1; SV1; SU 3.005; MEGAUPLOAD 1.0)"
71.220.206.189 - - [05/Aug/2007:13:10:00 -0700] "GET /demo.php HTTP/1.1" 200 9622 "http://www.helpwithmath.com/?gclid=CNXz7-iV340CFReEhgodMCwJaQ" "Mozilla/4.0 (compatible; MSIE 7.0; Windows NT 5.1; .NET CLR 1.0.3705; Media Center PC 3.1; .NET CLR 1.1.4322)"
71.220.206.189 - - [05/Aug/2007:13:10:01 -0700] "GET /demo/image1.gif HTTP/1.1" 200 16881 "http://www.helpwithmath.com/demo.php" "Mozilla/4.0 (compatible; MSIE 7.0; Windows NT 5.1; .NET CLR 1.0.3705; Media Center PC 3.1; .NET CLR 1.1.4322)"
::1 - - [05/Aug/2007:13:10:19 -0700] "GET /" 400 669 "-" "-"
80.249.74.22 - - [05/Aug/2007:12:45:41 -0700] "GET /Install/setup.exe HTTP/1.1" 206 1624923 "http://www.helpwithmath.com/Install/saving_running.htm" "Mozilla/4.0 (compatible; MSIE 6.0; Windows NT 5.1; SV1; SU 3.005; MEGAUPLOAD 1.0)"
80.249.74.22 - - [05/Aug/2007:13:10:31 -0700] "GET /Install/setup.exe HTTP/1.1" 206 1220582 "http://www.helpwithmath.com/Install/saving_running.htm" "Mozilla/4.0 (compatible; MSIE 6.0; Windows NT 5.1; SV1; SU 3.005; MEGAUPLOAD 1.0)"
80.249.74.22 - - [05/Aug/2007:13:10:42 -0700] "GET /Install/setup.exe HTTP/1.1" 206 189032 "http://www.helpwithmath.com/Install/saving_running.htm" "Mozilla/4.0 (compatible; MSIE 6.0; Windows NT 5.1; SV1; SU 3.005; MEGAUPLOAD 1.0)"
::1 - - [05/Aug/2007:13:10:47 -0700] "GET /" 400 669 "-" "-"
80.249.74.22 - - [05/Aug/2007:12:45:41 -0700] "GET /Install/setup.exe HTTP/1.1" 206 1615263 "http://www.helpwithmath.com/Install/saving_running.htm" "Mozilla/4.0 (compatible; MSIE 6.0; Windows NT 5.1; SV1; SU 3.005; MEGAUPLOAD 1.0)"
::1 - - [05/Aug/2007:13:11:13 -0700] "GET /" 400 669 "-" "-"
::1 - - [05/Aug/2007:13:11:16 -0700] "GET /" 400 669 "-" "-"
::1 - - [05/Aug/2007:13:11:20 -0700] "GET /" 400 669 "-" "-"
::1 - - [05/Aug/2007:13:11:21 -0700] "GET /" 400 669 "-" "-"
::1 - - [05/Aug/2007:13:11:22 -0700] "GET /" 400 669 "-" "-"
::1 - - [05/Aug/2007:13:11:27 -0700] "GET /" 400 669 "-" "-"
::1 - - [05/Aug/2007:13:11:28 -0700] "GET /" 400 669 "-" "-"
80.249.74.22 - - [05/Aug/2007:13:10:59 -0700] "GET /Install/setup.exe HTTP/1.1" 206 81752 "http://www.helpwithmath.com/Install/saving_running.htm" "Mozilla/4.0 (compatible; MSIE 6.0; Windows NT 5.1; SV1; SU 3.005; MEGAUPLOAD 1.0)"
::1 - - [05/Aug/2007:13:11:42 -0700] "GET /" 400 669 "-" "-"
::1 - - [05/Aug/2007:13:11:43 -0700] "GET /" 400 669 "-" "-"
::1 - - [05/Aug/2007:13:11:44 -0700] "GET /" 400 669 "-" "-"
::1 - - [05/Aug/2007:13:11:45 -0700] "GET /" 400 669 "-" "-"
80.249.74.22 - - [05/Aug/2007:12:45:35 -0700] "GET /Install/setup.exe HTTP/1.1" 206 3263645 "http://www.helpwithmath.com/Install/saving_running.htm" "Mozilla/4.0 (compatible; MSIE 6.0; Windows NT 5.1; SV1; SU 3.005; MEGAUPLOAD 1.0)"
::1 - - [05/Aug/2007:13:11:46 -0700] "GET /" 400 669 "-" "-"
::1 - - [05/Aug/2007:13:11:47 -0700] "GET /" 400 669 "-" "-"
80.249.74.22 - - [05/Aug/2007:12:45:25 -0700] "GET /Install/setup.exe HTTP/1.1" 206 6535571 "http://www.helpwithmath.com/Install/saving_running.htm" "Mozilla/4.0 (compatible; MSIE 6.0; Windows NT 5.1; SV1; SU 3.005; MEGAUPLOAD 1.0)"
::1 - - [05/Aug/2007:13:11:48 -0700] "GET /" 400 669 "-" "-"
::1 - - [05/Aug/2007:13:11:49 -0700] "GET /" 400 669 "-" "-"
::1 - - [05/Aug/2007:13:11:50 -0700] "GET /" 400 669 "-" "-"
::1 - - [05/Aug/2007:13:11:52 -0700] "GET /" 400 669 "-" "-"
80.249.74.22 - - [05/Aug/2007:13:11:29 -0700] "GET /Install/setup.exe HTTP/1.1" 206 39668 "http://www.helpwithmath.com/Install/saving_running.htm" "Mozilla/4.0 (compatible; MSIE 6.0; Windows NT 5.1; SV1; SU 3.005; MEGAUPLOAD 1.0)"
80.249.74.22 - - [05/Aug/2007:13:05:29 -0700] "GET /Install/setup.exe HTTP/1.1" 206 485043 "http://www.helpwithmath.com/Install/saving_running.htm" "Mozilla/4.0 (compatible; MSIE 6.0; Windows NT 5.1; SV1; SU 3.005; MEGAUPLOAD 1.0)"
80.249.74.22 - - [05/Aug/2007:13:11:50 -0700] "GET /Install/setup.exe HTTP/1.1" 206 23799 "http://www.helpwithmath.com/Install/saving_running.htm" "Mozilla/4.0 (compatible; MSIE 6.0; Windows NT 5.1; SV1; SU 3.005; MEGAUPLOAD 1.0)"
80.249.74.22 - - [05/Aug/2007:13:10:52 -0700] "GET /Install/setup.exe HTTP/1.1" 206 93137 "http://www.helpwithmath.com/Install/saving_running.htm" "Mozilla/4.0 (compatible; MSIE 6.0; Windows NT 5.1; SV1; SU 3.005; MEGAUPLOAD 1.0)"
80.249.74.22 - - [05/Aug/2007:13:11:59 -0700] "GET /Install/setup.exe HTTP/1.1" 206 15000 "http://www.helpwithmath.com/Install/saving_running.htm" "Mozilla/4.0 (compatible; MSIE 6.0; Windows NT 5.1; SV1; SU 3.005; MEGAUPLOAD 1.0)"
80.249.74.22 - - [05/Aug/2007:13:09:43 -0700] "GET /Install/setup.exe HTTP/1.1" 206 140402 "http://www.helpwithmath.com/Install/saving_running.htm" "Mozilla/4.0 (compatible; MSIE 6.0; Windows NT 5.1; SV1; SU 3.005; MEGAUPLOAD 1.0)"
80.249.74.22 - - [05/Aug/2007:13:11:53 -0700] "GET /Install/setup.exe HTTP/1.1" 206 15002 "http://www.helpwithmath.com/Install/saving_running.htm" "Mozilla/4.0 (compatible; MSIE 6.0; Windows NT 5.1; SV1; SU 3.005; MEGAUPLOAD 1.0)"
80.249.74.22 - - [05/Aug/2007:13:12:01 -0700] "GET /Install/setup.exe HTTP/1.1" 206 11378 "http://www.helpwithmath.com/Install/saving_running.htm" "Mozilla/4.0 (compatible; MSIE 6.0; Windows NT 5.1; SV1; SU 3.005; MEGAUPLOAD 1.0)"
80.249.74.22 - - [05/Aug/2007:13:12:05 -0700] "GET /Install/setup.exe HTTP/1.1" 206 6547 "http://www.helpwithmath.com/Install/saving_running.htm" "Mozilla/4.0 (compatible; MSIE 6.0; Windows NT 5.1; SV1; SU 3.005; MEGAUPLOAD 1.0)"
