81.192.230.254 - - [05/Aug/2007:13:43:07 -0700] "GET /favicon.ico HTTP/1.1" 404 405 "-" "Mozilla/4.0 (compatible; MSIE 6.0; Windows NT 5.1; SV1)"
41.249.3.120 - - [05/Aug/2007:13:43:07 -0700] "GET /Install/oci_header.jpg HTTP/1.1" 200 6586 "http://www.helpwithmath.com/Install/saving_running.htm" "Mozilla/4.0 (compatible; MSIE 6.0; Windows NT 5.1; SV1)"
41.249.3.120 - - [05/Aug/2007:13:43:08 -0700] "GET /Install/header_fill.jpg HTTP/1.1" 200 578 "http://www.helpwithmath.com/Install/saving_running.htm" "Mozilla/4.0 (compatible; MSIE 6.0; Windows NT 5.1; SV1)"
41.251.9.54 - - [05/Aug/2007:13:34:46 -0700] "GET /Install/setup.exe HTTP/1.1" 206 13071068 "http://www.helpwithmath.com/Install/saving_running.htm" "Mozilla/4.0 (compatible; MSIE 6.0; Windows NT 5.1; SV1)"
74.6.76.15 - - [05/Aug/2007:13:43:43 -0700] "GET / HTTP/1.0" 200 10654 "-" "Mozilla/5.0 (compatible; Yahoo! DE Slurp; http://help.yahoo.com/help/us/ysearch/slurp)"
41.251.75.204 - - [05/Aug/2007:13:38:46 -0700] "GET /Install/setup.exe HTTP/1.1" 206 145523 "http://www.helpwithmath.com/Install/saving_running.htm" "Mozilla/4.0 (compatible; MSIE 6.0; Windows NT 5.1; SV1)"
41.251.75.204 - - [05/Aug/2007:13:38:14 -0700] "GET /Install/setup.exe HTTP/1.1" 206 489245 "http://www.helpwithmath.com/Install/saving_running.htm" "Mozilla/4.0 (compatible; MSIE 6.0; Windows NT 5.1; SV1)"
::1 - - [05/Aug/2007:13:43:56 -0700] "GET /" 400 669 "-" "-"
41.209.130.234 - - [05/Aug/2007:13:44:06 -0700] "GET /Install/saving_running.htm HTTP/1.0" 200 4541 "http://www.startimes2.com/f.aspx?t=4191552" "Mozilla/4.0 (compatible; MSIE 6.0; Windows NT 5.1; SV1)"
41.209.130.234 - - [05/Aug/2007:13:44:06 -0700] "GET /Install/header_fill.jpg HTTP/1.0" 200 578 "http://www.helpwithmath.com/Install/saving_running.htm" "Mozilla/4.0 (compatible; MSIE 6.0; Windows NT 5.1; SV1)"
41.209.130.234 - - [05/Aug/2007:13:44:07 -0700] "GET /Install/oci_header.jpg HTTP/1.0" 200 6586 "http://www.helpwithmath.com/Install/saving_running.htm" "Mozilla/4.0 (compatible; MSIE 6.0; Windows NT 5.1; SV1)"
41.209.130.234 - - [05/Aug/2007:13:44:11 -0700] "GET /Install/setup.exe HTTP/1.0" 200 13072520 "-" "Mozilla/4.0 (compatible; MSIE 6.0; Windows NT 5.1; SV1)"
::1 - - [05/Aug/2007:13:44:24 -0700] "GET /" 400 669 "-" "-"
::1 - - [05/Aug/2007:13:44:26 -0700] "GET /" 400 669 "-" "-"
81.192.40.76 - - [05/Aug/2007:13:45:12 -0700] "GET /Install/saving_running.htm HTTP/1.1" 200 4541 "http://www.startimes2.com/f.aspx?t=4191552" "Mozilla/4.0 (compatible; MSIE 6.0; Windows NT 5.1; SV1; MEGAUPLOAD 2.0)"
212.217.3.90 - - [05/Aug/2007:13:45:13 -0700] "GET /Install/oci_header.jpg HTTP/1.1" 200 6586 "http://www.helpwithmath.com/Install/saving_running.htm" "Mozilla/4.0 (compatible; MSIE 6.0; Windows NT 5.1; SV1; MEGAUPLOAD 2.0)"
212.217.3.90 - - [05/Aug/2007:13:45:13 -0700] "GET /Install/header_fill.jpg HTTP/1.1" 200 578 "http://www.helpwithmath.com/Install/saving_running.htm" "Mozilla/4.0 (compatible; MSIE 6.0; Windows NT 5.1; SV1; MEGAUPLOAD 2.0)"
82.101.163.52 - - [05/Aug/2007:13:45:57 -0700] "GET /Install/saving_running.htm HTTP/1.1" 200 4541 "http://www.startimes2.com/f.aspx?t=4191552" "Mozilla/4.0 (compatible; MSIE 6.0; Windows NT 5.1; SV1)"
82.101.163.52 - - [05/Aug/2007:13:46:00 -0700] "GET /Install/oci_header.jpg HTTP/1.1" 200 6586 "http://www.helpwithmath.com/Install/saving_running.htm" "Mozilla/4.0 (compatible; MSIE 6.0; Windows NT 5.1; SV1)"
82.101.163.52 - - [05/Aug/2007:13:46:00 -0700] "GET /Install/header_fill.jpg HTTP/1.1" 200 578 "http://www.helpwithmath.com/Install/saving_running.htm" "Mozilla/4.0 (compatible; MSIE 6.0; Windows NT 5.1; SV1)"
80.249.71.20 - - [05/Aug/2007:13:46:26 -0700] "GET /Install/saving_running.htm HTTP/1.1" 200 4541 "http://www.startimes2.com/f.aspx?t=4191552" "Mozilla/4.0 (compatible; MSIE 6.0; Windows NT 5.1; SV1; Mozilla/4.0 (compatible; MSIE 6.0; Windows NT 5.1; SV1) )"
81.192.230.254 - - [05/Aug/2007:13:41:28 -0700] "GET /Install/setup.exe HTTP/1.1" 200 13072520 "-" "Mozilla/4.0 (compatible; MSIE 6.0; Windows NT 5.1; SV1)"
80.249.71.20 - - [05/Aug/2007:13:46:35 -0700] "GET /Install/oci_header.jpg HTTP/1.1" 200 6586 "http://www.helpwithmath.com/Install/saving_running.htm" "Mozilla/4.0 (compatible; MSIE 6.0; Windows NT 5.1; SV1; Mozilla/4.0 (compatible; MSIE 6.0; Windows NT 5.1; SV1) )"
80.249.71.20 - - [05/Aug/2007:13:46:37 -0700] "GET /Install/header_fill.jpg HTTP/1.1" 200 578 "http://www.helpwithmath.com/Install/saving_running.htm" "Mozilla/4.0 (compatible; MSIE 6.0; Windows NT 5.1; SV1; Mozilla/4.0 (compatible; MSIE 6.0; Windows NT 5.1; SV1) )"
81.192.40.76 - - [05/Aug/2007:13:45:57 -0700] "GET /Install/setup.exe HTTP/1.1" 200 13072520 "http://www.helpwithmath.com/Install/saving_running.htm" "Mozilla/4.0 (compatible; MSIE 5.00; Windows 98)"
80.249.71.20 - - [05/Aug/2007:13:46:52 -0700] "GET /Install/setup.exe HTTP/1.1" 200 13072520 "-" "Mozilla/4.0 (compatible; MSIE 6.0; Windows NT 5.1; SV1; Mozilla/4.0 (compatible; MSIE 6.0; Windows NT 5.1; SV1) )"
196.206.140.35 - - [05/Aug/2007:13:42:03 -0700] "GET /Install/setup.exe HTTP/1.1" 200 13072520 "-" "Mozilla/4.0 (compatible; MSIE 6.0; Windows NT 5.1; SV1)"
82.101.163.52 - - [05/Aug/2007:13:46:14 -0700] "GET /Install/setup.exe HTTP/1.1" 206 6536261 "http://www.helpwithmath.com/Install/saving_running.htm" "Mozilla/4.0 (compatible; MSIE 6.0; Windows NT 5.1; SV1)"
::1 - - [05/Aug/2007:13:47:43 -0700] "GET /" 400 669 "-" "-"
::1 - - [05/Aug/2007:13:47:44 -0700] "GET /" 400 669 "-" "-"
::1 - - [05/Aug/2007:13:47:45 -0700] "GET /" 400 669 "-" "-"
82.101.163.52 - - [05/Aug/2007:13:47:48 -0700] "GET / HTTP/1.1" 200 10654 "http://www.startimes2.com/f.aspx?t=4191552" "Mozilla/4.0 (compatible; MSIE 6.0; Windows NT 5.1; SV1)"
82.101.163.52 - - [05/Aug/2007:13:47:49 -0700] "GET /HelpWithMathStyle.css HTTP/1.1" 200 7201 "http://www.helpwithmath.com/" "Mozilla/4.0 (compatible; MSIE 6.0; Windows NT 5.1; SV1)"
82.101.163.52 - - [05/Aug/2007:13:46:20 -0700] "GET /Install/setup.exe HTTP/1.1" 206 1629385 "http://www.helpwithmath.com/Install/saving_running.htm" "Mozilla/4.0 (compatible; MSIE 6.0; Windows NT 5.1; SV1)"
82.101.163.52 - - [05/Aug/2007:13:47:53 -0700] "GET /fold.gif HTTP/1.1" 200 119 "http://www.helpwithmath.com/" "Mozilla/4.0 (compatible; MSIE 6.0; Windows NT 5.1; SV1)"
82.101.163.52 - - [05/Aug/2007:13:47:53 -0700] "GET /open.gif HTTP/1.1" 200 125 "http://www.helpwithmath.com/" "Mozilla/4.0 (compatible; MSIE 6.0; Windows NT 5.1; SV1)"
82.101.163.52 - - [05/Aug/2007:13:47:54 -0700] "GET /gblnav_left.gif HTTP/1.1" 200 580 "http://www.helpwithmath.com/" "Mozilla/4.0 (compatible; MSIE 6.0; Windows NT 5.1; SV1)"
82.101.163.52 - - [05/Aug/2007:13:47:55 -0700] "GET /glbnav_background.gif HTTP/1.1" 200 301 "http://www.helpwithmath.com/" "Mozilla/4.0 (compatible; MSIE 6.0; Windows NT 5.1; SV1)"
82.101.163.52 - - [05/Aug/2007:13:47:55 -0700] "GET /glbnav_right.gif HTTP/1.1" 200 578 "http://www.helpwithmath.com/" "Mozilla/4.0 (compatible; MSIE 6.0; Windows NT 5.1; SV1)"
82.101.163.52 - - [05/Aug/2007:13:47:56 -0700] "GET /Spacer.gif HTTP/1.1" 200 52 "http://www.helpwithmath.com/" "Mozilla/4.0 (compatible; MSIE 6.0; Windows NT 5.1; SV1)"
82.101.163.52 - - [05/Aug/2007:13:46:22 -0700] "GET /Install/setup.exe HTTP/1.1" 206 1626866 "http://www.helpwithmath.com/Install/saving_running.htm" "Mozilla/4.0 (compatible; MSIE 6.0; Windows NT 5.1; SV1)"
82.101.163.52 - - [05/Aug/2007:13:47:54 -0700] "GET /include/Ramanujan1-quality15.jpg HTTP/1.1" 200 34375 "http://www.helpwithmath.com/" "Mozilla/4.0 (compatible; MSIE 6.0; Windows NT 5.1; SV1)"
82.101.163.52 - - [05/Aug/2007:13:48:08 -0700] "GET /TransparentMathXpertLogo.gif HTTP/1.1" 200 1845 "http://www.helpwithmath.com/" "Mozilla/4.0 (compatible; MSIE 6.0; Windows NT 5.1; SV1)"
41.249.3.120 - - [05/Aug/2007:13:43:10 -0700] "GET /Install/setup.exe HTTP/1.1" 200 13072520 "-" "Mozilla/4.0 (compatible; MSIE 6.0; Windows NT 5.1; SV1)"
82.101.163.52 - - [05/Aug/2007:13:48:09 -0700] "GET /demo/image4.gif HTTP/1.1" 200 17692 "http://www.helpwithmath.com/" "Mozilla/4.0 (compatible; MSIE 6.0; Windows NT 5.1; SV1)"
82.101.163.52 - - [05/Aug/2007:13:47:57 -0700] "GET /include/Background.gif HTTP/1.1" 200 52448 "http://www.helpwithmath.com/" "Mozilla/4.0 (compatible; MSIE 6.0; Windows NT 5.1; SV1)"
81.192.40.76 - - [05/Aug/2007:13:48:15 -0700] "GET /Install/setup.exe HTTP/1.1" 304 - "http://www.helpwithmath.com/Install/saving_running.htm" "Mozilla/4.0 (compatible; MSIE 5.00; Windows 98)"
82.101.163.52 - - [05/Aug/2007:13:48:15 -0700] "GET /demo/step4a.gif HTTP/1.1" 200 18054 "http://www.helpwithmath.com/" "Mozilla/4.0 (compatible; MSIE 6.0; Windows NT 5.1; SV1)"
81.192.219.59 - - [05/Aug/2007:13:48:19 -0700] "GET /Install/saving_running.htm HTTP/1.1" 200 4541 "http://www.startimes2.com/f.aspx?t=4191552" "Mozilla/4.0 (compatible; MSIE 6.0; Windows NT 5.1; SV1; Mozilla/4.0 (compatible; MSIE 6.0; Menara); SIMBAR=0; InfoPath.2)"
41.209.130.234 - - [05/Aug/2007:13:45:19 -0700] "GET /Install/setup.exe HTTP/1.0" 206 13066712 "http://www.helpwithmath.com/Install/saving_running.htm" "Mozilla/4.0 (compatible; MSIE 6.0; Windows NT 5.1; SV1)"
81.192.219.59 - - [05/Aug/2007:13:48:22 -0700] "GET /Install/oci_header.jpg HTTP/1.1" 200 6586 "http://www.helpwithmath.com/Install/saving_running.htm" "Mozilla/4.0 (compatible; MSIE 6.0; Windows NT 5.1; SV1; Mozilla/4.0 (compatible; MSIE 6.0; Menara); SIMBAR=0; InfoPath.2)"
81.192.219.59 - - [05/Aug/2007:13:48:22 -0700] "GET /Install/header_fill.jpg HTTP/1.1" 200 578 "http://www.helpwithmath.com/Install/saving_running.htm" "Mozilla/4.0 (compatible; MSIE 6.0; Windows NT 5.1; SV1; Mozilla/4.0 (compatible; MSIE 6.0; Menara); SIMBAR=0; InfoPath.2)"
82.101.163.52 - - [05/Aug/2007:13:47:32 -0700] "GET /Install/setup.exe HTTP/1.1" 206 1570345 "http://www.helpwithmath.com/Install/saving_running.htm" "Mozilla/4.0 (compatible; MSIE 6.0; Windows NT 5.1; SV1)"
::1 - - [05/Aug/2007:13:48:27 -0700] "GET /" 400 669 "-" "-"
82.101.163.52 - - [05/Aug/2007:13:46:19 -0700] "GET /Install/setup.exe HTTP/1.1" 206 3258770 "http://www.helpwithmath.com/Install/saving_running.htm" "Mozilla/4.0 (compatible; MSIE 6.0; Windows NT 5.1; SV1)"
::1 - - [05/Aug/2007:13:48:45 -0700] "GET /" 400 669 "-" "-"
81.192.120.137 - - [05/Aug/2007:13:48:45 -0700] "GET / HTTP/1.1" 200 10654 "http://www.startimes2.com/f.aspx?t=4191552" "Mozilla/4.0 (compatible; MSIE 6.0; Windows NT 5.1; SV1; MEGAUPLOAD 2.0)"
81.192.120.137 - - [05/Aug/2007:13:48:46 -0700] "GET /HelpWithMathStyle.css HTTP/1.1" 200 7201 "http://www.helpwithmath.com/" "Mozilla/4.0 (compatible; MSIE 6.0; Windows NT 5.1; SV1; MEGAUPLOAD 2.0)"
81.192.120.137 - - [05/Aug/2007:13:48:47 -0700] "GET /fold.gif HTTP/1.1" 200 119 "http://www.helpwithmath.com/" "Mozilla/4.0 (compatible; MSIE 6.0; Windows NT 5.1; SV1; MEGAUPLOAD 2.0)"
81.192.120.137 - - [05/Aug/2007:13:48:47 -0700] "GET /open.gif HTTP/1.1" 200 125 "http://www.helpwithmath.com/" "Mozilla/4.0 (compatible; MSIE 6.0; Windows NT 5.1; SV1; MEGAUPLOAD 2.0)"
81.192.120.137 - - [05/Aug/2007:13:48:47 -0700] "GET /gblnav_left.gif HTTP/1.1" 200 580 "http://www.helpwithmath.com/" "Mozilla/4.0 (compatible; MSIE 6.0; Windows NT 5.1; SV1; MEGAUPLOAD 2.0)"
81.192.120.137 - - [05/Aug/2007:13:48:47 -0700] "GET /glbnav_background.gif HTTP/1.1" 200 301 "http://www.helpwithmath.com/" "Mozilla/4.0 (compatible; MSIE 6.0; Windows NT 5.1; SV1; MEGAUPLOAD 2.0)"
81.192.120.137 - - [05/Aug/2007:13:48:48 -0700] "GET /glbnav_right.gif HTTP/1.1" 200 578 "http://www.helpwithmath.com/" "Mozilla/4.0 (compatible; MSIE 6.0; Windows NT 5.1; SV1; MEGAUPLOAD 2.0)"
81.192.120.137 - - [05/Aug/2007:13:48:48 -0700] "GET /Spacer.gif HTTP/1.1" 200 52 "http://www.helpwithmath.com/" "Mozilla/4.0 (compatible; MSIE 6.0; Windows NT 5.1; SV1; MEGAUPLOAD 2.0)"
81.192.120.137 - - [05/Aug/2007:13:48:47 -0700] "GET /include/Ramanujan1-quality15.jpg HTTP/1.1" 200 34375 "http://www.helpwithmath.com/" "Mozilla/4.0 (compatible; MSIE 6.0; Windows NT 5.1; SV1; MEGAUPLOAD 2.0)"
81.192.120.137 - - [05/Aug/2007:13:48:48 -0700] "GET /TransparentMathXpertLogo.gif HTTP/1.1" 200 1845 "http://www.helpwithmath.com/" "Mozilla/4.0 (compatible; MSIE 6.0; Windows NT 5.1; SV1; MEGAUPLOAD 2.0)"
82.101.163.52 - - [05/Aug/2007:13:46:25 -0700] "GET /Install/setup.exe HTTP/1.1" 206 1620746 "http://www.helpwithmath.com/Install/saving_running.htm" "Mozilla/4.0 (compatible; MSIE 6.0; Windows NT 5.1; SV1)"
81.192.120.137 - - [05/Aug/2007:13:48:48 -0700] "GET /demo/image4.gif HTTP/1.1" 200 17692 "http://www.helpwithmath.com/" "Mozilla/4.0 (compatible; MSIE 6.0; Windows NT 5.1; SV1; MEGAUPLOAD 2.0)"
81.192.40.76 - - [05/Aug/2007:13:46:45 -0700] "GET /Install/setup.exe HTTP/1.1" 206 2614504 "http://www.mathxpert.com/Install/saving_running.htm" "Mozilla/4.0 (compatible; MSIE 5.00; Windows 98)"
81.192.120.137 - - [05/Aug/2007:13:48:49 -0700] "GET /include/Background.gif HTTP/1.1" 200 52448 "http://www.helpwithmath.com/" "Mozilla/4.0 (compatible; MSIE 6.0; Windows NT 5.1; SV1; MEGAUPLOAD 2.0)"
81.192.120.137 - - [05/Aug/2007:13:48:49 -0700] "GET /demo/step4a.gif HTTP/1.1" 200 18054 "http://www.helpwithmath.com/" "Mozilla/4.0 (compatible; MSIE 6.0; Windows NT 5.1; SV1; MEGAUPLOAD 2.0)"
82.101.163.52 - - [05/Aug/2007:13:48:55 -0700] "GET /glblnav_selected.gif HTTP/1.1" 200 158 "http://www.helpwithmath.com/" "Mozilla/4.0 (compatible; MSIE 6.0; Windows NT 5.1; SV1)"
82.101.163.52 - - [05/Aug/2007:13:46:19 -0700] "GET /Install/setup.exe HTTP/1.1" 206 1634066 "http://www.helpwithmath.com/Install/saving_running.htm" "Mozilla/4.0 (compatible; MSIE 6.0; Windows NT 5.1; SV1)"
81.192.40.76 - - [05/Aug/2007:13:46:54 -0700] "GET /Install/setup.exe HTTP/1.1" 206 3263414 "http://www.mathxpert.com/Install/saving_running.htm" "Mozilla/4.0 (compatible; MSIE 5.00; Windows 98)"
82.101.163.52 - - [05/Aug/2007:13:46:10 -0700] "GET /Install/setup.exe HTTP/1.1" 206 13072520 "http://www.helpwithmath.com/Install/saving_running.htm" "Mozilla/4.0 (compatible; MSIE 6.0; Windows NT 5.1; SV1)"
82.101.163.52 - - [05/Aug/2007:13:49:02 -0700] "GET /glblnav_selected.gif HTTP/1.1" 200 158 "http://www.helpwithmath.com/" "Mozilla/4.0 (compatible; MSIE 6.0; Windows NT 5.1; SV1)"
81.192.40.76 - - [05/Aug/2007:13:46:54 -0700] "GET /Install/setup.exe HTTP/1.1" 206 11746808 "http://www.mathxpert.com/Install/saving_running.htm" "Mozilla/4.0 (compatible; MSIE 5.00; Windows 98)"
::1 - - [05/Aug/2007:13:49:06 -0700] "GET /" 400 669 "-" "-"
::1 - - [05/Aug/2007:13:49:07 -0700] "GET /" 400 669 "-" "-"
::1 - - [05/Aug/2007:13:49:13 -0700] "GET /" 400 669 "-" "-"
81.192.40.76 - - [05/Aug/2007:13:49:13 -0700] "GET /Install/setup.exe HTTP/1.1" 304 - "http://www.helpwithmath.com/Install/saving_running.htm" "Mozilla/4.0 (compatible; MSIE 5.00; Windows 98)"
196.12.206.89 - - [05/Aug/2007:13:49:14 -0700] "GET / HTTP/1.1" 200 10654 "http://www.startimes2.com/f.aspx?t=4191552" "Mozilla/4.0 (compatible; MSIE 6.0; Windows NT 5.1; SV1; MEGAUPLOAD 2.0; FDM)"
82.101.163.52 - - [05/Aug/2007:13:46:57 -0700] "GET /Install/setup.exe HTTP/1.1" 206 1623984 "http://www.helpwithmath.com/Install/saving_running.htm" "Mozilla/4.0 (compatible; MSIE 6.0; Windows NT 5.1; SV1)"
82.101.163.52 - - [05/Aug/2007:13:47:12 -0700] "GET /Install/setup.exe HTTP/1.1" 206 1622546 "http://www.helpwithmath.com/Install/saving_running.htm" "Mozilla/4.0 (compatible; MSIE 6.0; Windows NT 5.1; SV1)"
82.101.163.52 - - [05/Aug/2007:13:47:29 -0700] "GET /Install/setup.exe HTTP/1.1" 206 1579346 "http://www.helpwithmath.com/Install/saving_running.htm" "Mozilla/4.0 (compatible; MSIE 6.0; Windows NT 5.1; SV1)"
81.192.40.76 - - [05/Aug/2007:13:49:19 -0700] "GET /Install/setup.exe HTTP/1.1" 304 - "http://www.helpwithmath.com/Install/saving_running.htm" "Mozilla/4.0 (compatible; MSIE 5.00; Windows 98)"
196.12.206.89 - - [05/Aug/2007:13:49:27 -0700] "GET /Install/saving_running.htm HTTP/1.1" 200 4541 "http://www.startimes2.com/f.aspx?t=4191552" "Mozilla/4.0 (compatible; MSIE 6.0; Windows NT 5.1; SV1; MEGAUPLOAD 2.0; FDM)"
82.101.163.52 - - [05/Aug/2007:13:49:29 -0700] "GET /about.php HTTP/1.1" 200 11767 "http://www.helpwithmath.com/" "Mozilla/4.0 (compatible; MSIE 6.0; Windows NT 5.1; SV1)"
196.12.206.89 - - [05/Aug/2007:13:49:34 -0700] "GET /Install/header_fill.jpg HTTP/1.1" 200 578 "http://www.helpwithmath.com/Install/saving_running.htm" "Mozilla/4.0 (compatible; MSIE 6.0; Windows NT 5.1; SV1; MEGAUPLOAD 2.0; FDM)"
196.12.206.89 - - [05/Aug/2007:13:49:37 -0700] "GET /Install/oci_header.jpg HTTP/1.1" 200 6586 "http://www.helpwithmath.com/Install/saving_running.htm" "Mozilla/4.0 (compatible; MSIE 6.0; Windows NT 5.1; SV1; MEGAUPLOAD 2.0; FDM)"
81.192.40.76 - - [05/Aug/2007:13:49:43 -0700] "GET /Install/setup.exe HTTP/1.1" 304 - "http://www.helpwithmath.com/Install/saving_running.htm" "Mozilla/4.0 (compatible; MSIE 5.00; Windows 98)"
82.101.163.52 - - [05/Aug/2007:13:46:17 -0700] "GET /Install/setup.exe HTTP/1.1" 206 3268131 "http://www.helpwithmath.com/Install/saving_running.htm" "Mozilla/4.0 (compatible; MSIE 6.0; Windows NT 5.1; SV1)"
82.101.163.52 - - [05/Aug/2007:13:48:21 -0700] "GET /Install/setup.exe HTTP/1.1" 206 1545865 "http://www.helpwithmath.com/Install/saving_running.htm" "Mozilla/4.0 (compatible; MSIE 6.0; Windows NT 5.1; SV1)"
81.192.120.137 - - [05/Aug/2007:13:49:44 -0700] "GET /glblnav_selected.gif HTTP/1.1" 200 158 "http://www.helpwithmath.com/" "Mozilla/4.0 (compatible; MSIE 6.0; Windows NT 5.1; SV1; MEGAUPLOAD 2.0)"
81.192.120.137 - - [05/Aug/2007:13:49:45 -0700] "GET /download.php HTTP/1.1" 200 9885 "http://www.helpwithmath.com/" "Mozilla/4.0 (compatible; MSIE 6.0; Windows NT 5.1; SV1; MEGAUPLOAD 2.0)"
82.101.163.52 - - [05/Aug/2007:13:48:23 -0700] "GET /Install/setup.exe HTTP/1.1" 206 1460904 "http://www.helpwithmath.com/Install/saving_running.htm" "Mozilla/4.0 (compatible; MSIE 6.0; Windows NT 5.1; SV1)"
80.249.71.20 - - [05/Aug/2007:13:47:20 -0700] "GET /Install/setup.exe HTTP/1.1" 206 13071140 "http://www.helpwithmath.com/Install/saving_running.htm" "Mozilla/4.0 (compatible; MSIE 6.0; Windows NT 5.1; SV1; Mozilla/4.0 (compatible; MSIE 6.0; Windows NT 5.1; SV1) )"
81.192.120.137 - - [05/Aug/2007:13:50:09 -0700] "POST /download2.php HTTP/1.1" 302 9166 "http://www.helpwithmath.com/download.php" "Mozilla/4.0 (compatible; MSIE 6.0; Windows NT 5.1; SV1; MEGAUPLOAD 2.0)"
81.192.120.137 - - [05/Aug/2007:13:50:10 -0700] "GET /download3.php?ProductType=individual HTTP/1.1" 302 8680 "http://www.helpwithmath.com/download.php" "Mozilla/4.0 (compatible; MSIE 6.0; Windows NT 5.1; SV1; MEGAUPLOAD 2.0)"
81.192.120.137 - - [05/Aug/2007:13:50:11 -0700] "GET /purchase.php?WhichDisk=&ProductType=individual HTTP/1.1" 200 11698 "http://www.helpwithmath.com/download.php" "Mozilla/4.0 (compatible; MSIE 6.0; Windows NT 5.1; SV1; MEGAUPLOAD 2.0)"
196.12.206.89 - - [05/Aug/2007:13:49:54 -0700] "GET /Install/setup.exe HTTP/1.1" 206 13072520 "http://www.helpwithmath.com/Install/saving_running.htm" "Mozilla/4.0 (compatible; MSIE 6.0; Windows NT 5.1; SV1; MEGAUPLOAD 2.0; FDM)"
82.101.163.52 - - [05/Aug/2007:13:49:35 -0700] "GET /Install/setup.exe HTTP/1.1" 206 1650985 "http://www.helpwithmath.com/Install/saving_running.htm" "Mozilla/4.0 (compatible; MSIE 6.0; Windows NT 5.1; SV1)"
82.101.163.52 - - [05/Aug/2007:13:49:39 -0700] "GET /Install/setup.exe HTTP/1.1" 206 1593384 "http://www.helpwithmath.com/Install/saving_running.htm" "Mozilla/4.0 (compatible; MSIE 6.0; Windows NT 5.1; SV1)"
82.101.163.52 - - [05/Aug/2007:13:48:55 -0700] "GET /Install/setup.exe HTTP/1.1" 206 1468464 "http://www.helpwithmath.com/Install/saving_running.htm" "Mozilla/4.0 (compatible; MSIE 6.0; Windows NT 5.1; SV1)"
196.12.206.89 - - [05/Aug/2007:13:50:16 -0700] "GET /Install/setup.exe HTTP/1.1" 206 1633893 "http://www.helpwithmath.com/Install/saving_running.htm" "Mozilla/4.0 (compatible; MSIE 6.0; Windows NT 5.1; SV1; MEGAUPLOAD 2.0; FDM)"
41.201.211.161 - - [05/Aug/2007:13:51:08 -0700] "GET /Install/setup.exe HTTP/1.1" 200 13072520 "http://www.helpwithmath.com/Install/saving_running.htm" "Opera/9.21 (Windows NT 5.1; U; fr)"
196.12.206.89 - - [05/Aug/2007:13:50:01 -0700] "GET /Install/setup.exe HTTP/1.1" 206 9803356 "http://www.helpwithmath.com/Install/saving_running.htm" "Mozilla/4.0 (compatible; MSIE 6.0; Windows NT 5.1; SV1; MEGAUPLOAD 2.0; FDM)"
196.12.206.89 - - [05/Aug/2007:13:50:16 -0700] "GET /Install/setup.exe HTTP/1.1" 206 4900988 "http://www.helpwithmath.com/Install/saving_running.htm" "Mozilla/4.0 (compatible; MSIE 6.0; Windows NT 5.1; SV1; MEGAUPLOAD 2.0; FDM)"
196.12.206.89 - - [05/Aug/2007:13:50:21 -0700] "GET /Install/setup.exe HTTP/1.1" 206 1631823 "http://www.helpwithmath.com/Install/saving_running.htm" "Mozilla/4.0 (compatible; MSIE 6.0; Windows NT 5.1; SV1; MEGAUPLOAD 2.0; FDM)"
82.101.163.52 - - [05/Aug/2007:13:48:38 -0700] "GET /Install/setup.exe HTTP/1.1" 206 1596264 "http://www.helpwithmath.com/Install/saving_running.htm" "Mozilla/4.0 (compatible; MSIE 6.0; Windows NT 5.1; SV1)"
82.101.163.52 - - [05/Aug/2007:13:48:28 -0700] "GET /Install/setup.exe HTTP/1.1" 206 1504106 "http://www.helpwithmath.com/Install/saving_running.htm" "Mozilla/4.0 (compatible; MSIE 6.0; Windows NT 5.1; SV1)"
::1 - - [05/Aug/2007:13:52:41 -0700] "GET /" 400 669 "-" "-"
196.12.206.89 - - [05/Aug/2007:13:50:43 -0700] "GET /Install/setup.exe HTTP/1.1" 206 1633201 "http://www.helpwithmath.com/Install/saving_running.htm" "Mozilla/4.0 (compatible; MSIE 6.0; Windows NT 5.1; SV1; MEGAUPLOAD 2.0; FDM)"
196.12.206.89 - - [05/Aug/2007:13:51:34 -0700] "GET /Install/setup.exe HTTP/1.1" 206 1616643 "http://www.helpwithmath.com/Install/saving_running.htm" "Mozilla/4.0 (compatible; MSIE 6.0; Windows NT 5.1; SV1; MEGAUPLOAD 2.0; FDM)"
::1 - - [05/Aug/2007:13:52:43 -0700] "GET /" 400 669 "-" "-"
81.192.40.76 - - [05/Aug/2007:13:46:54 -0700] "GET /Install/setup.exe HTTP/1.1" 206 1960878 "http://www.mathxpert.com/Install/saving_running.htm" "Mozilla/4.0 (compatible; MSIE 5.00; Windows 98)"
196.12.206.89 - - [05/Aug/2007:13:51:49 -0700] "GET /Install/setup.exe HTTP/1.1" 206 4915476 "http://www.helpwithmath.com/Install/saving_running.htm" "Mozilla/4.0 (compatible; MSIE 6.0; Windows NT 5.1; SV1; MEGAUPLOAD 2.0; FDM)"
196.12.206.89 - - [05/Aug/2007:13:51:49 -0700] "GET /Install/setup.exe HTTP/1.1" 206 1635272 "http://www.helpwithmath.com/Install/saving_running.htm" "Mozilla/4.0 (compatible; MSIE 6.0; Windows NT 5.1; SV1; MEGAUPLOAD 2.0; FDM)"
196.12.206.89 - - [05/Aug/2007:13:51:54 -0700] "GET /Install/setup.exe HTTP/1.1" 206 1594563 "http://www.helpwithmath.com/Install/saving_running.htm" "Mozilla/4.0 (compatible; MSIE 6.0; Windows NT 5.1; SV1; MEGAUPLOAD 2.0; FDM)"
::1 - - [05/Aug/2007:13:52:53 -0700] "GET /" 400 669 "-" "-"
::1 - - [05/Aug/2007:13:52:54 -0700] "GET /" 400 669 "-" "-"
::1 - - [05/Aug/2007:13:52:55 -0700] "GET /" 400 669 "-" "-"
82.101.163.52 - - [05/Aug/2007:13:49:21 -0700] "GET /Install/setup.exe HTTP/1.1" 206 1351825 "http://www.helpwithmath.com/Install/saving_running.htm" "Mozilla/4.0 (compatible; MSIE 6.0; Windows NT 5.1; SV1)"
196.12.206.89 - - [05/Aug/2007:13:52:55 -0700] "GET /Install/setup.exe HTTP/1.1" 206 1644241 "http://www.helpwithmath.com/Install/saving_running.htm" "Mozilla/4.0 (compatible; MSIE 6.0; Windows NT 5.1; SV1; MEGAUPLOAD 2.0; FDM)"
196.12.206.89 - - [05/Aug/2007:13:52:55 -0700] "GET /Install/setup.exe HTTP/1.1" 206 3285725 "http://www.helpwithmath.com/Install/saving_running.htm" "Mozilla/4.0 (compatible; MSIE 6.0; Windows NT 5.1; SV1; MEGAUPLOAD 2.0; FDM)"
196.12.206.89 - - [05/Aug/2007:13:52:55 -0700] "GET /Install/setup.exe HTTP/1.1" 206 1636653 "http://www.helpwithmath.com/Install/saving_running.htm" "Mozilla/4.0 (compatible; MSIE 6.0; Windows NT 5.1; SV1; MEGAUPLOAD 2.0; FDM)"
196.12.206.89 - - [05/Aug/2007:13:52:55 -0700] "GET /Install/setup.exe HTTP/1.1" 206 1627683 "http://www.helpwithmath.com/Install/saving_running.htm" "Mozilla/4.0 (compatible; MSIE 6.0; Windows NT 5.1; SV1; MEGAUPLOAD 2.0; FDM)"
::1 - - [05/Aug/2007:13:53:21 -0700] "GET /" 400 669 "-" "-"
::1 - - [05/Aug/2007:13:53:22 -0700] "GET /" 400 669 "-" "-"
::1 - - [05/Aug/2007:13:53:28 -0700] "GET /" 400 669 "-" "-"
::1 - - [05/Aug/2007:13:53:46 -0700] "GET /" 400 669 "-" "-"
196.12.206.89 - - [05/Aug/2007:13:52:02 -0700] "GET /Install/setup.exe HTTP/1.1" 206 1616644 "http://www.helpwithmath.com/Install/saving_running.htm" "Mozilla/4.0 (compatible; MSIE 6.0; Windows NT 5.1; SV1; MEGAUPLOAD 2.0; FDM)"
::1 - - [05/Aug/2007:13:54:00 -0700] "GET /" 400 669 "-" "-"
82.101.163.52 - - [05/Aug/2007:13:50:55 -0700] "GET /Install/setup.exe HTTP/1.1" 206 1354704 "http://www.helpwithmath.com/Install/saving_running.htm" "Mozilla/4.0 (compatible; MSIE 6.0; Windows NT 5.1; SV1)"
82.101.163.52 - - [05/Aug/2007:13:52:17 -0700] "GET /Install/setup.exe HTTP/1.1" 206 1440746 "http://www.helpwithmath.com/Install/saving_running.htm" "Mozilla/4.0 (compatible; MSIE 6.0; Windows NT 5.1; SV1)"
81.192.219.59 - - [05/Aug/2007:13:48:29 -0700] "GET /Install/setup.exe HTTP/1.1" 200 13072520 "http://www.helpwithmath.com/Install/saving_running.htm" "Mozilla/4.0 (compatible; MSIE 6.0; Windows NT 5.1; SV1; Mozilla/4.0 (compatible; MSIE 6.0; Menara); SIMBAR=0; InfoPath.2)"
::1 - - [05/Aug/2007:13:54:43 -0700] "GET /" 400 669 "-" "-"
::1 - - [05/Aug/2007:13:54:49 -0700] "GET /" 400 669 "-" "-"
81.192.40.76 - - [05/Aug/2007:13:53:01 -0700] "GET /Install/setup.exe HTTP/1.1" 206 1791898 "http://www.mathxpert.com/Install/saving_running.htm" "Mozilla/4.0 (compatible; MSIE 5.00; Windows 98)"
::1 - - [05/Aug/2007:13:55:07 -0700] "GET /" 400 669 "-" "-"
::1 - - [05/Aug/2007:13:55:08 -0700] "GET /" 400 669 "-" "-"
81.192.40.76 - - [05/Aug/2007:13:49:27 -0700] "GET /Install/setup.exe HTTP/1.1" 206 2552024 "http://www.mathxpert.com/Install/saving_running.htm" "Mozilla/4.0 (compatible; MSIE 5.00; Windows 98)"
81.192.40.76 - - [05/Aug/2007:13:55:15 -0700] "GET /Install/setup.exe HTTP/1.1" 304 - "http://www.helpwithmath.com/Install/saving_running.htm" "Mozilla/4.0 (compatible; MSIE 5.00; Windows 98)"
82.101.163.52 - - [05/Aug/2007:13:52:43 -0700] "GET /Install/setup.exe HTTP/1.1" 206 1049425 "http://www.helpwithmath.com/Install/saving_running.htm" "Mozilla/4.0 (compatible; MSIE 6.0; Windows NT 5.1; SV1)"
::1 - - [05/Aug/2007:13:55:39 -0700] "GET /" 400 669 "-" "-"
81.192.40.76 - - [05/Aug/2007:13:55:46 -0700] "GET /Install/setup.exe HTTP/1.1" 304 - "http://www.helpwithmath.com/Install/saving_running.htm" "Mozilla/4.0 (compatible; MSIE 5.00; Windows 98)"
82.101.163.52 - - [05/Aug/2007:13:53:52 -0700] "GET /Install/setup.exe HTTP/1.1" 206 1083984 "http://www.helpwithmath.com/Install/saving_running.htm" "Mozilla/4.0 (compatible; MSIE 6.0; Windows NT 5.1; SV1)"
196.12.206.89 - - [05/Aug/2007:13:49:58 -0700] "GET /Install/setup.exe HTTP/1.1" 206 6535571 "http://www.helpwithmath.com/Install/saving_running.htm" "Mozilla/4.0 (compatible; MSIE 6.0; Windows NT 5.1; SV1; MEGAUPLOAD 2.0; FDM)"
82.101.163.52 - - [05/Aug/2007:13:48:55 -0700] "GET /Install/setup.exe HTTP/1.1" 206 1543346 "http://www.helpwithmath.com/Install/saving_running.htm" "Mozilla/4.0 (compatible; MSIE 6.0; Windows NT 5.1; SV1)"
196.12.206.89 - - [05/Aug/2007:13:50:22 -0700] "GET /Install/setup.exe HTTP/1.1" 206 1630444 "http://www.helpwithmath.com/Install/saving_running.htm" "Mozilla/4.0 (compatible; MSIE 6.0; Windows NT 5.1; SV1; MEGAUPLOAD 2.0; FDM)"
196.12.206.89 - - [05/Aug/2007:13:50:01 -0700] "GET /Install/setup.exe HTTP/1.1" 206 3267786 "http://www.helpwithmath.com/Install/saving_running.htm" "Mozilla/4.0 (compatible; MSIE 6.0; Windows NT 5.1; SV1; MEGAUPLOAD 2.0; FDM)"
::1 - - [05/Aug/2007:13:56:25 -0700] "GET /" 400 669 "-" "-"
::1 - - [05/Aug/2007:13:56:26 -0700] "GET /" 400 669 "-" "-"
::1 - - [05/Aug/2007:13:56:27 -0700] "GET /" 400 669 "-" "-"
81.192.40.76 - - [05/Aug/2007:13:55:20 -0700] "GET /Install/setup.exe HTTP/1.1" 206 1743618 "http://www.mathxpert.com/Install/saving_running.htm" "Mozilla/4.0 (compatible; MSIE 5.00; Windows 98)"
82.101.163.52 - - [05/Aug/2007:13:53:22 -0700] "GET /Install/setup.exe HTTP/1.1" 206 1423466 "http://www.helpwithmath.com/Install/saving_running.htm" "Mozilla/4.0 (compatible; MSIE 6.0; Windows NT 5.1; SV1)"
196.12.206.89 - - [05/Aug/2007:13:51:31 -0700] "GET /Install/setup.exe HTTP/1.1" 206 1613193 "http://www.helpwithmath.com/Install/saving_running.htm" "Mozilla/4.0 (compatible; MSIE 6.0; Windows NT 5.1; SV1; MEGAUPLOAD 2.0; FDM)"
::1 - - [05/Aug/2007:13:56:54 -0700] "GET /" 400 669 "-" "-"
82.101.163.52 - - [05/Aug/2007:13:48:58 -0700] "GET /Install/setup.exe HTTP/1.1" 206 1482866 "http://www.helpwithmath.com/Install/saving_running.htm" "Mozilla/4.0 (compatible; MSIE 6.0; Windows NT 5.1; SV1)"
82.101.163.52 - - [05/Aug/2007:13:50:58 -0700] "GET /Install/setup.exe HTTP/1.1" 206 1590504 "http://www.helpwithmath.com/Install/saving_running.htm" "Mozilla/4.0 (compatible; MSIE 6.0; Windows NT 5.1; SV1)"
82.101.163.52 - - [05/Aug/2007:13:56:14 -0700] "GET /Install/setup.exe HTTP/1.1" 206 764304 "http://www.helpwithmath.com/Install/saving_running.htm" "Mozilla/4.0 (compatible; MSIE 6.0; Windows NT 5.1; SV1)"
82.101.163.52 - - [05/Aug/2007:13:51:51 -0700] "GET /Install/setup.exe HTTP/1.1" 206 1462344 "http://www.helpwithmath.com/Install/saving_running.htm" "Mozilla/4.0 (compatible; MSIE 6.0; Windows NT 5.1; SV1)"
82.101.163.52 - - [05/Aug/2007:13:57:06 -0700] "GET /Install/setup.exe HTTP/1.1" 206 347411 "http://www.helpwithmath.com/Install/saving_running.htm" "Mozilla/4.0 (compatible; MSIE 6.0; Windows NT 5.1; SV1)"
81.192.40.76 - - [05/Aug/2007:13:49:18 -0700] "GET /Install/setup.exe HTTP/1.1" 206 11688588 "http://www.mathxpert.com/Install/saving_running.htm" "Mozilla/4.0 (compatible; MSIE 5.00; Windows 98)"
82.101.163.52 - - [05/Aug/2007:13:51:04 -0700] "GET /Install/setup.exe HTTP/1.1" 206 1506985 "http://www.helpwithmath.com/Install/saving_running.htm" "Mozilla/4.0 (compatible; MSIE 6.0; Windows NT 5.1; SV1)"
82.101.163.52 - - [05/Aug/2007:13:56:30 -0700] "GET /Install/setup.exe HTTP/1.1" 206 1663944 "http://www.helpwithmath.com/Install/saving_running.htm" "Mozilla/4.0 (compatible; MSIE 6.0; Windows NT 5.1; SV1)"
196.12.206.89 - - [05/Aug/2007:13:52:43 -0700] "GET /Install/setup.exe HTTP/1.1" 206 1633203 "http://www.helpwithmath.com/Install/saving_running.htm" "Mozilla/4.0 (compatible; MSIE 6.0; Windows NT 5.1; SV1; MEGAUPLOAD 2.0; FDM)"
196.12.206.89 - - [05/Aug/2007:13:52:02 -0700] "GET /Install/setup.exe HTTP/1.1" 206 6495551 "http://www.helpwithmath.com/Install/saving_running.htm" "Mozilla/4.0 (compatible; MSIE 6.0; Windows NT 5.1; SV1; MEGAUPLOAD 2.0; FDM)"
196.12.206.89 - - [05/Aug/2007:13:52:02 -0700] "GET /Install/setup.exe HTTP/1.1" 206 3234666 "http://www.helpwithmath.com/Install/saving_running.htm" "Mozilla/4.0 (compatible; MSIE 6.0; Windows NT 5.1; SV1; MEGAUPLOAD 2.0; FDM)"
82.101.163.52 - - [05/Aug/2007:13:56:30 -0700] "GET /Install/setup.exe HTTP/1.1" 206 1296373 "http://www.helpwithmath.com/Install/saving_running.htm" "Mozilla/4.0 (compatible; MSIE 6.0; Windows NT 5.1; SV1)"
::1 - - [05/Aug/2007:13:58:00 -0700] "GET /" 400 669 "-" "-"
::1 - - [05/Aug/2007:13:58:01 -0700] "GET /" 400 669 "-" "-"
::1 - - [05/Aug/2007:13:58:02 -0700] "GET /" 400 669 "-" "-"
82.101.163.52 - - [05/Aug/2007:13:57:11 -0700] "GET /Install/setup.exe HTTP/1.1" 206 1307894 "http://www.helpwithmath.com/Install/saving_running.htm" "Mozilla/4.0 (compatible; MSIE 6.0; Windows NT 5.1; SV1)"
82.101.163.52 - - [05/Aug/2007:13:58:02 -0700] "GET /Install/setup.exe HTTP/1.1" 206 151033 "http://www.helpwithmath.com/Install/saving_running.htm" "Mozilla/4.0 (compatible; MSIE 6.0; Windows NT 5.1; SV1)"
82.101.163.52 - - [05/Aug/2007:13:57:04 -0700] "GET /Install/setup.exe HTTP/1.1" 206 533544 "http://www.helpwithmath.com/Install/saving_running.htm" "Mozilla/4.0 (compatible; MSIE 6.0; Windows NT 5.1; SV1)"
82.101.163.52 - - [05/Aug/2007:13:58:26 -0700] "GET /Install/setup.exe HTTP/1.1" 206 55894 "http://www.helpwithmath.com/Install/saving_running.htm" "Mozilla/4.0 (compatible; MSIE 6.0; Windows NT 5.1; SV1)"
82.101.163.52 - - [05/Aug/2007:13:57:44 -0700] "GET /Install/setup.exe HTTP/1.1" 206 188473 "http://www.helpwithmath.com/Install/saving_running.htm" "Mozilla/4.0 (compatible; MSIE 6.0; Windows NT 5.1; SV1)"
::1 - - [05/Aug/2007:13:58:38 -0700] "GET /" 400 669 "-" "-"
82.101.163.52 - - [05/Aug/2007:13:58:36 -0700] "GET /Install/setup.exe HTTP/1.1" 206 25067 "http://www.helpwithmath.com/Install/saving_running.htm" "Mozilla/4.0 (compatible; MSIE 6.0; Windows NT 5.1; SV1)"
82.101.163.52 - - [05/Aug/2007:13:58:38 -0700] "GET /Install/setup.exe HTTP/1.1" 206 20077 "http://www.helpwithmath.com/Install/saving_running.htm" "Mozilla/4.0 (compatible; MSIE 6.0; Windows NT 5.1; SV1)"
82.101.163.52 - - [05/Aug/2007:13:56:55 -0700] "GET /Install/setup.exe HTTP/1.1" 206 758544 "http://www.helpwithmath.com/Install/saving_running.htm" "Mozilla/4.0 (compatible; MSIE 6.0; Windows NT 5.1; SV1)"
::1 - - [05/Aug/2007:13:58:41 -0700] "GET /" 400 669 "-" "-"
82.101.163.52 - - [05/Aug/2007:13:58:42 -0700] "GET /Install/setup.exe HTTP/1.1" 206 14267 "http://www.helpwithmath.com/Install/saving_running.htm" "Mozilla/4.0 (compatible; MSIE 6.0; Windows NT 5.1; SV1)"
82.101.163.52 - - [05/Aug/2007:13:58:41 -0700] "GET /Install/setup.exe HTTP/1.1" 206 18454 "http://www.helpwithmath.com/Install/saving_running.htm" "Mozilla/4.0 (compatible; MSIE 6.0; Windows NT 5.1; SV1)"
82.101.163.52 - - [05/Aug/2007:13:55:19 -0700] "GET /Install/setup.exe HTTP/1.1" 206 903985 "http://www.helpwithmath.com/Install/saving_running.htm" "Mozilla/4.0 (compatible; MSIE 6.0; Windows NT 5.1; SV1)"
::1 - - [05/Aug/2007:13:58:44 -0700] "GET /" 400 669 "-" "-"
82.101.163.52 - - [05/Aug/2007:13:57:40 -0700] "GET /Install/setup.exe HTTP/1.1" 206 275412 "http://www.helpwithmath.com/Install/saving_running.htm" "Mozilla/4.0 (compatible; MSIE 6.0; Windows NT 5.1; SV1)"
82.101.163.52 - - [05/Aug/2007:13:58:45 -0700] "GET /Install/setup.exe HTTP/1.1" 206 14266 "http://www.helpwithmath.com/Install/saving_running.htm" "Mozilla/4.0 (compatible; MSIE 6.0; Windows NT 5.1; SV1)"
82.101.163.52 - - [05/Aug/2007:13:58:45 -0700] "GET /Install/setup.exe HTTP/1.1" 206 5492 "http://www.helpwithmath.com/Install/saving_running.htm" "Mozilla/4.0 (compatible; MSIE 6.0; Windows NT 5.1; SV1)"
82.101.163.52 - - [05/Aug/2007:13:58:42 -0700] "GET /Install/setup.exe HTTP/1.1" 206 12533 "http://www.helpwithmath.com/Install/saving_running.htm" "Mozilla/4.0 (compatible; MSIE 6.0; Windows NT 5.1; SV1)"
82.101.163.52 - - [05/Aug/2007:13:58:47 -0700] "GET /Install/setup.exe HTTP/1.1" 206 3252 "http://www.helpwithmath.com/Install/saving_running.htm" "Mozilla/4.0 (compatible; MSIE 6.0; Windows NT 5.1; SV1)"
82.101.163.52 - - [05/Aug/2007:13:58:44 -0700] "GET /Install/setup.exe HTTP/1.1" 206 50132 "http://www.helpwithmath.com/Install/saving_running.htm" "Mozilla/4.0 (compatible; MSIE 6.0; Windows NT 5.1; SV1)"
82.101.163.52 - - [05/Aug/2007:13:58:48 -0700] "GET /Install/setup.exe HTTP/1.1" 206 9652 "http://www.helpwithmath.com/Install/saving_running.htm" "Mozilla/4.0 (compatible; MSIE 6.0; Windows NT 5.1; SV1)"
82.101.163.52 - - [05/Aug/2007:13:56:18 -0700] "GET /Install/setup.exe HTTP/1.1" 206 2475770 "http://www.helpwithmath.com/Install/saving_running.htm" "Mozilla/4.0 (compatible; MSIE 6.0; Windows NT 5.1; SV1)"
::1 - - [05/Aug/2007:13:58:50 -0700] "GET /" 400 669 "-" "-"
::1 - - [05/Aug/2007:13:58:51 -0700] "GET /" 400 669 "-" "-"
::1 - - [05/Aug/2007:13:58:52 -0700] "GET /" 400 669 "-" "-"
::1 - - [05/Aug/2007:13:58:53 -0700] "GET /" 400 669 "-" "-"
::1 - - [05/Aug/2007:13:58:54 -0700] "GET /" 400 669 "-" "-"
82.101.163.52 - - [05/Aug/2007:13:58:36 -0700] "GET /Install/setup.exe HTTP/1.1" 206 50133 "http://www.helpwithmath.com/Install/saving_running.htm" "Mozilla/4.0 (compatible; MSIE 6.0; Windows NT 5.1; SV1)"
::1 - - [05/Aug/2007:13:58:56 -0700] "GET /" 400 669 "-" "-"
82.101.163.52 - - [05/Aug/2007:13:58:26 -0700] "GET /Install/setup.exe HTTP/1.1" 206 111786 "http://www.helpwithmath.com/Install/saving_running.htm" "Mozilla/4.0 (compatible; MSIE 6.0; Windows NT 5.1; SV1)"
::1 - - [05/Aug/2007:13:58:57 -0700] "GET /" 400 669 "-" "-"
196.12.206.91 - - [05/Aug/2007:13:59:02 -0700] "GET /Install/saving_running.htm HTTP/1.1" 304 - "http://www.startimes2.com/f.aspx?t=4191552" "Mozilla/4.0 (compatible; MSIE 6.0; Windows NT 5.1; SV1; MEGAUPLOAD 2.0; FDM)"
82.101.163.52 - - [05/Aug/2007:13:57:38 -0700] "GET /Install/setup.exe HTTP/1.1" 206 340211 "http://www.helpwithmath.com/Install/saving_running.htm" "Mozilla/4.0 (compatible; MSIE 6.0; Windows NT 5.1; SV1)"
::1 - - [05/Aug/2007:13:59:10 -0700] "GET /" 400 669 "-" "-"
41.249.3.120 - - [05/Aug/2007:13:43:16 -0700] "GET /Install/setup.exe HTTP/1.1" 206 13071068 "-" "Mozilla/4.0 (compatible; MSIE 6.0; Windows NT 5.1; SV1)"
81.192.40.76 - - [05/Aug/2007:13:49:18 -0700] "GET /Install/setup.exe HTTP/1.1" 206 3208034 "http://www.mathxpert.com/Install/saving_running.htm" "Mozilla/4.0 (compatible; MSIE 5.00; Windows 98)"
::1 - - [05/Aug/2007:13:59:27 -0700] "GET /" 400 669 "-" "-"
81.192.40.76 - - [05/Aug/2007:13:56:56 -0700] "GET /Install/setup.exe HTTP/1.1" 206 1719478 "http://www.mathxpert.com/Install/saving_running.htm" "Mozilla/4.0 (compatible; MSIE 5.00; Windows 98)"
::1 - - [05/Aug/2007:13:59:32 -0700] "GET /" 400 669 "-" "-"
81.192.40.76 - - [05/Aug/2007:13:59:16 -0700] "GET /Install/setup.exe HTTP/1.1" 206 2691154 "http://www.mathxpert.com/Install/saving_running.htm" "Mozilla/4.0 (compatible; MSIE 5.00; Windows 98)"
::1 - - [05/Aug/2007:13:59:34 -0700] "GET /" 400 669 "-" "-"
81.192.40.76 - - [05/Aug/2007:13:46:43 -0700] "GET /Install/setup.exe HTTP/1.1" 206 1307252 "http://www.mathxpert.com/Install/saving_running.htm" "Mozilla/4.0 (compatible; MSIE 5.00; Windows 98)"
::1 - - [05/Aug/2007:13:59:38 -0700] "GET /" 400 669 "-" "-"
81.192.40.76 - - [05/Aug/2007:13:46:54 -0700] "GET /Install/setup.exe HTTP/1.1" 206 653626 "http://www.mathxpert.com/Install/saving_running.htm" "Mozilla/4.0 (compatible; MSIE 5.00; Windows 98)"
::1 - - [05/Aug/2007:13:59:39 -0700] "GET /" 400 669 "-" "-"
::1 - - [05/Aug/2007:13:59:42 -0700] "GET /" 400 669 "-" "-"
::1 - - [05/Aug/2007:14:00:13 -0700] "GET /" 400 669 "-" "-"
::1 - - [05/Aug/2007:14:00:18 -0700] "GET /" 400 669 "-" "-"
::1 - - [05/Aug/2007:14:00:19 -0700] "GET /" 400 669 "-" "-"
196.12.206.91 - - [05/Aug/2007:14:00:36 -0700] "GET /Install/saving_running.htm HTTP/1.1" 304 - "http://www.startimes2.com/f.aspx?t=4191552" "Mozilla/4.0 (compatible; MSIE 6.0; Windows NT 5.1; SV1; MEGAUPLOAD 2.0; FDM)"
41.250.45.123 - - [05/Aug/2007:14:00:50 -0700] "GET /Install/saving_running.htm HTTP/1.1" 200 4541 "http://www.startimes2.com/f.aspx?t=4191552" "Mozilla/4.0 (compatible; MSIE 6.0; Windows NT 5.1; SV1; .NET CLR 1.1.4322; InfoPath.2; MEGAUPLOAD 1.0)"
41.250.45.123 - - [05/Aug/2007:14:00:51 -0700] "GET /Install/oci_header.jpg HTTP/1.1" 200 6586 "http://www.helpwithmath.com/Install/saving_running.htm" "Mozilla/4.0 (compatible; MSIE 6.0; Windows NT 5.1; SV1; .NET CLR 1.1.4322; InfoPath.2; MEGAUPLOAD 1.0)"
41.250.45.123 - - [05/Aug/2007:14:00:51 -0700] "GET /Install/header_fill.jpg HTTP/1.1" 200 578 "http://www.helpwithmath.com/Install/saving_running.htm" "Mozilla/4.0 (compatible; MSIE 6.0; Windows NT 5.1; SV1; .NET CLR 1.1.4322; InfoPath.2; MEGAUPLOAD 1.0)"
196.12.206.91 - - [05/Aug/2007:14:01:36 -0700] "GET /Install/header_fill.jpg HTTP/1.1" 304 - "http://www.helpwithmath.com/Install/saving_running.htm" "Mozilla/4.0 (compatible; MSIE 6.0; Windows NT 5.1; SV1; MEGAUPLOAD 2.0; FDM)"
41.250.45.123 - - [05/Aug/2007:14:00:54 -0700] "GET /Install/setup.exe HTTP/1.1" 200 13072520 "http://www.helpwithmath.com/Install/saving_running.htm" "Mozilla/4.0 (compatible; MSIE 6.0; Windows NT 5.1; SV1; .NET CLR 1.1.4322; InfoPath.2; MEGAUPLOAD 1.0)"
196.12.206.91 - - [05/Aug/2007:14:01:39 -0700] "GET /Install/oci_header.jpg HTTP/1.1" 304 - "http://www.helpwithmath.com/Install/saving_running.htm" "Mozilla/4.0 (compatible; MSIE 6.0; Windows NT 5.1; SV1; MEGAUPLOAD 2.0; FDM)"
::1 - - [05/Aug/2007:14:01:54 -0700] "GET /" 400 669 "-" "-"
::1 - - [05/Aug/2007:14:01:57 -0700] "GET /" 400 669 "-" "-"
81.192.40.76 - - [05/Aug/2007:13:55:20 -0700] "GET /Install/setup.exe HTTP/1.1" 206 2323851 "http://www.mathxpert.com/Install/saving_running.htm" "Mozilla/4.0 (compatible; MSIE 5.00; Windows 98)"
196.12.206.91 - - [05/Aug/2007:14:03:29 -0700] "GET /Install/setup.exe HTTP/1.1" 206 1632858 "http://www.helpwithmath.com/Install/saving_running.htm" "Mozilla/4.0 (compatible; MSIE 6.0; Windows NT 5.1; SV1; MEGAUPLOAD 2.0; FDM)"
196.12.206.91 - - [05/Aug/2007:14:03:29 -0700] "GET /Install/setup.exe HTTP/1.1" 206 1632169 "http://www.helpwithmath.com/Install/saving_running.htm" "Mozilla/4.0 (compatible; MSIE 6.0; Windows NT 5.1; SV1; MEGAUPLOAD 2.0; FDM)"
81.192.40.76 - - [05/Aug/2007:13:57:41 -0700] "GET /Install/setup.exe HTTP/1.1" 206 11489788 "http://www.mathxpert.com/Install/saving_running.htm" "Mozilla/4.0 (compatible; MSIE 5.00; Windows 98)"
::1 - - [05/Aug/2007:14:04:30 -0700] "GET /" 400 669 "-" "-"
::1 - - [05/Aug/2007:14:04:31 -0700] "GET /" 400 669 "-" "-"
196.12.206.91 - - [05/Aug/2007:14:03:01 -0700] "GET /Install/setup.exe HTTP/1.1" 206 3267096 "http://www.helpwithmath.com/Install/saving_running.htm" "Mozilla/4.0 (compatible; MSIE 6.0; Windows NT 5.1; SV1; MEGAUPLOAD 2.0; FDM)"
196.12.206.91 - - [05/Aug/2007:14:03:01 -0700] "GET /Install/setup.exe HTTP/1.1" 206 9801286 "http://www.helpwithmath.com/Install/saving_running.htm" "Mozilla/4.0 (compatible; MSIE 6.0; Windows NT 5.1; SV1; MEGAUPLOAD 2.0; FDM)"
::1 - - [05/Aug/2007:14:04:55 -0700] "GET /" 400 669 "-" "-"
::1 - - [05/Aug/2007:14:05:08 -0700] "GET /" 400 669 "-" "-"
196.12.206.91 - - [05/Aug/2007:14:02:52 -0700] "GET /Install/setup.exe HTTP/1.1" 206 13072520 "http://www.helpwithmath.com/Install/saving_running.htm" "Mozilla/4.0 (compatible; MSIE 6.0; Windows NT 5.1; SV1; MEGAUPLOAD 2.0; FDM)"
196.12.206.91 - - [05/Aug/2007:14:03:30 -0700] "GET /Install/setup.exe HTTP/1.1" 206 1631478 "http://www.helpwithmath.com/Install/saving_running.htm" "Mozilla/4.0 (compatible; MSIE 6.0; Windows NT 5.1; SV1; MEGAUPLOAD 2.0; FDM)"
196.12.206.91 - - [05/Aug/2007:14:03:30 -0700] "GET /Install/setup.exe HTTP/1.1" 206 1631478 "http://www.helpwithmath.com/Install/saving_running.htm" "Mozilla/4.0 (compatible; MSIE 6.0; Windows NT 5.1; SV1; MEGAUPLOAD 2.0; FDM)"
196.12.206.91 - - [05/Aug/2007:14:04:20 -0700] "GET /Install/setup.exe HTTP/1.1" 206 3257436 "http://www.helpwithmath.com/Install/saving_running.htm" "Mozilla/4.0 (compatible; MSIE 6.0; Windows NT 5.1; SV1; MEGAUPLOAD 2.0; FDM)"
::1 - - [05/Aug/2007:14:05:47 -0700] "GET /" 400 669 "-" "-"
::1 - - [05/Aug/2007:14:05:48 -0700] "GET /" 400 669 "-" "-"
::1 - - [05/Aug/2007:14:05:49 -0700] "GET /" 400 669 "-" "-"
::1 - - [05/Aug/2007:14:05:50 -0700] "GET /" 400 669 "-" "-"
196.12.206.91 - - [05/Aug/2007:14:04:20 -0700] "GET /Install/setup.exe HTTP/1.1" 206 4905473 "http://www.helpwithmath.com/Install/saving_running.htm" "Mozilla/4.0 (compatible; MSIE 6.0; Windows NT 5.1; SV1; MEGAUPLOAD 2.0; FDM)"
196.12.206.91 - - [05/Aug/2007:14:04:19 -0700] "GET /Install/setup.exe HTTP/1.1" 206 1627337 "http://www.helpwithmath.com/Install/saving_running.htm" "Mozilla/4.0 (compatible; MSIE 6.0; Windows NT 5.1; SV1; MEGAUPLOAD 2.0; FDM)"
196.12.206.91 - - [05/Aug/2007:14:04:20 -0700] "GET /Install/setup.exe HTTP/1.1" 206 8165669 "http://www.helpwithmath.com/Install/saving_running.htm" "Mozilla/4.0 (compatible; MSIE 6.0; Windows NT 5.1; SV1; MEGAUPLOAD 2.0; FDM)"
196.12.206.91 - - [05/Aug/2007:14:03:01 -0700] "GET /Install/setup.exe HTTP/1.1" 206 6534191 "http://www.helpwithmath.com/Install/saving_running.htm" "Mozilla/4.0 (compatible; MSIE 6.0; Windows NT 5.1; SV1; MEGAUPLOAD 2.0; FDM)"
196.12.206.91 - - [05/Aug/2007:14:05:06 -0700] "GET /Install/setup.exe HTTP/1.1" 206 1625267 "http://www.helpwithmath.com/Install/saving_running.htm" "Mozilla/4.0 (compatible; MSIE 6.0; Windows NT 5.1; SV1; MEGAUPLOAD 2.0; FDM)"
196.12.206.91 - - [05/Aug/2007:14:04:22 -0700] "GET /Install/setup.exe HTTP/1.1" 206 1627337 "http://www.helpwithmath.com/Install/saving_running.htm" "Mozilla/4.0 (compatible; MSIE 6.0; Windows NT 5.1; SV1; MEGAUPLOAD 2.0; FDM)"
196.12.206.91 - - [05/Aug/2007:14:04:20 -0700] "GET /Install/setup.exe HTTP/1.1" 206 1630789 "http://www.helpwithmath.com/Install/saving_running.htm" "Mozilla/4.0 (compatible; MSIE 6.0; Windows NT 5.1; SV1; MEGAUPLOAD 2.0; FDM)"
196.12.206.91 - - [05/Aug/2007:14:04:20 -0700] "GET /Install/setup.exe HTTP/1.1" 206 4897194 "http://www.helpwithmath.com/Install/saving_running.htm" "Mozilla/4.0 (compatible; MSIE 6.0; Windows NT 5.1; SV1; MEGAUPLOAD 2.0; FDM)"
196.12.206.91 - - [05/Aug/2007:14:04:38 -0700] "GET /Install/setup.exe HTTP/1.1" 206 1624576 "http://www.helpwithmath.com/Install/saving_running.htm" "Mozilla/4.0 (compatible; MSIE 6.0; Windows NT 5.1; SV1; MEGAUPLOAD 2.0; FDM)"
::1 - - [05/Aug/2007:14:07:38 -0700] "GET /" 400 669 "-" "-"
196.12.206.91 - - [05/Aug/2007:14:06:00 -0700] "GET /Install/setup.exe HTTP/1.1" 206 4894434 "http://www.helpwithmath.com/Install/saving_running.htm" "Mozilla/4.0 (compatible; MSIE 6.0; Windows NT 5.1; SV1; MEGAUPLOAD 2.0; FDM)"
65.54.188.102 - - [05/Aug/2007:14:07:59 -0700] "GET /graphs.php?include=graphcomparesame.html HTTP/1.0" 200 9889 "-" "msnbot/1.0 (+http://search.msn.com/msnbot.htm)"
65.54.188.102 - - [05/Aug/2007:14:07:59 -0700] "GET /graphs.php?include=graphcomparederivs.html HTTP/1.0" 200 8722 "-" "msnbot/1.0 (+http://search.msn.com/msnbot.htm)"
196.12.206.91 - - [05/Aug/2007:14:06:01 -0700] "GET /Install/setup.exe HTTP/1.1" 206 3250536 "http://www.helpwithmath.com/Install/saving_running.htm" "Mozilla/4.0 (compatible; MSIE 6.0; Windows NT 5.1; SV1; MEGAUPLOAD 2.0; FDM)"
::1 - - [05/Aug/2007:14:08:04 -0700] "GET /" 400 669 "-" "-"
::1 - - [05/Aug/2007:14:08:22 -0700] "GET /" 400 669 "-" "-"
::1 - - [05/Aug/2007:14:08:30 -0700] "GET /" 400 669 "-" "-"
196.12.206.91 - - [05/Aug/2007:14:06:04 -0700] "GET /Install/setup.exe HTTP/1.1" 206 6499691 "http://www.helpwithmath.com/Install/saving_running.htm" "Mozilla/4.0 (compatible; MSIE 6.0; Windows NT 5.1; SV1; MEGAUPLOAD 2.0; FDM)"
196.12.206.91 - - [05/Aug/2007:14:06:00 -0700] "GET /Install/setup.exe HTTP/1.1" 206 9793006 "http://www.helpwithmath.com/Install/saving_running.htm" "Mozilla/4.0 (compatible; MSIE 6.0; Windows NT 5.1; SV1; MEGAUPLOAD 2.0; FDM)"
196.12.206.91 - - [05/Aug/2007:14:07:58 -0700] "GET /Install/setup.exe HTTP/1.1" 206 1610087 "http://www.helpwithmath.com/Install/saving_running.htm" "Mozilla/4.0 (compatible; MSIE 6.0; Windows NT 5.1; SV1; MEGAUPLOAD 2.0; FDM)"
196.12.206.91 - - [05/Aug/2007:14:06:01 -0700] "GET /Install/setup.exe HTTP/1.1" 206 11401024 "http://www.helpwithmath.com/Install/saving_running.htm" "Mozilla/4.0 (compatible; MSIE 6.0; Windows NT 5.1; SV1; MEGAUPLOAD 2.0; FDM)"
196.12.206.91 - - [05/Aug/2007:14:08:02 -0700] "GET /Install/setup.exe HTTP/1.1" 206 3251225 "http://www.helpwithmath.com/Install/saving_running.htm" "Mozilla/4.0 (compatible; MSIE 6.0; Windows NT 5.1; SV1; MEGAUPLOAD 2.0; FDM)"
::1 - - [05/Aug/2007:14:08:58 -0700] "GET /" 400 669 "-" "-"
196.12.206.91 - - [05/Aug/2007:14:06:00 -0700] "GET /Install/setup.exe HTTP/1.1" 206 13033880 "http://www.helpwithmath.com/Install/saving_running.htm" "Mozilla/4.0 (compatible; MSIE 6.0; Windows NT 5.1; SV1; MEGAUPLOAD 2.0; FDM)"
196.12.206.91 - - [05/Aug/2007:14:06:00 -0700] "GET /Install/setup.exe HTTP/1.1" 206 1618369 "http://www.helpwithmath.com/Install/saving_running.htm" "Mozilla/4.0 (compatible; MSIE 6.0; Windows NT 5.1; SV1; MEGAUPLOAD 2.0; FDM)"
::1 - - [05/Aug/2007:14:09:00 -0700] "GET /" 400 669 "-" "-"
::1 - - [05/Aug/2007:14:09:01 -0700] "GET /" 400 669 "-" "-"
196.12.206.91 - - [05/Aug/2007:14:06:00 -0700] "GET /Install/setup.exe HTTP/1.1" 206 8133929 "http://www.helpwithmath.com/Install/saving_running.htm" "Mozilla/4.0 (compatible; MSIE 6.0; Windows NT 5.1; SV1; MEGAUPLOAD 2.0; FDM)"
196.12.206.91 - - [05/Aug/2007:14:08:39 -0700] "GET /Install/setup.exe HTTP/1.1" 206 1594216 "http://www.helpwithmath.com/Install/saving_running.htm" "Mozilla/4.0 (compatible; MSIE 6.0; Windows NT 5.1; SV1; MEGAUPLOAD 2.0; FDM)"
196.12.206.91 - - [05/Aug/2007:14:08:40 -0700] "GET /Install/setup.exe HTTP/1.1" 206 3242255 "http://www.helpwithmath.com/Install/saving_running.htm" "Mozilla/4.0 (compatible; MSIE 6.0; Windows NT 5.1; SV1; MEGAUPLOAD 2.0; FDM)"
::1 - - [05/Aug/2007:14:09:59 -0700] "GET /" 400 669 "-" "-"
::1 - - [05/Aug/2007:14:10:00 -0700] "GET /" 400 669 "-" "-"
196.12.206.91 - - [05/Aug/2007:14:08:36 -0700] "GET /Install/setup.exe HTTP/1.1" 206 1583177 "http://www.helpwithmath.com/Install/saving_running.htm" "Mozilla/4.0 (compatible; MSIE 6.0; Windows NT 5.1; SV1; MEGAUPLOAD 2.0; FDM)"
196.12.206.91 - - [05/Aug/2007:14:09:21 -0700] "GET /Install/setup.exe HTTP/1.1" 206 1643896 "http://www.helpwithmath.com/Install/saving_running.htm" "Mozilla/4.0 (compatible; MSIE 6.0; Windows NT 5.1; SV1; MEGAUPLOAD 2.0; FDM)"
196.12.206.91 - - [05/Aug/2007:14:08:48 -0700] "GET /Install/setup.exe HTTP/1.1" 206 1641138 "http://www.helpwithmath.com/Install/saving_running.htm" "Mozilla/4.0 (compatible; MSIE 6.0; Windows NT 5.1; SV1; MEGAUPLOAD 2.0; FDM)"
::1 - - [05/Aug/2007:14:10:53 -0700] "GET /" 400 669 "-" "-"
196.12.206.91 - - [05/Aug/2007:14:08:51 -0700] "GET /Install/setup.exe HTTP/1.1" 206 4897193 "http://www.helpwithmath.com/Install/saving_running.htm" "Mozilla/4.0 (compatible; MSIE 6.0; Windows NT 5.1; SV1; MEGAUPLOAD 2.0; FDM)"
::1 - - [05/Aug/2007:14:10:57 -0700] "GET /" 400 669 "-" "-"
196.12.206.91 - - [05/Aug/2007:14:08:39 -0700] "GET /Install/setup.exe HTTP/1.1" 206 1608707 "http://www.helpwithmath.com/Install/saving_running.htm" "Mozilla/4.0 (compatible; MSIE 6.0; Windows NT 5.1; SV1; MEGAUPLOAD 2.0; FDM)"
::1 - - [05/Aug/2007:14:11:53 -0700] "GET /" 400 669 "-" "-"
196.12.206.91 - - [05/Aug/2007:14:08:39 -0700] "GET /Install/setup.exe HTTP/1.1" 206 4858552 "http://www.helpwithmath.com/Install/saving_running.htm" "Mozilla/4.0 (compatible; MSIE 6.0; Windows NT 5.1; SV1; MEGAUPLOAD 2.0; FDM)"
