66.37.53.248 - - [05/Aug/2007:14:56:24 -0700] "GET /glbnav_right.gif HTTP/1.1" 200 578 "http://www.helpwithmath.com/?gclid=CLOp5IWu340CFSasGgod2h00mQ" "Mozilla/4.0 (compatible; MSIE 6.0; Windows 98; Win 9x 4.90; .NET CLR 1.1.4322)"
66.37.53.248 - - [05/Aug/2007:14:56:24 -0700] "GET /include/Ramanujan1-quality15.jpg HTTP/1.1" 200 34375 "http://www.helpwithmath.com/?gclid=CLOp5IWu340CFSasGgod2h00mQ" "Mozilla/4.0 (compatible; MSIE 6.0; Windows 98; Win 9x 4.90; .NET CLR 1.1.4322)"
66.37.53.248 - - [05/Aug/2007:14:56:25 -0700] "GET /Spacer.gif HTTP/1.1" 200 52 "http://www.helpwithmath.com/?gclid=CLOp5IWu340CFSasGgod2h00mQ" "Mozilla/4.0 (compatible; MSIE 6.0; Windows 98; Win 9x 4.90; .NET CLR 1.1.4322)"
66.37.53.248 - - [05/Aug/2007:14:56:25 -0700] "GET /demo/step4a.gif HTTP/1.1" 200 18054 "http://www.helpwithmath.com/?gclid=CLOp5IWu340CFSasGgod2h00mQ" "Mozilla/4.0 (compatible; MSIE 6.0; Windows 98; Win 9x 4.90; .NET CLR 1.1.4322)"
::1 - - [05/Aug/2007:14:56:26 -0700] "GET /" 400 669 "-" "-"
66.37.53.248 - - [05/Aug/2007:14:56:25 -0700] "GET /demo/image4.gif HTTP/1.1" 200 17692 "http://www.helpwithmath.com/?gclid=CLOp5IWu340CFSasGgod2h00mQ" "Mozilla/4.0 (compatible; MSIE 6.0; Windows 98; Win 9x 4.90; .NET CLR 1.1.4322)"
::1 - - [05/Aug/2007:14:56:27 -0700] "GET /" 400 669 "-" "-"
66.37.53.248 - - [05/Aug/2007:14:56:27 -0700] "GET /TransparentMathXpertLogo.gif HTTP/1.1" 200 1845 "http://www.helpwithmath.com/?gclid=CLOp5IWu340CFSasGgod2h00mQ" "Mozilla/4.0 (compatible; MSIE 6.0; Windows 98; Win 9x 4.90; .NET CLR 1.1.4322)"
66.37.53.248 - - [05/Aug/2007:14:56:26 -0700] "GET /include/Background.gif HTTP/1.1" 200 52448 "http://www.helpwithmath.com/?gclid=CLOp5IWu340CFSasGgod2h00mQ" "Mozilla/4.0 (compatible; MSIE 6.0; Windows 98; Win 9x 4.90; .NET CLR 1.1.4322)"
::1 - - [05/Aug/2007:14:56:28 -0700] "GET /" 400 669 "-" "-"
::1 - - [05/Aug/2007:14:56:29 -0700] "GET /" 400 669 "-" "-"
196.12.206.89 - - [05/Aug/2007:14:55:00 -0700] "GET /Install/setup.exe HTTP/1.1" 206 1918518 "http://www.helpwithmath.com/Install/saving_running.htm" "Mozilla/4.0 (compatible; MSIE 6.0; Windows NT 5.1; SV1; MEGAUPLOAD 2.0; FDM)"
::1 - - [05/Aug/2007:14:56:30 -0700] "GET /" 400 669 "-" "-"
::1 - - [05/Aug/2007:14:56:31 -0700] "GET /" 400 669 "-" "-"
196.12.206.89 - - [05/Aug/2007:14:50:02 -0700] "GET /Install/setup.exe HTTP/1.1" 206 3297455 "http://www.helpwithmath.com/Install/saving_running.htm" "Mozilla/4.0 (compatible; MSIE 6.0; Windows NT 5.1; SV1; MEGAUPLOAD 2.0; FDM)"
66.37.53.248 - - [05/Aug/2007:14:56:35 -0700] "GET /glblnav_selected.gif HTTP/1.1" 200 158 "http://www.helpwithmath.com/?gclid=CLOp5IWu340CFSasGgod2h00mQ" "Mozilla/4.0 (compatible; MSIE 6.0; Windows 98; Win 9x 4.90; .NET CLR 1.1.4322)"
::1 - - [05/Aug/2007:14:57:23 -0700] "GET /" 400 669 "-" "-"
196.12.206.89 - - [05/Aug/2007:14:52:05 -0700] "GET /Install/setup.exe HTTP/1.1" 206 1235417 "http://www.helpwithmath.com/Install/saving_running.htm" "Mozilla/4.0 (compatible; MSIE 6.0; Windows NT 5.1; SV1; MEGAUPLOAD 2.0; FDM)"
::1 - - [05/Aug/2007:14:57:42 -0700] "GET /" 400 669 "-" "-"
196.12.206.89 - - [05/Aug/2007:14:56:03 -0700] "GET /Install/setup.exe HTTP/1.1" 206 1129849 "http://www.helpwithmath.com/Install/saving_running.htm" "Mozilla/4.0 (compatible; MSIE 6.0; Windows NT 5.1; SV1; MEGAUPLOAD 2.0; FDM)"
196.12.206.89 - - [05/Aug/2007:14:55:07 -0700] "GET /Install/setup.exe HTTP/1.1" 206 1510038 "http://www.helpwithmath.com/Install/saving_running.htm" "Mozilla/4.0 (compatible; MSIE 6.0; Windows NT 5.1; SV1; MEGAUPLOAD 2.0; FDM)"
::1 - - [05/Aug/2007:14:58:50 -0700] "GET /" 400 669 "-" "-"
196.12.206.89 - - [05/Aug/2007:14:57:49 -0700] "GET /Install/setup.exe HTTP/1.1" 206 1278197 "http://www.helpwithmath.com/Install/saving_running.htm" "Mozilla/4.0 (compatible; MSIE 6.0; Windows NT 5.1; SV1; MEGAUPLOAD 2.0; FDM)"
196.12.206.89 - - [05/Aug/2007:14:56:32 -0700] "GET /Install/setup.exe HTTP/1.1" 206 1545918 "http://www.helpwithmath.com/Install/saving_running.htm" "Mozilla/4.0 (compatible; MSIE 6.0; Windows NT 5.1; SV1; MEGAUPLOAD 2.0; FDM)"
::1 - - [05/Aug/2007:14:59:31 -0700] "GET /" 400 669 "-" "-"
196.12.206.89 - - [05/Aug/2007:14:56:36 -0700] "GET /Install/setup.exe HTTP/1.1" 206 1904718 "http://www.helpwithmath.com/Install/saving_running.htm" "Mozilla/4.0 (compatible; MSIE 6.0; Windows NT 5.1; SV1; MEGAUPLOAD 2.0; FDM)"
::1 - - [05/Aug/2007:14:59:38 -0700] "GET /" 400 669 "-" "-"
196.12.206.89 - - [05/Aug/2007:14:54:12 -0700] "GET /Install/setup.exe HTTP/1.1" 206 1414816 "http://www.helpwithmath.com/Install/saving_running.htm" "Mozilla/4.0 (compatible; MSIE 6.0; Windows NT 5.1; SV1; MEGAUPLOAD 2.0; FDM)"
::1 - - [05/Aug/2007:14:59:39 -0700] "GET /" 400 669 "-" "-"
196.12.206.89 - - [05/Aug/2007:14:53:44 -0700] "GET /Install/setup.exe HTTP/1.1" 206 1606637 "http://www.helpwithmath.com/Install/saving_running.htm" "Mozilla/4.0 (compatible; MSIE 6.0; Windows NT 5.1; SV1; MEGAUPLOAD 2.0; FDM)"
196.12.206.89 - - [05/Aug/2007:14:54:25 -0700] "GET /Install/setup.exe HTTP/1.1" 206 2864136 "http://www.helpwithmath.com/Install/saving_running.htm" "Mozilla/4.0 (compatible; MSIE 6.0; Windows NT 5.1; SV1; MEGAUPLOAD 2.0; FDM)"
::1 - - [05/Aug/2007:14:59:40 -0700] "GET /" 400 669 "-" "-"
196.12.206.89 - - [05/Aug/2007:14:59:09 -0700] "GET /Install/setup.exe HTTP/1.1" 206 1073269 "http://www.helpwithmath.com/Install/saving_running.htm" "Mozilla/4.0 (compatible; MSIE 6.0; Windows NT 5.1; SV1; MEGAUPLOAD 2.0; FDM)"
::1 - - [05/Aug/2007:14:59:41 -0700] "GET /" 400 669 "-" "-"
::1 - - [05/Aug/2007:14:59:42 -0700] "GET /" 400 669 "-" "-"
::1 - - [05/Aug/2007:15:00:33 -0700] "GET /" 400 669 "-" "-"
::1 - - [05/Aug/2007:15:00:34 -0700] "GET /" 400 669 "-" "-"
::1 - - [05/Aug/2007:15:00:35 -0700] "GET /" 400 669 "-" "-"
::1 - - [05/Aug/2007:15:00:40 -0700] "GET /" 400 669 "-" "-"
::1 - - [05/Aug/2007:15:00:43 -0700] "GET /" 400 669 "-" "-"
::1 - - [05/Aug/2007:15:00:46 -0700] "GET /" 400 669 "-" "-"
196.12.206.89 - - [05/Aug/2007:14:59:42 -0700] "GET /Install/setup.exe HTTP/1.1" 206 10810384 "http://www.helpwithmath.com/Install/saving_running.htm" "Mozilla/4.0 (compatible; MSIE 6.0; Windows NT 5.1; SV1; MEGAUPLOAD 2.0; FDM)"
196.12.206.89 - - [05/Aug/2007:14:59:42 -0700] "GET /Install/setup.exe HTTP/1.1" 206 4298274 "http://www.helpwithmath.com/Install/saving_running.htm" "Mozilla/4.0 (compatible; MSIE 6.0; Windows NT 5.1; SV1; MEGAUPLOAD 2.0; FDM)"
::1 - - [05/Aug/2007:15:01:10 -0700] "GET /" 400 669 "-" "-"
::1 - - [05/Aug/2007:15:01:30 -0700] "GET /" 400 669 "-" "-"
::1 - - [05/Aug/2007:15:01:33 -0700] "GET /" 400 669 "-" "-"
::1 - - [05/Aug/2007:15:01:34 -0700] "GET /" 400 669 "-" "-"
::1 - - [05/Aug/2007:15:01:35 -0700] "GET /" 400 669 "-" "-"
::1 - - [05/Aug/2007:15:01:36 -0700] "GET /" 400 669 "-" "-"
::1 - - [05/Aug/2007:15:01:37 -0700] "GET /" 400 669 "-" "-"
::1 - - [05/Aug/2007:15:01:38 -0700] "GET /" 400 669 "-" "-"
::1 - - [05/Aug/2007:15:01:39 -0700] "GET /" 400 669 "-" "-"
::1 - - [05/Aug/2007:15:01:40 -0700] "GET /" 400 669 "-" "-"
196.12.206.89 - - [05/Aug/2007:14:59:44 -0700] "GET /Install/setup.exe HTTP/1.1" 206 2767536 "http://www.helpwithmath.com/Install/saving_running.htm" "Mozilla/4.0 (compatible; MSIE 6.0; Windows NT 5.1; SV1; MEGAUPLOAD 2.0; FDM)"
::1 - - [05/Aug/2007:15:01:41 -0700] "GET /" 400 669 "-" "-"
::1 - - [05/Aug/2007:15:01:42 -0700] "GET /" 400 669 "-" "-"
::1 - - [05/Aug/2007:15:01:43 -0700] "GET /" 400 669 "-" "-"
::1 - - [05/Aug/2007:15:02:43 -0700] "GET /" 400 669 "-" "-"
::1 - - [05/Aug/2007:15:03:03 -0700] "GET /" 400 669 "-" "-"
::1 - - [05/Aug/2007:15:03:04 -0700] "GET /" 400 669 "-" "-"
196.12.206.89 - - [05/Aug/2007:14:59:44 -0700] "GET /Install/setup.exe HTTP/1.1" 206 5630291 "http://www.helpwithmath.com/Install/saving_running.htm" "Mozilla/4.0 (compatible; MSIE 6.0; Windows NT 5.1; SV1; MEGAUPLOAD 2.0; FDM)"
196.12.206.89 - - [05/Aug/2007:14:59:44 -0700] "GET /Install/setup.exe HTTP/1.1" 206 7595729 "http://www.helpwithmath.com/Install/saving_running.htm" "Mozilla/4.0 (compatible; MSIE 6.0; Windows NT 5.1; SV1; MEGAUPLOAD 2.0; FDM)"
::1 - - [05/Aug/2007:15:03:32 -0700] "GET /" 400 669 "-" "-"
196.12.206.89 - - [05/Aug/2007:15:01:43 -0700] "GET /Install/setup.exe HTTP/1.1" 206 1674947 "http://www.helpwithmath.com/Install/saving_running.htm" "Mozilla/4.0 (compatible; MSIE 6.0; Windows NT 5.1; SV1; MEGAUPLOAD 2.0; FDM)"
196.12.206.89 - - [05/Aug/2007:15:03:04 -0700] "GET /Install/setup.exe HTTP/1.1" 206 1280957 "http://www.helpwithmath.com/Install/saving_running.htm" "Mozilla/4.0 (compatible; MSIE 6.0; Windows NT 5.1; SV1; MEGAUPLOAD 2.0; FDM)"
196.12.206.89 - - [05/Aug/2007:14:59:43 -0700] "GET /Install/setup.exe HTTP/1.1" 206 1073269 "http://www.helpwithmath.com/Install/saving_running.htm" "Mozilla/4.0 (compatible; MSIE 6.0; Windows NT 5.1; SV1; MEGAUPLOAD 2.0; FDM)"
::1 - - [05/Aug/2007:15:04:33 -0700] "GET /" 400 669 "-" "-"
196.12.206.89 - - [05/Aug/2007:15:04:13 -0700] "GET /Install/setup.exe HTTP/1.1" 206 1278197 "http://www.helpwithmath.com/Install/saving_running.htm" "Mozilla/4.0 (compatible; MSIE 6.0; Windows NT 5.1; SV1; MEGAUPLOAD 2.0; FDM)"
::1 - - [05/Aug/2007:15:04:34 -0700] "GET /" 400 669 "-" "-"
::1 - - [05/Aug/2007:15:04:38 -0700] "GET /" 400 669 "-" "-"
196.12.206.89 - - [05/Aug/2007:15:01:01 -0700] "GET /Install/setup.exe HTTP/1.1" 206 1656318 "http://www.helpwithmath.com/Install/saving_running.htm" "Mozilla/4.0 (compatible; MSIE 6.0; Windows NT 5.1; SV1; MEGAUPLOAD 2.0; FDM)"
::1 - - [05/Aug/2007:15:04:39 -0700] "GET /" 400 669 "-" "-"
::1 - - [05/Aug/2007:15:04:40 -0700] "GET /" 400 669 "-" "-"
196.12.206.89 - - [05/Aug/2007:14:59:44 -0700] "GET /Install/setup.exe HTTP/1.1" 206 9148546 "http://www.helpwithmath.com/Install/saving_running.htm" "Mozilla/4.0 (compatible; MSIE 6.0; Windows NT 5.1; SV1; MEGAUPLOAD 2.0; FDM)"
::1 - - [05/Aug/2007:15:04:44 -0700] "GET /" 400 669 "-" "-"
196.12.206.89 - - [05/Aug/2007:15:03:24 -0700] "GET /Install/setup.exe HTTP/1.1" 206 1919898 "http://www.helpwithmath.com/Install/saving_running.htm" "Mozilla/4.0 (compatible; MSIE 6.0; Windows NT 5.1; SV1; MEGAUPLOAD 2.0; FDM)"
74.6.72.233 - - [05/Aug/2007:15:04:52 -0700] "GET /index.php HTTP/1.0" 200 10654 "-" "Mozilla/5.0 (compatible; Yahoo! Slurp; http://help.yahoo.com/help/us/ysearch/slurp)"
196.12.206.89 - - [05/Aug/2007:15:04:15 -0700] "GET /Install/setup.exe HTTP/1.1" 206 943549 "http://www.helpwithmath.com/Install/saving_running.htm" "Mozilla/4.0 (compatible; MSIE 6.0; Windows NT 5.1; SV1; MEGAUPLOAD 2.0; FDM)"
196.12.206.89 - - [05/Aug/2007:15:03:53 -0700] "GET /Install/setup.exe HTTP/1.1" 206 6470710 "http://www.helpwithmath.com/Install/saving_running.htm" "Mozilla/4.0 (compatible; MSIE 6.0; Windows NT 5.1; SV1; MEGAUPLOAD 2.0; FDM)"
196.12.206.89 - - [05/Aug/2007:15:04:48 -0700] "GET /Install/setup.exe HTTP/1.1" 206 3199475 "http://www.helpwithmath.com/Install/saving_running.htm" "Mozilla/4.0 (compatible; MSIE 6.0; Windows NT 5.1; SV1; MEGAUPLOAD 2.0; FDM)"
196.12.206.89 - - [05/Aug/2007:15:03:53 -0700] "GET /Install/setup.exe HTTP/1.1" 206 4766092 "http://www.helpwithmath.com/Install/saving_running.htm" "Mozilla/4.0 (compatible; MSIE 6.0; Windows NT 5.1; SV1; MEGAUPLOAD 2.0; FDM)"
::1 - - [05/Aug/2007:15:05:56 -0700] "GET /" 400 669 "-" "-"
196.12.206.89 - - [05/Aug/2007:15:04:44 -0700] "GET /Install/setup.exe HTTP/1.1" 206 1278197 "http://www.helpwithmath.com/Install/saving_running.htm" "Mozilla/4.0 (compatible; MSIE 6.0; Windows NT 5.1; SV1; MEGAUPLOAD 2.0; FDM)"
::1 - - [05/Aug/2007:15:05:58 -0700] "GET /" 400 669 "-" "-"
::1 - - [05/Aug/2007:15:06:10 -0700] "GET /" 400 669 "-" "-"
196.12.206.89 - - [05/Aug/2007:14:59:42 -0700] "GET /Install/setup.exe HTTP/1.1" 206 12394940 "http://www.helpwithmath.com/Install/saving_running.htm" "Mozilla/4.0 (compatible; MSIE 6.0; Windows NT 5.1; SV1; MEGAUPLOAD 2.0; FDM)"
::1 - - [05/Aug/2007:15:06:11 -0700] "GET /" 400 669 "-" "-"
196.12.206.89 - - [05/Aug/2007:15:04:14 -0700] "GET /Install/setup.exe HTTP/1.1" 206 2712336 "http://www.helpwithmath.com/Install/saving_running.htm" "Mozilla/4.0 (compatible; MSIE 6.0; Windows NT 5.1; SV1; MEGAUPLOAD 2.0; FDM)"
::1 - - [05/Aug/2007:15:06:12 -0700] "GET /" 400 669 "-" "-"
::1 - - [05/Aug/2007:15:06:13 -0700] "GET /" 400 669 "-" "-"
196.12.206.89 - - [05/Aug/2007:15:01:28 -0700] "GET /Install/setup.exe HTTP/1.1" 206 1525218 "http://www.helpwithmath.com/Install/saving_running.htm" "Mozilla/4.0 (compatible; MSIE 6.0; Windows NT 5.1; SV1; MEGAUPLOAD 2.0; FDM)"
::1 - - [05/Aug/2007:15:06:26 -0700] "GET /" 400 669 "-" "-"
196.12.206.89 - - [05/Aug/2007:15:06:26 -0700] "GET /Install/setup.exe HTTP/1.1" 206 5569571 "http://www.helpwithmath.com/Install/saving_running.htm" "Mozilla/4.0 (compatible; MSIE 6.0; Windows NT 5.1; SV1; MEGAUPLOAD 2.0; FDM)"
::1 - - [05/Aug/2007:15:07:07 -0700] "GET /" 400 669 "-" "-"
196.12.206.89 - - [05/Aug/2007:15:06:26 -0700] "GET /Install/setup.exe HTTP/1.1" 206 4200294 "http://www.helpwithmath.com/Install/saving_running.htm" "Mozilla/4.0 (compatible; MSIE 6.0; Windows NT 5.1; SV1; MEGAUPLOAD 2.0; FDM)"
::1 - - [05/Aug/2007:15:07:08 -0700] "GET /" 400 669 "-" "-"
::1 - - [05/Aug/2007:15:07:09 -0700] "GET /" 400 669 "-" "-"
::1 - - [05/Aug/2007:15:07:14 -0700] "GET /" 400 669 "-" "-"
196.12.206.89 - - [05/Aug/2007:15:06:27 -0700] "GET /Install/setup.exe HTTP/1.1" 206 7490849 "http://www.helpwithmath.com/Install/saving_running.htm" "Mozilla/4.0 (compatible; MSIE 6.0; Windows NT 5.1; SV1; MEGAUPLOAD 2.0; FDM)"
::1 - - [05/Aug/2007:15:07:28 -0700] "GET /" 400 669 "-" "-"
196.12.206.89 - - [05/Aug/2007:15:06:27 -0700] "GET /Install/setup.exe HTTP/1.1" 206 10749664 "http://www.helpwithmath.com/Install/saving_running.htm" "Mozilla/4.0 (compatible; MSIE 6.0; Windows NT 5.1; SV1; MEGAUPLOAD 2.0; FDM)"
::1 - - [05/Aug/2007:15:07:37 -0700] "GET /" 400 669 "-" "-"
196.12.206.89 - - [05/Aug/2007:15:06:27 -0700] "GET /Install/setup.exe HTTP/1.1" 206 938029 "http://www.helpwithmath.com/Install/saving_running.htm" "Mozilla/4.0 (compatible; MSIE 6.0; Windows NT 5.1; SV1; MEGAUPLOAD 2.0; FDM)"
::1 - - [05/Aug/2007:15:07:47 -0700] "GET /" 400 669 "-" "-"
74.6.17.71 - - [05/Aug/2007:15:08:02 -0700] "GET /about.php?include=parent.html HTTP/1.0" 200 12446 "-" "Mozilla/5.0 (compatible; Yahoo! Slurp; http://help.yahoo.com/help/us/ysearch/slurp)"
196.12.206.89 - - [05/Aug/2007:15:06:26 -0700] "GET /Install/setup.exe HTTP/1.1" 206 2704056 "http://www.helpwithmath.com/Install/saving_running.htm" "Mozilla/4.0 (compatible; MSIE 6.0; Windows NT 5.1; SV1; MEGAUPLOAD 2.0; FDM)"
196.12.206.89 - - [05/Aug/2007:15:08:20 -0700] "GET /Install/setup.exe HTTP/1.1" 206 10745524 "http://www.helpwithmath.com/Install/saving_running.htm" "Mozilla/4.0 (compatible; MSIE 6.0; Windows NT 5.1; SV1; MEGAUPLOAD 2.0; FDM)"
::1 - - [05/Aug/2007:15:09:06 -0700] "GET /" 400 669 "-" "-"
196.12.206.89 - - [05/Aug/2007:15:06:26 -0700] "GET /Install/setup.exe HTTP/1.1" 206 12181040 "http://www.helpwithmath.com/Install/saving_running.htm" "Mozilla/4.0 (compatible; MSIE 6.0; Windows NT 5.1; SV1; MEGAUPLOAD 2.0; FDM)"
::1 - - [05/Aug/2007:15:09:09 -0700] "GET /" 400 669 "-" "-"
196.12.206.89 - - [05/Aug/2007:15:08:13 -0700] "GET /Install/setup.exe HTTP/1.1" 206 5565431 "http://www.helpwithmath.com/Install/saving_running.htm" "Mozilla/4.0 (compatible; MSIE 6.0; Windows NT 5.1; SV1; MEGAUPLOAD 2.0; FDM)"
::1 - - [05/Aug/2007:15:09:12 -0700] "GET /" 400 669 "-" "-"
::1 - - [05/Aug/2007:15:09:14 -0700] "GET /" 400 669 "-" "-"
196.12.206.89 - - [05/Aug/2007:15:08:13 -0700] "GET /Install/setup.exe HTTP/1.1" 206 12168620 "http://www.helpwithmath.com/Install/saving_running.htm" "Mozilla/4.0 (compatible; MSIE 6.0; Windows NT 5.1; SV1; MEGAUPLOAD 2.0; FDM)"
::1 - - [05/Aug/2007:15:09:20 -0700] "GET /" 400 669 "-" "-"
196.12.206.89 - - [05/Aug/2007:15:08:32 -0700] "GET /Install/setup.exe HTTP/1.1" 206 7485329 "http://www.helpwithmath.com/Install/saving_running.htm" "Mozilla/4.0 (compatible; MSIE 6.0; Windows NT 5.1; SV1; MEGAUPLOAD 2.0; FDM)"
196.12.206.89 - - [05/Aug/2007:15:08:20 -0700] "GET /Install/setup.exe HTTP/1.1" 206 932509 "http://www.helpwithmath.com/Install/saving_running.htm" "Mozilla/4.0 (compatible; MSIE 6.0; Windows NT 5.1; SV1; MEGAUPLOAD 2.0; FDM)"
::1 - - [05/Aug/2007:15:09:57 -0700] "GET /" 400 669 "-" "-"
::1 - - [05/Aug/2007:15:09:58 -0700] "GET /" 400 669 "-" "-"
::1 - - [05/Aug/2007:15:09:59 -0700] "GET /" 400 669 "-" "-"
::1 - - [05/Aug/2007:15:10:00 -0700] "GET /" 400 669 "-" "-"
::1 - - [05/Aug/2007:15:10:03 -0700] "GET /" 400 669 "-" "-"
213.140.56.208 - - [05/Aug/2007:15:05:05 -0700] "GET /Install/setup.exe HTTP/1.1" 206 13072520 "http://arabhood.com/go.php" "DA 7.0"
::1 - - [05/Aug/2007:15:10:06 -0700] "GET /" 400 669 "-" "-"
196.12.206.89 - - [05/Aug/2007:15:08:31 -0700] "GET /Install/setup.exe HTTP/1.1" 206 9018826 "http://www.helpwithmath.com/Install/saving_running.htm" "Mozilla/4.0 (compatible; MSIE 6.0; Windows NT 5.1; SV1; MEGAUPLOAD 2.0; FDM)"
::1 - - [05/Aug/2007:15:10:07 -0700] "GET /" 400 669 "-" "-"
::1 - - [05/Aug/2007:15:10:08 -0700] "GET /" 400 669 "-" "-"
213.140.56.208 - - [05/Aug/2007:15:05:11 -0700] "GET /Install/setup.exe HTTP/1.1" 206 2614504 "http://arabhood.com/go.php" "DA 7.0"
::1 - - [05/Aug/2007:15:10:12 -0700] "GET /" 400 669 "-" "-"
213.140.56.208 - - [05/Aug/2007:15:05:15 -0700] "GET /Install/setup.exe HTTP/1.1" 206 2614504 "http://arabhood.com/go.php" "DA 7.0"
::1 - - [05/Aug/2007:15:10:15 -0700] "GET /" 400 669 "-" "-"
196.12.206.89 - - [05/Aug/2007:15:08:13 -0700] "GET /Install/setup.exe HTTP/1.1" 206 4196154 "http://www.helpwithmath.com/Install/saving_running.htm" "Mozilla/4.0 (compatible; MSIE 6.0; Windows NT 5.1; SV1; MEGAUPLOAD 2.0; FDM)"
196.12.206.89 - - [05/Aug/2007:15:09:35 -0700] "GET /Install/setup.exe HTTP/1.1" 206 3282275 "http://www.helpwithmath.com/Install/saving_running.htm" "Mozilla/4.0 (compatible; MSIE 6.0; Windows NT 5.1; SV1; MEGAUPLOAD 2.0; FDM)"
203.209.240.177 - - [05/Aug/2007:15:10:24 -0700] "GET /demo/image4.gif HTTP/1.1" 200 17692 "-" "iearthworm/1.0, iearthworm@yahoo.com.cn"
196.12.206.89 - - [05/Aug/2007:15:09:48 -0700] "GET /Install/setup.exe HTTP/1.1" 206 4189254 "http://www.helpwithmath.com/Install/saving_running.htm" "Mozilla/4.0 (compatible; MSIE 6.0; Windows NT 5.1; SV1; MEGAUPLOAD 2.0; FDM)"
::1 - - [05/Aug/2007:15:10:27 -0700] "GET /" 400 669 "-" "-"
196.12.206.89 - - [05/Aug/2007:15:08:13 -0700] "GET /Install/setup.exe HTTP/1.1" 206 2691636 "http://www.helpwithmath.com/Install/saving_running.htm" "Mozilla/4.0 (compatible; MSIE 6.0; Windows NT 5.1; SV1; MEGAUPLOAD 2.0; FDM)"
::1 - - [05/Aug/2007:15:10:45 -0700] "GET /" 400 669 "-" "-"
196.12.206.89 - - [05/Aug/2007:15:09:35 -0700] "GET /Install/setup.exe HTTP/1.1" 206 1726698 "http://www.helpwithmath.com/Install/saving_running.htm" "Mozilla/4.0 (compatible; MSIE 6.0; Windows NT 5.1; SV1; MEGAUPLOAD 2.0; FDM)"
::1 - - [05/Aug/2007:15:10:56 -0700] "GET /" 400 669 "-" "-"
196.12.206.89 - - [05/Aug/2007:15:06:26 -0700] "GET /Install/setup.exe HTTP/1.1" 206 9045046 "http://www.helpwithmath.com/Install/saving_running.htm" "Mozilla/4.0 (compatible; MSIE 6.0; Windows NT 5.1; SV1; MEGAUPLOAD 2.0; FDM)"
::1 - - [05/Aug/2007:15:11:00 -0700] "GET /" 400 669 "-" "-"
196.12.206.89 - - [05/Aug/2007:15:10:28 -0700] "GET /Install/setup.exe HTTP/1.1" 206 1912998 "http://www.helpwithmath.com/Install/saving_running.htm" "Mozilla/4.0 (compatible; MSIE 6.0; Windows NT 5.1; SV1; MEGAUPLOAD 2.0; FDM)"
::1 - - [05/Aug/2007:15:11:02 -0700] "GET /" 400 669 "-" "-"
196.12.206.89 - - [05/Aug/2007:15:09:40 -0700] "GET /Install/setup.exe HTTP/1.1" 206 2687496 "http://www.helpwithmath.com/Install/saving_running.htm" "Mozilla/4.0 (compatible; MSIE 6.0; Windows NT 5.1; SV1; MEGAUPLOAD 2.0; FDM)"
::1 - - [05/Aug/2007:15:11:07 -0700] "GET /" 400 669 "-" "-"
196.12.206.89 - - [05/Aug/2007:15:10:03 -0700] "GET /Install/setup.exe HTTP/1.1" 206 1529357 "http://www.helpwithmath.com/Install/saving_running.htm" "Mozilla/4.0 (compatible; MSIE 6.0; Windows NT 5.1; SV1; MEGAUPLOAD 2.0; FDM)"
::1 - - [05/Aug/2007:15:11:14 -0700] "GET /" 400 669 "-" "-"
196.12.206.89 - - [05/Aug/2007:15:09:35 -0700] "GET /Install/setup.exe HTTP/1.1" 206 3147034 "http://www.helpwithmath.com/Install/saving_running.htm" "Mozilla/4.0 (compatible; MSIE 6.0; Windows NT 5.1; SV1; MEGAUPLOAD 2.0; FDM)"
::1 - - [05/Aug/2007:15:11:17 -0700] "GET /" 400 669 "-" "-"
196.12.206.89 - - [05/Aug/2007:15:10:18 -0700] "GET /Install/setup.exe HTTP/1.1" 206 1737738 "http://www.helpwithmath.com/Install/saving_running.htm" "Mozilla/4.0 (compatible; MSIE 6.0; Windows NT 5.1; SV1; MEGAUPLOAD 2.0; FDM)"
::1 - - [05/Aug/2007:15:11:18 -0700] "GET /" 400 669 "-" "-"
196.12.206.89 - - [05/Aug/2007:15:11:29 -0700] "GET /Install/setup.exe HTTP/1.1" 206 1912998 "http://www.helpwithmath.com/Install/saving_running.htm" "Mozilla/4.0 (compatible; MSIE 6.0; Windows NT 5.1; SV1; MEGAUPLOAD 2.0; FDM)"
196.12.206.89 - - [05/Aug/2007:15:11:29 -0700] "GET /Install/setup.exe HTTP/1.1" 206 6594909 "http://www.helpwithmath.com/Install/saving_running.htm" "Mozilla/4.0 (compatible; MSIE 6.0; Windows NT 5.1; SV1; MEGAUPLOAD 2.0; FDM)"
196.12.206.89 - - [05/Aug/2007:15:09:40 -0700] "GET /Install/setup.exe HTTP/1.1" 206 925609 "http://www.helpwithmath.com/Install/saving_running.htm" "Mozilla/4.0 (compatible; MSIE 6.0; Windows NT 5.1; SV1; MEGAUPLOAD 2.0; FDM)"
196.12.206.89 - - [05/Aug/2007:15:11:27 -0700] "GET /Install/setup.exe HTTP/1.1" 206 3439595 "http://www.helpwithmath.com/Install/saving_running.htm" "Mozilla/4.0 (compatible; MSIE 6.0; Windows NT 5.1; SV1; MEGAUPLOAD 2.0; FDM)"
196.12.206.89 - - [05/Aug/2007:15:11:29 -0700] "GET /Install/setup.exe HTTP/1.1" 206 5181473 "http://www.helpwithmath.com/Install/saving_running.htm" "Mozilla/4.0 (compatible; MSIE 6.0; Windows NT 5.1; SV1; MEGAUPLOAD 2.0; FDM)"
::1 - - [05/Aug/2007:15:12:38 -0700] "GET /" 400 669 "-" "-"
196.12.206.89 - - [05/Aug/2007:15:11:29 -0700] "GET /Install/setup.exe HTTP/1.1" 206 3263645 "http://www.helpwithmath.com/Install/saving_running.htm" "Mozilla/4.0 (compatible; MSIE 6.0; Windows NT 5.1; SV1; MEGAUPLOAD 2.0; FDM)"
196.12.206.89 - - [05/Aug/2007:15:11:29 -0700] "GET /Install/setup.exe HTTP/1.1" 206 1757747 "http://www.helpwithmath.com/Install/saving_running.htm" "Mozilla/4.0 (compatible; MSIE 6.0; Windows NT 5.1; SV1; MEGAUPLOAD 2.0; FDM)"
::1 - - [05/Aug/2007:15:13:02 -0700] "GET /" 400 669 "-" "-"
::1 - - [05/Aug/2007:15:13:05 -0700] "GET /" 400 669 "-" "-"
::1 - - [05/Aug/2007:15:13:06 -0700] "GET /" 400 669 "-" "-"
::1 - - [05/Aug/2007:15:13:44 -0700] "GET /" 400 669 "-" "-"
196.12.206.89 - - [05/Aug/2007:15:13:08 -0700] "GET /Install/setup.exe HTTP/1.1" 206 895249 "http://www.helpwithmath.com/Install/saving_running.htm" "Mozilla/4.0 (compatible; MSIE 6.0; Windows NT 5.1; SV1; MEGAUPLOAD 2.0; FDM)"
196.12.206.89 - - [05/Aug/2007:15:13:11 -0700] "GET /Install/setup.exe HTTP/1.1" 206 1906098 "http://www.helpwithmath.com/Install/saving_running.htm" "Mozilla/4.0 (compatible; MSIE 6.0; Windows NT 5.1; SV1; MEGAUPLOAD 2.0; FDM)"
::1 - - [05/Aug/2007:15:14:01 -0700] "GET /" 400 669 "-" "-"
196.12.206.89 - - [05/Aug/2007:15:13:11 -0700] "GET /Install/setup.exe HTTP/1.1" 206 3435455 "http://www.helpwithmath.com/Install/saving_running.htm" "Mozilla/4.0 (compatible; MSIE 6.0; Windows NT 5.1; SV1; MEGAUPLOAD 2.0; FDM)"
196.12.206.89 - - [05/Aug/2007:15:09:35 -0700] "GET /Install/setup.exe HTTP/1.1" 206 1366517 "http://www.helpwithmath.com/Install/saving_running.htm" "Mozilla/4.0 (compatible; MSIE 6.0; Windows NT 5.1; SV1; MEGAUPLOAD 2.0; FDM)"
::1 - - [05/Aug/2007:15:14:14 -0700] "GET /" 400 669 "-" "-"
::1 - - [05/Aug/2007:15:14:18 -0700] "GET /" 400 669 "-" "-"
::1 - - [05/Aug/2007:15:14:19 -0700] "GET /" 400 669 "-" "-"
::1 - - [05/Aug/2007:15:14:40 -0700] "GET /" 400 669 "-" "-"
::1 - - [05/Aug/2007:15:14:42 -0700] "GET /" 400 669 "-" "-"
::1 - - [05/Aug/2007:15:15:06 -0700] "GET /" 400 669 "-" "-"
::1 - - [05/Aug/2007:15:15:23 -0700] "GET /" 400 669 "-" "-"
196.12.206.88 - - [05/Aug/2007:15:14:36 -0700] "GET /Install/setup.exe HTTP/1.1" 206 10730344 "http://www.helpwithmath.com/Install/saving_running.htm" "Mozilla/4.0 (compatible; MSIE 6.0; Windows NT 5.1; SV1; MEGAUPLOAD 2.0; FDM)"
::1 - - [05/Aug/2007:15:15:27 -0700] "GET /" 400 669 "-" "-"
196.12.206.88 - - [05/Aug/2007:15:14:36 -0700] "GET /Install/setup.exe HTTP/1.1" 206 2672316 "http://www.helpwithmath.com/Install/saving_running.htm" "Mozilla/4.0 (compatible; MSIE 6.0; Windows NT 5.1; SV1; MEGAUPLOAD 2.0; FDM)"
196.12.206.88 - - [05/Aug/2007:15:14:36 -0700] "GET /Install/setup.exe HTTP/1.1" 206 8996746 "http://www.helpwithmath.com/Install/saving_running.htm" "Mozilla/4.0 (compatible; MSIE 6.0; Windows NT 5.1; SV1; MEGAUPLOAD 2.0; FDM)"
196.12.206.88 - - [05/Aug/2007:15:14:36 -0700] "GET /Install/setup.exe HTTP/1.1" 206 7467389 "http://www.helpwithmath.com/Install/saving_running.htm" "Mozilla/4.0 (compatible; MSIE 6.0; Windows NT 5.1; SV1; MEGAUPLOAD 2.0; FDM)"
196.12.206.88 - - [05/Aug/2007:15:14:37 -0700] "GET /Install/setup.exe HTTP/1.1" 206 891109 "http://www.helpwithmath.com/Install/saving_running.htm" "Mozilla/4.0 (compatible; MSIE 6.0; Windows NT 5.1; SV1; MEGAUPLOAD 2.0; FDM)"
196.12.206.88 - - [05/Aug/2007:15:14:38 -0700] "GET /Install/setup.exe HTTP/1.1" 206 4178214 "http://www.helpwithmath.com/Install/saving_running.htm" "Mozilla/4.0 (compatible; MSIE 6.0; Windows NT 5.1; SV1; MEGAUPLOAD 2.0; FDM)"
::1 - - [05/Aug/2007:15:15:55 -0700] "GET /" 400 669 "-" "-"
::1 - - [05/Aug/2007:15:15:56 -0700] "GET /" 400 669 "-" "-"
::1 - - [05/Aug/2007:15:15:59 -0700] "GET /" 400 669 "-" "-"
::1 - - [05/Aug/2007:15:16:38 -0700] "GET /" 400 669 "-" "-"
::1 - - [05/Aug/2007:15:16:45 -0700] "GET /" 400 669 "-" "-"
::1 - - [05/Aug/2007:15:16:47 -0700] "GET /" 400 669 "-" "-"
::1 - - [05/Aug/2007:15:16:48 -0700] "GET /" 400 669 "-" "-"
::1 - - [05/Aug/2007:15:16:49 -0700] "GET /" 400 669 "-" "-"
::1 - - [05/Aug/2007:15:16:50 -0700] "GET /" 400 669 "-" "-"
196.12.206.88 - - [05/Aug/2007:15:14:36 -0700] "GET /Install/setup.exe HTTP/1.1" 206 5511611 "http://www.helpwithmath.com/Install/saving_running.htm" "Mozilla/4.0 (compatible; MSIE 6.0; Windows NT 5.1; SV1; MEGAUPLOAD 2.0; FDM)"
::1 - - [05/Aug/2007:15:16:52 -0700] "GET /" 400 669 "-" "-"
::1 - - [05/Aug/2007:15:16:56 -0700] "GET /" 400 669 "-" "-"
::1 - - [05/Aug/2007:15:18:00 -0700] "GET /" 400 669 "-" "-"
196.12.206.89 - - [05/Aug/2007:15:13:06 -0700] "GET /Install/setup.exe HTTP/1.1" 206 2677836 "http://www.helpwithmath.com/Install/saving_running.htm" "Mozilla/4.0 (compatible; MSIE 6.0; Windows NT 5.1; SV1; MEGAUPLOAD 2.0; FDM)"
::1 - - [05/Aug/2007:15:18:14 -0700] "GET /" 400 669 "-" "-"
::1 - - [05/Aug/2007:15:18:17 -0700] "GET /" 400 669 "-" "-"
196.12.206.89 - - [05/Aug/2007:15:13:08 -0700] "GET /Install/setup.exe HTTP/1.1" 206 5175953 "http://www.helpwithmath.com/Install/saving_running.htm" "Mozilla/4.0 (compatible; MSIE 6.0; Windows NT 5.1; SV1; MEGAUPLOAD 2.0; FDM)"
::1 - - [05/Aug/2007:15:18:21 -0700] "GET /" 400 669 "-" "-"
196.12.206.88 - - [05/Aug/2007:15:14:36 -0700] "GET /Install/setup.exe HTTP/1.1" 206 12143780 "http://www.helpwithmath.com/Install/saving_running.htm" "Mozilla/4.0 (compatible; MSIE 6.0; Windows NT 5.1; SV1; MEGAUPLOAD 2.0; FDM)"
196.12.206.89 - - [05/Aug/2007:15:13:08 -0700] "GET /Install/setup.exe HTTP/1.1" 206 4185114 "http://www.helpwithmath.com/Install/saving_running.htm" "Mozilla/4.0 (compatible; MSIE 6.0; Windows NT 5.1; SV1; MEGAUPLOAD 2.0; FDM)"
196.12.206.88 - - [05/Aug/2007:15:16:00 -0700] "GET /Install/setup.exe HTTP/1.1" 206 2666796 "http://www.helpwithmath.com/Install/saving_running.htm" "Mozilla/4.0 (compatible; MSIE 6.0; Windows NT 5.1; SV1; MEGAUPLOAD 2.0; FDM)"
196.12.206.88 - - [05/Aug/2007:15:16:39 -0700] "GET /Install/setup.exe HTTP/1.1" 206 1312697 "http://www.helpwithmath.com/Install/saving_running.htm" "Mozilla/4.0 (compatible; MSIE 6.0; Windows NT 5.1; SV1; MEGAUPLOAD 2.0; FDM)"
196.12.206.88 - - [05/Aug/2007:15:16:01 -0700] "GET /Install/setup.exe HTTP/1.1" 206 1950258 "http://www.helpwithmath.com/Install/saving_running.htm" "Mozilla/4.0 (compatible; MSIE 6.0; Windows NT 5.1; SV1; MEGAUPLOAD 2.0; FDM)"
::1 - - [05/Aug/2007:15:18:46 -0700] "GET /" 400 669 "-" "-"
::1 - - [05/Aug/2007:15:18:47 -0700] "GET /" 400 669 "-" "-"
::1 - - [05/Aug/2007:15:18:48 -0700] "GET /" 400 669 "-" "-"
::1 - - [05/Aug/2007:15:18:49 -0700] "GET /" 400 669 "-" "-"
196.12.206.89 - - [05/Aug/2007:15:13:11 -0700] "GET /Install/setup.exe HTTP/1.1" 206 6586629 "http://www.helpwithmath.com/Install/saving_running.htm" "Mozilla/4.0 (compatible; MSIE 6.0; Windows NT 5.1; SV1; MEGAUPLOAD 2.0; FDM)"
::1 - - [05/Aug/2007:15:18:56 -0700] "GET /" 400 669 "-" "-"
196.12.206.88 - - [05/Aug/2007:15:16:01 -0700] "GET /Install/setup.exe HTTP/1.1" 206 885589 "http://www.helpwithmath.com/Install/saving_running.htm" "Mozilla/4.0 (compatible; MSIE 6.0; Windows NT 5.1; SV1; MEGAUPLOAD 2.0; FDM)"
::1 - - [05/Aug/2007:15:18:59 -0700] "GET /" 400 669 "-" "-"
196.12.206.88 - - [05/Aug/2007:15:16:01 -0700] "GET /Install/setup.exe HTTP/1.1" 206 4174074 "http://www.helpwithmath.com/Install/saving_running.htm" "Mozilla/4.0 (compatible; MSIE 6.0; Windows NT 5.1; SV1; MEGAUPLOAD 2.0; FDM)"
::1 - - [05/Aug/2007:15:19:05 -0700] "GET /" 400 669 "-" "-"
::1 - - [05/Aug/2007:15:19:06 -0700] "GET /" 400 669 "-" "-"
196.12.206.88 - - [05/Aug/2007:15:17:57 -0700] "GET /Install/setup.exe HTTP/1.1" 206 1728767 "http://www.helpwithmath.com/Install/saving_running.htm" "Mozilla/4.0 (compatible; MSIE 6.0; Windows NT 5.1; SV1; MEGAUPLOAD 2.0; FDM)"
196.12.206.88 - - [05/Aug/2007:15:16:00 -0700] "GET /Install/setup.exe HTTP/1.1" 206 3479615 "http://www.helpwithmath.com/Install/saving_running.htm" "Mozilla/4.0 (compatible; MSIE 6.0; Windows NT 5.1; SV1; MEGAUPLOAD 2.0; FDM)"
196.12.206.88 - - [05/Aug/2007:15:18:31 -0700] "GET /Install/setup.exe HTTP/1.1" 206 3209135 "http://www.helpwithmath.com/Install/saving_running.htm" "Mozilla/4.0 (compatible; MSIE 6.0; Windows NT 5.1; SV1; MEGAUPLOAD 2.0; FDM)"
::1 - - [05/Aug/2007:15:19:57 -0700] "GET /" 400 669 "-" "-"
196.12.206.88 - - [05/Aug/2007:15:16:01 -0700] "GET /Install/setup.exe HTTP/1.1" 206 5211833 "http://www.helpwithmath.com/Install/saving_running.htm" "Mozilla/4.0 (compatible; MSIE 6.0; Windows NT 5.1; SV1; MEGAUPLOAD 2.0; FDM)"
::1 - - [05/Aug/2007:15:19:59 -0700] "GET /" 400 669 "-" "-"
84.235.56.68 - - [05/Aug/2007:15:15:03 -0700] "GET /Install/setup.exe HTTP/1.1" 200 13072520 "http://www.te3p.com/vb/56189.html" "Mozilla/4.0 (compatible; MSIE 6.0; Windows NT 5.1; SV1; .NET CLR 1.1.4322)"
::1 - - [05/Aug/2007:15:20:00 -0700] "GET /" 400 669 "-" "-"
196.12.206.88 - - [05/Aug/2007:15:19:24 -0700] "GET /Install/setup.exe HTTP/1.1" 206 1937838 "http://www.helpwithmath.com/Install/saving_running.htm" "Mozilla/4.0 (compatible; MSIE 6.0; Windows NT 5.1; SV1; MEGAUPLOAD 2.0; FDM)"
196.12.206.88 - - [05/Aug/2007:15:19:40 -0700] "GET /Install/setup.exe HTTP/1.1" 206 4672251 "http://www.helpwithmath.com/Install/saving_running.htm" "Mozilla/4.0 (compatible; MSIE 6.0; Windows NT 5.1; SV1; MEGAUPLOAD 2.0; FDM)"
196.12.206.88 - - [05/Aug/2007:15:18:49 -0700] "GET /Install/setup.exe HTTP/1.1" 206 1514178 "http://www.helpwithmath.com/Install/saving_running.htm" "Mozilla/4.0 (compatible; MSIE 6.0; Windows NT 5.1; SV1; MEGAUPLOAD 2.0; FDM)"
196.12.206.88 - - [05/Aug/2007:15:17:15 -0700] "GET /Install/setup.exe HTTP/1.1" 206 1372036 "http://www.helpwithmath.com/Install/saving_running.htm" "Mozilla/4.0 (compatible; MSIE 6.0; Windows NT 5.1; SV1; MEGAUPLOAD 2.0; FDM)"
196.12.206.88 - - [05/Aug/2007:15:18:59 -0700] "GET /Install/setup.exe HTTP/1.1" 206 788989 "http://www.helpwithmath.com/Install/saving_running.htm" "Mozilla/4.0 (compatible; MSIE 6.0; Windows NT 5.1; SV1; MEGAUPLOAD 2.0; FDM)"
196.12.206.88 - - [05/Aug/2007:15:19:33 -0700] "GET /Install/setup.exe HTTP/1.1" 206 3240875 "http://www.helpwithmath.com/Install/saving_running.htm" "Mozilla/4.0 (compatible; MSIE 6.0; Windows NT 5.1; SV1; MEGAUPLOAD 2.0; FDM)"
196.12.206.88 - - [05/Aug/2007:15:19:43 -0700] "GET /Install/setup.exe HTTP/1.1" 206 1443797 "http://www.helpwithmath.com/Install/saving_running.htm" "Mozilla/4.0 (compatible; MSIE 6.0; Windows NT 5.1; SV1; MEGAUPLOAD 2.0; FDM)"
196.12.206.88 - - [05/Aug/2007:15:20:26 -0700] "GET /Install/setup.exe HTTP/1.1" 206 1917138 "http://www.helpwithmath.com/Install/saving_running.htm" "Mozilla/4.0 (compatible; MSIE 6.0; Windows NT 5.1; SV1; MEGAUPLOAD 2.0; FDM)"
196.12.206.88 - - [05/Aug/2007:15:20:29 -0700] "GET /Install/setup.exe HTTP/1.1" 206 747589 "http://www.helpwithmath.com/Install/saving_running.htm" "Mozilla/4.0 (compatible; MSIE 6.0; Windows NT 5.1; SV1; MEGAUPLOAD 2.0; FDM)"
196.12.206.88 - - [05/Aug/2007:15:20:28 -0700] "GET /Install/setup.exe HTTP/1.1" 206 1225757 "http://www.helpwithmath.com/Install/saving_running.htm" "Mozilla/4.0 (compatible; MSIE 6.0; Windows NT 5.1; SV1; MEGAUPLOAD 2.0; FDM)"
::1 - - [05/Aug/2007:15:21:32 -0700] "GET /" 400 669 "-" "-"
196.12.206.88 - - [05/Aug/2007:15:19:09 -0700] "GET /Install/setup.exe HTTP/1.1" 206 2581236 "http://www.helpwithmath.com/Install/saving_running.htm" "Mozilla/4.0 (compatible; MSIE 6.0; Windows NT 5.1; SV1; MEGAUPLOAD 2.0; FDM)"
196.12.206.88 - - [05/Aug/2007:15:21:13 -0700] "GET /Install/setup.exe HTTP/1.1" 206 1221617 "http://www.helpwithmath.com/Install/saving_running.htm" "Mozilla/4.0 (compatible; MSIE 6.0; Windows NT 5.1; SV1; MEGAUPLOAD 2.0; FDM)"
196.12.206.88 - - [05/Aug/2007:15:21:10 -0700] "GET /Install/setup.exe HTTP/1.1" 206 1961298 "http://www.helpwithmath.com/Install/saving_running.htm" "Mozilla/4.0 (compatible; MSIE 6.0; Windows NT 5.1; SV1; MEGAUPLOAD 2.0; FDM)"
196.12.206.88 - - [05/Aug/2007:15:20:32 -0700] "GET /Install/setup.exe HTTP/1.1" 206 1534878 "http://www.helpwithmath.com/Install/saving_running.htm" "Mozilla/4.0 (compatible; MSIE 6.0; Windows NT 5.1; SV1; MEGAUPLOAD 2.0; FDM)"
196.12.206.88 - - [05/Aug/2007:15:22:05 -0700] "GET /Install/setup.exe HTTP/1.1" 206 1220237 "http://www.helpwithmath.com/Install/saving_running.htm" "Mozilla/4.0 (compatible; MSIE 6.0; Windows NT 5.1; SV1; MEGAUPLOAD 2.0; FDM)"
::1 - - [05/Aug/2007:15:23:01 -0700] "GET /" 400 669 "-" "-"
196.12.206.88 - - [05/Aug/2007:15:20:59 -0700] "GET /Install/setup.exe HTTP/1.1" 206 1783278 "http://www.helpwithmath.com/Install/saving_running.htm" "Mozilla/4.0 (compatible; MSIE 6.0; Windows NT 5.1; SV1; MEGAUPLOAD 2.0; FDM)"
196.12.206.88 - - [05/Aug/2007:15:22:22 -0700] "GET /Install/setup.exe HTTP/1.1" 206 1412057 "http://www.helpwithmath.com/Install/saving_running.htm" "Mozilla/4.0 (compatible; MSIE 6.0; Windows NT 5.1; SV1; MEGAUPLOAD 2.0; FDM)"
196.12.206.88 - - [05/Aug/2007:15:21:41 -0700] "GET /Install/setup.exe HTTP/1.1" 206 1381696 "http://www.helpwithmath.com/Install/saving_running.htm" "Mozilla/4.0 (compatible; MSIE 6.0; Windows NT 5.1; SV1; MEGAUPLOAD 2.0; FDM)"
196.12.206.88 - - [05/Aug/2007:15:22:05 -0700] "GET /Install/setup.exe HTTP/1.1" 206 1775687 "http://www.helpwithmath.com/Install/saving_running.htm" "Mozilla/4.0 (compatible; MSIE 6.0; Windows NT 5.1; SV1; MEGAUPLOAD 2.0; FDM)"
196.12.206.88 - - [05/Aug/2007:15:21:07 -0700] "GET /Install/setup.exe HTTP/1.1" 206 1424477 "http://www.helpwithmath.com/Install/saving_running.htm" "Mozilla/4.0 (compatible; MSIE 6.0; Windows NT 5.1; SV1; MEGAUPLOAD 2.0; FDM)"
74.119.13.17 - - [05/Aug/2007:15:24:07 -0700] "GET /?gclid=CMPLkKC0340CFRrnPgodFBFpnQ HTTP/1.1" 200 10654 "http://homeworktips.about.com/z/js/o.htm?k=algebra%20help%20study&d=Algebra%20Help%20Study&r=http%3A//homeworktips.about.com/od/mathhomework/a/studymath.htm" "Mozilla/4.0 (compatible; MSIE 7.0; Windows NT 5.1; .NET CLR 1.0.3705; .NET CLR 1.1.4322; Media Center PC 4.0)"
74.119.13.17 - - [05/Aug/2007:15:24:08 -0700] "GET /HelpWithMathStyle.css HTTP/1.1" 200 7201 "http://www.helpwithmath.com/?gclid=CMPLkKC0340CFRrnPgodFBFpnQ" "Mozilla/4.0 (compatible; MSIE 7.0; Windows NT 5.1; .NET CLR 1.0.3705; .NET CLR 1.1.4322; Media Center PC 4.0)"
74.119.13.17 - - [05/Aug/2007:15:24:08 -0700] "GET /fold.gif HTTP/1.1" 200 119 "http://www.helpwithmath.com/?gclid=CMPLkKC0340CFRrnPgodFBFpnQ" "Mozilla/4.0 (compatible; MSIE 7.0; Windows NT 5.1; .NET CLR 1.0.3705; .NET CLR 1.1.4322; Media Center PC 4.0)"
74.119.13.17 - - [05/Aug/2007:15:24:08 -0700] "GET /open.gif HTTP/1.1" 200 125 "http://www.helpwithmath.com/?gclid=CMPLkKC0340CFRrnPgodFBFpnQ" "Mozilla/4.0 (compatible; MSIE 7.0; Windows NT 5.1; .NET CLR 1.0.3705; .NET CLR 1.1.4322; Media Center PC 4.0)"
74.119.13.17 - - [05/Aug/2007:15:24:08 -0700] "GET /gblnav_left.gif HTTP/1.1" 200 580 "http://www.helpwithmath.com/?gclid=CMPLkKC0340CFRrnPgodFBFpnQ" "Mozilla/4.0 (compatible; MSIE 7.0; Windows NT 5.1; .NET CLR 1.0.3705; .NET CLR 1.1.4322; Media Center PC 4.0)"
74.119.13.17 - - [05/Aug/2007:15:24:08 -0700] "GET /glbnav_right.gif HTTP/1.1" 200 578 "http://www.helpwithmath.com/?gclid=CMPLkKC0340CFRrnPgodFBFpnQ" "Mozilla/4.0 (compatible; MSIE 7.0; Windows NT 5.1; .NET CLR 1.0.3705; .NET CLR 1.1.4322; Media Center PC 4.0)"
74.119.13.17 - - [05/Aug/2007:15:24:08 -0700] "GET /Spacer.gif HTTP/1.1" 200 52 "http://www.helpwithmath.com/?gclid=CMPLkKC0340CFRrnPgodFBFpnQ" "Mozilla/4.0 (compatible; MSIE 7.0; Windows NT 5.1; .NET CLR 1.0.3705; .NET CLR 1.1.4322; Media Center PC 4.0)"
74.119.13.17 - - [05/Aug/2007:15:24:08 -0700] "GET /TransparentMathXpertLogo.gif HTTP/1.1" 200 1845 "http://www.helpwithmath.com/?gclid=CMPLkKC0340CFRrnPgodFBFpnQ" "Mozilla/4.0 (compatible; MSIE 7.0; Windows NT 5.1; .NET CLR 1.0.3705; .NET CLR 1.1.4322; Media Center PC 4.0)"
74.119.13.17 - - [05/Aug/2007:15:24:08 -0700] "GET /demo/step4a.gif HTTP/1.1" 200 18054 "http://www.helpwithmath.com/?gclid=CMPLkKC0340CFRrnPgodFBFpnQ" "Mozilla/4.0 (compatible; MSIE 7.0; Windows NT 5.1; .NET CLR 1.0.3705; .NET CLR 1.1.4322; Media Center PC 4.0)"
74.119.13.17 - - [05/Aug/2007:15:24:08 -0700] "GET /demo/image4.gif HTTP/1.1" 200 17692 "http://www.helpwithmath.com/?gclid=CMPLkKC0340CFRrnPgodFBFpnQ" "Mozilla/4.0 (compatible; MSIE 7.0; Windows NT 5.1; .NET CLR 1.0.3705; .NET CLR 1.1.4322; Media Center PC 4.0)"
74.119.13.17 - - [05/Aug/2007:15:24:09 -0700] "GET /glbnav_background.gif HTTP/1.1" 200 301 "http://www.helpwithmath.com/?gclid=CMPLkKC0340CFRrnPgodFBFpnQ" "Mozilla/4.0 (compatible; MSIE 7.0; Windows NT 5.1; .NET CLR 1.0.3705; .NET CLR 1.1.4322; Media Center PC 4.0)"
74.119.13.17 - - [05/Aug/2007:15:24:09 -0700] "GET /include/Ramanujan1-quality15.jpg HTTP/1.1" 200 34375 "http://www.helpwithmath.com/?gclid=CMPLkKC0340CFRrnPgodFBFpnQ" "Mozilla/4.0 (compatible; MSIE 7.0; Windows NT 5.1; .NET CLR 1.0.3705; .NET CLR 1.1.4322; Media Center PC 4.0)"
74.119.13.17 - - [05/Aug/2007:15:24:09 -0700] "GET /include/Background.gif HTTP/1.1" 200 52448 "http://www.helpwithmath.com/?gclid=CMPLkKC0340CFRrnPgodFBFpnQ" "Mozilla/4.0 (compatible; MSIE 7.0; Windows NT 5.1; .NET CLR 1.0.3705; .NET CLR 1.1.4322; Media Center PC 4.0)"
74.119.13.17 - - [05/Aug/2007:15:24:09 -0700] "GET /favicon.ico HTTP/1.1" 404 405 "-" "Mozilla/4.0 (compatible; MSIE 7.0; Windows NT 5.1; .NET CLR 1.0.3705; .NET CLR 1.1.4322; Media Center PC 4.0)"
::1 - - [05/Aug/2007:15:24:19 -0700] "GET /" 400 669 "-" "-"
::1 - - [05/Aug/2007:15:24:20 -0700] "GET /" 400 669 "-" "-"
74.119.13.17 - - [05/Aug/2007:15:24:25 -0700] "GET /glblnav_selected.gif HTTP/1.1" 200 158 "http://www.helpwithmath.com/?gclid=CMPLkKC0340CFRrnPgodFBFpnQ" "Mozilla/4.0 (compatible; MSIE 7.0; Windows NT 5.1; .NET CLR 1.0.3705; .NET CLR 1.1.4322; Media Center PC 4.0)"
74.119.13.17 - - [05/Aug/2007:15:24:26 -0700] "GET /demo.php HTTP/1.1" 200 9622 "http://www.helpwithmath.com/?gclid=CMPLkKC0340CFRrnPgodFBFpnQ" "Mozilla/4.0 (compatible; MSIE 7.0; Windows NT 5.1; .NET CLR 1.0.3705; .NET CLR 1.1.4322; Media Center PC 4.0)"
74.119.13.17 - - [05/Aug/2007:15:24:26 -0700] "GET /demo/image1.gif HTTP/1.1" 200 16881 "http://www.helpwithmath.com/demo.php" "Mozilla/4.0 (compatible; MSIE 7.0; Windows NT 5.1; .NET CLR 1.0.3705; .NET CLR 1.1.4322; Media Center PC 4.0)"
196.12.206.88 - - [05/Aug/2007:15:18:31 -0700] "GET /Install/setup.exe HTTP/1.1" 206 1246457 "http://www.helpwithmath.com/Install/saving_running.htm" "Mozilla/4.0 (compatible; MSIE 6.0; Windows NT 5.1; SV1; MEGAUPLOAD 2.0; FDM)"
196.12.206.88 - - [05/Aug/2007:15:22:05 -0700] "GET /Install/setup.exe HTTP/1.1" 206 3178775 "http://www.helpwithmath.com/Install/saving_running.htm" "Mozilla/4.0 (compatible; MSIE 6.0; Windows NT 5.1; SV1; MEGAUPLOAD 2.0; FDM)"
196.12.206.88 - - [05/Aug/2007:15:20:26 -0700] "GET /Install/setup.exe HTTP/1.1" 206 1406536 "http://www.helpwithmath.com/Install/saving_running.htm" "Mozilla/4.0 (compatible; MSIE 6.0; Windows NT 5.1; SV1; MEGAUPLOAD 2.0; FDM)"
196.12.206.88 - - [05/Aug/2007:15:23:46 -0700] "GET /Install/setup.exe HTTP/1.1" 206 1398256 "http://www.helpwithmath.com/Install/saving_running.htm" "Mozilla/4.0 (compatible; MSIE 6.0; Windows NT 5.1; SV1; MEGAUPLOAD 2.0; FDM)"
196.12.206.88 - - [05/Aug/2007:15:23:10 -0700] "GET /Install/setup.exe HTTP/1.1" 206 1771547 "http://www.helpwithmath.com/Install/saving_running.htm" "Mozilla/4.0 (compatible; MSIE 6.0; Windows NT 5.1; SV1; MEGAUPLOAD 2.0; FDM)"
196.12.206.88 - - [05/Aug/2007:15:21:15 -0700] "GET /Install/setup.exe HTTP/1.1" 206 742069 "http://www.helpwithmath.com/Install/saving_running.htm" "Mozilla/4.0 (compatible; MSIE 6.0; Windows NT 5.1; SV1; MEGAUPLOAD 2.0; FDM)"
::1 - - [05/Aug/2007:15:24:48 -0700] "GET /" 400 669 "-" "-"
196.12.206.88 - - [05/Aug/2007:15:21:44 -0700] "GET /Install/setup.exe HTTP/1.1" 206 1519698 "http://www.helpwithmath.com/Install/saving_running.htm" "Mozilla/4.0 (compatible; MSIE 6.0; Windows NT 5.1; SV1; MEGAUPLOAD 2.0; FDM)"
::1 - - [05/Aug/2007:15:24:51 -0700] "GET /" 400 669 "-" "-"
::1 - - [05/Aug/2007:15:24:52 -0700] "GET /" 400 669 "-" "-"
::1 - - [05/Aug/2007:15:24:53 -0700] "GET /" 400 669 "-" "-"
74.119.13.17 - - [05/Aug/2007:15:25:01 -0700] "GET /about.php HTTP/1.1" 200 11767 "http://www.helpwithmath.com/demo.php" "Mozilla/4.0 (compatible; MSIE 7.0; Windows NT 5.1; .NET CLR 1.0.3705; .NET CLR 1.1.4322; Media Center PC 4.0)"
196.12.206.88 - - [05/Aug/2007:15:23:04 -0700] "GET /Install/setup.exe HTTP/1.1" 206 1853658 "http://www.helpwithmath.com/Install/saving_running.htm" "Mozilla/4.0 (compatible; MSIE 6.0; Windows NT 5.1; SV1; MEGAUPLOAD 2.0; FDM)"
::1 - - [05/Aug/2007:15:25:17 -0700] "GET /" 400 669 "-" "-"
74.119.13.17 - - [05/Aug/2007:15:25:19 -0700] "GET /download.php HTTP/1.1" 200 9885 "http://www.helpwithmath.com/about.php" "Mozilla/4.0 (compatible; MSIE 7.0; Windows NT 5.1; .NET CLR 1.0.3705; .NET CLR 1.1.4322; Media Center PC 4.0)"
74.119.13.17 - - [05/Aug/2007:15:25:29 -0700] "GET /purchase.php HTTP/1.1" 200 11698 "http://www.helpwithmath.com/download.php" "Mozilla/4.0 (compatible; MSIE 7.0; Windows NT 5.1; .NET CLR 1.0.3705; .NET CLR 1.1.4322; Media Center PC 4.0)"
::1 - - [05/Aug/2007:15:25:45 -0700] "GET /" 400 669 "-" "-"
74.119.13.17 - - [05/Aug/2007:15:25:46 -0700] "GET /contact.php HTTP/1.1" 200 8928 "http://www.helpwithmath.com/purchase.php" "Mozilla/4.0 (compatible; MSIE 7.0; Windows NT 5.1; .NET CLR 1.0.3705; .NET CLR 1.1.4322; Media Center PC 4.0)"
216.207.146.50 - - [05/Aug/2007:15:26:03 -0700] "GET /?gclid=CL-X8Na0340CFQYjWAodyTKhmQ HTTP/1.1" 200 10654 "http://pagead2.googlesyndication.com/pagead/ads?client=ca-pub-0863636157410944&dt=1186352538680&lmt=1180215580&alt_color=F8E7C8&format=120x600_as&output=html&correlator=1186352538638&url=http%3A%2F%2Fwww.purplemath.com%2Fmodules%2Fgraphexp4.htm&color_bg=F8E7C8&color_text=000000&color_link=000000&color_url=0000FF&color_border=800080&ad_type=text_image&ref=http%3A%2F%2Fwww.purplemath.com%2Fmodules%2Fgraphexp3.htm&cc=495&flash=9&u_h=800&u_w=1280&u_ah=770&u_aw=1280&u_cd=32&u_tz=-300&u_his=10&u_java=true" "Mozilla/4.0 (compatible; MSIE 7.0; Windows NT 6.0; SLCC1; .NET CLR 2.0.50727; Media Center PC 5.0; .NET CLR 3.0.04506; InfoPath.2)"
216.207.146.50 - - [05/Aug/2007:15:26:03 -0700] "GET /HelpWithMathStyle.css HTTP/1.1" 200 7201 "http://www.helpwithmath.com/?gclid=CL-X8Na0340CFQYjWAodyTKhmQ" "Mozilla/4.0 (compatible; MSIE 7.0; Windows NT 6.0; SLCC1; .NET CLR 2.0.50727; Media Center PC 5.0; .NET CLR 3.0.04506; InfoPath.2)"
216.207.146.50 - - [05/Aug/2007:15:26:04 -0700] "GET /fold.gif HTTP/1.1" 200 119 "http://www.helpwithmath.com/?gclid=CL-X8Na0340CFQYjWAodyTKhmQ" "Mozilla/4.0 (compatible; MSIE 7.0; Windows NT 6.0; SLCC1; .NET CLR 2.0.50727; Media Center PC 5.0; .NET CLR 3.0.04506; InfoPath.2)"
216.207.146.50 - - [05/Aug/2007:15:26:04 -0700] "GET /open.gif HTTP/1.1" 200 125 "http://www.helpwithmath.com/?gclid=CL-X8Na0340CFQYjWAodyTKhmQ" "Mozilla/4.0 (compatible; MSIE 7.0; Windows NT 6.0; SLCC1; .NET CLR 2.0.50727; Media Center PC 5.0; .NET CLR 3.0.04506; InfoPath.2)"
216.207.146.50 - - [05/Aug/2007:15:26:04 -0700] "GET /gblnav_left.gif HTTP/1.1" 200 580 "http://www.helpwithmath.com/?gclid=CL-X8Na0340CFQYjWAodyTKhmQ" "Mozilla/4.0 (compatible; MSIE 7.0; Windows NT 6.0; SLCC1; .NET CLR 2.0.50727; Media Center PC 5.0; .NET CLR 3.0.04506; InfoPath.2)"
216.207.146.50 - - [05/Aug/2007:15:26:04 -0700] "GET /Spacer.gif HTTP/1.1" 200 52 "http://www.helpwithmath.com/?gclid=CL-X8Na0340CFQYjWAodyTKhmQ" "Mozilla/4.0 (compatible; MSIE 7.0; Windows NT 6.0; SLCC1; .NET CLR 2.0.50727; Media Center PC 5.0; .NET CLR 3.0.04506; InfoPath.2)"
216.207.146.50 - - [05/Aug/2007:15:26:04 -0700] "GET /glbnav_background.gif HTTP/1.1" 200 301 "http://www.helpwithmath.com/?gclid=CL-X8Na0340CFQYjWAodyTKhmQ" "Mozilla/4.0 (compatible; MSIE 7.0; Windows NT 6.0; SLCC1; .NET CLR 2.0.50727; Media Center PC 5.0; .NET CLR 3.0.04506; InfoPath.2)"
216.207.146.50 - - [05/Aug/2007:15:26:04 -0700] "GET /include/Ramanujan1-quality15.jpg HTTP/1.1" 200 34375 "http://www.helpwithmath.com/?gclid=CL-X8Na0340CFQYjWAodyTKhmQ" "Mozilla/4.0 (compatible; MSIE 7.0; Windows NT 6.0; SLCC1; .NET CLR 2.0.50727; Media Center PC 5.0; .NET CLR 3.0.04506; InfoPath.2)"
216.207.146.50 - - [05/Aug/2007:15:26:04 -0700] "GET /include/Background.gif HTTP/1.1" 200 52448 "http://www.helpwithmath.com/?gclid=CL-X8Na0340CFQYjWAodyTKhmQ" "Mozilla/4.0 (compatible; MSIE 7.0; Windows NT 6.0; SLCC1; .NET CLR 2.0.50727; Media Center PC 5.0; .NET CLR 3.0.04506; InfoPath.2)"
216.207.146.50 - - [05/Aug/2007:15:26:07 -0700] "GET /glbnav_right.gif HTTP/1.1" 200 578 "http://www.helpwithmath.com/?gclid=CL-X8Na0340CFQYjWAodyTKhmQ" "Mozilla/4.0 (compatible; MSIE 7.0; Windows NT 6.0; SLCC1; .NET CLR 2.0.50727; Media Center PC 5.0; .NET CLR 3.0.04506; InfoPath.2)"
216.207.146.50 - - [05/Aug/2007:15:26:07 -0700] "GET /TransparentMathXpertLogo.gif HTTP/1.1" 200 1845 "http://www.helpwithmath.com/?gclid=CL-X8Na0340CFQYjWAodyTKhmQ" "Mozilla/4.0 (compatible; MSIE 7.0; Windows NT 6.0; SLCC1; .NET CLR 2.0.50727; Media Center PC 5.0; .NET CLR 3.0.04506; InfoPath.2)"
216.207.146.50 - - [05/Aug/2007:15:26:07 -0700] "GET /demo/image4.gif HTTP/1.1" 200 17692 "http://www.helpwithmath.com/?gclid=CL-X8Na0340CFQYjWAodyTKhmQ" "Mozilla/4.0 (compatible; MSIE 7.0; Windows NT 6.0; SLCC1; .NET CLR 2.0.50727; Media Center PC 5.0; .NET CLR 3.0.04506; InfoPath.2)"
216.207.146.50 - - [05/Aug/2007:15:26:07 -0700] "GET /demo/step4a.gif HTTP/1.1" 200 18054 "http://www.helpwithmath.com/?gclid=CL-X8Na0340CFQYjWAodyTKhmQ" "Mozilla/4.0 (compatible; MSIE 7.0; Windows NT 6.0; SLCC1; .NET CLR 2.0.50727; Media Center PC 5.0; .NET CLR 3.0.04506; InfoPath.2)"
216.207.146.50 - - [05/Aug/2007:15:26:08 -0700] "GET /favicon.ico HTTP/1.1" 404 405 "-" "Mozilla/4.0 (compatible; MSIE 7.0; Windows NT 6.0; SLCC1; .NET CLR 2.0.50727; Media Center PC 5.0; .NET CLR 3.0.04506; InfoPath.2)"
196.12.206.88 - - [05/Aug/2007:15:24:32 -0700] "GET /Install/setup.exe HTTP/1.1" 206 1749467 "http://www.helpwithmath.com/Install/saving_running.htm" "Mozilla/4.0 (compatible; MSIE 6.0; Windows NT 5.1; SV1; MEGAUPLOAD 2.0; FDM)"
196.12.206.88 - - [05/Aug/2007:15:23:18 -0700] "GET /Install/setup.exe HTTP/1.1" 206 1392737 "http://www.helpwithmath.com/Install/saving_running.htm" "Mozilla/4.0 (compatible; MSIE 6.0; Windows NT 5.1; SV1; MEGAUPLOAD 2.0; FDM)"
196.12.206.88 - - [05/Aug/2007:15:22:53 -0700] "GET /Install/setup.exe HTTP/1.1" 206 1218857 "http://www.helpwithmath.com/Install/saving_running.htm" "Mozilla/4.0 (compatible; MSIE 6.0; Windows NT 5.1; SV1; MEGAUPLOAD 2.0; FDM)"
::1 - - [05/Aug/2007:15:27:00 -0700] "GET /" 400 669 "-" "-"
::1 - - [05/Aug/2007:15:27:02 -0700] "GET /" 400 669 "-" "-"
196.12.206.88 - - [05/Aug/2007:15:24:23 -0700] "GET /Install/setup.exe HTTP/1.1" 206 1900578 "http://www.helpwithmath.com/Install/saving_running.htm" "Mozilla/4.0 (compatible; MSIE 6.0; Windows NT 5.1; SV1; MEGAUPLOAD 2.0; FDM)"
::1 - - [05/Aug/2007:15:27:20 -0700] "GET /" 400 669 "-" "-"
196.12.206.88 - - [05/Aug/2007:15:26:15 -0700] "GET /Install/setup.exe HTTP/1.1" 206 1173317 "http://www.helpwithmath.com/Install/saving_running.htm" "Mozilla/4.0 (compatible; MSIE 6.0; Windows NT 5.1; SV1; MEGAUPLOAD 2.0; FDM)"
196.12.206.88 - - [05/Aug/2007:15:24:31 -0700] "GET /Install/setup.exe HTTP/1.1" 206 3265714 "http://www.helpwithmath.com/Install/saving_running.htm" "Mozilla/4.0 (compatible; MSIE 6.0; Windows NT 5.1; SV1; MEGAUPLOAD 2.0; FDM)"
196.12.206.88 - - [05/Aug/2007:15:24:37 -0700] "GET /Install/setup.exe HTTP/1.1" 206 1791558 "http://www.helpwithmath.com/Install/saving_running.htm" "Mozilla/4.0 (compatible; MSIE 6.0; Windows NT 5.1; SV1; MEGAUPLOAD 2.0; FDM)"
196.12.206.88 - - [05/Aug/2007:15:27:21 -0700] "GET /Install/setup.exe HTTP/1.1" 206 1144337 "http://www.helpwithmath.com/Install/saving_running.htm" "Mozilla/4.0 (compatible; MSIE 6.0; Windows NT 5.1; SV1; MEGAUPLOAD 2.0; FDM)"
196.12.206.88 - - [05/Aug/2007:15:27:37 -0700] "GET /Install/setup.exe HTTP/1.1" 206 1581798 "http://www.helpwithmath.com/Install/saving_running.htm" "Mozilla/4.0 (compatible; MSIE 6.0; Windows NT 5.1; SV1; MEGAUPLOAD 2.0; FDM)"
196.12.206.88 - - [05/Aug/2007:15:26:35 -0700] "GET /Install/setup.exe HTTP/1.1" 206 1763267 "http://www.helpwithmath.com/Install/saving_running.htm" "Mozilla/4.0 (compatible; MSIE 6.0; Windows NT 5.1; SV1; MEGAUPLOAD 2.0; FDM)"
