::1 - - [06/Aug/2007:17:27:37 -0700] "GET /" 400 669 "-" "-"
::1 - - [06/Aug/2007:17:27:55 -0700] "GET /" 400 669 "-" "-"
::1 - - [06/Aug/2007:17:27:56 -0700] "GET /" 400 669 "-" "-"
::1 - - [06/Aug/2007:17:28:20 -0700] "GET /" 400 669 "-" "-"
::1 - - [06/Aug/2007:17:28:24 -0700] "GET /" 400 669 "-" "-"
::1 - - [06/Aug/2007:17:28:25 -0700] "GET /" 400 669 "-" "-"
::1 - - [06/Aug/2007:17:28:28 -0700] "GET /" 400 669 "-" "-"
::1 - - [06/Aug/2007:17:28:29 -0700] "GET /" 400 669 "-" "-"
::1 - - [06/Aug/2007:17:28:30 -0700] "GET /" 400 669 "-" "-"
::1 - - [06/Aug/2007:17:28:35 -0700] "GET /" 400 669 "-" "-"
::1 - - [06/Aug/2007:17:30:33 -0700] "GET /" 400 669 "-" "-"
::1 - - [06/Aug/2007:17:30:34 -0700] "GET /" 400 669 "-" "-"
::1 - - [06/Aug/2007:17:30:35 -0700] "GET /" 400 669 "-" "-"
::1 - - [06/Aug/2007:17:31:55 -0700] "GET /" 400 669 "-" "-"
::1 - - [06/Aug/2007:17:31:56 -0700] "GET /" 400 669 "-" "-"
::1 - - [06/Aug/2007:17:34:32 -0700] "GET /" 400 669 "-" "-"
70.178.13.109 - - [06/Aug/2007:17:38:19 -0700] "GET /?gclid=CLSKt4-U4o0CFREhggodn0zTmg HTTP/1.1" 200 10654 "http://pagead2.googlesyndication.com/pagead/ads?client=ca-pub-8886524782132322&dt=1186447070843&lmt=1176903124&alternate_ad_url=http%3A%2F%2Fwww.analyzemath.com%2Fgoogle_adsense_script.htm&format=300x250_as&output=html&correlator=1186447070843&channel=1697870446&url=http%3A%2F%2Fwww.analyzemath.com%2FInverseTest%2Fanswers_InverseTest.html&color_bg=FFFFEE&color_text=FF6600&color_link=FF0033&color_url=6666FF&color_border=FFFFEE&ad_type=text_image&ref=http%3A%2F%2Fwww.analyzemath.com%2FInverseTest%2FInverseTest.html&cc=100&flash=9&u_h=900&u_w=1440&u_ah=866&u_aw=1440&u_cd=32&u_tz=-300&u_his=8&u_java=true&u_nplug=18&u_nmime=95" "Mozilla/5.0 (Windows; U; Windows NT 5.1; en-US; rv:1.8.1.6) Gecko/20070725 Firefox/2.0.0.6"
70.178.13.109 - - [06/Aug/2007:17:38:19 -0700] "GET /HelpWithMathStyle.css HTTP/1.1" 200 7201 "http://www.helpwithmath.com/?gclid=CLSKt4-U4o0CFREhggodn0zTmg" "Mozilla/5.0 (Windows; U; Windows NT 5.1; en-US; rv:1.8.1.6) Gecko/20070725 Firefox/2.0.0.6"
70.178.13.109 - - [06/Aug/2007:17:38:20 -0700] "GET /open.gif HTTP/1.1" 200 125 "http://www.helpwithmath.com/?gclid=CLSKt4-U4o0CFREhggodn0zTmg" "Mozilla/5.0 (Windows; U; Windows NT 5.1; en-US; rv:1.8.1.6) Gecko/20070725 Firefox/2.0.0.6"
70.178.13.109 - - [06/Aug/2007:17:38:20 -0700] "GET /fold.gif HTTP/1.1" 200 119 "http://www.helpwithmath.com/?gclid=CLSKt4-U4o0CFREhggodn0zTmg" "Mozilla/5.0 (Windows; U; Windows NT 5.1; en-US; rv:1.8.1.6) Gecko/20070725 Firefox/2.0.0.6"
70.178.13.109 - - [06/Aug/2007:17:38:20 -0700] "GET /gblnav_left.gif HTTP/1.1" 200 580 "http://www.helpwithmath.com/?gclid=CLSKt4-U4o0CFREhggodn0zTmg" "Mozilla/5.0 (Windows; U; Windows NT 5.1; en-US; rv:1.8.1.6) Gecko/20070725 Firefox/2.0.0.6"
70.178.13.109 - - [06/Aug/2007:17:38:20 -0700] "GET /glbnav_right.gif HTTP/1.1" 200 578 "http://www.helpwithmath.com/?gclid=CLSKt4-U4o0CFREhggodn0zTmg" "Mozilla/5.0 (Windows; U; Windows NT 5.1; en-US; rv:1.8.1.6) Gecko/20070725 Firefox/2.0.0.6"
70.178.13.109 - - [06/Aug/2007:17:38:20 -0700] "GET /TransparentMathXpertLogo.gif HTTP/1.1" 200 1845 "http://www.helpwithmath.com/?gclid=CLSKt4-U4o0CFREhggodn0zTmg" "Mozilla/5.0 (Windows; U; Windows NT 5.1; en-US; rv:1.8.1.6) Gecko/20070725 Firefox/2.0.0.6"
70.178.13.109 - - [06/Aug/2007:17:38:20 -0700] "GET /Spacer.gif HTTP/1.1" 200 52 "http://www.helpwithmath.com/?gclid=CLSKt4-U4o0CFREhggodn0zTmg" "Mozilla/5.0 (Windows; U; Windows NT 5.1; en-US; rv:1.8.1.6) Gecko/20070725 Firefox/2.0.0.6"
70.178.13.109 - - [06/Aug/2007:17:38:20 -0700] "GET /demo/image4.gif HTTP/1.1" 200 17692 "http://www.helpwithmath.com/?gclid=CLSKt4-U4o0CFREhggodn0zTmg" "Mozilla/5.0 (Windows; U; Windows NT 5.1; en-US; rv:1.8.1.6) Gecko/20070725 Firefox/2.0.0.6"
70.178.13.109 - - [06/Aug/2007:17:38:20 -0700] "GET /demo/step4a.gif HTTP/1.1" 200 18054 "http://www.helpwithmath.com/?gclid=CLSKt4-U4o0CFREhggodn0zTmg" "Mozilla/5.0 (Windows; U; Windows NT 5.1; en-US; rv:1.8.1.6) Gecko/20070725 Firefox/2.0.0.6"
70.178.13.109 - - [06/Aug/2007:17:38:21 -0700] "GET /glbnav_background.gif HTTP/1.1" 200 301 "http://www.helpwithmath.com/HelpWithMathStyle.css" "Mozilla/5.0 (Windows; U; Windows NT 5.1; en-US; rv:1.8.1.6) Gecko/20070725 Firefox/2.0.0.6"
70.178.13.109 - - [06/Aug/2007:17:38:21 -0700] "GET /include/Ramanujan1-quality15.jpg HTTP/1.1" 200 34375 "http://www.helpwithmath.com/HelpWithMathStyle.css" "Mozilla/5.0 (Windows; U; Windows NT 5.1; en-US; rv:1.8.1.6) Gecko/20070725 Firefox/2.0.0.6"
70.178.13.109 - - [06/Aug/2007:17:38:21 -0700] "GET /favicon.ico HTTP/1.1" 404 405 "-" "Mozilla/5.0 (Windows; U; Windows NT 5.1; en-US; rv:1.8.1.6) Gecko/20070725 Firefox/2.0.0.6"
70.178.13.109 - - [06/Aug/2007:17:38:21 -0700] "GET /include/Background.gif HTTP/1.1" 200 52448 "http://www.helpwithmath.com/HelpWithMathStyle.css" "Mozilla/5.0 (Windows; U; Windows NT 5.1; en-US; rv:1.8.1.6) Gecko/20070725 Firefox/2.0.0.6"
70.178.13.109 - - [06/Aug/2007:17:38:39 -0700] "GET /glblnav_selected.gif HTTP/1.1" 200 158 "http://www.helpwithmath.com/HelpWithMathStyle.css" "Mozilla/5.0 (Windows; U; Windows NT 5.1; en-US; rv:1.8.1.6) Gecko/20070725 Firefox/2.0.0.6"
70.178.13.109 - - [06/Aug/2007:17:38:44 -0700] "GET /purchase.php HTTP/1.1" 200 11698 "http://www.helpwithmath.com/?gclid=CLSKt4-U4o0CFREhggodn0zTmg" "Mozilla/5.0 (Windows; U; Windows NT 5.1; en-US; rv:1.8.1.6) Gecko/20070725 Firefox/2.0.0.6"
68.42.240.222 - - [06/Aug/2007:17:38:57 -0700] "GET /?gclid=COThm87p4Y0CFQYjWAodyTKhmQ HTTP/1.1" 200 10654 "http://www.buzzle.com/chapters/education-and-higher-learning_teachers-guide-and-related-resources_mathematics-and-math-applications.asp" "Mozilla/4.0 (compatible; MSIE 7.0; Windows NT 5.1)"
70.178.13.109 - - [06/Aug/2007:17:39:11 -0700] "GET /demo.php HTTP/1.1" 200 9622 "http://www.helpwithmath.com/purchase.php" "Mozilla/5.0 (Windows; U; Windows NT 5.1; en-US; rv:1.8.1.6) Gecko/20070725 Firefox/2.0.0.6"
70.178.13.109 - - [06/Aug/2007:17:39:11 -0700] "GET /demo/image1.gif HTTP/1.1" 200 16881 "http://www.helpwithmath.com/demo.php" "Mozilla/5.0 (Windows; U; Windows NT 5.1; en-US; rv:1.8.1.6) Gecko/20070725 Firefox/2.0.0.6"
70.178.13.109 - - [06/Aug/2007:17:39:28 -0700] "GET /index.php?include=step2.html HTTP/1.1" 200 8909 "http://www.helpwithmath.com/demo.php" "Mozilla/5.0 (Windows; U; Windows NT 5.1; en-US; rv:1.8.1.6) Gecko/20070725 Firefox/2.0.0.6"
70.178.13.109 - - [06/Aug/2007:17:39:29 -0700] "GET /demo/image3.gif HTTP/1.1" 200 17367 "http://www.helpwithmath.com/index.php?include=step2.html" "Mozilla/5.0 (Windows; U; Windows NT 5.1; en-US; rv:1.8.1.6) Gecko/20070725 Firefox/2.0.0.6"
70.178.13.109 - - [06/Aug/2007:17:39:41 -0700] "GET /contact.php HTTP/1.1" 200 8928 "http://www.helpwithmath.com/index.php?include=step2.html" "Mozilla/5.0 (Windows; U; Windows NT 5.1; en-US; rv:1.8.1.6) Gecko/20070725 Firefox/2.0.0.6"
70.178.13.109 - - [06/Aug/2007:17:39:47 -0700] "GET /index.php HTTP/1.1" 200 10654 "http://www.helpwithmath.com/contact.php" "Mozilla/5.0 (Windows; U; Windows NT 5.1; en-US; rv:1.8.1.6) Gecko/20070725 Firefox/2.0.0.6"
::1 - - [06/Aug/2007:17:40:21 -0700] "GET /" 400 669 "-" "-"
70.178.13.109 - - [06/Aug/2007:17:40:29 -0700] "GET /purchase.php HTTP/1.1" 200 11698 "http://www.helpwithmath.com/index.php" "Mozilla/5.0 (Windows; U; Windows NT 5.1; en-US; rv:1.8.1.6) Gecko/20070725 Firefox/2.0.0.6"
70.178.13.109 - - [06/Aug/2007:17:40:42 -0700] "POST /Order.php HTTP/1.1" 200 10509 "http://www.helpwithmath.com/purchase.php" "Mozilla/5.0 (Windows; U; Windows NT 5.1; en-US; rv:1.8.1.6) Gecko/20070725 Firefox/2.0.0.6"
::1 - - [06/Aug/2007:17:41:04 -0700] "GET /" 400 669 "-" "-"
::1 - - [06/Aug/2007:17:41:05 -0700] "GET /" 400 669 "-" "-"
::1 - - [06/Aug/2007:17:41:08 -0700] "GET /" 400 669 "-" "-"
::1 - - [06/Aug/2007:17:41:09 -0700] "GET /" 400 669 "-" "-"
::1 - - [06/Aug/2007:17:41:10 -0700] "GET /" 400 669 "-" "-"
::1 - - [06/Aug/2007:17:41:11 -0700] "GET /" 400 669 "-" "-"
71.103.33.92 - - [06/Aug/2007:17:41:14 -0700] "GET /download.php HTTP/1.1" 200 9885 "-" "Mozilla/4.0 (compatible; MSIE 6.0; Windows NT 5.1; SV1; Mozilla/4.0 (compatible; MSIE 6.0; Windows NT 5.1; SV1) )"
71.103.33.92 - - [06/Aug/2007:17:41:14 -0700] "GET /HelpWithMathStyle.css HTTP/1.1" 304 - "http://www.helpwithmath.com/download.php" "Mozilla/4.0 (compatible; MSIE 6.0; Windows NT 5.1; SV1; Mozilla/4.0 (compatible; MSIE 6.0; Windows NT 5.1; SV1) )"
71.103.33.92 - - [06/Aug/2007:17:41:14 -0700] "GET /fold.gif HTTP/1.1" 304 - "http://www.helpwithmath.com/download.php" "Mozilla/4.0 (compatible; MSIE 6.0; Windows NT 5.1; SV1; Mozilla/4.0 (compatible; MSIE 6.0; Windows NT 5.1; SV1) )"
71.103.33.92 - - [06/Aug/2007:17:41:14 -0700] "GET /open.gif HTTP/1.1" 304 - "http://www.helpwithmath.com/download.php" "Mozilla/4.0 (compatible; MSIE 6.0; Windows NT 5.1; SV1; Mozilla/4.0 (compatible; MSIE 6.0; Windows NT 5.1; SV1) )"
71.103.33.92 - - [06/Aug/2007:17:41:14 -0700] "GET /gblnav_left.gif HTTP/1.1" 304 - "http://www.helpwithmath.com/download.php" "Mozilla/4.0 (compatible; MSIE 6.0; Windows NT 5.1; SV1; Mozilla/4.0 (compatible; MSIE 6.0; Windows NT 5.1; SV1) )"
71.103.33.92 - - [06/Aug/2007:17:41:14 -0700] "GET /glbnav_right.gif HTTP/1.1" 304 - "http://www.helpwithmath.com/download.php" "Mozilla/4.0 (compatible; MSIE 6.0; Windows NT 5.1; SV1; Mozilla/4.0 (compatible; MSIE 6.0; Windows NT 5.1; SV1) )"
71.103.33.92 - - [06/Aug/2007:17:41:14 -0700] "GET /include/Ramanujan1-quality15.jpg HTTP/1.1" 304 - "http://www.helpwithmath.com/download.php" "Mozilla/4.0 (compatible; MSIE 6.0; Windows NT 5.1; SV1; Mozilla/4.0 (compatible; MSIE 6.0; Windows NT 5.1; SV1) )"
71.103.33.92 - - [06/Aug/2007:17:41:14 -0700] "GET /Spacer.gif HTTP/1.1" 304 - "http://www.helpwithmath.com/download.php" "Mozilla/4.0 (compatible; MSIE 6.0; Windows NT 5.1; SV1; Mozilla/4.0 (compatible; MSIE 6.0; Windows NT 5.1; SV1) )"
71.103.33.92 - - [06/Aug/2007:17:41:15 -0700] "GET /glbnav_background.gif HTTP/1.1" 304 - "http://www.helpwithmath.com/download.php" "Mozilla/4.0 (compatible; MSIE 6.0; Windows NT 5.1; SV1; Mozilla/4.0 (compatible; MSIE 6.0; Windows NT 5.1; SV1) )"
71.103.33.92 - - [06/Aug/2007:17:41:15 -0700] "GET /TransparentMathXpertLogo.gif HTTP/1.1" 304 - "http://www.helpwithmath.com/download.php" "Mozilla/4.0 (compatible; MSIE 6.0; Windows NT 5.1; SV1; Mozilla/4.0 (compatible; MSIE 6.0; Windows NT 5.1; SV1) )"
71.103.33.92 - - [06/Aug/2007:17:41:15 -0700] "GET /include/Background.gif HTTP/1.1" 304 - "http://www.helpwithmath.com/download.php" "Mozilla/4.0 (compatible; MSIE 6.0; Windows NT 5.1; SV1; Mozilla/4.0 (compatible; MSIE 6.0; Windows NT 5.1; SV1) )"
70.178.13.109 - - [06/Aug/2007:17:41:18 -0700] "POST /Order2.php HTTP/1.1" 200 10953 "http://www.helpwithmath.com/Order.php" "Mozilla/5.0 (Windows; U; Windows NT 5.1; en-US; rv:1.8.1.6) Gecko/20070725 Firefox/2.0.0.6"
70.178.13.109 - - [06/Aug/2007:17:41:19 -0700] "GET /HelpWithMathStyle.css HTTP/1.1" 200 7201 "https://www.helpwithmath.com/Order2.php" "Mozilla/5.0 (Windows; U; Windows NT 5.1; en-US; rv:1.8.1.6) Gecko/20070725 Firefox/2.0.0.6"
71.103.33.92 - - [06/Aug/2007:17:41:19 -0700] "POST /download2.php HTTP/1.1" 200 9161 "http://www.helpwithmath.com/download.php" "Mozilla/4.0 (compatible; MSIE 6.0; Windows NT 5.1; SV1; Mozilla/4.0 (compatible; MSIE 6.0; Windows NT 5.1; SV1) )"
70.178.13.109 - - [06/Aug/2007:17:41:19 -0700] "GET /open.gif HTTP/1.1" 200 125 "https://www.helpwithmath.com/Order2.php" "Mozilla/5.0 (Windows; U; Windows NT 5.1; en-US; rv:1.8.1.6) Gecko/20070725 Firefox/2.0.0.6"
70.178.13.109 - - [06/Aug/2007:17:41:19 -0700] "GET /fold.gif HTTP/1.1" 200 119 "https://www.helpwithmath.com/Order2.php" "Mozilla/5.0 (Windows; U; Windows NT 5.1; en-US; rv:1.8.1.6) Gecko/20070725 Firefox/2.0.0.6"
70.178.13.109 - - [06/Aug/2007:17:41:19 -0700] "GET /gblnav_left.gif HTTP/1.1" 200 580 "https://www.helpwithmath.com/Order2.php" "Mozilla/5.0 (Windows; U; Windows NT 5.1; en-US; rv:1.8.1.6) Gecko/20070725 Firefox/2.0.0.6"
70.178.13.109 - - [06/Aug/2007:17:41:19 -0700] "GET /glbnav_right.gif HTTP/1.1" 200 578 "https://www.helpwithmath.com/Order2.php" "Mozilla/5.0 (Windows; U; Windows NT 5.1; en-US; rv:1.8.1.6) Gecko/20070725 Firefox/2.0.0.6"
70.178.13.109 - - [06/Aug/2007:17:41:19 -0700] "GET /Spacer.gif HTTP/1.1" 200 52 "https://www.helpwithmath.com/Order2.php" "Mozilla/5.0 (Windows; U; Windows NT 5.1; en-US; rv:1.8.1.6) Gecko/20070725 Firefox/2.0.0.6"
70.178.13.109 - - [06/Aug/2007:17:41:19 -0700] "GET /TransparentMathXpertLogo.gif HTTP/1.1" 200 1845 "https://www.helpwithmath.com/Order2.php" "Mozilla/5.0 (Windows; U; Windows NT 5.1; en-US; rv:1.8.1.6) Gecko/20070725 Firefox/2.0.0.6"
70.178.13.109 - - [06/Aug/2007:17:41:19 -0700] "GET /glbnav_background.gif HTTP/1.1" 200 301 "https://www.helpwithmath.com/HelpWithMathStyle.css" "Mozilla/5.0 (Windows; U; Windows NT 5.1; en-US; rv:1.8.1.6) Gecko/20070725 Firefox/2.0.0.6"
70.178.13.109 - - [06/Aug/2007:17:41:19 -0700] "GET /include/Ramanujan1-quality15.jpg HTTP/1.1" 200 34375 "https://www.helpwithmath.com/HelpWithMathStyle.css" "Mozilla/5.0 (Windows; U; Windows NT 5.1; en-US; rv:1.8.1.6) Gecko/20070725 Firefox/2.0.0.6"
70.178.13.109 - - [06/Aug/2007:17:41:19 -0700] "GET /include/Background.gif HTTP/1.1" 200 52448 "https://www.helpwithmath.com/HelpWithMathStyle.css" "Mozilla/5.0 (Windows; U; Windows NT 5.1; en-US; rv:1.8.1.6) Gecko/20070725 Firefox/2.0.0.6"
70.178.13.109 - - [06/Aug/2007:17:41:20 -0700] "GET /favicon.ico HTTP/1.1" 404 406 "-" "Mozilla/5.0 (Windows; U; Windows NT 5.1; en-US; rv:1.8.1.6) Gecko/20070725 Firefox/2.0.0.6"
71.103.33.92 - - [06/Aug/2007:17:41:30 -0700] "POST /download2.php?state=Edit HTTP/1.1" 302 9264 "http://www.helpwithmath.com/download2.php" "Mozilla/4.0 (compatible; MSIE 6.0; Windows NT 5.1; SV1; Mozilla/4.0 (compatible; MSIE 6.0; Windows NT 5.1; SV1) )"
71.103.33.92 - - [06/Aug/2007:17:41:30 -0700] "GET /Install/SaveOrRun.php?Email=caralampio@yahoo.com&WhichDisk=7 HTTP/1.1" 200 5235 "http://www.helpwithmath.com/download2.php" "Mozilla/4.0 (compatible; MSIE 6.0; Windows NT 5.1; SV1; Mozilla/4.0 (compatible; MSIE 6.0; Windows NT 5.1; SV1) )"
71.103.33.92 - - [06/Aug/2007:17:41:31 -0700] "GET /Install/header_fill.jpg HTTP/1.1" 304 - "http://www.helpwithmath.com/Install/SaveOrRun.php?Email=caralampio@yahoo.com&WhichDisk=7" "Mozilla/4.0 (compatible; MSIE 6.0; Windows NT 5.1; SV1; Mozilla/4.0 (compatible; MSIE 6.0; Windows NT 5.1; SV1) )"
71.103.33.92 - - [06/Aug/2007:17:41:31 -0700] "GET /Install/oci_header.jpg HTTP/1.1" 304 - "http://www.helpwithmath.com/Install/SaveOrRun.php?Email=caralampio@yahoo.com&WhichDisk=7" "Mozilla/4.0 (compatible; MSIE 6.0; Windows NT 5.1; SV1; Mozilla/4.0 (compatible; MSIE 6.0; Windows NT 5.1; SV1) )"
71.103.33.92 - - [06/Aug/2007:17:41:31 -0700] "GET /Install/UL.gif HTTP/1.1" 304 - "http://www.helpwithmath.com/Install/SaveOrRun.php?Email=caralampio@yahoo.com&WhichDisk=7" "Mozilla/4.0 (compatible; MSIE 6.0; Windows NT 5.1; SV1; Mozilla/4.0 (compatible; MSIE 6.0; Windows NT 5.1; SV1) )"
71.103.33.92 - - [06/Aug/2007:17:41:31 -0700] "GET /Install/UR.gif HTTP/1.1" 304 - "http://www.helpwithmath.com/Install/SaveOrRun.php?Email=caralampio@yahoo.com&WhichDisk=7" "Mozilla/4.0 (compatible; MSIE 6.0; Windows NT 5.1; SV1; Mozilla/4.0 (compatible; MSIE 6.0; Windows NT 5.1; SV1) )"
71.103.33.92 - - [06/Aug/2007:17:41:31 -0700] "GET /Install/b_saveorrun.gif HTTP/1.1" 304 - "http://www.helpwithmath.com/Install/SaveOrRun.php?Email=caralampio@yahoo.com&WhichDisk=7" "Mozilla/4.0 (compatible; MSIE 6.0; Windows NT 5.1; SV1; Mozilla/4.0 (compatible; MSIE 6.0; Windows NT 5.1; SV1) )"
71.103.33.92 - - [06/Aug/2007:17:41:31 -0700] "GET /Install/LL.gif HTTP/1.1" 304 - "http://www.helpwithmath.com/Install/SaveOrRun.php?Email=caralampio@yahoo.com&WhichDisk=7" "Mozilla/4.0 (compatible; MSIE 6.0; Windows NT 5.1; SV1; Mozilla/4.0 (compatible; MSIE 6.0; Windows NT 5.1; SV1) )"
71.103.33.92 - - [06/Aug/2007:17:41:31 -0700] "GET /Install/LR.gif HTTP/1.1" 304 - "http://www.helpwithmath.com/Install/SaveOrRun.php?Email=caralampio@yahoo.com&WhichDisk=7" "Mozilla/4.0 (compatible; MSIE 6.0; Windows NT 5.1; SV1; Mozilla/4.0 (compatible; MSIE 6.0; Windows NT 5.1; SV1) )"
71.103.33.92 - - [06/Aug/2007:17:41:39 -0700] "GET /glblnav_selected.gif HTTP/1.1" 304 - "http://www.helpwithmath.com/download.php" "Mozilla/4.0 (compatible; MSIE 6.0; Windows NT 5.1; SV1; Mozilla/4.0 (compatible; MSIE 6.0; Windows NT 5.1; SV1) )"
71.103.33.92 - - [06/Aug/2007:17:41:50 -0700] "POST /download2.php HTTP/1.1" 200 9161 "http://www.helpwithmath.com/download.php" "Mozilla/4.0 (compatible; MSIE 6.0; Windows NT 5.1; SV1; Mozilla/4.0 (compatible; MSIE 6.0; Windows NT 5.1; SV1) )"
::1 - - [06/Aug/2007:17:41:53 -0700] "GET /" 400 669 "-" "-"
71.103.33.92 - - [06/Aug/2007:17:41:58 -0700] "POST /download2.php?state=Edit HTTP/1.1" 302 9264 "http://www.helpwithmath.com/download2.php" "Mozilla/4.0 (compatible; MSIE 6.0; Windows NT 5.1; SV1; Mozilla/4.0 (compatible; MSIE 6.0; Windows NT 5.1; SV1) )"
71.103.33.92 - - [06/Aug/2007:17:41:58 -0700] "GET /Install/SaveOrRun.php?Email=caralampio@yahoo.com&WhichDisk=3 HTTP/1.1" 200 5235 "http://www.helpwithmath.com/download2.php" "Mozilla/4.0 (compatible; MSIE 6.0; Windows NT 5.1; SV1; Mozilla/4.0 (compatible; MSIE 6.0; Windows NT 5.1; SV1) )"
70.178.13.109 - - [06/Aug/2007:17:42:19 -0700] "POST /Order2.php?state=Edit HTTP/1.1" 302 - "https://www.helpwithmath.com/Order2.php" "Mozilla/5.0 (Windows; U; Windows NT 5.1; en-US; rv:1.8.1.6) Gecko/20070725 Firefox/2.0.0.6"
70.178.13.109 - - [06/Aug/2007:17:42:20 -0700] "GET /ShipInfo.php HTTP/1.1" 200 10230 "https://www.helpwithmath.com/Order2.php" "Mozilla/5.0 (Windows; U; Windows NT 5.1; en-US; rv:1.8.1.6) Gecko/20070725 Firefox/2.0.0.6"
70.178.13.109 - - [06/Aug/2007:17:42:29 -0700] "POST /ShipInfo.php?state=Edit HTTP/1.1" 302 10298 "https://www.helpwithmath.com/ShipInfo.php" "Mozilla/5.0 (Windows; U; Windows NT 5.1; en-US; rv:1.8.1.6) Gecko/20070725 Firefox/2.0.0.6"
70.178.13.109 - - [06/Aug/2007:17:42:29 -0700] "GET /PaymentInfo.php HTTP/1.1" 200 11903 "https://www.helpwithmath.com/ShipInfo.php" "Mozilla/5.0 (Windows; U; Windows NT 5.1; en-US; rv:1.8.1.6) Gecko/20070725 Firefox/2.0.0.6"
::1 - - [06/Aug/2007:17:42:47 -0700] "GET /" 400 669 "-" "-"
70.178.13.109 - - [06/Aug/2007:17:42:51 -0700] "POST /PaymentInfo.php?State=Edit HTTP/1.1" 302 11938 "https://www.helpwithmath.com/PaymentInfo.php" "Mozilla/5.0 (Windows; U; Windows NT 5.1; en-US; rv:1.8.1.6) Gecko/20070725 Firefox/2.0.0.6"
70.178.13.109 - - [06/Aug/2007:17:42:53 -0700] "GET /AfterTransaction.php HTTP/1.1" 200 11314 "https://www.helpwithmath.com/PaymentInfo.php" "Mozilla/5.0 (Windows; U; Windows NT 5.1; en-US; rv:1.8.1.6) Gecko/20070725 Firefox/2.0.0.6"
71.103.33.92 - - [06/Aug/2007:17:43:17 -0700] "GET /Install/saving_running.htm HTTP/1.1" 304 - "http://www.helpwithmath.com/Install/SaveOrRun.php?Email=caralampio@yahoo.com&WhichDisk=3" "Mozilla/4.0 (compatible; MSIE 6.0; Windows NT 5.1; SV1; Mozilla/4.0 (compatible; MSIE 6.0; Windows NT 5.1; SV1) )"
71.103.33.92 - - [06/Aug/2007:17:43:19 -0700] "GET /Install/setup.exe HTTP/1.1" 200 13072520 "-" "Mozilla/4.0 (compatible; MSIE 6.0; Windows NT 5.1; SV1; Mozilla/4.0 (compatible; MSIE 6.0; Windows NT 5.1; SV1) )"
71.103.33.92 - - [06/Aug/2007:17:43:24 -0700] "GET /Install/setup.exe HTTP/1.1" 206 13071060 "-" "Mozilla/4.0 (compatible; MSIE 6.0; Windows NT 5.1; SV1; Mozilla/4.0 (compatible; MSIE 6.0; Windows NT 5.1; SV1) )"
::1 - - [06/Aug/2007:17:44:22 -0700] "GET /" 400 669 "-" "-"
70.178.13.109 - - [06/Aug/2007:17:45:28 -0700] "POST /Install/SaveOrRun.html HTTP/1.1" 200 5223 "https://www.helpwithmath.com/AfterTransaction.php" "Mozilla/5.0 (Windows; U; Windows NT 5.1; en-US; rv:1.8.1.6) Gecko/20070725 Firefox/2.0.0.6"
70.178.13.109 - - [06/Aug/2007:17:45:28 -0700] "GET /Install/oci_header.jpg HTTP/1.1" 200 6586 "https://www.helpwithmath.com/Install/SaveOrRun.html" "Mozilla/5.0 (Windows; U; Windows NT 5.1; en-US; rv:1.8.1.6) Gecko/20070725 Firefox/2.0.0.6"
70.178.13.109 - - [06/Aug/2007:17:45:28 -0700] "GET /Install/b_save.gif HTTP/1.1" 200 2618 "https://www.helpwithmath.com/Install/SaveOrRun.html" "Mozilla/5.0 (Windows; U; Windows NT 5.1; en-US; rv:1.8.1.6) Gecko/20070725 Firefox/2.0.0.6"
70.178.13.109 - - [06/Aug/2007:17:45:28 -0700] "GET /Install/header_fill.jpg HTTP/1.1" 200 578 "https://www.helpwithmath.com/Install/SaveOrRun.html" "Mozilla/5.0 (Windows; U; Windows NT 5.1; en-US; rv:1.8.1.6) Gecko/20070725 Firefox/2.0.0.6"
70.178.13.109 - - [06/Aug/2007:17:45:29 -0700] "GET /Install/UL.gif HTTP/1.1" 200 170 "https://www.helpwithmath.com/Install/SaveOrRun.html" "Mozilla/5.0 (Windows; U; Windows NT 5.1; en-US; rv:1.8.1.6) Gecko/20070725 Firefox/2.0.0.6"
70.178.13.109 - - [06/Aug/2007:17:45:29 -0700] "GET /Install/UR.gif HTTP/1.1" 200 169 "https://www.helpwithmath.com/Install/SaveOrRun.html" "Mozilla/5.0 (Windows; U; Windows NT 5.1; en-US; rv:1.8.1.6) Gecko/20070725 Firefox/2.0.0.6"
70.178.13.109 - - [06/Aug/2007:17:45:29 -0700] "GET /Install/LL.gif HTTP/1.1" 200 169 "https://www.helpwithmath.com/Install/SaveOrRun.html" "Mozilla/5.0 (Windows; U; Windows NT 5.1; en-US; rv:1.8.1.6) Gecko/20070725 Firefox/2.0.0.6"
70.178.13.109 - - [06/Aug/2007:17:45:29 -0700] "GET /Install/LR.gif HTTP/1.1" 200 169 "https://www.helpwithmath.com/Install/SaveOrRun.html" "Mozilla/5.0 (Windows; U; Windows NT 5.1; en-US; rv:1.8.1.6) Gecko/20070725 Firefox/2.0.0.6"
70.178.13.109 - - [06/Aug/2007:17:45:36 -0700] "GET /Install/saving_running.htm HTTP/1.1" 200 4541 "https://www.helpwithmath.com/Install/SaveOrRun.html" "Mozilla/5.0 (Windows; U; Windows NT 5.1; en-US; rv:1.8.1.6) Gecko/20070725 Firefox/2.0.0.6"
70.178.13.109 - - [06/Aug/2007:17:45:39 -0700] "GET /Install/setup.exe HTTP/1.1" 200 13072520 "-" "Mozilla/5.0 (Windows; U; Windows NT 5.1; en-US; rv:1.8.1.6) Gecko/20070725 Firefox/2.0.0.6"
::1 - - [06/Aug/2007:17:50:35 -0700] "GET /" 400 669 "-" "-"
::1 - - [06/Aug/2007:17:50:38 -0700] "GET /" 400 669 "-" "-"
::1 - - [06/Aug/2007:17:50:39 -0700] "GET /" 400 669 "-" "-"
::1 - - [06/Aug/2007:17:50:54 -0700] "GET /" 400 669 "-" "-"
196.205.243.41 - - [06/Aug/2007:17:51:22 -0700] "GET /Install/setup.exe HTTP/1.1" 206 9150764 "http://www.mathxpert.com/Install/saving_running.htm" "Mozilla/4.0 (compatible; MSIE 6.0; Windows NT 5.0; .NET CLR 1.1.4322)"
196.205.243.41 - - [06/Aug/2007:17:51:23 -0700] "GET /Install/setup.exe HTTP/1.1" 206 8987357 "http://www.mathxpert.com/Install/saving_running.htm" "Mozilla/4.0 (compatible; MSIE 6.0; Windows NT 5.0; .NET CLR 1.1.4322)"
196.205.243.41 - - [06/Aug/2007:17:51:23 -0700] "GET /Install/setup.exe HTTP/1.1" 206 8497138 "http://www.mathxpert.com/Install/saving_running.htm" "Mozilla/4.0 (compatible; MSIE 6.0; Windows NT 5.0; .NET CLR 1.1.4322)"
196.205.243.41 - - [06/Aug/2007:17:51:23 -0700] "GET /Install/setup.exe HTTP/1.1" 206 8823951 "http://www.mathxpert.com/Install/saving_running.htm" "Mozilla/4.0 (compatible; MSIE 6.0; Windows NT 5.0; .NET CLR 1.1.4322)"
::1 - - [06/Aug/2007:17:54:01 -0700] "GET /" 400 669 "-" "-"
196.205.243.41 - - [06/Aug/2007:17:51:23 -0700] "GET /Install/setup.exe HTTP/1.1" 206 8170325 "http://www.mathxpert.com/Install/saving_running.htm" "Mozilla/4.0 (compatible; MSIE 6.0; Windows NT 5.0; .NET CLR 1.1.4322)"
196.205.243.41 - - [06/Aug/2007:17:53:19 -0700] "GET /Install/setup.exe HTTP/1.1" 206 5645048 "http://www.mathxpert.com/Install/saving_running.htm" "Mozilla/4.0 (compatible; MSIE 6.0; Windows NT 5.0; .NET CLR 1.1.4322)"
196.205.243.41 - - [06/Aug/2007:17:51:21 -0700] "GET /Install/setup.exe HTTP/1.1" 206 10458016 "http://www.te3p.com/vb/56189.html" "Mozilla/4.0 (compatible; MSIE 6.0; Windows NT 5.0; .NET CLR 1.1.4322)"
196.205.243.41 - - [06/Aug/2007:17:51:21 -0700] "GET /Install/setup.exe HTTP/1.1" 206 2614504 "http://www.te3p.com/vb/56189.html" "Mozilla/4.0 (compatible; MSIE 6.0; Windows NT 5.0; .NET CLR 1.1.4322)"
196.205.243.41 - - [06/Aug/2007:17:55:21 -0700] "GET /Install/setup.exe HTTP/1.1" 206 2356084 "http://www.te3p.com/vb/56189.html" "Mozilla/4.0 (compatible; MSIE 6.0; Windows NT 5.0; .NET CLR 1.1.4322)"
196.205.243.41 - - [06/Aug/2007:17:55:31 -0700] "GET /Install/setup.exe HTTP/1.1" 206 2281596 "http://www.te3p.com/vb/56189.html" "Mozilla/4.0 (compatible; MSIE 6.0; Windows NT 5.0; .NET CLR 1.1.4322)"
196.205.243.41 - - [06/Aug/2007:17:54:45 -0700] "GET /Install/setup.exe HTTP/1.1" 206 2332786 "http://www.mathxpert.com/Install/saving_running.htm" "Mozilla/4.0 (compatible; MSIE 6.0; Windows NT 5.0; .NET CLR 1.1.4322)"
196.205.243.41 - - [06/Aug/2007:17:54:55 -0700] "GET /Install/setup.exe HTTP/1.1" 206 10382096 "http://www.te3p.com/vb/56189.html" "Mozilla/4.0 (compatible; MSIE 6.0; Windows NT 5.0; .NET CLR 1.1.4322)"
196.205.243.41 - - [06/Aug/2007:17:51:20 -0700] "GET /Install/setup.exe HTTP/1.1" 200 13072520 "http://www.te3p.com/vb/56189.html" "Mozilla/4.0 (compatible; MSIE 6.0; Windows NT 5.0; .NET CLR 1.1.4322)"
::1 - - [06/Aug/2007:17:56:29 -0700] "GET /" 400 669 "-" "-"
::1 - - [06/Aug/2007:17:56:30 -0700] "GET /" 400 669 "-" "-"
196.205.243.41 - - [06/Aug/2007:17:52:41 -0700] "GET /Install/setup.exe HTTP/1.1" 206 7180031 "http://www.mathxpert.com/Install/saving_running.htm" "Mozilla/4.0 (compatible; MSIE 6.0; Windows NT 5.0; .NET CLR 1.1.4322)"
::1 - - [06/Aug/2007:17:56:31 -0700] "GET /" 400 669 "-" "-"
196.205.243.41 - - [06/Aug/2007:17:51:21 -0700] "GET /Install/setup.exe HTTP/1.1" 206 7843512 "http://www.te3p.com/vb/56189.html" "Mozilla/4.0 (compatible; MSIE 6.0; Windows NT 5.0; .NET CLR 1.1.4322)"
196.205.243.41 - - [06/Aug/2007:17:56:16 -0700] "GET /Install/setup.exe HTTP/1.1" 206 12080459 "http://www.te3p.com/vb/56189.html" "Mozilla/4.0 (compatible; MSIE 6.0; Windows NT 5.0; .NET CLR 1.1.4322)"
196.205.243.41 - - [06/Aug/2007:17:52:37 -0700] "GET /Install/setup.exe HTTP/1.1" 206 6529690 "http://www.mathxpert.com/Install/saving_running.htm" "Mozilla/4.0 (compatible; MSIE 6.0; Windows NT 5.0; .NET CLR 1.1.4322)"
72.30.177.80 - - [06/Aug/2007:17:57:05 -0700] "GET /robots.txt HTTP/1.0" 404 401 "-" "Mozilla/5.0 (compatible; Yahoo! Slurp; http://help.yahoo.com/help/us/ysearch/slurp)"
74.6.76.15 - - [06/Aug/2007:17:57:05 -0700] "GET / HTTP/1.0" 200 10654 "-" "Mozilla/5.0 (compatible; Yahoo! DE Slurp; http://help.yahoo.com/help/us/ysearch/slurp)"
72.142.210.174 - - [06/Aug/2007:17:57:14 -0700] "GET /about.php?include=whichassistant.html HTTP/1.1" 200 12364 "http://www.google.ca/search?hl=en&q=Simplification+by+Factoring&btnG=Google+Search&meta=" "Mozilla/5.0 (Windows; U; Windows NT 5.1; en-US; rv:1.8.1.6) Gecko/20070725 Firefox/2.0.0.6"
72.142.210.174 - - [06/Aug/2007:17:57:15 -0700] "GET /HelpWithMathStyle.css HTTP/1.1" 200 7201 "http://www.helpwithmath.com/about.php?include=whichassistant.html" "Mozilla/5.0 (Windows; U; Windows NT 5.1; en-US; rv:1.8.1.6) Gecko/20070725 Firefox/2.0.0.6"
72.142.210.174 - - [06/Aug/2007:17:57:15 -0700] "GET /open.gif HTTP/1.1" 200 125 "http://www.helpwithmath.com/about.php?include=whichassistant.html" "Mozilla/5.0 (Windows; U; Windows NT 5.1; en-US; rv:1.8.1.6) Gecko/20070725 Firefox/2.0.0.6"
72.142.210.174 - - [06/Aug/2007:17:57:15 -0700] "GET /fold.gif HTTP/1.1" 200 119 "http://www.helpwithmath.com/about.php?include=whichassistant.html" "Mozilla/5.0 (Windows; U; Windows NT 5.1; en-US; rv:1.8.1.6) Gecko/20070725 Firefox/2.0.0.6"
72.142.210.174 - - [06/Aug/2007:17:57:15 -0700] "GET /gblnav_left.gif HTTP/1.1" 200 580 "http://www.helpwithmath.com/about.php?include=whichassistant.html" "Mozilla/5.0 (Windows; U; Windows NT 5.1; en-US; rv:1.8.1.6) Gecko/20070725 Firefox/2.0.0.6"
72.142.210.174 - - [06/Aug/2007:17:57:15 -0700] "GET /glbnav_right.gif HTTP/1.1" 200 578 "http://www.helpwithmath.com/about.php?include=whichassistant.html" "Mozilla/5.0 (Windows; U; Windows NT 5.1; en-US; rv:1.8.1.6) Gecko/20070725 Firefox/2.0.0.6"
72.142.210.174 - - [06/Aug/2007:17:57:15 -0700] "GET /Spacer.gif HTTP/1.1" 200 52 "http://www.helpwithmath.com/about.php?include=whichassistant.html" "Mozilla/5.0 (Windows; U; Windows NT 5.1; en-US; rv:1.8.1.6) Gecko/20070725 Firefox/2.0.0.6"
72.142.210.174 - - [06/Aug/2007:17:57:15 -0700] "GET /TransparentMathXpertLogo.gif HTTP/1.1" 200 1845 "http://www.helpwithmath.com/about.php?include=whichassistant.html" "Mozilla/5.0 (Windows; U; Windows NT 5.1; en-US; rv:1.8.1.6) Gecko/20070725 Firefox/2.0.0.6"
72.142.210.174 - - [06/Aug/2007:17:57:15 -0700] "GET /glbnav_background.gif HTTP/1.1" 200 301 "http://www.helpwithmath.com/HelpWithMathStyle.css" "Mozilla/5.0 (Windows; U; Windows NT 5.1; en-US; rv:1.8.1.6) Gecko/20070725 Firefox/2.0.0.6"
72.142.210.174 - - [06/Aug/2007:17:57:15 -0700] "GET /include/Ramanujan1-quality15.jpg HTTP/1.1" 200 34375 "http://www.helpwithmath.com/HelpWithMathStyle.css" "Mozilla/5.0 (Windows; U; Windows NT 5.1; en-US; rv:1.8.1.6) Gecko/20070725 Firefox/2.0.0.6"
72.142.210.174 - - [06/Aug/2007:17:57:16 -0700] "GET /include/Background.gif HTTP/1.1" 200 52448 "http://www.helpwithmath.com/HelpWithMathStyle.css" "Mozilla/5.0 (Windows; U; Windows NT 5.1; en-US; rv:1.8.1.6) Gecko/20070725 Firefox/2.0.0.6"
72.142.210.174 - - [06/Aug/2007:17:57:16 -0700] "GET /favicon.ico HTTP/1.1" 404 405 "-" "Mozilla/5.0 (Windows; U; Windows NT 5.1; en-US; rv:1.8.1.6) Gecko/20070725 Firefox/2.0.0.6"
196.205.243.41 - - [06/Aug/2007:17:56:40 -0700] "GET /Install/setup.exe HTTP/1.1" 206 1619373 "http://www.te3p.com/vb/56189.html" "Mozilla/4.0 (compatible; MSIE 6.0; Windows NT 5.0; .NET CLR 1.1.4322)"
196.205.243.41 - - [06/Aug/2007:17:53:40 -0700] "GET /Install/setup.exe HTTP/1.1" 206 2123104 "http://www.mathxpert.com/Install/saving_running.htm" "Mozilla/4.0 (compatible; MSIE 6.0; Windows NT 5.0; .NET CLR 1.1.4322)"
196.205.243.41 - - [06/Aug/2007:17:56:33 -0700] "GET /Install/setup.exe HTTP/1.1" 206 3649872 "http://www.te3p.com/vb/56189.html" "Mozilla/4.0 (compatible; MSIE 6.0; Windows NT 5.0; .NET CLR 1.1.4322)"
::1 - - [06/Aug/2007:17:58:23 -0700] "GET /" 400 669 "-" "-"
196.205.243.41 - - [06/Aug/2007:17:57:38 -0700] "GET /Install/setup.exe HTTP/1.1" 206 3599619 "http://www.mathxpert.com/Install/saving_running.htm" "Mozilla/4.0 (compatible; MSIE 6.0; Windows NT 5.0; .NET CLR 1.1.4322)"
196.205.243.41 - - [06/Aug/2007:17:56:32 -0700] "GET /Install/setup.exe HTTP/1.1" 206 2959876 "http://www.mathxpert.com/Install/saving_running.htm" "Mozilla/4.0 (compatible; MSIE 6.0; Windows NT 5.0; .NET CLR 1.1.4322)"
196.205.243.41 - - [06/Aug/2007:17:51:21 -0700] "GET /Install/setup.exe HTTP/1.1" 206 5229008 "http://www.te3p.com/vb/56189.html" "Mozilla/4.0 (compatible; MSIE 6.0; Windows NT 5.0; .NET CLR 1.1.4322)"
196.205.243.41 - - [06/Aug/2007:17:56:53 -0700] "GET /Install/setup.exe HTTP/1.1" 206 3410140 "http://www.mathxpert.com/Install/saving_running.htm" "Mozilla/4.0 (compatible; MSIE 6.0; Windows NT 5.0; .NET CLR 1.1.4322)"
::1 - - [06/Aug/2007:17:59:53 -0700] "GET /" 400 669 "-" "-"
::1 - - [06/Aug/2007:17:59:57 -0700] "GET /" 400 669 "-" "-"
::1 - - [06/Aug/2007:17:59:58 -0700] "GET /" 400 669 "-" "-"
196.205.243.41 - - [06/Aug/2007:17:59:52 -0700] "GET /Install/setup.exe HTTP/1.1" 206 11533998 "http://www.mathxpert.com/Install/saving_running.htm" "Mozilla/4.0 (compatible; MSIE 6.0; Windows NT 5.0; .NET CLR 1.1.4322)"
::1 - - [06/Aug/2007:18:00:00 -0700] "GET /" 400 669 "-" "-"
196.205.243.41 - - [06/Aug/2007:17:57:34 -0700] "GET /Install/setup.exe HTTP/1.1" 206 10798837 "http://www.te3p.com/vb/56189.html" "Mozilla/4.0 (compatible; MSIE 6.0; Windows NT 5.0; .NET CLR 1.1.4322)"
::1 - - [06/Aug/2007:18:00:01 -0700] "GET /" 400 669 "-" "-"
::1 - - [06/Aug/2007:18:00:05 -0700] "GET /" 400 669 "-" "-"
::1 - - [06/Aug/2007:18:00:06 -0700] "GET /" 400 669 "-" "-"
196.205.243.41 - - [06/Aug/2007:17:54:10 -0700] "GET /Install/setup.exe HTTP/1.1" 206 10258963 "http://www.mathxpert.com/Install/saving_running.htm" "Mozilla/4.0 (compatible; MSIE 6.0; Windows NT 5.0; .NET CLR 1.1.4322)"
::1 - - [06/Aug/2007:18:00:07 -0700] "GET /" 400 669 "-" "-"
::1 - - [06/Aug/2007:18:00:08 -0700] "GET /" 400 669 "-" "-"
::1 - - [06/Aug/2007:18:00:09 -0700] "GET /" 400 669 "-" "-"
::1 - - [06/Aug/2007:18:00:10 -0700] "GET /" 400 669 "-" "-"
196.205.243.41 - - [06/Aug/2007:17:58:17 -0700] "GET /Install/setup.exe HTTP/1.1" 206 3910190 "http://www.te3p.com/vb/56189.html" "Mozilla/4.0 (compatible; MSIE 6.0; Windows NT 5.0; .NET CLR 1.1.4322)"
::1 - - [06/Aug/2007:18:00:11 -0700] "GET /" 400 669 "-" "-"
::1 - - [06/Aug/2007:18:00:12 -0700] "GET /" 400 669 "-" "-"
196.205.243.41 - - [06/Aug/2007:18:00:02 -0700] "GET /Install/setup.exe HTTP/1.1" 206 3722470 "http://www.te3p.com/vb/56189.html" "Mozilla/4.0 (compatible; MSIE 6.0; Windows NT 5.0; .NET CLR 1.1.4322)"
::1 - - [06/Aug/2007:18:00:13 -0700] "GET /" 400 669 "-" "-"
::1 - - [06/Aug/2007:18:00:14 -0700] "GET /" 400 669 "-" "-"
196.205.243.41 - - [06/Aug/2007:18:00:00 -0700] "GET /Install/setup.exe HTTP/1.1" 206 3698271 "http://www.mathxpert.com/Install/saving_running.htm" "Mozilla/4.0 (compatible; MSIE 6.0; Windows NT 5.0; .NET CLR 1.1.4322)"
196.205.243.41 - - [06/Aug/2007:18:00:07 -0700] "GET /Install/setup.exe HTTP/1.1" 206 11540418 "http://www.mathxpert.com/Install/saving_running.htm" "Mozilla/4.0 (compatible; MSIE 6.0; Windows NT 5.0; .NET CLR 1.1.4322)"
196.205.243.41 - - [06/Aug/2007:18:00:20 -0700] "GET /Install/setup.exe HTTP/1.1" 206 11542168 "http://www.mathxpert.com/Install/saving_running.htm" "Mozilla/4.0 (compatible; MSIE 6.0; Windows NT 5.0; .NET CLR 1.1.4322)"
::1 - - [06/Aug/2007:18:00:21 -0700] "GET /" 400 669 "-" "-"
196.205.243.41 - - [06/Aug/2007:18:00:21 -0700] "GET /Install/setup.exe HTTP/1.1" 206 11543043 "http://www.mathxpert.com/Install/saving_running.htm" "Mozilla/4.0 (compatible; MSIE 6.0; Windows NT 5.0; .NET CLR 1.1.4322)"
196.205.243.41 - - [06/Aug/2007:18:00:22 -0700] "GET /Install/setup.exe HTTP/1.1" 206 11543918 "http://www.mathxpert.com/Install/saving_running.htm" "Mozilla/4.0 (compatible; MSIE 6.0; Windows NT 5.0; .NET CLR 1.1.4322)"
196.1.179.183 - - [06/Aug/2007:17:57:59 -0700] "GET /sales.php HTTP/1.1" 200 136505 "-" "Mozilla/4.0 (compatible; MSIE 6.0; Windows NT 5.1; SV1; .NET CLR 1.1.4322; Crazy Browser 2.0.1)"
::1 - - [06/Aug/2007:18:00:35 -0700] "GET /" 400 669 "-" "-"
196.205.243.41 - - [06/Aug/2007:17:59:28 -0700] "GET /Install/setup.exe HTTP/1.1" 206 214650 "http://www.mathxpert.com/Install/saving_running.htm" "Mozilla/4.0 (compatible; MSIE 6.0; Windows NT 5.0; .NET CLR 1.1.4322)"
196.205.243.41 - - [06/Aug/2007:18:00:35 -0700] "GET /Install/setup.exe HTTP/1.1" 206 10825694 "http://www.mathxpert.com/Install/saving_running.htm" "Mozilla/4.0 (compatible; MSIE 6.0; Windows NT 5.0; .NET CLR 1.1.4322)"
196.205.243.41 - - [06/Aug/2007:18:00:22 -0700] "GET /Install/setup.exe HTTP/1.1" 206 476719 "http://www.mathxpert.com/Install/saving_running.htm" "Mozilla/4.0 (compatible; MSIE 6.0; Windows NT 5.0; .NET CLR 1.1.4322)"
196.205.243.41 - - [06/Aug/2007:18:00:52 -0700] "GET /Install/setup.exe HTTP/1.1" 206 10827066 "http://www.mathxpert.com/Install/saving_running.htm" "Mozilla/4.0 (compatible; MSIE 6.0; Windows NT 5.0; .NET CLR 1.1.4322)"
196.205.243.41 - - [06/Aug/2007:18:00:55 -0700] "GET /Install/setup.exe HTTP/1.1" 206 745 "http://www.te3p.com/vb/56189.html" "Mozilla/4.0 (compatible; MSIE 6.0; Windows NT 5.0; .NET CLR 1.1.4322)"
196.205.243.41 - - [06/Aug/2007:17:56:06 -0700] "GET /Install/setup.exe HTTP/1.1" 206 11290038 "http://www.te3p.com/vb/56189.html" "Mozilla/4.0 (compatible; MSIE 6.0; Windows NT 5.0; .NET CLR 1.1.4322)"
196.205.243.41 - - [06/Aug/2007:17:58:57 -0700] "GET /Install/setup.exe HTTP/1.1" 206 9367603 "http://www.mathxpert.com/Install/saving_running.htm" "Mozilla/4.0 (compatible; MSIE 6.0; Windows NT 5.0; .NET CLR 1.1.4322)"
196.205.243.41 - - [06/Aug/2007:18:00:57 -0700] "GET /Install/setup.exe HTTP/1.1" 206 745 "http://www.mathxpert.com/Install/saving_running.htm" "Mozilla/4.0 (compatible; MSIE 6.0; Windows NT 5.0; .NET CLR 1.1.4322)"
196.205.243.41 - - [06/Aug/2007:18:00:56 -0700] "GET /Install/setup.exe HTTP/1.1" 206 299810 "http://www.mathxpert.com/Install/saving_running.htm" "Mozilla/4.0 (compatible; MSIE 6.0; Windows NT 5.0; .NET CLR 1.1.4322)"
196.205.243.41 - - [06/Aug/2007:18:00:45 -0700] "GET /Install/setup.exe HTTP/1.1" 206 294457 "http://www.mathxpert.com/Install/saving_running.htm" "Mozilla/4.0 (compatible; MSIE 6.0; Windows NT 5.0; .NET CLR 1.1.4322)"
196.205.243.41 - - [06/Aug/2007:18:00:57 -0700] "GET /Install/setup.exe HTTP/1.1" 206 300404 "http://www.mathxpert.com/Install/saving_running.htm" "Mozilla/4.0 (compatible; MSIE 6.0; Windows NT 5.0; .NET CLR 1.1.4322)"
::1 - - [06/Aug/2007:18:00:58 -0700] "GET /" 400 669 "-" "-"
196.205.243.41 - - [06/Aug/2007:18:00:11 -0700] "GET /Install/setup.exe HTTP/1.1" 206 542378 "http://www.te3p.com/vb/56189.html" "Mozilla/4.0 (compatible; MSIE 6.0; Windows NT 5.0; .NET CLR 1.1.4322)"
196.205.243.41 - - [06/Aug/2007:18:00:58 -0700] "GET /Install/setup.exe HTTP/1.1" 206 484567 "http://www.mathxpert.com/Install/saving_running.htm" "Mozilla/4.0 (compatible; MSIE 6.0; Windows NT 5.0; .NET CLR 1.1.4322)"
196.205.243.41 - - [06/Aug/2007:18:00:58 -0700] "GET /Install/setup.exe HTTP/1.1" 206 484567 "http://www.te3p.com/vb/56189.html" "Mozilla/4.0 (compatible; MSIE 6.0; Windows NT 5.0; .NET CLR 1.1.4322)"
196.205.243.41 - - [06/Aug/2007:18:00:58 -0700] "GET /Install/setup.exe HTTP/1.1" 206 11356430 "http://www.mathxpert.com/Install/saving_running.htm" "Mozilla/4.0 (compatible; MSIE 6.0; Windows NT 5.0; .NET CLR 1.1.4322)"
196.205.243.41 - - [06/Aug/2007:18:00:58 -0700] "GET /Install/setup.exe HTTP/1.1" 206 11312168 "http://www.te3p.com/vb/56189.html" "Mozilla/4.0 (compatible; MSIE 6.0; Windows NT 5.0; .NET CLR 1.1.4322)"
196.205.243.41 - - [06/Aug/2007:18:01:02 -0700] "GET /Install/setup.exe HTTP/1.1" 206 11312168 "http://www.mathxpert.com/Install/saving_running.htm" "Mozilla/4.0 (compatible; MSIE 6.0; Windows NT 5.0; .NET CLR 1.1.4322)"
196.205.243.41 - - [06/Aug/2007:17:56:08 -0700] "GET /Install/setup.exe HTTP/1.1" 206 12038858 "http://www.mathxpert.com/Install/saving_running.htm" "Mozilla/4.0 (compatible; MSIE 6.0; Windows NT 5.0; .NET CLR 1.1.4322)"
196.205.243.41 - - [06/Aug/2007:17:59:44 -0700] "GET /Install/setup.exe HTTP/1.1" 206 11521158 "http://www.te3p.com/vb/56189.html" "Mozilla/4.0 (compatible; MSIE 6.0; Windows NT 5.0; .NET CLR 1.1.4322)"
196.205.243.41 - - [06/Aug/2007:18:00:14 -0700] "GET /Install/setup.exe HTTP/1.1" 206 377784 "http://www.te3p.com/vb/56189.html" "Mozilla/4.0 (compatible; MSIE 6.0; Windows NT 5.0; .NET CLR 1.1.4322)"
196.205.243.41 - - [06/Aug/2007:18:01:06 -0700] "GET /Install/setup.exe HTTP/1.1" 206 554953 "http://www.te3p.com/vb/56189.html" "Mozilla/4.0 (compatible; MSIE 6.0; Windows NT 5.0; .NET CLR 1.1.4322)"
196.205.243.41 - - [06/Aug/2007:18:00:58 -0700] "GET /Install/setup.exe HTTP/1.1" 206 11334299 "http://www.mathxpert.com/Install/saving_running.htm" "Mozilla/4.0 (compatible; MSIE 6.0; Windows NT 5.0; .NET CLR 1.1.4322)"
196.205.243.41 - - [06/Aug/2007:18:01:05 -0700] "GET /Install/setup.exe HTTP/1.1" 206 580131 "http://www.mathxpert.com/Install/saving_running.htm" "Mozilla/4.0 (compatible; MSIE 6.0; Windows NT 5.0; .NET CLR 1.1.4322)"
196.205.243.41 - - [06/Aug/2007:18:01:03 -0700] "GET /Install/setup.exe HTTP/1.1" 206 638516 "http://www.te3p.com/vb/56189.html" "Mozilla/4.0 (compatible; MSIE 6.0; Windows NT 5.0; .NET CLR 1.1.4322)"
196.205.243.41 - - [06/Aug/2007:18:01:03 -0700] "GET /Install/setup.exe HTTP/1.1" 206 584325 "http://www.te3p.com/vb/56189.html" "Mozilla/4.0 (compatible; MSIE 6.0; Windows NT 5.0; .NET CLR 1.1.4322)"
196.205.243.41 - - [06/Aug/2007:18:01:03 -0700] "GET /Install/setup.exe HTTP/1.1" 206 638516 "http://www.mathxpert.com/Install/saving_running.htm" "Mozilla/4.0 (compatible; MSIE 6.0; Windows NT 5.0; .NET CLR 1.1.4322)"
::1 - - [06/Aug/2007:18:01:12 -0700] "GET /" 400 669 "-" "-"
196.205.243.41 - - [06/Aug/2007:18:01:09 -0700] "GET /Install/setup.exe HTTP/1.1" 206 645541 "http://www.te3p.com/vb/56189.html" "Mozilla/4.0 (compatible; MSIE 6.0; Windows NT 5.0; .NET CLR 1.1.4322)"
196.205.243.41 - - [06/Aug/2007:18:01:12 -0700] "GET /Install/setup.exe HTTP/1.1" 206 590980 "http://www.te3p.com/vb/56189.html" "Mozilla/4.0 (compatible; MSIE 6.0; Windows NT 5.0; .NET CLR 1.1.4322)"
196.205.243.41 - - [06/Aug/2007:18:01:12 -0700] "GET /Install/setup.exe HTTP/1.1" 206 641161 "http://www.mathxpert.com/Install/saving_running.htm" "Mozilla/4.0 (compatible; MSIE 6.0; Windows NT 5.0; .NET CLR 1.1.4322)"
::1 - - [06/Aug/2007:18:01:13 -0700] "GET /" 400 669 "-" "-"
196.205.243.41 - - [06/Aug/2007:18:01:12 -0700] "GET /Install/setup.exe HTTP/1.1" 206 648186 "http://www.mathxpert.com/Install/saving_running.htm" "Mozilla/4.0 (compatible; MSIE 6.0; Windows NT 5.0; .NET CLR 1.1.4322)"
196.205.243.41 - - [06/Aug/2007:18:01:12 -0700] "GET /Install/setup.exe HTTP/1.1" 206 647241 "http://www.te3p.com/vb/56189.html" "Mozilla/4.0 (compatible; MSIE 6.0; Windows NT 5.0; .NET CLR 1.1.4322)"
::1 - - [06/Aug/2007:18:01:14 -0700] "GET /" 400 669 "-" "-"
196.205.243.41 - - [06/Aug/2007:18:01:03 -0700] "GET /Install/setup.exe HTTP/1.1" 206 611420 "http://www.mathxpert.com/Install/saving_running.htm" "Mozilla/4.0 (compatible; MSIE 6.0; Windows NT 5.0; .NET CLR 1.1.4322)"
::1 - - [06/Aug/2007:18:01:18 -0700] "GET /" 400 669 "-" "-"
196.205.243.41 - - [06/Aug/2007:18:01:13 -0700] "GET /Install/setup.exe HTTP/1.1" 206 590980 "http://www.te3p.com/vb/56189.html" "Mozilla/4.0 (compatible; MSIE 6.0; Windows NT 5.0; .NET CLR 1.1.4322)"
::1 - - [06/Aug/2007:18:01:19 -0700] "GET /" 400 669 "-" "-"
196.205.243.41 - - [06/Aug/2007:17:56:30 -0700] "GET /Install/setup.exe HTTP/1.1" 206 1474546 "http://www.te3p.com/vb/56189.html" "Mozilla/4.0 (compatible; MSIE 6.0; Windows NT 5.0; .NET CLR 1.1.4322)"
::1 - - [06/Aug/2007:18:01:21 -0700] "GET /" 400 669 "-" "-"
196.205.243.41 - - [06/Aug/2007:18:01:13 -0700] "GET /Install/setup.exe HTTP/1.1" 206 590980 "http://www.te3p.com/vb/56189.html" "Mozilla/4.0 (compatible; MSIE 6.0; Windows NT 5.0; .NET CLR 1.1.4322)"
::1 - - [06/Aug/2007:18:01:22 -0700] "GET /" 400 669 "-" "-"
::1 - - [06/Aug/2007:18:02:20 -0700] "GET /" 400 669 "-" "-"
::1 - - [06/Aug/2007:18:02:21 -0700] "GET /" 400 669 "-" "-"
::1 - - [06/Aug/2007:18:02:22 -0700] "GET /" 400 669 "-" "-"
::1 - - [06/Aug/2007:18:02:23 -0700] "GET /" 400 669 "-" "-"
::1 - - [06/Aug/2007:18:02:37 -0700] "GET /" 400 669 "-" "-"
::1 - - [06/Aug/2007:18:03:39 -0700] "GET /" 400 669 "-" "-"
::1 - - [06/Aug/2007:18:03:40 -0700] "GET /" 400 669 "-" "-"
::1 - - [06/Aug/2007:18:04:39 -0700] "GET /" 400 669 "-" "-"
::1 - - [06/Aug/2007:18:06:43 -0700] "GET /" 400 669 "-" "-"
::1 - - [06/Aug/2007:18:06:44 -0700] "GET /" 400 669 "-" "-"
::1 - - [06/Aug/2007:18:06:50 -0700] "GET /" 400 669 "-" "-"
::1 - - [06/Aug/2007:18:06:51 -0700] "GET /" 400 669 "-" "-"
::1 - - [06/Aug/2007:18:06:52 -0700] "GET /" 400 669 "-" "-"
::1 - - [06/Aug/2007:18:06:53 -0700] "GET /" 400 669 "-" "-"
::1 - - [06/Aug/2007:18:07:49 -0700] "GET /" 400 669 "-" "-"
::1 - - [06/Aug/2007:18:07:52 -0700] "GET /" 400 669 "-" "-"
::1 - - [06/Aug/2007:18:08:00 -0700] "GET /" 400 669 "-" "-"
::1 - - [06/Aug/2007:18:08:01 -0700] "GET /" 400 669 "-" "-"
::1 - - [06/Aug/2007:18:08:02 -0700] "GET /" 400 669 "-" "-"
::1 - - [06/Aug/2007:18:08:03 -0700] "GET /" 400 669 "-" "-"
::1 - - [06/Aug/2007:18:08:04 -0700] "GET /" 400 669 "-" "-"
::1 - - [06/Aug/2007:18:08:05 -0700] "GET /" 400 669 "-" "-"
::1 - - [06/Aug/2007:18:08:07 -0700] "GET /" 400 669 "-" "-"
::1 - - [06/Aug/2007:18:08:08 -0700] "GET /" 400 669 "-" "-"
::1 - - [06/Aug/2007:18:08:09 -0700] "GET /" 400 669 "-" "-"
207.46.98.121 - - [06/Aug/2007:18:08:31 -0700] "GET /robots.txt HTTP/1.0" 404 404 "-" "msnbot/1.0 (+http://search.msn.com/msnbot.htm)"
207.46.98.121 - - [06/Aug/2007:18:08:31 -0700] "GET /about.php?include=showstep.html HTTP/1.0" 200 9113 "-" "msnbot/1.0 (+http://search.msn.com/msnbot.htm)"
::1 - - [06/Aug/2007:18:08:55 -0700] "GET /" 400 669 "-" "-"
::1 - - [06/Aug/2007:18:08:56 -0700] "GET /" 400 669 "-" "-"
::1 - - [06/Aug/2007:18:08:57 -0700] "GET /" 400 669 "-" "-"
::1 - - [06/Aug/2007:18:09:03 -0700] "GET /" 400 669 "-" "-"
::1 - - [06/Aug/2007:18:09:04 -0700] "GET /" 400 669 "-" "-"
::1 - - [06/Aug/2007:18:09:29 -0700] "GET /" 400 669 "-" "-"
::1 - - [06/Aug/2007:18:10:31 -0700] "GET /" 400 669 "-" "-"
24.121.19.163 - - [06/Aug/2007:18:14:11 -0700] "GET /?gclid=COyJ75Gc4o0CFRthYQodeSOmvQ HTTP/1.1" 200 10654 "http://pagead2.googlesyndication.com/pagead/ads?client=ca-pub-2258608561945403&dt=1186448924905&lmt=1186448924&format=fp_al_lp&output=html&correlator=1186448924894&channel=2887744830&url=http%3A%2F%2Fwww.math.com%2Fstudents%2Fcalculators%2Fsource%2Fbasic.htm&ref=http%3A%2F%2Fwww.math.com%2Fstudents%2Ftools.html&cc=633&ga_vid=1193547215.1186448925&ga_sid=1186448925&ga_hid=90231767&flash=9&u_h=768&u_w=1024&u_ah=738&u_aw=1024&u_cd=32&u_tz=-420&u_his=11&u_java=true&kw_type=radlink&prev_fmts=468x15_0ads_al&rt=ChBGt8YkAAJg_wpgagl6KA4iEgxNYXRoIEFsZ2VicmEaCG8W8Io9SM2oIN6euQ8oAUjenrkP&hl=en&kw0=Math+Algebra&kw1=Math+Formulas&kw2=Math+Test&kw3=Math+Standards&okw=Math+Algebra" "Mozilla/4.0 (compatible; MSIE 7.0; Windows NT 6.0; SLCC1; .NET CLR 2.0.50727; Media Center PC 5.0; .NET CLR 3.0.04506)"
24.121.19.163 - - [06/Aug/2007:18:14:11 -0700] "GET /HelpWithMathStyle.css HTTP/1.1" 200 7201 "http://www.helpwithmath.com/?gclid=COyJ75Gc4o0CFRthYQodeSOmvQ" "Mozilla/4.0 (compatible; MSIE 7.0; Windows NT 6.0; SLCC1; .NET CLR 2.0.50727; Media Center PC 5.0; .NET CLR 3.0.04506)"
24.121.19.163 - - [06/Aug/2007:18:14:12 -0700] "GET /fold.gif HTTP/1.1" 200 119 "http://www.helpwithmath.com/?gclid=COyJ75Gc4o0CFRthYQodeSOmvQ" "Mozilla/4.0 (compatible; MSIE 7.0; Windows NT 6.0; SLCC1; .NET CLR 2.0.50727; Media Center PC 5.0; .NET CLR 3.0.04506)"
24.121.19.163 - - [06/Aug/2007:18:14:12 -0700] "GET /open.gif HTTP/1.1" 200 125 "http://www.helpwithmath.com/?gclid=COyJ75Gc4o0CFRthYQodeSOmvQ" "Mozilla/4.0 (compatible; MSIE 7.0; Windows NT 6.0; SLCC1; .NET CLR 2.0.50727; Media Center PC 5.0; .NET CLR 3.0.04506)"
24.121.19.163 - - [06/Aug/2007:18:14:12 -0700] "GET /gblnav_left.gif HTTP/1.1" 200 580 "http://www.helpwithmath.com/?gclid=COyJ75Gc4o0CFRthYQodeSOmvQ" "Mozilla/4.0 (compatible; MSIE 7.0; Windows NT 6.0; SLCC1; .NET CLR 2.0.50727; Media Center PC 5.0; .NET CLR 3.0.04506)"
24.121.19.163 - - [06/Aug/2007:18:14:12 -0700] "GET /glbnav_right.gif HTTP/1.1" 200 578 "http://www.helpwithmath.com/?gclid=COyJ75Gc4o0CFRthYQodeSOmvQ" "Mozilla/4.0 (compatible; MSIE 7.0; Windows NT 6.0; SLCC1; .NET CLR 2.0.50727; Media Center PC 5.0; .NET CLR 3.0.04506)"
24.121.19.163 - - [06/Aug/2007:18:14:12 -0700] "GET /Spacer.gif HTTP/1.1" 200 52 "http://www.helpwithmath.com/?gclid=COyJ75Gc4o0CFRthYQodeSOmvQ" "Mozilla/4.0 (compatible; MSIE 7.0; Windows NT 6.0; SLCC1; .NET CLR 2.0.50727; Media Center PC 5.0; .NET CLR 3.0.04506)"
24.121.19.163 - - [06/Aug/2007:18:14:12 -0700] "GET /TransparentMathXpertLogo.gif HTTP/1.1" 200 1845 "http://www.helpwithmath.com/?gclid=COyJ75Gc4o0CFRthYQodeSOmvQ" "Mozilla/4.0 (compatible; MSIE 7.0; Windows NT 6.0; SLCC1; .NET CLR 2.0.50727; Media Center PC 5.0; .NET CLR 3.0.04506)"
24.121.19.163 - - [06/Aug/2007:18:14:12 -0700] "GET /demo/step4a.gif HTTP/1.1" 200 18054 "http://www.helpwithmath.com/?gclid=COyJ75Gc4o0CFRthYQodeSOmvQ" "Mozilla/4.0 (compatible; MSIE 7.0; Windows NT 6.0; SLCC1; .NET CLR 2.0.50727; Media Center PC 5.0; .NET CLR 3.0.04506)"
24.121.19.163 - - [06/Aug/2007:18:14:12 -0700] "GET /demo/image4.gif HTTP/1.1" 200 17692 "http://www.helpwithmath.com/?gclid=COyJ75Gc4o0CFRthYQodeSOmvQ" "Mozilla/4.0 (compatible; MSIE 7.0; Windows NT 6.0; SLCC1; .NET CLR 2.0.50727; Media Center PC 5.0; .NET CLR 3.0.04506)"
24.121.19.163 - - [06/Aug/2007:18:14:12 -0700] "GET /glbnav_background.gif HTTP/1.1" 200 301 "http://www.helpwithmath.com/?gclid=COyJ75Gc4o0CFRthYQodeSOmvQ" "Mozilla/4.0 (compatible; MSIE 7.0; Windows NT 6.0; SLCC1; .NET CLR 2.0.50727; Media Center PC 5.0; .NET CLR 3.0.04506)"
24.121.19.163 - - [06/Aug/2007:18:14:12 -0700] "GET /include/Background.gif HTTP/1.1" 200 52448 "http://www.helpwithmath.com/?gclid=COyJ75Gc4o0CFRthYQodeSOmvQ" "Mozilla/4.0 (compatible; MSIE 7.0; Windows NT 6.0; SLCC1; .NET CLR 2.0.50727; Media Center PC 5.0; .NET CLR 3.0.04506)"
24.121.19.163 - - [06/Aug/2007:18:14:12 -0700] "GET /include/Ramanujan1-quality15.jpg HTTP/1.1" 200 34375 "http://www.helpwithmath.com/?gclid=COyJ75Gc4o0CFRthYQodeSOmvQ" "Mozilla/4.0 (compatible; MSIE 7.0; Windows NT 6.0; SLCC1; .NET CLR 2.0.50727; Media Center PC 5.0; .NET CLR 3.0.04506)"
24.121.19.163 - - [06/Aug/2007:18:14:12 -0700] "GET /favicon.ico HTTP/1.1" 404 405 "-" "Mozilla/4.0 (compatible; MSIE 7.0; Windows NT 6.0; SLCC1; .NET CLR 2.0.50727; Media Center PC 5.0; .NET CLR 3.0.04506)"
24.121.19.163 - - [06/Aug/2007:18:14:30 -0700] "GET /glblnav_selected.gif HTTP/1.1" 200 158 "http://www.helpwithmath.com/?gclid=COyJ75Gc4o0CFRthYQodeSOmvQ" "Mozilla/4.0 (compatible; MSIE 7.0; Windows NT 6.0; SLCC1; .NET CLR 2.0.50727; Media Center PC 5.0; .NET CLR 3.0.04506)"
24.121.19.163 - - [06/Aug/2007:18:14:33 -0700] "GET /about.php HTTP/1.1" 200 11767 "http://www.helpwithmath.com/?gclid=COyJ75Gc4o0CFRthYQodeSOmvQ" "Mozilla/4.0 (compatible; MSIE 7.0; Windows NT 6.0; SLCC1; .NET CLR 2.0.50727; Media Center PC 5.0; .NET CLR 3.0.04506)"
24.121.19.163 - - [06/Aug/2007:18:14:51 -0700] "GET /about.php?include=autostep.html HTTP/1.1" 200 9214 "http://www.helpwithmath.com/?gclid=COyJ75Gc4o0CFRthYQodeSOmvQ" "Mozilla/4.0 (compatible; MSIE 7.0; Windows NT 6.0; SLCC1; .NET CLR 2.0.50727; Media Center PC 5.0; .NET CLR 3.0.04506)"
24.121.19.163 - - [06/Aug/2007:18:14:51 -0700] "GET /demo/trig.gif HTTP/1.1" 200 18773 "http://www.helpwithmath.com/about.php?include=autostep.html" "Mozilla/4.0 (compatible; MSIE 7.0; Windows NT 6.0; SLCC1; .NET CLR 2.0.50727; Media Center PC 5.0; .NET CLR 3.0.04506)"
65.55.212.139 - - [06/Aug/2007:18:14:56 -0700] "GET /index.php?include=step4.html HTTP/1.0" 200 8681 "-" "msnbot-media/1.0 (+http://search.msn.com/msnbot.htm)"
::1 - - [06/Aug/2007:18:20:41 -0700] "GET /" 400 669 "-" "-"
