81.192.124.237 - - [05/Aug/2007:14:30:43 -0700] "GET /Install/setup.exe HTTP/1.1" 206 8251381 "http://www.helpwithmath.com/Install/saving_running.htm" "Mozilla/4.0 (compatible; MSIE 5.00; Windows 98)"
::1 - - [05/Aug/2007:14:36:52 -0700] "GET /" 400 669 "-" "-"
81.192.124.237 - - [05/Aug/2007:14:32:27 -0700] "GET /Install/setup.exe HTTP/1.1" 206 8574049 "http://www.helpwithmath.com/Install/saving_running.htm" "Mozilla/4.0 (compatible; MSIE 5.00; Windows 98)"
::1 - - [05/Aug/2007:14:36:55 -0700] "GET /" 400 669 "-" "-"
::1 - - [05/Aug/2007:14:36:56 -0700] "GET /" 400 669 "-" "-"
81.192.124.237 - - [05/Aug/2007:14:32:09 -0700] "GET /Install/setup.exe HTTP/1.1" 206 6784930 "http://www.mathxpert.com/Install/saving_running.htm" "Mozilla/4.0 (compatible; MSIE 5.00; Windows 98)"
81.192.124.237 - - [05/Aug/2007:14:36:41 -0700] "GET /Install/setup.exe HTTP/1.1" 206 6834800 "http://www.helpwithmath.com/Install/saving_running.htm" "Mozilla/4.0 (compatible; MSIE 5.00; Windows 98)"
81.192.124.237 - - [05/Aug/2007:14:36:41 -0700] "GET /Install/setup.exe HTTP/1.1" 206 745388 "http://www.helpwithmath.com/Install/saving_running.htm" "Mozilla/4.0 (compatible; MSIE 5.00; Windows 98)"
81.192.124.237 - - [05/Aug/2007:14:36:41 -0700] "GET /Install/setup.exe HTTP/1.1" 206 69793 "http://www.helpwithmath.com/Install/saving_running.htm" "Mozilla/4.0 (compatible; MSIE 5.00; Windows 98)"
81.192.124.237 - - [05/Aug/2007:14:36:41 -0700] "GET /Install/setup.exe HTTP/1.1" 206 10584112 "http://www.helpwithmath.com/Install/saving_running.htm" "Mozilla/4.0 (compatible; MSIE 5.00; Windows 98)"
::1 - - [05/Aug/2007:14:37:07 -0700] "GET /" 400 669 "-" "-"
81.192.124.237 - - [05/Aug/2007:14:36:41 -0700] "GET /Install/setup.exe HTTP/1.1" 206 7968801 "http://www.helpwithmath.com/Install/saving_running.htm" "Mozilla/4.0 (compatible; MSIE 5.00; Windows 98)"
81.192.124.237 - - [05/Aug/2007:14:36:41 -0700] "GET /Install/setup.exe HTTP/1.1" 206 4324978 "http://www.helpwithmath.com/Install/saving_running.htm" "Mozilla/4.0 (compatible; MSIE 5.00; Windows 98)"
81.192.124.237 - - [05/Aug/2007:14:36:42 -0700] "GET /Install/setup.exe HTTP/1.1" 206 4036282 "http://www.helpwithmath.com/Install/saving_running.htm" "Mozilla/4.0 (compatible; MSIE 5.00; Windows 98)"
81.192.124.237 - - [05/Aug/2007:14:36:42 -0700] "GET /Install/setup.exe HTTP/1.1" 206 139586 "http://www.helpwithmath.com/Install/saving_running.htm" "Mozilla/4.0 (compatible; MSIE 5.00; Windows 98)"
81.192.124.237 - - [05/Aug/2007:14:36:42 -0700] "GET /Install/setup.exe HTTP/1.1" 206 6546370 "http://www.helpwithmath.com/Install/saving_running.htm" "Mozilla/4.0 (compatible; MSIE 5.00; Windows 98)"
81.192.124.237 - - [05/Aug/2007:14:36:43 -0700] "GET /Install/setup.exe HTTP/1.1" 206 4454634 "http://www.helpwithmath.com/Install/saving_running.htm" "Mozilla/4.0 (compatible; MSIE 5.00; Windows 98)"
81.192.124.237 - - [05/Aug/2007:14:36:43 -0700] "GET /Install/setup.exe HTTP/1.1" 206 7937397 "http://www.helpwithmath.com/Install/saving_running.htm" "Mozilla/4.0 (compatible; MSIE 5.00; Windows 98)"
81.192.124.237 - - [05/Aug/2007:14:36:44 -0700] "GET /Install/setup.exe HTTP/1.1" 206 8392289 "http://www.helpwithmath.com/Install/saving_running.htm" "Mozilla/4.0 (compatible; MSIE 5.00; Windows 98)"
81.192.124.237 - - [05/Aug/2007:14:36:44 -0700] "GET /Install/setup.exe HTTP/1.1" 206 5774629 "http://www.helpwithmath.com/Install/saving_running.htm" "Mozilla/4.0 (compatible; MSIE 5.00; Windows 98)"
81.192.124.237 - - [05/Aug/2007:14:36:44 -0700] "GET /Install/setup.exe HTTP/1.1" 206 5354054 "http://www.helpwithmath.com/Install/saving_running.htm" "Mozilla/4.0 (compatible; MSIE 5.00; Windows 98)"
81.192.124.237 - - [05/Aug/2007:14:36:44 -0700] "GET /Install/setup.exe HTTP/1.1" 206 5486199 "http://www.helpwithmath.com/Install/saving_running.htm" "Mozilla/4.0 (compatible; MSIE 5.00; Windows 98)"
81.192.124.237 - - [05/Aug/2007:14:35:04 -0700] "GET /Install/setup.exe HTTP/1.1" 206 5383874 "http://www.helpwithmath.com/Install/saving_running.htm" "Mozilla/4.0 (compatible; MSIE 5.00; Windows 98)"
196.12.206.91 - - [05/Aug/2007:14:32:15 -0700] "GET /Install/setup.exe HTTP/1.1" 206 1686678 "http://www.helpwithmath.com/Install/saving_running.htm" "Mozilla/4.0 (compatible; MSIE 6.0; Windows NT 5.1; SV1; MEGAUPLOAD 2.0; FDM)"
196.12.206.91 - - [05/Aug/2007:14:31:04 -0700] "GET /Install/setup.exe HTTP/1.1" 206 1569377 "http://www.helpwithmath.com/Install/saving_running.htm" "Mozilla/4.0 (compatible; MSIE 6.0; Windows NT 5.1; SV1; MEGAUPLOAD 2.0; FDM)"
81.192.124.237 - - [05/Aug/2007:14:31:40 -0700] "GET /Install/setup.exe HTTP/1.1" 206 7039280 "http://www.mathxpert.com/Install/saving_running.htm" "Mozilla/4.0 (compatible; MSIE 5.00; Windows 98)"
::1 - - [05/Aug/2007:14:37:17 -0700] "GET /" 400 669 "-" "-"
::1 - - [05/Aug/2007:14:37:18 -0700] "GET /" 400 669 "-" "-"
196.12.206.91 - - [05/Aug/2007:14:29:58 -0700] "GET /Install/setup.exe HTTP/1.1" 206 1936458 "http://www.helpwithmath.com/Install/saving_running.htm" "Mozilla/4.0 (compatible; MSIE 6.0; Windows NT 5.1; SV1; MEGAUPLOAD 2.0; FDM)"
81.192.124.237 - - [05/Aug/2007:14:36:37 -0700] "GET /Install/setup.exe HTTP/1.1" 206 69793 "http://www.mathxpert.com/Install/saving_running.htm" "Mozilla/4.0 (compatible; MSIE 5.00; Windows 98)"
81.192.124.237 - - [05/Aug/2007:14:29:09 -0700] "GET /Install/setup.exe HTTP/1.1" 206 10892252 "http://www.mathxpert.com/Install/saving_running.htm" "Mozilla/4.0 (compatible; MSIE 5.00; Windows 98)"
81.192.124.237 - - [05/Aug/2007:14:35:52 -0700] "GET /Install/setup.exe HTTP/1.1" 206 4461734 "http://www.mathxpert.com/Install/saving_running.htm" "Mozilla/4.0 (compatible; MSIE 5.00; Windows 98)"
81.192.124.237 - - [05/Aug/2007:14:31:18 -0700] "GET /Install/setup.exe HTTP/1.1" 206 917208 "http://www.mathxpert.com/Install/saving_running.htm" "Mozilla/4.0 (compatible; MSIE 5.00; Windows 98)"
81.192.124.237 - - [05/Aug/2007:14:37:12 -0700] "GET /Install/setup.exe HTTP/1.1" 206 5312143 "http://www.mathxpert.com/Install/saving_running.htm" "Mozilla/4.0 (compatible; MSIE 5.00; Windows 98)"
196.12.206.91 - - [05/Aug/2007:14:32:58 -0700] "GET /Install/setup.exe HTTP/1.1" 206 1510038 "http://www.helpwithmath.com/Install/saving_running.htm" "Mozilla/4.0 (compatible; MSIE 6.0; Windows NT 5.1; SV1; MEGAUPLOAD 2.0; FDM)"
196.12.206.91 - - [05/Aug/2007:14:37:25 -0700] "GET /Install/setup.exe HTTP/1.1" 206 4535634 "http://www.helpwithmath.com/Install/saving_running.htm" "Mozilla/4.0 (compatible; MSIE 6.0; Windows NT 5.1; SV1; MEGAUPLOAD 2.0; FDM)"
196.12.206.91 - - [05/Aug/2007:14:36:13 -0700] "GET /Install/setup.exe HTTP/1.1" 206 4535634 "http://www.helpwithmath.com/Install/saving_running.htm" "Mozilla/4.0 (compatible; MSIE 6.0; Windows NT 5.1; SV1; MEGAUPLOAD 2.0; FDM)"
196.12.206.91 - - [05/Aug/2007:14:36:16 -0700] "GET /Install/setup.exe HTTP/1.1" 206 12799280 "http://www.helpwithmath.com/Install/saving_running.htm" "Mozilla/4.0 (compatible; MSIE 6.0; Windows NT 5.1; SV1; MEGAUPLOAD 2.0; FDM)"
81.192.124.237 - - [05/Aug/2007:14:35:16 -0700] "GET /Install/setup.exe HTTP/1.1" 206 4346278 "http://www.mathxpert.com/Install/saving_running.htm" "Mozilla/4.0 (compatible; MSIE 5.00; Windows 98)"
81.192.124.237 - - [05/Aug/2007:14:32:06 -0700] "GET /Install/setup.exe HTTP/1.1" 206 4222302 "http://www.helpwithmath.com/Install/saving_running.htm" "Mozilla/4.0 (compatible; MSIE 5.00; Windows 98)"
63.210.115.10 - - [05/Aug/2007:14:38:11 -0700] "GET / HTTP/1.1" 200 10654 "-" "Mozilla/5.0 (X11; U; Linux i686; en-US; rv:1.7.12) Gecko/20060202 CentOS/1.0.7-1.4.3.centos4 Firefox/1.0.7"
81.192.124.237 - - [05/Aug/2007:14:36:07 -0700] "GET /Install/setup.exe HTTP/1.1" 206 141006 "http://www.mathxpert.com/Install/saving_running.htm" "Mozilla/4.0 (compatible; MSIE 5.00; Windows 98)"
81.192.124.237 - - [05/Aug/2007:14:35:49 -0700] "GET /Install/setup.exe HTTP/1.1" 206 7944497 "http://www.mathxpert.com/Install/saving_running.htm" "Mozilla/4.0 (compatible; MSIE 5.00; Windows 98)"
196.12.206.91 - - [05/Aug/2007:14:33:21 -0700] "GET /Install/setup.exe HTTP/1.1" 206 7820669 "http://www.helpwithmath.com/Install/saving_running.htm" "Mozilla/4.0 (compatible; MSIE 6.0; Windows NT 5.1; SV1; MEGAUPLOAD 2.0; FDM)"
196.12.206.91 - - [05/Aug/2007:14:33:21 -0700] "GET /Install/setup.exe HTTP/1.1" 206 12799280 "http://www.helpwithmath.com/Install/saving_running.htm" "Mozilla/4.0 (compatible; MSIE 6.0; Windows NT 5.1; SV1; MEGAUPLOAD 2.0; FDM)"
81.192.124.237 - - [05/Aug/2007:14:33:53 -0700] "GET /Install/setup.exe HTTP/1.1" 206 5865509 "http://www.helpwithmath.com/Install/saving_running.htm" "Mozilla/4.0 (compatible; MSIE 5.00; Windows 98)"
81.192.124.237 - - [05/Aug/2007:14:37:07 -0700] "GET /Install/setup.exe HTTP/1.1" 206 4396196 "http://www.helpwithmath.com/Install/saving_running.htm" "Mozilla/4.0 (compatible; MSIE 5.00; Windows 98)"
81.192.124.237 - - [05/Aug/2007:14:37:09 -0700] "GET /Install/setup.exe HTTP/1.1" 206 8385189 "http://www.helpwithmath.com/Install/saving_running.htm" "Mozilla/4.0 (compatible; MSIE 5.00; Windows 98)"
81.192.124.237 - - [05/Aug/2007:14:37:09 -0700] "GET /Install/setup.exe HTTP/1.1" 206 34187 "http://www.helpwithmath.com/Install/saving_running.htm" "Mozilla/4.0 (compatible; MSIE 5.00; Windows 98)"
81.192.124.237 - - [05/Aug/2007:14:37:11 -0700] "GET /Install/setup.exe HTTP/1.1" 206 99720 "http://www.helpwithmath.com/Install/saving_running.htm" "Mozilla/4.0 (compatible; MSIE 5.00; Windows 98)"
::1 - - [05/Aug/2007:14:38:40 -0700] "GET /" 400 669 "-" "-"
81.192.124.237 - - [05/Aug/2007:14:36:24 -0700] "GET /Install/setup.exe HTTP/1.1" 206 5486199 "http://www.mathxpert.com/Install/saving_running.htm" "Mozilla/4.0 (compatible; MSIE 5.00; Windows 98)"
81.192.124.237 - - [05/Aug/2007:14:37:06 -0700] "GET /Install/setup.exe HTTP/1.1" 206 5284431 "http://www.helpwithmath.com/Install/saving_running.htm" "Mozilla/4.0 (compatible; MSIE 5.00; Windows 98)"
81.192.124.237 - - [05/Aug/2007:14:37:06 -0700] "GET /Install/setup.exe HTTP/1.1" 206 10515384 "http://www.helpwithmath.com/Install/saving_running.htm" "Mozilla/4.0 (compatible; MSIE 5.00; Windows 98)"
::1 - - [05/Aug/2007:14:38:46 -0700] "GET /" 400 669 "-" "-"
81.192.124.237 - - [05/Aug/2007:14:37:20 -0700] "GET /Install/setup.exe HTTP/1.1" 206 5256720 "http://www.helpwithmath.com/Install/saving_running.htm" "Mozilla/4.0 (compatible; MSIE 5.00; Windows 98)"
81.192.124.237 - - [05/Aug/2007:14:37:07 -0700] "GET /Install/setup.exe HTTP/1.1" 206 5432907 "http://www.helpwithmath.com/Install/saving_running.htm" "Mozilla/4.0 (compatible; MSIE 5.00; Windows 98)"
::1 - - [05/Aug/2007:14:38:47 -0700] "GET /" 400 669 "-" "-"
81.192.124.237 - - [05/Aug/2007:14:37:07 -0700] "GET /Install/setup.exe HTTP/1.1" 206 3967686 "http://www.helpwithmath.com/Install/saving_running.htm" "Mozilla/4.0 (compatible; MSIE 5.00; Windows 98)"
81.192.124.237 - - [05/Aug/2007:14:37:08 -0700] "GET /Install/setup.exe HTTP/1.1" 206 4267250 "http://www.helpwithmath.com/Install/saving_running.htm" "Mozilla/4.0 (compatible; MSIE 5.00; Windows 98)"
::1 - - [05/Aug/2007:14:38:48 -0700] "GET /" 400 669 "-" "-"
196.12.206.91 - - [05/Aug/2007:14:33:48 -0700] "GET /Install/setup.exe HTTP/1.1" 206 11126404 "http://www.helpwithmath.com/Install/saving_running.htm" "Mozilla/4.0 (compatible; MSIE 6.0; Windows NT 5.1; SV1; MEGAUPLOAD 2.0; FDM)"
81.192.124.237 - - [05/Aug/2007:14:37:09 -0700] "GET /Install/setup.exe HTTP/1.1" 206 8352092 "http://www.helpwithmath.com/Install/saving_running.htm" "Mozilla/4.0 (compatible; MSIE 5.00; Windows 98)"
::1 - - [05/Aug/2007:14:38:49 -0700] "GET /" 400 669 "-" "-"
::1 - - [05/Aug/2007:14:38:50 -0700] "GET /" 400 669 "-" "-"
::1 - - [05/Aug/2007:14:38:51 -0700] "GET /" 400 669 "-" "-"
81.192.124.237 - - [05/Aug/2007:14:37:10 -0700] "GET /Install/setup.exe HTTP/1.1" 206 8285898 "http://www.helpwithmath.com/Install/saving_running.htm" "Mozilla/4.0 (compatible; MSIE 5.00; Windows 98)"
81.192.124.237 - - [05/Aug/2007:14:37:11 -0700] "GET /Install/setup.exe HTTP/1.1" 206 10544068 "http://www.helpwithmath.com/Install/saving_running.htm" "Mozilla/4.0 (compatible; MSIE 5.00; Windows 98)"
81.192.124.237 - - [05/Aug/2007:14:37:11 -0700] "GET /Install/setup.exe HTTP/1.1" 206 10486700 "http://www.helpwithmath.com/Install/saving_running.htm" "Mozilla/4.0 (compatible; MSIE 5.00; Windows 98)"
::1 - - [05/Aug/2007:14:38:52 -0700] "GET /" 400 669 "-" "-"
81.192.124.237 - - [05/Aug/2007:14:37:03 -0700] "GET /Install/setup.exe HTTP/1.1" 206 8318995 "http://www.helpwithmath.com/Install/saving_running.htm" "Mozilla/4.0 (compatible; MSIE 5.00; Windows 98)"
81.192.124.237 - - [05/Aug/2007:14:37:30 -0700] "GET /Install/setup.exe HTTP/1.1" 206 4371237 "http://www.mathxpert.com/Install/saving_running.htm" "Mozilla/4.0 (compatible; MSIE 5.00; Windows 98)"
::1 - - [05/Aug/2007:14:38:56 -0700] "GET /" 400 669 "-" "-"
81.192.124.237 - - [05/Aug/2007:14:37:28 -0700] "GET /Install/setup.exe HTTP/1.1" 206 5339854 "http://www.helpwithmath.com/Install/saving_running.htm" "Mozilla/4.0 (compatible; MSIE 5.00; Windows 98)"
81.192.124.237 - - [05/Aug/2007:14:37:39 -0700] "GET /Install/setup.exe HTTP/1.1" 206 65533 "http://www.mathxpert.com/Install/saving_running.htm" "Mozilla/4.0 (compatible; MSIE 5.00; Windows 98)"
81.192.124.237 - - [05/Aug/2007:14:38:04 -0700] "GET /Install/setup.exe HTTP/1.1" 206 5310723 "http://www.mathxpert.com/Install/saving_running.htm" "Mozilla/4.0 (compatible; MSIE 5.00; Windows 98)"
81.192.124.237 - - [05/Aug/2007:14:38:58 -0700] "GET /Install/setup.exe HTTP/1.1" 206 7851364 "http://www.helpwithmath.com/Install/saving_running.htm" "Mozilla/4.0 (compatible; MSIE 5.00; Windows 98)"
81.192.124.237 - - [05/Aug/2007:14:38:58 -0700] "GET /Install/setup.exe HTTP/1.1" 206 702213 "http://www.helpwithmath.com/Install/saving_running.htm" "Mozilla/4.0 (compatible; MSIE 5.00; Windows 98)"
81.192.124.237 - - [05/Aug/2007:14:37:09 -0700] "GET /Install/setup.exe HTTP/1.1" 206 694537 "http://www.helpwithmath.com/Install/saving_running.htm" "Mozilla/4.0 (compatible; MSIE 5.00; Windows 98)"
81.192.124.237 - - [05/Aug/2007:14:37:51 -0700] "GET /Install/setup.exe HTTP/1.1" 206 5406261 "http://www.mathxpert.com/Install/saving_running.htm" "Mozilla/4.0 (compatible; MSIE 5.00; Windows 98)"
81.192.124.237 - - [05/Aug/2007:14:38:15 -0700] "GET /Install/setup.exe HTTP/1.1" 206 4415475 "http://www.helpwithmath.com/Install/saving_running.htm" "Mozilla/4.0 (compatible; MSIE 5.00; Windows 98)"
81.192.124.237 - - [05/Aug/2007:14:38:54 -0700] "GET /Install/setup.exe HTTP/1.1" 206 3976424 "http://www.mathxpert.com/Install/saving_running.htm" "Mozilla/4.0 (compatible; MSIE 5.00; Windows 98)"
81.192.124.237 - - [05/Aug/2007:14:38:18 -0700] "GET /Install/setup.exe HTTP/1.1" 206 3937648 "http://www.mathxpert.com/Install/saving_running.htm" "Mozilla/4.0 (compatible; MSIE 5.00; Windows 98)"
81.192.124.237 - - [05/Aug/2007:14:38:30 -0700] "GET /Install/setup.exe HTTP/1.1" 206 4236966 "http://www.mathxpert.com/Install/saving_running.htm" "Mozilla/4.0 (compatible; MSIE 5.00; Windows 98)"
81.192.124.237 - - [05/Aug/2007:14:38:46 -0700] "GET /Install/setup.exe HTTP/1.1" 206 5295447 "http://www.helpwithmath.com/Install/saving_running.htm" "Mozilla/4.0 (compatible; MSIE 5.00; Windows 98)"
81.192.124.237 - - [05/Aug/2007:14:38:47 -0700] "GET /Install/setup.exe HTTP/1.1" 206 8362961 "http://www.helpwithmath.com/Install/saving_running.htm" "Mozilla/4.0 (compatible; MSIE 5.00; Windows 98)"
81.192.124.237 - - [05/Aug/2007:14:37:08 -0700] "GET /Install/setup.exe HTTP/1.1" 206 7886195 "http://www.helpwithmath.com/Install/saving_running.htm" "Mozilla/4.0 (compatible; MSIE 5.00; Windows 98)"
::1 - - [05/Aug/2007:14:39:22 -0700] "GET /" 400 669 "-" "-"
81.192.124.237 - - [05/Aug/2007:14:37:47 -0700] "GET /Install/setup.exe HTTP/1.1" 206 721248 "http://www.mathxpert.com/Install/saving_running.htm" "Mozilla/4.0 (compatible; MSIE 5.00; Windows 98)"
::1 - - [05/Aug/2007:14:39:23 -0700] "GET /" 400 669 "-" "-"
81.192.124.237 - - [05/Aug/2007:14:38:26 -0700] "GET /Install/setup.exe HTTP/1.1" 206 111186 "http://www.mathxpert.com/Install/saving_running.htm" "Mozilla/4.0 (compatible; MSIE 5.00; Windows 98)"
::1 - - [05/Aug/2007:14:39:24 -0700] "GET /" 400 669 "-" "-"
81.192.124.237 - - [05/Aug/2007:14:39:02 -0700] "GET /Install/setup.exe HTTP/1.1" 206 5267391 "http://www.helpwithmath.com/Install/saving_running.htm" "Mozilla/4.0 (compatible; MSIE 5.00; Windows 98)"
::1 - - [05/Aug/2007:14:39:25 -0700] "GET /" 400 669 "-" "-"
81.192.124.237 - - [05/Aug/2007:14:38:52 -0700] "GET /Install/setup.exe HTTP/1.1" 206 44890 "http://www.helpwithmath.com/Install/saving_running.htm" "Mozilla/4.0 (compatible; MSIE 5.00; Windows 98)"
::1 - - [05/Aug/2007:14:39:26 -0700] "GET /" 400 669 "-" "-"
81.192.124.237 - - [05/Aug/2007:14:39:15 -0700] "GET /Install/setup.exe HTTP/1.1" 206 4242168 "http://www.helpwithmath.com/Install/saving_running.htm" "Mozilla/4.0 (compatible; MSIE 5.00; Windows 98)"
81.192.124.237 - - [05/Aug/2007:14:39:05 -0700] "GET /Install/setup.exe HTTP/1.1" 206 5289939 "http://www.helpwithmath.com/Install/saving_running.htm" "Mozilla/4.0 (compatible; MSIE 5.00; Windows 98)"
::1 - - [05/Aug/2007:14:39:28 -0700] "GET /" 400 669 "-" "-"
196.12.206.91 - - [05/Aug/2007:14:38:26 -0700] "GET /Install/setup.exe HTTP/1.1" 206 3021456 "http://www.helpwithmath.com/Install/saving_running.htm" "Mozilla/4.0 (compatible; MSIE 6.0; Windows NT 5.1; SV1; MEGAUPLOAD 2.0; FDM)"
81.192.124.237 - - [05/Aug/2007:14:39:06 -0700] "GET /Install/setup.exe HTTP/1.1" 206 8357527 "http://www.mathxpert.com/Install/saving_running.htm" "Mozilla/4.0 (compatible; MSIE 5.00; Windows 98)"
196.12.206.91 - - [05/Aug/2007:14:38:26 -0700] "GET /Install/setup.exe HTTP/1.1" 206 7820669 "http://www.helpwithmath.com/Install/saving_running.htm" "Mozilla/4.0 (compatible; MSIE 6.0; Windows NT 5.1; SV1; MEGAUPLOAD 2.0; FDM)"
::1 - - [05/Aug/2007:14:39:29 -0700] "GET /" 400 669 "-" "-"
81.192.124.237 - - [05/Aug/2007:14:37:56 -0700] "GET /Install/setup.exe HTTP/1.1" 206 4434754 "http://www.mathxpert.com/Install/saving_running.htm" "Mozilla/4.0 (compatible; MSIE 5.00; Windows 98)"
::1 - - [05/Aug/2007:14:39:30 -0700] "GET /" 400 669 "-" "-"
81.192.124.237 - - [05/Aug/2007:14:39:10 -0700] "GET /Install/setup.exe HTTP/1.1" 206 50242 "http://www.helpwithmath.com/Install/saving_running.htm" "Mozilla/4.0 (compatible; MSIE 5.00; Windows 98)"
81.192.124.237 - - [05/Aug/2007:14:39:10 -0700] "GET /Install/setup.exe HTTP/1.1" 206 39539 "http://www.helpwithmath.com/Install/saving_running.htm" "Mozilla/4.0 (compatible; MSIE 5.00; Windows 98)"
::1 - - [05/Aug/2007:14:39:31 -0700] "GET /" 400 669 "-" "-"
81.192.124.237 - - [05/Aug/2007:14:39:01 -0700] "GET /Install/setup.exe HTTP/1.1" 206 3926179 "http://www.helpwithmath.com/Install/saving_running.htm" "Mozilla/4.0 (compatible; MSIE 5.00; Windows 98)"
81.192.124.237 - - [05/Aug/2007:14:38:24 -0700] "GET /Install/setup.exe HTTP/1.1" 206 3985162 "http://www.helpwithmath.com/Install/saving_running.htm" "Mozilla/4.0 (compatible; MSIE 5.00; Windows 98)"
81.192.124.237 - - [05/Aug/2007:14:39:12 -0700] "GET /Install/setup.exe HTTP/1.1" 206 5262056 "http://www.helpwithmath.com/Install/saving_running.htm" "Mozilla/4.0 (compatible; MSIE 5.00; Windows 98)"
::1 - - [05/Aug/2007:14:39:32 -0700] "GET /" 400 669 "-" "-"
81.192.124.237 - - [05/Aug/2007:14:39:01 -0700] "GET /Install/setup.exe HTTP/1.1" 206 4247370 "http://www.helpwithmath.com/Install/saving_running.htm" "Mozilla/4.0 (compatible; MSIE 5.00; Windows 98)"
::1 - - [05/Aug/2007:14:39:33 -0700] "GET /" 400 669 "-" "-"
::1 - - [05/Aug/2007:14:39:34 -0700] "GET /" 400 669 "-" "-"
81.192.124.237 - - [05/Aug/2007:14:39:03 -0700] "GET /Install/setup.exe HTTP/1.1" 206 4228924 "http://www.helpwithmath.com/Install/saving_running.htm" "Mozilla/4.0 (compatible; MSIE 5.00; Windows 98)"
81.192.124.237 - - [05/Aug/2007:14:38:52 -0700] "GET /Install/setup.exe HTTP/1.1" 206 79077 "http://www.helpwithmath.com/Install/saving_running.htm" "Mozilla/4.0 (compatible; MSIE 5.00; Windows 98)"
::1 - - [05/Aug/2007:14:39:35 -0700] "GET /" 400 669 "-" "-"
81.192.124.237 - - [05/Aug/2007:14:38:40 -0700] "GET /Install/setup.exe HTTP/1.1" 206 88360 "http://www.helpwithmath.com/Install/saving_running.htm" "Mozilla/4.0 (compatible; MSIE 5.00; Windows 98)"
::1 - - [05/Aug/2007:14:39:36 -0700] "GET /" 400 669 "-" "-"
81.192.124.237 - - [05/Aug/2007:14:39:05 -0700] "GET /Install/setup.exe HTTP/1.1" 206 55593 "http://www.mathxpert.com/Install/saving_running.htm" "Mozilla/4.0 (compatible; MSIE 5.00; Windows 98)"
::1 - - [05/Aug/2007:14:39:37 -0700] "GET /" 400 669 "-" "-"
81.192.124.237 - - [05/Aug/2007:14:38:59 -0700] "GET /Install/setup.exe HTTP/1.1" 206 4403706 "http://www.helpwithmath.com/Install/saving_running.htm" "Mozilla/4.0 (compatible; MSIE 5.00; Windows 98)"
81.192.124.237 - - [05/Aug/2007:14:38:37 -0700] "GET /Install/setup.exe HTTP/1.1" 206 8373829 "http://www.helpwithmath.com/Install/saving_running.htm" "Mozilla/4.0 (compatible; MSIE 5.00; Windows 98)"
81.192.124.237 - - [05/Aug/2007:14:39:17 -0700] "GET /Install/setup.exe HTTP/1.1" 206 4411215 "http://www.helpwithmath.com/Install/saving_running.htm" "Mozilla/4.0 (compatible; MSIE 5.00; Windows 98)"
81.192.124.237 - - [05/Aug/2007:14:39:37 -0700] "GET /Install/setup.exe HTTP/1.1" 206 4420554 "http://www.mathxpert.com/Install/saving_running.htm" "Mozilla/4.0 (compatible; MSIE 5.00; Windows 98)"
81.192.124.237 - - [05/Aug/2007:14:39:37 -0700] "GET /Install/setup.exe HTTP/1.1" 206 5259216 "http://www.mathxpert.com/Install/saving_running.htm" "Mozilla/4.0 (compatible; MSIE 5.00; Windows 98)"
::1 - - [05/Aug/2007:14:39:44 -0700] "GET /" 400 669 "-" "-"
81.192.124.237 - - [05/Aug/2007:14:39:37 -0700] "GET /Install/setup.exe HTTP/1.1" 206 47402 "http://www.mathxpert.com/Install/saving_running.htm" "Mozilla/4.0 (compatible; MSIE 5.00; Windows 98)"
81.192.124.237 - - [05/Aug/2007:14:39:37 -0700] "GET /Install/setup.exe HTTP/1.1" 206 3969542 "http://www.mathxpert.com/Install/saving_running.htm" "Mozilla/4.0 (compatible; MSIE 5.00; Windows 98)"
81.192.124.237 - - [05/Aug/2007:14:39:37 -0700] "GET /Install/setup.exe HTTP/1.1" 206 3919079 "http://www.mathxpert.com/Install/saving_running.htm" "Mozilla/4.0 (compatible; MSIE 5.00; Windows 98)"
::1 - - [05/Aug/2007:14:39:45 -0700] "GET /" 400 669 "-" "-"
81.192.124.237 - - [05/Aug/2007:14:39:37 -0700] "GET /Install/setup.exe HTTP/1.1" 206 36699 "http://www.mathxpert.com/Install/saving_running.htm" "Mozilla/4.0 (compatible; MSIE 5.00; Windows 98)"
::1 - - [05/Aug/2007:14:39:46 -0700] "GET /" 400 669 "-" "-"
81.192.124.237 - - [05/Aug/2007:14:39:37 -0700] "GET /Install/setup.exe HTTP/1.1" 206 4411215 "http://www.mathxpert.com/Install/saving_running.htm" "Mozilla/4.0 (compatible; MSIE 5.00; Windows 98)"
81.192.124.237 - - [05/Aug/2007:14:39:37 -0700] "GET /Install/setup.exe HTTP/1.1" 206 4399446 "http://www.mathxpert.com/Install/saving_running.htm" "Mozilla/4.0 (compatible; MSIE 5.00; Windows 98)"
::1 - - [05/Aug/2007:14:39:47 -0700] "GET /" 400 669 "-" "-"
81.192.124.237 - - [05/Aug/2007:14:39:38 -0700] "GET /Install/setup.exe HTTP/1.1" 206 84100 "http://www.mathxpert.com/Install/saving_running.htm" "Mozilla/4.0 (compatible; MSIE 5.00; Windows 98)"
81.192.124.237 - - [05/Aug/2007:14:39:39 -0700] "GET /Install/setup.exe HTTP/1.1" 206 55593 "http://www.mathxpert.com/Install/saving_running.htm" "Mozilla/4.0 (compatible; MSIE 5.00; Windows 98)"
::1 - - [05/Aug/2007:14:39:48 -0700] "GET /" 400 669 "-" "-"
81.192.124.237 - - [05/Aug/2007:14:39:40 -0700] "GET /Install/setup.exe HTTP/1.1" 206 4408375 "http://www.mathxpert.com/Install/saving_running.htm" "Mozilla/4.0 (compatible; MSIE 5.00; Windows 98)"
81.192.124.237 - - [05/Aug/2007:14:39:40 -0700] "GET /Install/setup.exe HTTP/1.1" 206 84100 "http://www.mathxpert.com/Install/saving_running.htm" "Mozilla/4.0 (compatible; MSIE 5.00; Windows 98)"
::1 - - [05/Aug/2007:14:39:49 -0700] "GET /" 400 669 "-" "-"
81.192.124.237 - - [05/Aug/2007:14:39:40 -0700] "GET /Install/setup.exe HTTP/1.1" 206 55593 "http://www.mathxpert.com/Install/saving_running.htm" "Mozilla/4.0 (compatible; MSIE 5.00; Windows 98)"
81.192.124.237 - - [05/Aug/2007:14:39:40 -0700] "GET /Install/setup.exe HTTP/1.1" 206 8366729 "http://www.mathxpert.com/Install/saving_running.htm" "Mozilla/4.0 (compatible; MSIE 5.00; Windows 98)"
81.192.124.237 - - [05/Aug/2007:14:39:40 -0700] "GET /Install/setup.exe HTTP/1.1" 206 70557 "http://www.mathxpert.com/Install/saving_running.htm" "Mozilla/4.0 (compatible; MSIE 5.00; Windows 98)"
::1 - - [05/Aug/2007:14:39:50 -0700] "GET /" 400 669 "-" "-"
81.192.124.237 - - [05/Aug/2007:14:39:34 -0700] "GET /Install/setup.exe HTTP/1.1" 206 4420554 "http://www.mathxpert.com/Install/saving_running.htm" "Mozilla/4.0 (compatible; MSIE 5.00; Windows 98)"
::1 - - [05/Aug/2007:14:39:51 -0700] "GET /" 400 669 "-" "-"
81.192.124.237 - - [05/Aug/2007:14:39:37 -0700] "GET /Install/setup.exe HTTP/1.1" 206 70557 "http://www.mathxpert.com/Install/saving_running.htm" "Mozilla/4.0 (compatible; MSIE 5.00; Windows 98)"
::1 - - [05/Aug/2007:14:39:52 -0700] "GET /" 400 669 "-" "-"
81.192.124.237 - - [05/Aug/2007:14:39:37 -0700] "GET /Install/setup.exe HTTP/1.1" 206 55593 "http://www.mathxpert.com/Install/saving_running.htm" "Mozilla/4.0 (compatible; MSIE 5.00; Windows 98)"
81.192.124.237 - - [05/Aug/2007:14:39:37 -0700] "GET /Install/setup.exe HTTP/1.1" 206 4240270 "http://www.mathxpert.com/Install/saving_running.htm" "Mozilla/4.0 (compatible; MSIE 5.00; Windows 98)"
::1 - - [05/Aug/2007:14:39:53 -0700] "GET /" 400 669 "-" "-"
81.192.124.237 - - [05/Aug/2007:14:39:37 -0700] "GET /Install/setup.exe HTTP/1.1" 206 84100 "http://www.mathxpert.com/Install/saving_running.htm" "Mozilla/4.0 (compatible; MSIE 5.00; Windows 98)"
81.192.124.237 - - [05/Aug/2007:14:39:47 -0700] "GET /Install/setup.exe HTTP/1.1" 206 8366729 "http://www.helpwithmath.com/Install/saving_running.htm" "Mozilla/4.0 (compatible; MSIE 5.00; Windows 98)"
81.192.124.237 - - [05/Aug/2007:14:39:40 -0700] "GET /Install/setup.exe HTTP/1.1" 206 4420554 "http://www.mathxpert.com/Install/saving_running.htm" "Mozilla/4.0 (compatible; MSIE 5.00; Windows 98)"
81.192.124.237 - - [05/Aug/2007:14:39:39 -0700] "GET /Install/setup.exe HTTP/1.1" 206 8366729 "http://www.mathxpert.com/Install/saving_running.htm" "Mozilla/4.0 (compatible; MSIE 5.00; Windows 98)"
81.192.124.237 - - [05/Aug/2007:14:39:52 -0700] "GET /Install/setup.exe HTTP/1.1" 206 4417714 "http://www.helpwithmath.com/Install/saving_running.htm" "Mozilla/4.0 (compatible; MSIE 5.00; Windows 98)"
81.192.124.237 - - [05/Aug/2007:14:39:52 -0700] "GET /Install/setup.exe HTTP/1.1" 206 55593 "http://www.helpwithmath.com/Install/saving_running.htm" "Mozilla/4.0 (compatible; MSIE 5.00; Windows 98)"
81.192.124.237 - - [05/Aug/2007:14:39:52 -0700] "GET /Install/setup.exe HTTP/1.1" 206 84100 "http://www.helpwithmath.com/Install/saving_running.htm" "Mozilla/4.0 (compatible; MSIE 5.00; Windows 98)"
81.192.124.237 - - [05/Aug/2007:14:39:52 -0700] "GET /Install/setup.exe HTTP/1.1" 206 8366729 "http://www.helpwithmath.com/Install/saving_running.htm" "Mozilla/4.0 (compatible; MSIE 5.00; Windows 98)"
81.192.124.237 - - [05/Aug/2007:14:39:53 -0700] "GET /Install/setup.exe HTTP/1.1" 206 8366729 "http://www.helpwithmath.com/Install/saving_running.htm" "Mozilla/4.0 (compatible; MSIE 5.00; Windows 98)"
81.192.124.237 - - [05/Aug/2007:14:39:53 -0700] "GET /Install/setup.exe HTTP/1.1" 206 4417714 "http://www.helpwithmath.com/Install/saving_running.htm" "Mozilla/4.0 (compatible; MSIE 5.00; Windows 98)"
::1 - - [05/Aug/2007:14:40:02 -0700] "GET /" 400 669 "-" "-"
81.192.124.237 - - [05/Aug/2007:14:39:53 -0700] "GET /Install/setup.exe HTTP/1.1" 206 52753 "http://www.helpwithmath.com/Install/saving_running.htm" "Mozilla/4.0 (compatible; MSIE 5.00; Windows 98)"
81.192.124.237 - - [05/Aug/2007:14:39:53 -0700] "GET /Install/setup.exe HTTP/1.1" 206 84100 "http://www.helpwithmath.com/Install/saving_running.htm" "Mozilla/4.0 (compatible; MSIE 5.00; Windows 98)"
::1 - - [05/Aug/2007:14:40:03 -0700] "GET /" 400 669 "-" "-"
81.192.124.237 - - [05/Aug/2007:14:39:55 -0700] "GET /Install/setup.exe HTTP/1.1" 206 81260 "http://www.helpwithmath.com/Install/saving_running.htm" "Mozilla/4.0 (compatible; MSIE 5.00; Windows 98)"
81.192.124.237 - - [05/Aug/2007:14:39:55 -0700] "GET /Install/setup.exe HTTP/1.1" 206 52753 "http://www.helpwithmath.com/Install/saving_running.htm" "Mozilla/4.0 (compatible; MSIE 5.00; Windows 98)"
81.192.124.237 - - [05/Aug/2007:14:39:55 -0700] "GET /Install/setup.exe HTTP/1.1" 206 4417714 "http://www.helpwithmath.com/Install/saving_running.htm" "Mozilla/4.0 (compatible; MSIE 5.00; Windows 98)"
81.192.124.237 - - [05/Aug/2007:14:39:55 -0700] "GET /Install/setup.exe HTTP/1.1" 206 8366729 "http://www.helpwithmath.com/Install/saving_running.htm" "Mozilla/4.0 (compatible; MSIE 5.00; Windows 98)"
::1 - - [05/Aug/2007:14:40:04 -0700] "GET /" 400 669 "-" "-"
::1 - - [05/Aug/2007:14:40:05 -0700] "GET /" 400 669 "-" "-"
::1 - - [05/Aug/2007:14:40:06 -0700] "GET /" 400 669 "-" "-"
::1 - - [05/Aug/2007:14:40:09 -0700] "GET /" 400 669 "-" "-"
::1 - - [05/Aug/2007:14:40:10 -0700] "GET /" 400 669 "-" "-"
::1 - - [05/Aug/2007:14:40:13 -0700] "GET /" 400 669 "-" "-"
::1 - - [05/Aug/2007:14:40:14 -0700] "GET /" 400 669 "-" "-"
::1 - - [05/Aug/2007:14:40:15 -0700] "GET /" 400 669 "-" "-"
::1 - - [05/Aug/2007:14:40:16 -0700] "GET /" 400 669 "-" "-"
::1 - - [05/Aug/2007:14:40:17 -0700] "GET /" 400 669 "-" "-"
::1 - - [05/Aug/2007:14:40:18 -0700] "GET /" 400 669 "-" "-"
196.12.206.91 - - [05/Aug/2007:14:39:38 -0700] "GET /Install/setup.exe HTTP/1.1" 206 4535634 "http://www.helpwithmath.com/Install/saving_running.htm" "Mozilla/4.0 (compatible; MSIE 6.0; Windows NT 5.1; SV1; MEGAUPLOAD 2.0; FDM)"
196.12.206.91 - - [05/Aug/2007:14:38:05 -0700] "GET /Install/setup.exe HTTP/1.1" 206 12799280 "http://www.helpwithmath.com/Install/saving_running.htm" "Mozilla/4.0 (compatible; MSIE 6.0; Windows NT 5.1; SV1; MEGAUPLOAD 2.0; FDM)"
196.12.206.91 - - [05/Aug/2007:14:39:29 -0700] "GET /Install/setup.exe HTTP/1.1" 206 9427306 "http://www.helpwithmath.com/Install/saving_running.htm" "Mozilla/4.0 (compatible; MSIE 6.0; Windows NT 5.1; SV1; MEGAUPLOAD 2.0; FDM)"
196.12.206.91 - - [05/Aug/2007:14:38:07 -0700] "GET /Install/setup.exe HTTP/1.1" 206 4535634 "http://www.helpwithmath.com/Install/saving_running.htm" "Mozilla/4.0 (compatible; MSIE 6.0; Windows NT 5.1; SV1; MEGAUPLOAD 2.0; FDM)"
::1 - - [05/Aug/2007:14:40:31 -0700] "GET /" 400 669 "-" "-"
196.12.206.91 - - [05/Aug/2007:14:39:44 -0700] "GET /Install/setup.exe HTTP/1.1" 206 5896631 "http://www.helpwithmath.com/Install/saving_running.htm" "Mozilla/4.0 (compatible; MSIE 6.0; Windows NT 5.1; SV1; MEGAUPLOAD 2.0; FDM)"
::1 - - [05/Aug/2007:14:40:43 -0700] "GET /" 400 669 "-" "-"
::1 - - [05/Aug/2007:14:40:44 -0700] "GET /" 400 669 "-" "-"
::1 - - [05/Aug/2007:14:40:51 -0700] "GET /" 400 669 "-" "-"
::1 - - [05/Aug/2007:14:40:52 -0700] "GET /" 400 669 "-" "-"
196.12.206.91 - - [05/Aug/2007:14:36:13 -0700] "GET /Install/setup.exe HTTP/1.1" 206 1270609 "http://www.helpwithmath.com/Install/saving_running.htm" "Mozilla/4.0 (compatible; MSIE 6.0; Windows NT 5.1; SV1; MEGAUPLOAD 2.0; FDM)"
196.12.206.91 - - [05/Aug/2007:14:36:23 -0700] "GET /Install/setup.exe HTTP/1.1" 206 9427306 "http://www.helpwithmath.com/Install/saving_running.htm" "Mozilla/4.0 (compatible; MSIE 6.0; Windows NT 5.1; SV1; MEGAUPLOAD 2.0; FDM)"
196.12.206.91 - - [05/Aug/2007:14:41:03 -0700] "GET /Install/setup.exe HTTP/1.1" 206 9427306 "http://www.helpwithmath.com/Install/saving_running.htm" "Mozilla/4.0 (compatible; MSIE 6.0; Windows NT 5.1; SV1; MEGAUPLOAD 2.0; FDM)"
196.12.206.91 - - [05/Aug/2007:14:41:04 -0700] "GET /Install/setup.exe HTTP/1.1" 206 12799280 "http://www.helpwithmath.com/Install/saving_running.htm" "Mozilla/4.0 (compatible; MSIE 6.0; Windows NT 5.1; SV1; MEGAUPLOAD 2.0; FDM)"
196.12.206.91 - - [05/Aug/2007:14:41:03 -0700] "GET /Install/setup.exe HTTP/1.1" 206 3021456 "http://www.helpwithmath.com/Install/saving_running.htm" "Mozilla/4.0 (compatible; MSIE 6.0; Windows NT 5.1; SV1; MEGAUPLOAD 2.0; FDM)"
::1 - - [05/Aug/2007:14:42:07 -0700] "GET /" 400 669 "-" "-"
196.12.206.91 - - [05/Aug/2007:14:37:33 -0700] "GET /Install/setup.exe HTTP/1.1" 206 9427306 "http://www.helpwithmath.com/Install/saving_running.htm" "Mozilla/4.0 (compatible; MSIE 6.0; Windows NT 5.1; SV1; MEGAUPLOAD 2.0; FDM)"
::1 - - [05/Aug/2007:14:42:33 -0700] "GET /" 400 669 "-" "-"
213.140.56.208 - - [05/Aug/2007:14:42:59 -0700] "GET /Install/saving_running.htm HTTP/1.1" 200 4541 "http://www.startimes2.com/f.aspx?t=4191552" "Mozilla/4.0 (compatible; MSIE 6.0; Windows NT 5.1; SV1; ArabHood.com av1)"
196.12.206.91 - - [05/Aug/2007:14:38:01 -0700] "GET /Install/setup.exe HTTP/1.1" 206 1270609 "http://www.helpwithmath.com/Install/saving_running.htm" "Mozilla/4.0 (compatible; MSIE 6.0; Windows NT 5.1; SV1; MEGAUPLOAD 2.0; FDM)"
213.140.56.208 - - [05/Aug/2007:14:43:09 -0700] "GET /Install/oci_header.jpg HTTP/1.1" 200 6586 "http://www.helpwithmath.com/Install/saving_running.htm" "Mozilla/4.0 (compatible; MSIE 6.0; Windows NT 5.1; SV1; ArabHood.com av1)"
213.140.56.208 - - [05/Aug/2007:14:43:13 -0700] "GET /Install/header_fill.jpg HTTP/1.1" 200 578 "http://www.helpwithmath.com/Install/saving_running.htm" "Mozilla/4.0 (compatible; MSIE 6.0; Windows NT 5.1; SV1; ArabHood.com av1)"
196.12.206.91 - - [05/Aug/2007:14:38:14 -0700] "GET /Install/setup.exe HTTP/1.1" 206 5896631 "http://www.helpwithmath.com/Install/saving_running.htm" "Mozilla/4.0 (compatible; MSIE 6.0; Windows NT 5.1; SV1; MEGAUPLOAD 2.0; FDM)"
207.46.98.120 - - [05/Aug/2007:14:44:18 -0700] "GET /robots.txt HTTP/1.0" 404 404 "-" "msnbot/1.0 (+http://search.msn.com/msnbot.htm)"
207.46.98.120 - - [05/Aug/2007:14:44:18 -0700] "GET /about.php?include=autostep.html HTTP/1.0" 200 9214 "-" "msnbot/1.0 (+http://search.msn.com/msnbot.htm)"
196.12.206.91 - - [05/Aug/2007:14:39:23 -0700] "GET /Install/setup.exe HTTP/1.1" 206 7820669 "http://www.helpwithmath.com/Install/saving_running.htm" "Mozilla/4.0 (compatible; MSIE 6.0; Windows NT 5.1; SV1; MEGAUPLOAD 2.0; FDM)"
196.12.206.91 - - [05/Aug/2007:14:39:23 -0700] "GET /Install/setup.exe HTTP/1.1" 206 3021456 "http://www.helpwithmath.com/Install/saving_running.htm" "Mozilla/4.0 (compatible; MSIE 6.0; Windows NT 5.1; SV1; MEGAUPLOAD 2.0; FDM)"
196.12.206.91 - - [05/Aug/2007:14:39:29 -0700] "GET /Install/setup.exe HTTP/1.1" 206 1270609 "http://www.helpwithmath.com/Install/saving_running.htm" "Mozilla/4.0 (compatible; MSIE 6.0; Windows NT 5.1; SV1; MEGAUPLOAD 2.0; FDM)"
212.71.37.73 - - [05/Aug/2007:14:42:57 -0700] "GET /Install/setup.exe HTTP/1.1" 200 13072520 "http://www.zulfiedu.gov.sa/vb/showthread.php?t=1415" "Mozilla/4.0 (compatible; MSIE 6.0; Windows NT 5.1; SV1)"
::1 - - [05/Aug/2007:14:44:58 -0700] "GET /" 400 669 "-" "-"
::1 - - [05/Aug/2007:14:45:04 -0700] "GET /" 400 669 "-" "-"
::1 - - [05/Aug/2007:14:45:05 -0700] "GET /" 400 669 "-" "-"
::1 - - [05/Aug/2007:14:45:06 -0700] "GET /" 400 669 "-" "-"
::1 - - [05/Aug/2007:14:45:07 -0700] "GET /" 400 669 "-" "-"
::1 - - [05/Aug/2007:14:45:08 -0700] "GET /" 400 669 "-" "-"
213.140.56.208 - - [05/Aug/2007:14:44:38 -0700] "GET /Install/setup.exe HTTP/1.1" 206 2614505 "http://arabhood.com/go.php" "DA 7.0"
213.140.56.208 - - [05/Aug/2007:14:44:45 -0700] "GET /Install/setup.exe HTTP/1.1" 206 2614505 "http://arabhood.com/go.php" "DA 7.0"
::1 - - [05/Aug/2007:14:45:59 -0700] "GET /" 400 669 "-" "-"
213.140.56.208 - - [05/Aug/2007:14:44:24 -0700] "GET /Install/setup.exe HTTP/1.1" 206 2614505 "http://arabhood.com/go.php" "DA 7.0"
::1 - - [05/Aug/2007:14:46:01 -0700] "GET /" 400 669 "-" "-"
::1 - - [05/Aug/2007:14:46:02 -0700] "GET /" 400 669 "-" "-"
::1 - - [05/Aug/2007:14:46:03 -0700] "GET /" 400 669 "-" "-"
196.12.206.91 - - [05/Aug/2007:14:41:03 -0700] "GET /Install/setup.exe HTTP/1.1" 206 7820669 "http://www.helpwithmath.com/Install/saving_running.htm" "Mozilla/4.0 (compatible; MSIE 6.0; Windows NT 5.1; SV1; MEGAUPLOAD 2.0; FDM)"
213.140.56.208 - - [05/Aug/2007:14:43:30 -0700] "GET /Install/setup.exe HTTP/1.1" 206 13072520 "http://arabhood.com/go.php" "DA 7.0"
::1 - - [05/Aug/2007:14:46:04 -0700] "GET /" 400 669 "-" "-"
::1 - - [05/Aug/2007:14:46:05 -0700] "GET /" 400 669 "-" "-"
::1 - - [05/Aug/2007:14:46:06 -0700] "GET /" 400 669 "-" "-"
196.12.206.89 - - [05/Aug/2007:14:45:14 -0700] "GET /Install/setup.exe HTTP/1.1" 206 9425926 "http://www.helpwithmath.com/Install/saving_running.htm" "Mozilla/4.0 (compatible; MSIE 6.0; Windows NT 5.1; SV1; MEGAUPLOAD 2.0; FDM)"
::1 - - [05/Aug/2007:14:46:13 -0700] "GET /" 400 669 "-" "-"
::1 - - [05/Aug/2007:14:46:14 -0700] "GET /" 400 669 "-" "-"
196.12.206.89 - - [05/Aug/2007:14:45:13 -0700] "GET /Install/setup.exe HTTP/1.1" 206 7820669 "http://www.helpwithmath.com/Install/saving_running.htm" "Mozilla/4.0 (compatible; MSIE 6.0; Windows NT 5.1; SV1; MEGAUPLOAD 2.0; FDM)"
::1 - - [05/Aug/2007:14:46:29 -0700] "GET /" 400 669 "-" "-"
213.140.56.208 - - [05/Aug/2007:14:44:31 -0700] "GET /Install/setup.exe HTTP/1.1" 206 2614505 "http://arabhood.com/go.php" "DA 7.0"
::1 - - [05/Aug/2007:14:46:32 -0700] "GET /" 400 669 "-" "-"
196.12.206.89 - - [05/Aug/2007:14:45:14 -0700] "GET /Install/setup.exe HTTP/1.1" 206 1270609 "http://www.helpwithmath.com/Install/saving_running.htm" "Mozilla/4.0 (compatible; MSIE 6.0; Windows NT 5.1; SV1; MEGAUPLOAD 2.0; FDM)"
::1 - - [05/Aug/2007:14:46:44 -0700] "GET /" 400 669 "-" "-"
196.12.206.89 - - [05/Aug/2007:14:45:14 -0700] "GET /Install/setup.exe HTTP/1.1" 206 4535634 "http://www.helpwithmath.com/Install/saving_running.htm" "Mozilla/4.0 (compatible; MSIE 6.0; Windows NT 5.1; SV1; MEGAUPLOAD 2.0; FDM)"
::1 - - [05/Aug/2007:14:47:04 -0700] "GET /" 400 669 "-" "-"
196.12.206.89 - - [05/Aug/2007:14:45:14 -0700] "GET /Install/setup.exe HTTP/1.1" 206 11126404 "http://www.helpwithmath.com/Install/saving_running.htm" "Mozilla/4.0 (compatible; MSIE 6.0; Windows NT 5.1; SV1; MEGAUPLOAD 2.0; FDM)"
::1 - - [05/Aug/2007:14:47:15 -0700] "GET /" 400 669 "-" "-"
196.12.206.91 - - [05/Aug/2007:14:42:35 -0700] "GET /Install/setup.exe HTTP/1.1" 206 3021456 "http://www.helpwithmath.com/Install/saving_running.htm" "Mozilla/4.0 (compatible; MSIE 6.0; Windows NT 5.1; SV1; MEGAUPLOAD 2.0; FDM)"
196.12.206.91 - - [05/Aug/2007:14:42:35 -0700] "GET /Install/setup.exe HTTP/1.1" 206 5896631 "http://www.helpwithmath.com/Install/saving_running.htm" "Mozilla/4.0 (compatible; MSIE 6.0; Windows NT 5.1; SV1; MEGAUPLOAD 2.0; FDM)"
196.12.206.91 - - [05/Aug/2007:14:42:35 -0700] "GET /Install/setup.exe HTTP/1.1" 206 7820669 "http://www.helpwithmath.com/Install/saving_running.htm" "Mozilla/4.0 (compatible; MSIE 6.0; Windows NT 5.1; SV1; MEGAUPLOAD 2.0; FDM)"
196.12.206.91 - - [05/Aug/2007:14:42:55 -0700] "GET /Install/setup.exe HTTP/1.1" 206 11126404 "http://www.helpwithmath.com/Install/saving_running.htm" "Mozilla/4.0 (compatible; MSIE 6.0; Windows NT 5.1; SV1; MEGAUPLOAD 2.0; FDM)"
196.12.206.91 - - [05/Aug/2007:14:43:01 -0700] "GET /Install/setup.exe HTTP/1.1" 206 9425926 "http://www.helpwithmath.com/Install/saving_running.htm" "Mozilla/4.0 (compatible; MSIE 6.0; Windows NT 5.1; SV1; MEGAUPLOAD 2.0; FDM)"
196.12.206.91 - - [05/Aug/2007:14:43:01 -0700] "GET /Install/setup.exe HTTP/1.1" 206 4535634 "http://www.helpwithmath.com/Install/saving_running.htm" "Mozilla/4.0 (compatible; MSIE 6.0; Windows NT 5.1; SV1; MEGAUPLOAD 2.0; FDM)"
196.12.206.91 - - [05/Aug/2007:14:43:13 -0700] "GET /Install/setup.exe HTTP/1.1" 206 7820669 "http://www.helpwithmath.com/Install/saving_running.htm" "Mozilla/4.0 (compatible; MSIE 6.0; Windows NT 5.1; SV1; MEGAUPLOAD 2.0; FDM)"
::1 - - [05/Aug/2007:14:48:17 -0700] "GET /" 400 669 "-" "-"
::1 - - [05/Aug/2007:14:48:18 -0700] "GET /" 400 669 "-" "-"
196.12.206.91 - - [05/Aug/2007:14:43:20 -0700] "GET /Install/setup.exe HTTP/1.1" 206 3021456 "http://www.helpwithmath.com/Install/saving_running.htm" "Mozilla/4.0 (compatible; MSIE 6.0; Windows NT 5.1; SV1; MEGAUPLOAD 2.0; FDM)"
196.12.206.91 - - [05/Aug/2007:14:43:21 -0700] "GET /Install/setup.exe HTTP/1.1" 206 1270609 "http://www.helpwithmath.com/Install/saving_running.htm" "Mozilla/4.0 (compatible; MSIE 6.0; Windows NT 5.1; SV1; MEGAUPLOAD 2.0; FDM)"
::1 - - [05/Aug/2007:14:48:21 -0700] "GET /" 400 669 "-" "-"
::1 - - [05/Aug/2007:14:48:22 -0700] "GET /" 400 669 "-" "-"
196.12.206.91 - - [05/Aug/2007:14:43:31 -0700] "GET /Install/setup.exe HTTP/1.1" 206 5896631 "http://www.helpwithmath.com/Install/saving_running.htm" "Mozilla/4.0 (compatible; MSIE 6.0; Windows NT 5.1; SV1; MEGAUPLOAD 2.0; FDM)"
196.12.206.91 - - [05/Aug/2007:14:43:56 -0700] "GET /Install/setup.exe HTTP/1.1" 206 12799280 "http://www.helpwithmath.com/Install/saving_running.htm" "Mozilla/4.0 (compatible; MSIE 6.0; Windows NT 5.1; SV1; MEGAUPLOAD 2.0; FDM)"
196.12.206.91 - - [05/Aug/2007:14:43:56 -0700] "GET /Install/setup.exe HTTP/1.1" 206 7820669 "http://www.helpwithmath.com/Install/saving_running.htm" "Mozilla/4.0 (compatible; MSIE 6.0; Windows NT 5.1; SV1; MEGAUPLOAD 2.0; FDM)"
196.12.206.91 - - [05/Aug/2007:14:43:56 -0700] "GET /Install/setup.exe HTTP/1.1" 206 4535634 "http://www.helpwithmath.com/Install/saving_running.htm" "Mozilla/4.0 (compatible; MSIE 6.0; Windows NT 5.1; SV1; MEGAUPLOAD 2.0; FDM)"
196.12.206.91 - - [05/Aug/2007:14:43:56 -0700] "GET /Install/setup.exe HTTP/1.1" 206 3021456 "http://www.helpwithmath.com/Install/saving_running.htm" "Mozilla/4.0 (compatible; MSIE 6.0; Windows NT 5.1; SV1; MEGAUPLOAD 2.0; FDM)"
196.12.206.91 - - [05/Aug/2007:14:43:56 -0700] "GET /Install/setup.exe HTTP/1.1" 206 1270609 "http://www.helpwithmath.com/Install/saving_running.htm" "Mozilla/4.0 (compatible; MSIE 6.0; Windows NT 5.1; SV1; MEGAUPLOAD 2.0; FDM)"
196.12.206.91 - - [05/Aug/2007:14:43:56 -0700] "GET /Install/setup.exe HTTP/1.1" 206 11126404 "http://www.helpwithmath.com/Install/saving_running.htm" "Mozilla/4.0 (compatible; MSIE 6.0; Windows NT 5.1; SV1; MEGAUPLOAD 2.0; FDM)"
::1 - - [05/Aug/2007:14:48:57 -0700] "GET /" 400 669 "-" "-"
::1 - - [05/Aug/2007:14:48:58 -0700] "GET /" 400 669 "-" "-"
::1 - - [05/Aug/2007:14:48:59 -0700] "GET /" 400 669 "-" "-"
::1 - - [05/Aug/2007:14:49:00 -0700] "GET /" 400 669 "-" "-"
::1 - - [05/Aug/2007:14:49:01 -0700] "GET /" 400 669 "-" "-"
::1 - - [05/Aug/2007:14:49:07 -0700] "GET /" 400 669 "-" "-"
::1 - - [05/Aug/2007:14:49:11 -0700] "GET /" 400 669 "-" "-"
196.12.206.89 - - [05/Aug/2007:14:47:32 -0700] "GET /Install/setup.exe HTTP/1.1" 206 1259569 "http://www.helpwithmath.com/Install/saving_running.htm" "Mozilla/4.0 (compatible; MSIE 6.0; Windows NT 5.1; SV1; MEGAUPLOAD 2.0; FDM)"
::1 - - [05/Aug/2007:14:49:27 -0700] "GET /" 400 669 "-" "-"
196.12.206.89 - - [05/Aug/2007:14:47:32 -0700] "GET /Install/setup.exe HTTP/1.1" 206 1508658 "http://www.helpwithmath.com/Install/saving_running.htm" "Mozilla/4.0 (compatible; MSIE 6.0; Windows NT 5.1; SV1; MEGAUPLOAD 2.0; FDM)"
::1 - - [05/Aug/2007:14:49:40 -0700] "GET /" 400 669 "-" "-"
196.12.206.89 - - [05/Aug/2007:14:47:32 -0700] "GET /Install/setup.exe HTTP/1.1" 206 3523775 "http://www.helpwithmath.com/Install/saving_running.htm" "Mozilla/4.0 (compatible; MSIE 6.0; Windows NT 5.1; SV1; MEGAUPLOAD 2.0; FDM)"
::1 - - [05/Aug/2007:14:49:52 -0700] "GET /" 400 669 "-" "-"
196.12.206.89 - - [05/Aug/2007:14:47:31 -0700] "GET /Install/setup.exe HTTP/1.1" 206 5224253 "http://www.helpwithmath.com/Install/saving_running.htm" "Mozilla/4.0 (compatible; MSIE 6.0; Windows NT 5.1; SV1; MEGAUPLOAD 2.0; FDM)"
::1 - - [05/Aug/2007:14:49:58 -0700] "GET /" 400 669 "-" "-"
196.12.206.89 - - [05/Aug/2007:14:50:07 -0700] "GET /Install/setup.exe HTTP/1.1" 206 1494858 "http://www.helpwithmath.com/Install/saving_running.htm" "Mozilla/4.0 (compatible; MSIE 6.0; Windows NT 5.1; SV1; MEGAUPLOAD 2.0; FDM)"
196.12.206.89 - - [05/Aug/2007:14:50:09 -0700] "GET /Install/setup.exe HTTP/1.1" 206 1601117 "http://www.helpwithmath.com/Install/saving_running.htm" "Mozilla/4.0 (compatible; MSIE 6.0; Windows NT 5.1; SV1; MEGAUPLOAD 2.0; FDM)"
196.12.206.89 - - [05/Aug/2007:14:50:09 -0700] "GET /Install/setup.exe HTTP/1.1" 206 1248529 "http://www.helpwithmath.com/Install/saving_running.htm" "Mozilla/4.0 (compatible; MSIE 6.0; Windows NT 5.1; SV1; MEGAUPLOAD 2.0; FDM)"
74.6.26.139 - - [05/Aug/2007:14:50:45 -0700] "GET /demo.php HTTP/1.0" 200 9622 "-" "Mozilla/5.0 (compatible; Yahoo! Slurp; http://help.yahoo.com/help/us/ysearch/slurp)"
196.12.206.89 - - [05/Aug/2007:14:45:14 -0700] "GET /Install/setup.exe HTTP/1.1" 206 3021456 "http://www.helpwithmath.com/Install/saving_running.htm" "Mozilla/4.0 (compatible; MSIE 6.0; Windows NT 5.1; SV1; MEGAUPLOAD 2.0; FDM)"
196.12.206.89 - - [05/Aug/2007:14:47:32 -0700] "GET /Install/setup.exe HTTP/1.1" 206 1912998 "http://www.helpwithmath.com/Install/saving_running.htm" "Mozilla/4.0 (compatible; MSIE 6.0; Windows NT 5.1; SV1; MEGAUPLOAD 2.0; FDM)"
::1 - - [05/Aug/2007:14:50:58 -0700] "GET /" 400 669 "-" "-"
196.12.206.89 - - [05/Aug/2007:14:45:13 -0700] "GET /Install/setup.exe HTTP/1.1" 206 5896631 "http://www.helpwithmath.com/Install/saving_running.htm" "Mozilla/4.0 (compatible; MSIE 6.0; Windows NT 5.1; SV1; MEGAUPLOAD 2.0; FDM)"
::1 - - [05/Aug/2007:14:53:20 -0700] "GET /" 400 669 "-" "-"
::1 - - [05/Aug/2007:14:53:21 -0700] "GET /" 400 669 "-" "-"
::1 - - [05/Aug/2007:14:53:22 -0700] "GET /" 400 669 "-" "-"
::1 - - [05/Aug/2007:14:53:33 -0700] "GET /" 400 669 "-" "-"
196.12.206.89 - - [05/Aug/2007:14:51:06 -0700] "GET /Install/setup.exe HTTP/1.1" 206 3514115 "http://www.helpwithmath.com/Install/saving_running.htm" "Mozilla/4.0 (compatible; MSIE 6.0; Windows NT 5.1; SV1; MEGAUPLOAD 2.0; FDM)"
::1 - - [05/Aug/2007:14:53:50 -0700] "GET /" 400 669 "-" "-"
::1 - - [05/Aug/2007:14:53:51 -0700] "GET /" 400 669 "-" "-"
::1 - - [05/Aug/2007:14:53:53 -0700] "GET /" 400 669 "-" "-"
70.112.211.26 - - [05/Aug/2007:14:54:05 -0700] "GET /robots.txt HTTP/1.1" 404 404 "-" "VadixBot"
70.112.211.26 - - [05/Aug/2007:14:54:05 -0700] "GET / HTTP/1.1" 200 10654 "-" "VadixBot"
196.12.206.89 - - [05/Aug/2007:14:51:02 -0700] "GET /Install/setup.exe HTTP/1.1" 206 2930376 "http://www.helpwithmath.com/Install/saving_running.htm" "Mozilla/4.0 (compatible; MSIE 6.0; Windows NT 5.1; SV1; MEGAUPLOAD 2.0; FDM)"
196.12.206.89 - - [05/Aug/2007:14:51:06 -0700] "GET /Install/setup.exe HTTP/1.1" 206 1248529 "http://www.helpwithmath.com/Install/saving_running.htm" "Mozilla/4.0 (compatible; MSIE 6.0; Windows NT 5.1; SV1; MEGAUPLOAD 2.0; FDM)"
74.6.131.205 - - [05/Aug/2007:14:54:36 -0700] "GET / HTTP/1.0" 200 10654 "-" "Mozilla/5.0 (compatible; Yahoo! DE Slurp; http://help.yahoo.com/help/us/ysearch/slurp)"
196.12.206.89 - - [05/Aug/2007:14:45:13 -0700] "GET /Install/setup.exe HTTP/1.1" 206 12799280 "http://www.helpwithmath.com/Install/saving_running.htm" "Mozilla/4.0 (compatible; MSIE 6.0; Windows NT 5.1; SV1; MEGAUPLOAD 2.0; FDM)"
196.12.206.89 - - [05/Aug/2007:14:51:04 -0700] "GET /Install/setup.exe HTTP/1.1" 206 1867458 "http://www.helpwithmath.com/Install/saving_running.htm" "Mozilla/4.0 (compatible; MSIE 6.0; Windows NT 5.1; SV1; MEGAUPLOAD 2.0; FDM)"
196.12.206.89 - - [05/Aug/2007:14:51:04 -0700] "GET /Install/setup.exe HTTP/1.1" 206 4516314 "http://www.helpwithmath.com/Install/saving_running.htm" "Mozilla/4.0 (compatible; MSIE 6.0; Windows NT 5.1; SV1; MEGAUPLOAD 2.0; FDM)"
::1 - - [05/Aug/2007:14:55:16 -0700] "GET /" 400 669 "-" "-"
::1 - - [05/Aug/2007:14:55:17 -0700] "GET /" 400 669 "-" "-"
::1 - - [05/Aug/2007:14:55:20 -0700] "GET /" 400 669 "-" "-"
::1 - - [05/Aug/2007:14:55:27 -0700] "GET /" 400 669 "-" "-"
::1 - - [05/Aug/2007:14:55:32 -0700] "GET /" 400 669 "-" "-"
::1 - - [05/Aug/2007:14:56:00 -0700] "GET /" 400 669 "-" "-"
::1 - - [05/Aug/2007:14:56:01 -0700] "GET /" 400 669 "-" "-"
196.12.206.89 - - [05/Aug/2007:14:54:24 -0700] "GET /Install/setup.exe HTTP/1.1" 206 1142269 "http://www.helpwithmath.com/Install/saving_running.htm" "Mozilla/4.0 (compatible; MSIE 6.0; Windows NT 5.1; SV1; MEGAUPLOAD 2.0; FDM)"
::1 - - [05/Aug/2007:14:56:03 -0700] "GET /" 400 669 "-" "-"
66.37.53.248 - - [05/Aug/2007:14:56:23 -0700] "GET /?gclid=CLOp5IWu340CFSasGgod2h00mQ HTTP/1.1" 200 10654 "http://pagead2.googlesyndication.com/pagead/ads?client=ca-pub-7992644196145801&dt=1186349465390&lmt=1186348684&alt_color=FFFFFF&format=468x60_as&output=html&correlator=1186349465060&channel=8624478361&url=http%3A%2F%2Fwww.sofotex.com%2Fdownload%2FEducation%2FMathematics%2F&color_bg=FFFFFF&color_text=000000&color_link=000066&color_url=008000&color_border=FFFFFF&ad_type=text_image&ref=http%3A%2F%2Fwww.google.com%2Fsearch%3Fhl%3Den%26q%3Dfree%2Bmathematics%2Bsoftware%26btnG%3DGoogle%2BSearch&cc=376&flash=9&u_h=600&u_w=800&u_ah=572&u_aw=800&u_cd=16&u_tz=-240&u_his=5&u_java=true" "Mozilla/4.0 (compatible; MSIE 6.0; Windows 98; Win 9x 4.90; .NET CLR 1.1.4322)"
66.37.53.248 - - [05/Aug/2007:14:56:23 -0700] "GET /HelpWithMathStyle.css HTTP/1.1" 200 7201 "http://www.helpwithmath.com/?gclid=CLOp5IWu340CFSasGgod2h00mQ" "Mozilla/4.0 (compatible; MSIE 6.0; Windows 98; Win 9x 4.90; .NET CLR 1.1.4322)"
66.37.53.248 - - [05/Aug/2007:14:56:24 -0700] "GET /fold.gif HTTP/1.1" 200 119 "http://www.helpwithmath.com/?gclid=CLOp5IWu340CFSasGgod2h00mQ" "Mozilla/4.0 (compatible; MSIE 6.0; Windows 98; Win 9x 4.90; .NET CLR 1.1.4322)"
66.37.53.248 - - [05/Aug/2007:14:56:24 -0700] "GET /open.gif HTTP/1.1" 200 125 "http://www.helpwithmath.com/?gclid=CLOp5IWu340CFSasGgod2h00mQ" "Mozilla/4.0 (compatible; MSIE 6.0; Windows 98; Win 9x 4.90; .NET CLR 1.1.4322)"
66.37.53.248 - - [05/Aug/2007:14:56:24 -0700] "GET /glbnav_background.gif HTTP/1.1" 200 301 "http://www.helpwithmath.com/?gclid=CLOp5IWu340CFSasGgod2h00mQ" "Mozilla/4.0 (compatible; MSIE 6.0; Windows 98; Win 9x 4.90; .NET CLR 1.1.4322)"
66.37.53.248 - - [05/Aug/2007:14:56:24 -0700] "GET /gblnav_left.gif HTTP/1.1" 200 580 "http://www.helpwithmath.com/?gclid=CLOp5IWu340CFSasGgod2h00mQ" "Mozilla/4.0 (compatible; MSIE 6.0; Windows 98; Win 9x 4.90; .NET CLR 1.1.4322)"
