[Wed Aug 02 00:31:11.655825 2023] [php:warn] [pid 55923] [client 216.244.66.246:51328] PHP Warning:  Undefined array key "Columbus" in /usr/home/beeson/public_html/helpwithmath/download2.php on line 30
[Wed Aug 02 00:31:11.655908 2023] [php:error] [pid 55923] [client 216.244.66.246:51328] PHP Fatal error:  Uncaught Error: Call to undefined function eregi() in /usr/home/beeson/public_html/helpwithmath/download2.php:16\nStack trace:\n#0 /usr/home/beeson/public_html/helpwithmath/download2.php(41): validate_email('')\n#1 {main}\n  thrown in /usr/home/beeson/public_html/helpwithmath/download2.php on line 16
[Wed Aug 02 00:58:49.327389 2023] [php:warn] [pid 24152] [client 40.76.87.102:35006] PHP Warning:  Undefined variable $include in /usr/home/beeson/public_html/helpwithmath/demo.php on line 19
[Wed Aug 02 00:58:49.328269 2023] [php:warn] [pid 9203] [client 40.76.87.102:35012] PHP Warning:  Undefined array key "WhichDisk" in /usr/home/beeson/public_html/helpwithmath/download.php on line 9
[Wed Aug 02 00:58:49.328330 2023] [php:warn] [pid 9203] [client 40.76.87.102:35012] PHP Warning:  Undefined array key "ProductType" in /usr/home/beeson/public_html/helpwithmath/download.php on line 12
[Wed Aug 02 00:59:28.036911 2023] [php:warn] [pid 24186] [client 40.76.87.102:55538] PHP Warning:  Undefined array key "HTTP_REFERER" in /usr/home/beeson/public_html/helpwithmath/index.php on line 10
[Wed Aug 02 00:59:28.036949 2023] [php:warn] [pid 24186] [client 40.76.87.102:55538] PHP Warning:  Undefined array key "include" in /usr/home/beeson/public_html/helpwithmath/index.php on line 23
[Wed Aug 02 00:59:42.716633 2023] [php:warn] [pid 9203] [client 38.83.79.158:38187] PHP Warning:  Undefined array key "HTTP_REFERER" in /usr/home/beeson/public_html/helpwithmath/index.php on line 10
[Wed Aug 02 00:59:42.716679 2023] [php:warn] [pid 9203] [client 38.83.79.158:38187] PHP Warning:  Undefined array key "include" in /usr/home/beeson/public_html/helpwithmath/index.php on line 23
[Wed Aug 02 01:04:39.831923 2023] [php:warn] [pid 24678] [client 51.222.253.7:50162] PHP Warning:  Undefined array key "HTTP_REFERER" in /usr/home/beeson/public_html/helpwithmath/index.php on line 10
[Wed Aug 02 01:04:39.832081 2023] [php:warn] [pid 24678] [client 51.222.253.7:50162] PHP Warning:  Undefined array key "include" in /usr/home/beeson/public_html/helpwithmath/index.php on line 23
[Wed Aug 02 01:31:48.271496 2023] [php:warn] [pid 24186] [client 40.76.87.102:49558] PHP Warning:  Undefined array key "include" in /usr/home/beeson/public_html/helpwithmath/about.php on line 23
[Wed Aug 02 01:33:51.637858 2023] [php:warn] [pid 15468] [client 123.126.68.51:43101] PHP Warning:  Undefined array key "HTTP_REFERER" in /usr/home/beeson/public_html/helpwithmath/index.php on line 10
[Wed Aug 02 01:33:51.637970 2023] [php:warn] [pid 15468] [client 123.126.68.51:43101] PHP Warning:  Undefined array key "include" in /usr/home/beeson/public_html/helpwithmath/index.php on line 23
[Wed Aug 02 01:44:41.102770 2023] [php:warn] [pid 9203] [client 40.76.87.102:56726] PHP Warning:  Undefined array key "HTTP_REFERER" in /usr/home/beeson/public_html/helpwithmath/index.php on line 10
[Wed Aug 02 01:44:41.102928 2023] [php:warn] [pid 9203] [client 40.76.87.102:56726] PHP Warning:  Undefined array key "include" in /usr/home/beeson/public_html/helpwithmath/index.php on line 23
[Wed Aug 02 01:44:41.200951 2023] [php:warn] [pid 9203] [client 40.76.87.102:56726] PHP Warning:  Undefined array key "HTTP_REFERER" in /usr/home/beeson/public_html/helpwithmath/index.php on line 10
[Wed Aug 02 01:44:41.200978 2023] [php:warn] [pid 9203] [client 40.76.87.102:56726] PHP Warning:  Undefined array key "include" in /usr/home/beeson/public_html/helpwithmath/index.php on line 23
[Wed Aug 02 01:45:03.775520 2023] [php:warn] [pid 24678] [client 40.76.87.102:33976] PHP Warning:  Undefined array key "HTTP_REFERER" in /usr/home/beeson/public_html/helpwithmath/index.php on line 10
[Wed Aug 02 01:45:03.775566 2023] [php:warn] [pid 24678] [client 40.76.87.102:33976] PHP Warning:  Undefined array key "include" in /usr/home/beeson/public_html/helpwithmath/index.php on line 23
[Wed Aug 02 01:45:03.777282 2023] [php:warn] [pid 24185] [client 40.76.87.102:33992] PHP Warning:  Undefined array key "WhichDisk" in /usr/home/beeson/public_html/helpwithmath/donate.php on line 2
[Wed Aug 02 01:45:03.777315 2023] [php:warn] [pid 24185] [client 40.76.87.102:33992] PHP Warning:  Undefined array key "SerialNumber" in /usr/home/beeson/public_html/helpwithmath/donate.php on line 3
[Wed Aug 02 01:45:03.777324 2023] [php:warn] [pid 24185] [client 40.76.87.102:33992] PHP Warning:  Undefined array key "ProductType" in /usr/home/beeson/public_html/helpwithmath/donate.php on line 4
[Wed Aug 02 01:45:03.779011 2023] [php:warn] [pid 24185] [client 40.76.87.102:33992] PHP Warning:  require_once(PEAR.php): Failed to open stream: No such file or directory in /usr/local/share/pear/DB.php on line 30
[Wed Aug 02 01:45:03.779079 2023] [php:error] [pid 24185] [client 40.76.87.102:33992] PHP Fatal error:  Uncaught Error: Failed opening required 'PEAR.php' (include_path='.:/usr/local/share/pear') in /usr/local/share/pear/DB.php:30\nStack trace:\n#0 /usr/home/beeson/public_html/helpwithmath/donate.php(46): require_once()\n#1 {main}\n  thrown in /usr/local/share/pear/DB.php on line 30
[Wed Aug 02 01:45:03.800217 2023] [php:warn] [pid 76660] [client 40.76.87.102:34024] PHP Warning:  Undefined array key "HTTP_REFERER" in /usr/home/beeson/public_html/helpwithmath/index.php on line 10
[Wed Aug 02 01:45:03.800246 2023] [php:warn] [pid 76660] [client 40.76.87.102:34024] PHP Warning:  Undefined array key "include" in /usr/home/beeson/public_html/helpwithmath/index.php on line 23
[Wed Aug 02 01:49:17.990704 2023] [php:warn] [pid 76660] [client 52.167.144.125:53720] PHP Warning:  Undefined array key "License" in /usr/home/beeson/public_html/helpwithmath/download3.php on line 25
[Wed Aug 02 01:49:17.990879 2023] [php:warn] [pid 76660] [client 52.167.144.125:53720] PHP Warning:  Undefined array key "Email" in /usr/home/beeson/public_html/helpwithmath/download3.php on line 28
[Wed Aug 02 01:52:28.229654 2023] [php:warn] [pid 9203] [client 123.126.68.93:57810] PHP Warning:  Undefined array key "HTTP_REFERER" in /usr/home/beeson/public_html/helpwithmath/index.php on line 10
[Wed Aug 02 01:52:28.229815 2023] [php:warn] [pid 9203] [client 123.126.68.93:57810] PHP Warning:  Undefined array key "include" in /usr/home/beeson/public_html/helpwithmath/index.php on line 23
[Wed Aug 02 02:04:06.163061 2023] [php:warn] [pid 55923] [client 2.59.222.80:64433] PHP Warning:  Undefined array key "include" in /usr/home/beeson/public_html/helpwithmath/index.php on line 23, referer: http://www.helpwithmath.com/
[Wed Aug 02 02:27:03.553482 2023] [php:warn] [pid 76660] [client 3.238.90.219:29012] PHP Warning:  Undefined array key "HTTP_REFERER" in /usr/home/beeson/public_html/helpwithmath/index.php on line 10
[Wed Aug 02 02:27:03.553906 2023] [php:warn] [pid 76660] [client 3.238.90.219:29012] PHP Warning:  Undefined array key "include" in /usr/home/beeson/public_html/helpwithmath/index.php on line 23
[Wed Aug 02 02:31:08.539622 2023] [php:warn] [pid 19589] [client 40.77.167.248:60120] PHP Warning:  require_once(PEAR.php): Failed to open stream: No such file or directory in /usr/local/share/pear/DB.php on line 30
[Wed Aug 02 02:31:08.539819 2023] [php:error] [pid 19589] [client 40.77.167.248:60120] PHP Fatal error:  Uncaught Error: Failed opening required 'PEAR.php' (include_path='.:/usr/local/share/pear') in /usr/local/share/pear/DB.php:30\nStack trace:\n#0 /usr/home/beeson/public_html/helpwithmath/include/prices.php(2): require_once()\n#1 /usr/home/beeson/public_html/helpwithmath/about.php(28): include('/usr/home/beeso...')\n#2 {main}\n  thrown in /usr/local/share/pear/DB.php on line 30
[Wed Aug 02 03:41:42.620804 2023] [php:warn] [pid 24185] [client 40.77.167.248:56067] PHP Warning:  Undefined variable $include in /usr/home/beeson/public_html/helpwithmath/demo.php on line 19
[Wed Aug 02 04:52:15.124656 2023] [php:warn] [pid 55923] [client 49.7.21.108:37881] PHP Warning:  Undefined array key "HTTP_REFERER" in /usr/home/beeson/public_html/helpwithmath/index.php on line 10
[Wed Aug 02 04:52:15.124803 2023] [php:warn] [pid 55923] [client 49.7.21.108:37881] PHP Warning:  Undefined array key "include" in /usr/home/beeson/public_html/helpwithmath/index.php on line 23
[Wed Aug 02 04:53:51.854954 2023] [php:warn] [pid 61552] [client 123.126.68.123:57482] PHP Warning:  Undefined array key "HTTP_REFERER" in /usr/home/beeson/public_html/helpwithmath/index.php on line 10
[Wed Aug 02 04:53:51.855066 2023] [php:warn] [pid 61552] [client 123.126.68.123:57482] PHP Warning:  Undefined array key "include" in /usr/home/beeson/public_html/helpwithmath/index.php on line 23
[Wed Aug 02 05:12:28.500557 2023] [php:warn] [pid 24678] [client 123.126.68.122:35374] PHP Warning:  Undefined array key "HTTP_REFERER" in /usr/home/beeson/public_html/helpwithmath/index.php on line 10
[Wed Aug 02 05:12:28.500720 2023] [php:warn] [pid 24678] [client 123.126.68.122:35374] PHP Warning:  Undefined array key "include" in /usr/home/beeson/public_html/helpwithmath/index.php on line 23
[Wed Aug 02 05:56:05.694124 2023] [php:warn] [pid 24678] [client 216.16.84.97:58856] PHP Warning:  Undefined array key "HTTP_REFERER" in /usr/home/beeson/public_html/helpwithmath/index.php on line 10
[Wed Aug 02 05:56:05.694444 2023] [php:warn] [pid 24678] [client 216.16.84.97:58856] PHP Warning:  Undefined array key "include" in /usr/home/beeson/public_html/helpwithmath/index.php on line 23
[Wed Aug 02 05:56:26.600275 2023] [php:warn] [pid 19589] [client 216.16.84.97:58288] PHP Warning:  Undefined array key "HTTP_REFERER" in /usr/home/beeson/public_html/helpwithmath/index.php on line 10
[Wed Aug 02 05:56:26.600309 2023] [php:warn] [pid 19589] [client 216.16.84.97:58288] PHP Warning:  Undefined array key "include" in /usr/home/beeson/public_html/helpwithmath/index.php on line 23
[Wed Aug 02 05:56:58.778121 2023] [php:warn] [pid 24678] [client 104.28.198.246:10272] PHP Warning:  Undefined array key "include" in /usr/home/beeson/public_html/helpwithmath/index.php on line 23, referer: http://helpwithmath.com/
[Wed Aug 02 07:26:53.390117 2023] [php:warn] [pid 24185] [client 35.167.17.59:55024] PHP Warning:  Undefined array key "HTTP_REFERER" in /usr/home/beeson/public_html/helpwithmath/index.php on line 10
[Wed Aug 02 07:26:53.390275 2023] [php:warn] [pid 24185] [client 35.167.17.59:55024] PHP Warning:  Undefined array key "include" in /usr/home/beeson/public_html/helpwithmath/index.php on line 23
[Wed Aug 02 07:35:52.090091 2023] [php:error] [pid 61552] [client 68.178.145.14:32508] script '/usr/home/beeson/public_html/helpwithmath/wp-login.php' not found or unable to stat
[Wed Aug 02 07:48:03.116333 2023] [php:warn] [pid 24185] [client 123.125.109.139:61043] PHP Warning:  Undefined array key "HTTP_REFERER" in /usr/home/beeson/public_html/helpwithmath/index.php on line 10
[Wed Aug 02 07:48:03.116500 2023] [php:warn] [pid 24185] [client 123.125.109.139:61043] PHP Warning:  Undefined array key "include" in /usr/home/beeson/public_html/helpwithmath/index.php on line 23
[Wed Aug 02 07:57:29.826359 2023] [php:warn] [pid 19589] [client 35.215.85.184:49396] PHP Warning:  Undefined array key "HTTP_REFERER" in /usr/home/beeson/public_html/helpwithmath/index.php on line 10
[Wed Aug 02 07:57:29.826504 2023] [php:warn] [pid 19589] [client 35.215.85.184:49396] PHP Warning:  Undefined array key "include" in /usr/home/beeson/public_html/helpwithmath/index.php on line 23
[Wed Aug 02 08:14:49.611616 2023] [php:warn] [pid 24185] [client 49.7.21.104:54938] PHP Warning:  Undefined array key "HTTP_REFERER" in /usr/home/beeson/public_html/helpwithmath/index.php on line 10
[Wed Aug 02 08:14:49.611761 2023] [php:warn] [pid 24185] [client 49.7.21.104:54938] PHP Warning:  Undefined array key "include" in /usr/home/beeson/public_html/helpwithmath/index.php on line 23
[Wed Aug 02 08:23:35.893872 2023] [php:warn] [pid 9203] [client 85.208.98.18:21468] PHP Warning:  Undefined array key "HTTP_REFERER" in /usr/home/beeson/public_html/helpwithmath/index.php on line 10
[Wed Aug 02 08:23:35.894052 2023] [php:warn] [pid 9203] [client 85.208.98.18:21468] PHP Warning:  Undefined array key "include" in /usr/home/beeson/public_html/helpwithmath/index.php on line 23
[Wed Aug 02 08:25:44.831291 2023] [php:warn] [pid 56027] [client 114.119.137.103:52393] PHP Warning:  Undefined array key "include" in /usr/home/beeson/public_html/helpwithmath/index.php on line 23, referer: http://www.helpwithmath.com/
[Wed Aug 02 08:43:56.230114 2023] [php:warn] [pid 9203] [client 123.126.68.16:55436] PHP Warning:  Undefined array key "HTTP_REFERER" in /usr/home/beeson/public_html/helpwithmath/index.php on line 10
[Wed Aug 02 08:43:56.230264 2023] [php:warn] [pid 9203] [client 123.126.68.16:55436] PHP Warning:  Undefined array key "include" in /usr/home/beeson/public_html/helpwithmath/index.php on line 23
[Wed Aug 02 08:45:22.023515 2023] [php:warn] [pid 19589] [client 51.222.253.15:25860] PHP Warning:  Undefined array key "HTTP_REFERER" in /usr/home/beeson/public_html/helpwithmath/index.php on line 10
[Wed Aug 02 08:45:22.023552 2023] [php:warn] [pid 19589] [client 51.222.253.15:25860] PHP Warning:  Undefined array key "include" in /usr/home/beeson/public_html/helpwithmath/index.php on line 23
[Wed Aug 02 09:08:02.852666 2023] [php:warn] [pid 49162] [client 52.206.84.190:48068] PHP Warning:  Undefined array key "HTTP_REFERER" in /usr/home/beeson/public_html/helpwithmath/index.php on line 10
[Wed Aug 02 09:08:02.852833 2023] [php:warn] [pid 49162] [client 52.206.84.190:48068] PHP Warning:  Undefined array key "include" in /usr/home/beeson/public_html/helpwithmath/index.php on line 23
[Wed Aug 02 09:15:25.616439 2023] [php:error] [pid 30146] [client 208.109.175.252:12597] script '/usr/home/beeson/public_html/helpwithmath/wp-login.php' not found or unable to stat
[Wed Aug 02 09:29:51.884781 2023] [php:warn] [pid 49162] [client 51.222.253.1:59786] PHP Warning:  Undefined array key "HTTP_REFERER" in /usr/home/beeson/public_html/helpwithmath/index.php on line 10
[Wed Aug 02 09:29:51.884922 2023] [php:warn] [pid 49162] [client 51.222.253.1:59786] PHP Warning:  Undefined array key "include" in /usr/home/beeson/public_html/helpwithmath/index.php on line 23
[Wed Aug 02 10:36:33.227496 2023] [php:warn] [pid 24678] [client 44.204.221.252:28848] PHP Warning:  Undefined array key "HTTP_REFERER" in /usr/home/beeson/public_html/helpwithmath/index.php on line 10
[Wed Aug 02 10:36:33.227645 2023] [php:warn] [pid 24678] [client 44.204.221.252:28848] PHP Warning:  Undefined array key "include" in /usr/home/beeson/public_html/helpwithmath/index.php on line 23
[Wed Aug 02 10:37:43.555528 2023] [php:error] [pid 90142] [client 5.181.252.45:35280] script '/usr/home/beeson/public_html/helpwithmath/style.php' not found or unable to stat
[Wed Aug 02 10:45:35.018328 2023] [php:warn] [pid 24678] [client 101.86.58.148:20744] PHP Warning:  Undefined array key "HTTP_REFERER" in /usr/home/beeson/public_html/helpwithmath/index.php on line 10
[Wed Aug 02 10:45:35.018504 2023] [php:warn] [pid 24678] [client 101.86.58.148:20744] PHP Warning:  Undefined array key "include" in /usr/home/beeson/public_html/helpwithmath/index.php on line 23
[Wed Aug 02 10:57:07.647168 2023] [php:warn] [pid 90142] [client 52.167.144.72:24793] PHP Warning:  Undefined array key "HTTP_REFERER" in /usr/home/beeson/public_html/helpwithmath/index.php on line 10
[Wed Aug 02 10:57:07.647337 2023] [php:warn] [pid 90142] [client 52.167.144.72:24793] PHP Warning:  Undefined array key "include" in /usr/home/beeson/public_html/helpwithmath/index.php on line 23
[Wed Aug 02 11:12:10.937424 2023] [php:warn] [pid 30146] [client 159.75.181.171:50157] PHP Warning:  Undefined array key "HTTP_REFERER" in /usr/home/beeson/public_html/helpwithmath/index.php on line 10
[Wed Aug 02 11:12:10.937621 2023] [php:warn] [pid 30146] [client 159.75.181.171:50157] PHP Warning:  Undefined array key "include" in /usr/home/beeson/public_html/helpwithmath/index.php on line 23
[Wed Aug 02 11:31:21.351372 2023] [php:warn] [pid 49162] [client 66.249.79.129:54975] PHP Warning:  Undefined array key "HTTP_REFERER" in /usr/home/beeson/public_html/helpwithmath/index.php on line 10
[Wed Aug 02 11:31:21.351552 2023] [php:warn] [pid 49162] [client 66.249.79.129:54975] PHP Warning:  Undefined array key "include" in /usr/home/beeson/public_html/helpwithmath/index.php on line 23
[Wed Aug 02 11:38:43.929710 2023] [php:warn] [pid 89954] [client 198.44.128.36:32619] PHP Warning:  Undefined array key "HTTP_REFERER" in /usr/home/beeson/public_html/helpwithmath/index.php on line 10
[Wed Aug 02 11:38:43.929873 2023] [php:warn] [pid 89954] [client 198.44.128.36:32619] PHP Warning:  Undefined array key "include" in /usr/home/beeson/public_html/helpwithmath/index.php on line 23
[Wed Aug 02 11:39:18.415360 2023] [php:warn] [pid 24678] [client 198.44.128.36:26591] PHP Warning:  Undefined array key "HTTP_REFERER" in /usr/home/beeson/public_html/helpwithmath/index.php on line 10
[Wed Aug 02 11:39:18.415420 2023] [php:warn] [pid 24678] [client 198.44.128.36:26591] PHP Warning:  Undefined array key "include" in /usr/home/beeson/public_html/helpwithmath/index.php on line 23
[Wed Aug 02 11:47:38.181732 2023] [php:warn] [pid 179] [client 51.222.253.10:35588] PHP Warning:  Undefined array key "WhichDisk" in /usr/home/beeson/public_html/helpwithmath/donate.php on line 2
[Wed Aug 02 11:47:38.181929 2023] [php:warn] [pid 179] [client 51.222.253.10:35588] PHP Warning:  Undefined array key "SerialNumber" in /usr/home/beeson/public_html/helpwithmath/donate.php on line 3
[Wed Aug 02 11:47:38.181941 2023] [php:warn] [pid 179] [client 51.222.253.10:35588] PHP Warning:  Undefined array key "ProductType" in /usr/home/beeson/public_html/helpwithmath/donate.php on line 4
[Wed Aug 02 11:47:38.183731 2023] [php:warn] [pid 179] [client 51.222.253.10:35588] PHP Warning:  require_once(PEAR.php): Failed to open stream: No such file or directory in /usr/local/share/pear/DB.php on line 30
[Wed Aug 02 11:47:38.183804 2023] [php:error] [pid 179] [client 51.222.253.10:35588] PHP Fatal error:  Uncaught Error: Failed opening required 'PEAR.php' (include_path='.:/usr/local/share/pear') in /usr/local/share/pear/DB.php:30\nStack trace:\n#0 /usr/home/beeson/public_html/helpwithmath/donate.php(46): require_once()\n#1 {main}\n  thrown in /usr/local/share/pear/DB.php on line 30
[Wed Aug 02 11:56:38.328342 2023] [php:warn] [pid 53878] [client 18.138.59.33:30184] PHP Warning:  Undefined array key "HTTP_REFERER" in /usr/home/beeson/public_html/helpwithmath/index.php on line 10
[Wed Aug 02 12:17:13.173659 2023] [php:warn] [pid 114] [client 209.97.128.227:30446] PHP Warning:  Undefined array key "WhichDisk" in /usr/home/beeson/public_html/helpwithmath/download.php on line 9
[Wed Aug 02 12:17:13.173813 2023] [php:warn] [pid 114] [client 209.97.128.227:30446] PHP Warning:  Undefined array key "ProductType" in /usr/home/beeson/public_html/helpwithmath/download.php on line 12
[Wed Aug 02 12:35:35.157113 2023] [php:warn] [pid 49162] [client 66.249.79.130:41065] PHP Warning:  Undefined array key "HTTP_REFERER" in /usr/home/beeson/public_html/helpwithmath/index.php on line 10
[Wed Aug 02 12:35:35.157280 2023] [php:warn] [pid 49162] [client 66.249.79.130:41065] PHP Warning:  Undefined array key "include" in /usr/home/beeson/public_html/helpwithmath/index.php on line 23
[Wed Aug 02 12:57:56.263985 2023] [php:warn] [pid 114] [client 46.97.168.34:59302] PHP Warning:  Undefined array key "HTTP_REFERER" in /usr/home/beeson/public_html/helpwithmath/index.php on line 10
[Wed Aug 02 12:57:56.264135 2023] [php:warn] [pid 114] [client 46.97.168.34:59302] PHP Warning:  Undefined array key "include" in /usr/home/beeson/public_html/helpwithmath/index.php on line 23
[Wed Aug 02 13:00:07.379633 2023] [php:warn] [pid 56027] [client 54.169.195.119:35128] PHP Warning:  Undefined array key "HTTP_REFERER" in /usr/home/beeson/public_html/helpwithmath/index.php on line 10
[Wed Aug 02 13:20:35.213596 2023] [php:warn] [pid 90142] [client 66.249.79.129:63389] PHP Warning:  Undefined array key "HTTP_REFERER" in /usr/home/beeson/public_html/helpwithmath/index.php on line 10
[Wed Aug 02 13:20:35.214005 2023] [php:warn] [pid 90142] [client 66.249.79.129:63389] PHP Warning:  Undefined array key "include" in /usr/home/beeson/public_html/helpwithmath/index.php on line 23
[Wed Aug 02 13:34:38.129553 2023] [php:error] [pid 35449] [client 103.98.213.246:59742] script '/usr/home/beeson/public_html/helpwithmath/Makhdamx.php' not found or unable to stat
[Wed Aug 02 13:34:38.144782 2023] [php:error] [pid 35449] [client 103.98.213.246:59742] script '/usr/home/beeson/public_html/helpwithmath/wp-config-sample.php' not found or unable to stat
[Wed Aug 02 13:34:38.215903 2023] [php:error] [pid 35449] [client 103.98.213.246:59742] script '/usr/home/beeson/public_html/helpwithmath/xmlrpc.php' not found or unable to stat
[Wed Aug 02 13:34:38.278424 2023] [php:error] [pid 35449] [client 103.98.213.246:59742] script '/usr/home/beeson/public_html/helpwithmath/Makhdamx.php' not found or unable to stat
[Wed Aug 02 13:34:38.282548 2023] [php:error] [pid 35449] [client 103.98.213.246:59742] script '/usr/home/beeson/public_html/helpwithmath/repeater.php' not found or unable to stat
[Wed Aug 02 13:34:38.399607 2023] [php:error] [pid 35449] [client 103.98.213.246:59742] script '/usr/home/beeson/public_html/helpwithmath/beence.php' not found or unable to stat
[Wed Aug 02 13:34:38.402736 2023] [php:error] [pid 35449] [client 103.98.213.246:59742] script '/usr/home/beeson/public_html/helpwithmath/dropdown.php' not found or unable to stat
[Wed Aug 02 13:34:38.407059 2023] [php:error] [pid 35449] [client 103.98.213.246:59742] script '/usr/home/beeson/public_html/helpwithmath/x.php' not found or unable to stat
[Wed Aug 02 13:34:38.412216 2023] [php:error] [pid 35449] [client 103.98.213.246:59742] script '/usr/home/beeson/public_html/helpwithmath/alfa-rex.php' not found or unable to stat
[Wed Aug 02 13:34:38.426185 2023] [php:error] [pid 35449] [client 103.98.213.246:59742] script '/usr/home/beeson/public_html/helpwithmath/moduless.php' not found or unable to stat
[Wed Aug 02 13:34:38.432371 2023] [php:error] [pid 35449] [client 103.98.213.246:59742] script '/usr/home/beeson/public_html/helpwithmath/wp-commentin.php' not found or unable to stat
[Wed Aug 02 13:34:38.454394 2023] [php:error] [pid 35449] [client 103.98.213.246:59742] script '/usr/home/beeson/public_html/helpwithmath/wp-22.php' not found or unable to stat
[Wed Aug 02 13:34:38.456904 2023] [php:error] [pid 35449] [client 103.98.213.246:59742] script '/usr/home/beeson/public_html/helpwithmath/database.php' not found or unable to stat
[Wed Aug 02 13:34:38.459744 2023] [php:error] [pid 35449] [client 103.98.213.246:59742] script '/usr/home/beeson/public_html/helpwithmath/wp-cc.php' not found or unable to stat
[Wed Aug 02 13:34:38.465216 2023] [php:error] [pid 35449] [client 103.98.213.246:59742] script '/usr/home/beeson/public_html/helpwithmath/xltavrat.php' not found or unable to stat
[Wed Aug 02 13:34:38.489106 2023] [php:error] [pid 35449] [client 103.98.213.246:59742] script '/usr/home/beeson/public_html/helpwithmath/wso112233.php' not found or unable to stat
[Wed Aug 02 13:34:38.506649 2023] [php:error] [pid 35449] [client 103.98.213.246:59742] script '/usr/home/beeson/public_html/helpwithmath/xleet-shell.php' not found or unable to stat
[Wed Aug 02 13:34:38.517478 2023] [php:error] [pid 35449] [client 103.98.213.246:59742] script '/usr/home/beeson/public_html/helpwithmath/xleet.php' not found or unable to stat
[Wed Aug 02 13:34:38.533477 2023] [php:error] [pid 35449] [client 103.98.213.246:59742] script '/usr/home/beeson/public_html/helpwithmath/shell.php' not found or unable to stat
[Wed Aug 02 13:34:38.542336 2023] [php:error] [pid 35449] [client 103.98.213.246:59742] script '/usr/home/beeson/public_html/helpwithmath/0z.php' not found or unable to stat
[Wed Aug 02 13:34:38.547939 2023] [php:error] [pid 35449] [client 103.98.213.246:59742] script '/usr/home/beeson/public_html/helpwithmath/fw.php' not found or unable to stat
[Wed Aug 02 13:34:38.557855 2023] [php:error] [pid 35449] [client 103.98.213.246:59742] script '/usr/home/beeson/public_html/helpwithmath/radio.php' not found or unable to stat
[Wed Aug 02 13:34:38.568301 2023] [php:error] [pid 35449] [client 103.98.213.246:59742] script '/usr/home/beeson/public_html/helpwithmath/123.php' not found or unable to stat
[Wed Aug 02 13:34:38.573330 2023] [php:error] [pid 35449] [client 103.98.213.246:59742] script '/usr/home/beeson/public_html/helpwithmath/s.php' not found or unable to stat
[Wed Aug 02 13:34:38.578827 2023] [php:error] [pid 35449] [client 103.98.213.246:59742] script '/usr/home/beeson/public_html/helpwithmath/i.php' not found or unable to stat
[Wed Aug 02 13:34:38.583386 2023] [php:error] [pid 35449] [client 103.98.213.246:59742] script '/usr/home/beeson/public_html/helpwithmath/o.php' not found or unable to stat
[Wed Aug 02 13:34:38.588542 2023] [php:error] [pid 35449] [client 103.98.213.246:59742] script '/usr/home/beeson/public_html/helpwithmath/alwso.php' not found or unable to stat
[Wed Aug 02 13:34:38.591941 2023] [php:error] [pid 35449] [client 103.98.213.246:59742] script '/usr/home/beeson/public_html/helpwithmath/wp-blog.php' not found or unable to stat
[Wed Aug 02 13:34:38.595813 2023] [php:error] [pid 35449] [client 103.98.213.246:59742] script '/usr/home/beeson/public_html/helpwithmath/u.php' not found or unable to stat
[Wed Aug 02 13:34:38.605964 2023] [php:error] [pid 35449] [client 103.98.213.246:59742] script '/usr/home/beeson/public_html/helpwithmath/mini.php' not found or unable to stat
[Wed Aug 02 13:34:38.621763 2023] [php:error] [pid 35449] [client 103.98.213.246:59742] script '/usr/home/beeson/public_html/helpwithmath/404.php' not found or unable to stat
[Wed Aug 02 13:34:38.634742 2023] [php:error] [pid 35449] [client 103.98.213.246:59742] script '/usr/home/beeson/public_html/helpwithmath/13.php' not found or unable to stat
[Wed Aug 02 13:34:38.644632 2023] [php:error] [pid 35449] [client 103.98.213.246:59742] script '/usr/home/beeson/public_html/helpwithmath/small.php' not found or unable to stat
[Wed Aug 02 13:34:38.658127 2023] [php:error] [pid 35450] [client 103.98.213.246:60304] script '/usr/home/beeson/public_html/helpwithmath/11index.php' not found or unable to stat
[Wed Aug 02 13:34:38.666204 2023] [php:error] [pid 35450] [client 103.98.213.246:60304] script '/usr/home/beeson/public_html/helpwithmath/wp-uploads.php' not found or unable to stat
[Wed Aug 02 13:34:38.672906 2023] [php:error] [pid 35450] [client 103.98.213.246:60304] script '/usr/home/beeson/public_html/helpwithmath/sh.php' not found or unable to stat
[Wed Aug 02 13:34:38.677493 2023] [php:error] [pid 35450] [client 103.98.213.246:60304] script '/usr/home/beeson/public_html/helpwithmath/k.php' not found or unable to stat
[Wed Aug 02 13:34:38.680008 2023] [php:error] [pid 35450] [client 103.98.213.246:60304] script '/usr/home/beeson/public_html/helpwithmath/wikindex.php' not found or unable to stat
[Wed Aug 02 13:34:38.682738 2023] [php:error] [pid 35450] [client 103.98.213.246:60304] script '/usr/home/beeson/public_html/helpwithmath/y.php' not found or unable to stat
[Wed Aug 02 13:34:38.687453 2023] [php:error] [pid 35450] [client 103.98.213.246:60304] script '/usr/home/beeson/public_html/helpwithmath/alf.php' not found or unable to stat
[Wed Aug 02 13:34:38.694422 2023] [php:error] [pid 35450] [client 103.98.213.246:60304] script '/usr/home/beeson/public_html/helpwithmath/WSO.php' not found or unable to stat
[Wed Aug 02 13:34:38.697814 2023] [php:error] [pid 35450] [client 103.98.213.246:60304] script '/usr/home/beeson/public_html/helpwithmath/10.php' not found or unable to stat
[Wed Aug 02 13:34:38.700292 2023] [php:error] [pid 35450] [client 103.98.213.246:60304] script '/usr/home/beeson/public_html/helpwithmath/2index.php' not found or unable to stat
[Wed Aug 02 13:34:38.704558 2023] [php:error] [pid 35450] [client 103.98.213.246:60304] script '/usr/home/beeson/public_html/helpwithmath/mari.php' not found or unable to stat
[Wed Aug 02 13:34:38.707154 2023] [php:error] [pid 35450] [client 103.98.213.246:60304] script '/usr/home/beeson/public_html/helpwithmath/1.php' not found or unable to stat
[Wed Aug 02 13:34:38.710865 2023] [php:error] [pid 35450] [client 103.98.213.246:60304] script '/usr/home/beeson/public_html/helpwithmath/100.php' not found or unable to stat
[Wed Aug 02 13:34:38.716313 2023] [php:error] [pid 35450] [client 103.98.213.246:60304] script '/usr/home/beeson/public_html/helpwithmath/wp-admin.php' not found or unable to stat
[Wed Aug 02 13:34:38.719090 2023] [php:error] [pid 35450] [client 103.98.213.246:60304] script '/usr/home/beeson/public_html/helpwithmath/shx.php' not found or unable to stat
[Wed Aug 02 13:34:38.722722 2023] [php:error] [pid 35450] [client 103.98.213.246:60304] script '/usr/home/beeson/public_html/helpwithmath/xx.php' not found or unable to stat
[Wed Aug 02 13:34:38.725181 2023] [php:error] [pid 35450] [client 103.98.213.246:60304] script '/usr/home/beeson/public_html/helpwithmath/wso1.php' not found or unable to stat
[Wed Aug 02 13:34:38.730374 2023] [php:error] [pid 35450] [client 103.98.213.246:60304] script '/usr/home/beeson/public_html/helpwithmath/doc.php' not found or unable to stat
[Wed Aug 02 13:34:38.735148 2023] [php:error] [pid 35450] [client 103.98.213.246:60304] script '/usr/home/beeson/public_html/helpwithmath/wso2.php' not found or unable to stat
[Wed Aug 02 13:34:38.743278 2023] [php:error] [pid 35450] [client 103.98.213.246:60304] script '/usr/home/beeson/public_html/helpwithmath/old-index.php' not found or unable to stat
[Wed Aug 02 13:34:38.745754 2023] [php:error] [pid 35450] [client 103.98.213.246:60304] script '/usr/home/beeson/public_html/helpwithmath/9.php' not found or unable to stat
[Wed Aug 02 13:34:38.748144 2023] [php:error] [pid 35450] [client 103.98.213.246:60304] script '/usr/home/beeson/public_html/helpwithmath/date.php' not found or unable to stat
[Wed Aug 02 13:34:38.750617 2023] [php:error] [pid 35450] [client 103.98.213.246:60304] script '/usr/home/beeson/public_html/helpwithmath/n.php' not found or unable to stat
[Wed Aug 02 13:34:38.753307 2023] [php:error] [pid 35450] [client 103.98.213.246:60304] script '/usr/home/beeson/public_html/helpwithmath/p.php' not found or unable to stat
[Wed Aug 02 13:34:38.755691 2023] [php:error] [pid 35450] [client 103.98.213.246:60304] script '/usr/home/beeson/public_html/helpwithmath/mar.php' not found or unable to stat
[Wed Aug 02 13:34:38.758150 2023] [php:error] [pid 35450] [client 103.98.213.246:60304] script '/usr/home/beeson/public_html/helpwithmath/01.php' not found or unable to stat
[Wed Aug 02 13:34:38.761133 2023] [php:error] [pid 35450] [client 103.98.213.246:60304] script '/usr/home/beeson/public_html/helpwithmath/0.php' not found or unable to stat
[Wed Aug 02 13:34:38.771453 2023] [php:warn] [pid 35450] [client 103.98.213.246:60304] PHP Warning:  Undefined array key "include" in /usr/home/beeson/public_html/helpwithmath/about.php on line 23
[Wed Aug 02 13:34:38.793683 2023] [php:error] [pid 35450] [client 103.98.213.246:60304] script '/usr/home/beeson/public_html/helpwithmath/ups.php' not found or unable to stat
[Wed Aug 02 13:34:38.818200 2023] [php:error] [pid 35450] [client 103.98.213.246:60304] script '/usr/home/beeson/public_html/helpwithmath/root.php' not found or unable to stat
[Wed Aug 02 13:34:38.845952 2023] [php:error] [pid 35450] [client 103.98.213.246:60304] script '/usr/home/beeson/public_html/helpwithmath/q.php' not found or unable to stat
[Wed Aug 02 13:34:38.852893 2023] [php:error] [pid 35450] [client 103.98.213.246:60304] script '/usr/home/beeson/public_html/helpwithmath/xxx.php' not found or unable to stat
[Wed Aug 02 13:34:38.860331 2023] [php:error] [pid 35450] [client 103.98.213.246:60304] script '/usr/home/beeson/public_html/helpwithmath/h.php' not found or unable to stat
[Wed Aug 02 13:34:38.875800 2023] [php:error] [pid 35450] [client 103.98.213.246:60304] script '/usr/home/beeson/public_html/helpwithmath/a.php' not found or unable to stat
[Wed Aug 02 13:34:38.891472 2023] [php:error] [pid 35450] [client 103.98.213.246:60304] script '/usr/home/beeson/public_html/helpwithmath/fox.php' not found or unable to stat
[Wed Aug 02 13:34:38.911469 2023] [php:error] [pid 35450] [client 103.98.213.246:60304] script '/usr/home/beeson/public_html/helpwithmath/wp.php' not found or unable to stat
[Wed Aug 02 13:34:38.914276 2023] [php:error] [pid 35450] [client 103.98.213.246:60304] script '/usr/home/beeson/public_html/helpwithmath/wp-file.php' not found or unable to stat
[Wed Aug 02 13:34:38.916905 2023] [php:error] [pid 35450] [client 103.98.213.246:60304] script '/usr/home/beeson/public_html/helpwithmath/jindex.php' not found or unable to stat
[Wed Aug 02 13:34:38.922528 2023] [php:error] [pid 35450] [client 103.98.213.246:60304] script '/usr/home/beeson/public_html/helpwithmath/Alfa.php' not found or unable to stat
[Wed Aug 02 13:34:38.926525 2023] [php:error] [pid 35450] [client 103.98.213.246:60304] script '/usr/home/beeson/public_html/helpwithmath/403.php' not found or unable to stat
[Wed Aug 02 13:34:38.929679 2023] [php:error] [pid 35450] [client 103.98.213.246:60304] script '/usr/home/beeson/public_html/helpwithmath/0byte.php' not found or unable to stat
[Wed Aug 02 13:34:38.932257 2023] [php:error] [pid 35450] [client 103.98.213.246:60304] script '/usr/home/beeson/public_html/helpwithmath/haxor.php' not found or unable to stat
[Wed Aug 02 13:34:38.935764 2023] [php:error] [pid 35450] [client 103.98.213.246:60304] script '/usr/home/beeson/public_html/helpwithmath/xl.php' not found or unable to stat
[Wed Aug 02 13:34:38.939240 2023] [php:error] [pid 35450] [client 103.98.213.246:60304] script '/usr/home/beeson/public_html/helpwithmath/r.php' not found or unable to stat
[Wed Aug 02 13:34:38.941532 2023] [php:error] [pid 35450] [client 103.98.213.246:60304] script '/usr/home/beeson/public_html/helpwithmath/hello.php' not found or unable to stat
[Wed Aug 02 13:34:38.943934 2023] [php:error] [pid 35450] [client 103.98.213.246:60304] script '/usr/home/beeson/public_html/helpwithmath/4.php' not found or unable to stat
[Wed Aug 02 13:34:38.946308 2023] [php:error] [pid 35450] [client 103.98.213.246:60304] script '/usr/home/beeson/public_html/helpwithmath/g.php' not found or unable to stat
[Wed Aug 02 13:34:38.948985 2023] [php:error] [pid 35450] [client 103.98.213.246:60304] script '/usr/home/beeson/public_html/helpwithmath/priv8.php' not found or unable to stat
[Wed Aug 02 13:34:38.951421 2023] [php:error] [pid 35450] [client 103.98.213.246:60304] script '/usr/home/beeson/public_html/helpwithmath/wp-class.php' not found or unable to stat
[Wed Aug 02 13:34:38.964558 2023] [php:error] [pid 35450] [client 103.98.213.246:60304] script '/usr/home/beeson/public_html/helpwithmath/uploader.php' not found or unable to stat
[Wed Aug 02 13:34:38.967116 2023] [php:error] [pid 35450] [client 103.98.213.246:60304] script '/usr/home/beeson/public_html/helpwithmath/e.php' not found or unable to stat
[Wed Aug 02 13:34:38.971237 2023] [php:error] [pid 35450] [client 103.98.213.246:60304] script '/usr/home/beeson/public_html/helpwithmath/2.php' not found or unable to stat
[Wed Aug 02 13:34:38.982059 2023] [php:error] [pid 35450] [client 103.98.213.246:60304] script '/usr/home/beeson/public_html/helpwithmath/wp_wrong_datlib.php' not found or unable to stat
[Wed Aug 02 13:34:38.989563 2023] [php:error] [pid 35450] [client 103.98.213.246:60304] script '/usr/home/beeson/public_html/helpwithmath/f.php' not found or unable to stat
[Wed Aug 02 13:34:38.994885 2023] [php:error] [pid 35450] [client 103.98.213.246:60304] script '/usr/home/beeson/public_html/helpwithmath/5.php' not found or unable to stat
[Wed Aug 02 13:34:39.001153 2023] [php:error] [pid 35450] [client 103.98.213.246:60304] script '/usr/home/beeson/public_html/helpwithmath/v.php' not found or unable to stat
[Wed Aug 02 13:34:39.003759 2023] [php:error] [pid 35450] [client 103.98.213.246:60304] script '/usr/home/beeson/public_html/helpwithmath/w3llstore.php' not found or unable to stat
[Wed Aug 02 13:34:39.012478 2023] [php:error] [pid 35450] [client 103.98.213.246:60304] script '/usr/home/beeson/public_html/helpwithmath/rss.php' not found or unable to stat
[Wed Aug 02 13:34:39.017214 2023] [php:error] [pid 35450] [client 103.98.213.246:60304] script '/usr/home/beeson/public_html/helpwithmath/wp-info.php' not found or unable to stat
[Wed Aug 02 13:34:39.019906 2023] [php:error] [pid 35450] [client 103.98.213.246:60304] script '/usr/home/beeson/public_html/helpwithmath/m.php' not found or unable to stat
[Wed Aug 02 13:34:39.023129 2023] [php:error] [pid 35450] [client 103.98.213.246:60304] script '/usr/home/beeson/public_html/helpwithmath/wso.php' not found or unable to stat
[Wed Aug 02 13:34:39.026284 2023] [php:error] [pid 35450] [client 103.98.213.246:60304] script '/usr/home/beeson/public_html/helpwithmath/1index.php' not found or unable to stat
[Wed Aug 02 13:34:39.040954 2023] [php:error] [pid 35450] [client 103.98.213.246:60304] script '/usr/home/beeson/public_html/helpwithmath/blog.php' not found or unable to stat
[Wed Aug 02 13:34:39.048533 2023] [php:error] [pid 35450] [client 103.98.213.246:60304] script '/usr/home/beeson/public_html/helpwithmath/c99.php' not found or unable to stat
[Wed Aug 02 13:34:39.051585 2023] [php:error] [pid 35450] [client 103.98.213.246:60304] script '/usr/home/beeson/public_html/helpwithmath/autoload_classmap.php' not found or unable to stat
[Wed Aug 02 13:34:39.054195 2023] [php:error] [pid 35450] [client 103.98.213.246:60304] script '/usr/home/beeson/public_html/helpwithmath/b.php' not found or unable to stat
[Wed Aug 02 13:34:39.057195 2023] [php:error] [pid 35450] [client 103.98.213.246:60304] script '/usr/home/beeson/public_html/helpwithmath/alfashell.php' not found or unable to stat
[Wed Aug 02 13:34:39.059537 2023] [php:error] [pid 35450] [client 103.98.213.246:60304] script '/usr/home/beeson/public_html/helpwithmath/bypass.php' not found or unable to stat
[Wed Aug 02 13:34:39.063245 2023] [php:error] [pid 35450] [client 103.98.213.246:60304] script '/usr/home/beeson/public_html/helpwithmath/content.php' not found or unable to stat
[Wed Aug 02 13:34:39.068244 2023] [php:error] [pid 35450] [client 103.98.213.246:60304] script '/usr/home/beeson/public_html/helpwithmath/1337.php' not found or unable to stat
[Wed Aug 02 13:34:39.070719 2023] [php:error] [pid 35450] [client 103.98.213.246:60304] script '/usr/home/beeson/public_html/helpwithmath/3.php' not found or unable to stat
[Wed Aug 02 13:34:39.074048 2023] [php:error] [pid 35450] [client 103.98.213.246:60304] script '/usr/home/beeson/public_html/helpwithmath/up.php' not found or unable to stat
[Wed Aug 02 13:34:39.078315 2023] [php:error] [pid 35450] [client 103.98.213.246:60304] script '/usr/home/beeson/public_html/helpwithmath/FoxWSO.php' not found or unable to stat
[Wed Aug 02 13:34:39.080643 2023] [php:error] [pid 35450] [client 103.98.213.246:60304] script '/usr/home/beeson/public_html/helpwithmath/license.php' not found or unable to stat
[Wed Aug 02 13:34:39.083586 2023] [php:error] [pid 35450] [client 103.98.213.246:60304] script '/usr/home/beeson/public_html/helpwithmath/goods.php' not found or unable to stat
[Wed Aug 02 13:34:39.086291 2023] [php:error] [pid 35450] [client 103.98.213.246:60304] script '/usr/home/beeson/public_html/helpwithmath/ws.php' not found or unable to stat
[Wed Aug 02 13:34:39.088628 2023] [php:error] [pid 35450] [client 103.98.213.246:60304] script '/usr/home/beeson/public_html/helpwithmath/marijuana.php' not found or unable to stat
[Wed Aug 02 13:34:39.091802 2023] [php:error] [pid 35450] [client 103.98.213.246:60304] script '/usr/home/beeson/public_html/helpwithmath/fx.php' not found or unable to stat
[Wed Aug 02 13:34:39.097979 2023] [php:error] [pid 35450] [client 103.98.213.246:60304] script '/usr/home/beeson/public_html/helpwithmath/l.php' not found or unable to stat
[Wed Aug 02 13:34:39.100847 2023] [php:error] [pid 35450] [client 103.98.213.246:60304] script '/usr/home/beeson/public_html/helpwithmath/w.php' not found or unable to stat
[Wed Aug 02 13:34:39.110828 2023] [php:error] [pid 35450] [client 103.98.213.246:60304] script '/usr/home/beeson/public_html/helpwithmath/alfa.php' not found or unable to stat
[Wed Aug 02 13:34:39.116844 2023] [php:error] [pid 35450] [client 103.98.213.246:60304] script '/usr/home/beeson/public_html/helpwithmath/vuln.php' not found or unable to stat
[Wed Aug 02 13:34:39.125458 2023] [php:error] [pid 35450] [client 103.98.213.246:60304] script '/usr/home/beeson/public_html/helpwithmath/wp2.php' not found or unable to stat
[Wed Aug 02 13:34:39.131953 2023] [php:error] [pid 35450] [client 103.98.213.246:60304] script '/usr/home/beeson/public_html/helpwithmath/edit-form.php' not found or unable to stat
[Wed Aug 02 13:34:39.144217 2023] [php:error] [pid 35450] [client 103.98.213.246:60304] script '/usr/home/beeson/public_html/helpwithmath/z.php' not found or unable to stat
[Wed Aug 02 13:34:39.157567 2023] [php:error] [pid 35450] [client 103.98.213.246:60304] script '/usr/home/beeson/public_html/helpwithmath/c.php' not found or unable to stat
[Wed Aug 02 13:34:39.163939 2023] [php:error] [pid 35450] [client 103.98.213.246:60304] script '/usr/home/beeson/public_html/helpwithmath/new.php' not found or unable to stat
[Wed Aug 02 13:34:39.176700 2023] [php:error] [pid 35450] [client 103.98.213.246:60304] script '/usr/home/beeson/public_html/helpwithmath/ok.php' not found or unable to stat
[Wed Aug 02 13:45:35.203388 2023] [php:warn] [pid 53878] [client 82.165.83.240:58590] PHP Warning:  Undefined array key "HTTP_REFERER" in /usr/home/beeson/public_html/helpwithmath/index.php on line 10
[Wed Aug 02 13:45:35.203537 2023] [php:warn] [pid 53878] [client 82.165.83.240:58590] PHP Warning:  Undefined array key "include" in /usr/home/beeson/public_html/helpwithmath/index.php on line 23
[Wed Aug 02 13:54:50.343992 2023] [php:warn] [pid 35450] [client 66.249.79.129:46491] PHP Warning:  Undefined array key "HTTP_REFERER" in /usr/home/beeson/public_html/helpwithmath/index.php on line 10
[Wed Aug 02 13:54:50.344144 2023] [php:warn] [pid 35450] [client 66.249.79.129:46491] PHP Warning:  Undefined array key "include" in /usr/home/beeson/public_html/helpwithmath/index.php on line 23
[Wed Aug 02 14:31:03.681722 2023] [php:warn] [pid 56027] [client 8.218.87.55:8827] PHP Warning:  Undefined array key "HTTP_REFERER" in /usr/home/beeson/public_html/helpwithmath/index.php on line 10
[Wed Aug 02 14:31:03.682135 2023] [php:warn] [pid 56027] [client 8.218.87.55:8827] PHP Warning:  Undefined array key "include" in /usr/home/beeson/public_html/helpwithmath/index.php on line 23
[Wed Aug 02 14:40:58.975345 2023] [php:warn] [pid 56027] [client 114.119.129.148:64533] PHP Warning:  Undefined array key "include" in /usr/home/beeson/public_html/helpwithmath/policies.php on line 19, referer: https://www.helpwithmath.com/download.php
[Wed Aug 02 14:58:43.095027 2023] [php:warn] [pid 35449] [client 114.119.141.9:20665] PHP Warning:  Undefined array key "WhichDisk" in /usr/home/beeson/public_html/helpwithmath/download.php on line 9, referer: http://helpwithmath.com/about.php?include=../English-ste.html
[Wed Aug 02 14:58:43.095180 2023] [php:warn] [pid 35449] [client 114.119.141.9:20665] PHP Warning:  Undefined array key "ProductType" in /usr/home/beeson/public_html/helpwithmath/download.php on line 12, referer: http://helpwithmath.com/about.php?include=../English-ste.html
[Wed Aug 02 15:01:09.661080 2023] [php:warn] [pid 30146] [client 51.222.253.12:35496] PHP Warning:  Undefined array key "HTTP_REFERER" in /usr/home/beeson/public_html/helpwithmath/index.php on line 10
[Wed Aug 02 15:01:09.661259 2023] [php:warn] [pid 30146] [client 51.222.253.12:35496] PHP Warning:  Undefined array key "include" in /usr/home/beeson/public_html/helpwithmath/index.php on line 23
[Wed Aug 02 15:21:08.524503 2023] [php:warn] [pid 114] [client 34.78.128.92:53278] PHP Warning:  Undefined array key "HTTP_REFERER" in /usr/home/beeson/public_html/helpwithmath/index.php on line 10
[Wed Aug 02 15:21:08.524676 2023] [php:warn] [pid 114] [client 34.78.128.92:53278] PHP Warning:  Undefined array key "include" in /usr/home/beeson/public_html/helpwithmath/index.php on line 23
[Wed Aug 02 15:32:52.340878 2023] [php:warn] [pid 35449] [client 42.83.147.56:43983] PHP Warning:  Undefined array key "HTTP_REFERER" in /usr/home/beeson/public_html/helpwithmath/index.php on line 10
[Wed Aug 02 15:32:52.341048 2023] [php:warn] [pid 35449] [client 42.83.147.56:43983] PHP Warning:  Undefined array key "include" in /usr/home/beeson/public_html/helpwithmath/index.php on line 23
[Wed Aug 02 15:34:15.480406 2023] [php:warn] [pid 53878] [client 37.120.232.84:28445] PHP Warning:  Undefined array key "HTTP_REFERER" in /usr/home/beeson/public_html/helpwithmath/index.php on line 10
[Wed Aug 02 15:34:15.480479 2023] [php:warn] [pid 53878] [client 37.120.232.84:28445] PHP Warning:  Undefined array key "include" in /usr/home/beeson/public_html/helpwithmath/index.php on line 23
[Wed Aug 02 15:36:33.262641 2023] [php:warn] [pid 56027] [client 66.249.79.131:44416] PHP Warning:  Undefined array key "HTTP_REFERER" in /usr/home/beeson/public_html/helpwithmath/index.php on line 10
[Wed Aug 02 15:36:33.262749 2023] [php:warn] [pid 56027] [client 66.249.79.131:44416] PHP Warning:  Undefined array key "include" in /usr/home/beeson/public_html/helpwithmath/index.php on line 23
[Wed Aug 02 16:55:13.164408 2023] [php:warn] [pid 53878] [client 114.119.148.189:40643] PHP Warning:  Undefined array key "include" in /usr/home/beeson/public_html/helpwithmath/about.php on line 23, referer: http://www.helpwithmath.com/about.php?include=graphs.html
[Wed Aug 02 17:35:11.804420 2023] [php:warn] [pid 35449] [client 191.156.253.197:43259] PHP Warning:  Undefined array key "WhichDisk" in /usr/home/beeson/public_html/helpwithmath/download.php on line 9, referer: https://www.google.com/
[Wed Aug 02 17:35:11.804768 2023] [php:warn] [pid 35449] [client 191.156.253.197:43259] PHP Warning:  Undefined array key "ProductType" in /usr/home/beeson/public_html/helpwithmath/download.php on line 12, referer: https://www.google.com/
[Wed Aug 02 17:36:02.584013 2023] [php:warn] [pid 24185] [client 186.103.35.85:1184] PHP Warning:  Undefined array key "HTTP_REFERER" in /usr/home/beeson/public_html/helpwithmath/index.php on line 10
[Wed Aug 02 17:36:02.584063 2023] [php:warn] [pid 24185] [client 186.103.35.85:1184] PHP Warning:  Undefined array key "include" in /usr/home/beeson/public_html/helpwithmath/index.php on line 23
[Wed Aug 02 17:36:14.171039 2023] [php:warn] [pid 35449] [client 186.103.35.85:1530] PHP Warning:  Undefined variable $include in /usr/home/beeson/public_html/helpwithmath/demo.php on line 19, referer: http://www.helpwithmath.com/
[Wed Aug 02 17:36:21.616172 2023] [php:warn] [pid 114] [client 186.103.35.85:1580] PHP Warning:  Undefined array key "WhichDisk" in /usr/home/beeson/public_html/helpwithmath/download.php on line 9, referer: http://www.helpwithmath.com/demo.php
[Wed Aug 02 17:36:21.616221 2023] [php:warn] [pid 114] [client 186.103.35.85:1580] PHP Warning:  Undefined array key "ProductType" in /usr/home/beeson/public_html/helpwithmath/download.php on line 12, referer: http://www.helpwithmath.com/demo.php
[Wed Aug 02 17:36:55.986808 2023] [php:warn] [pid 30146] [client 191.156.241.178:42509] PHP Warning:  Undefined array key "include" in /usr/home/beeson/public_html/helpwithmath/index.php on line 23, referer: https://www.google.com/
[Wed Aug 02 17:37:12.418962 2023] [php:warn] [pid 84770] [client 191.156.241.178:42503] PHP Warning:  Undefined array key "WhichDisk" in /usr/home/beeson/public_html/helpwithmath/download.php on line 9, referer: https://www.google.com/
[Wed Aug 02 17:37:12.418998 2023] [php:warn] [pid 84770] [client 191.156.241.178:42503] PHP Warning:  Undefined array key "ProductType" in /usr/home/beeson/public_html/helpwithmath/download.php on line 12, referer: https://www.google.com/
[Wed Aug 02 17:37:17.829434 2023] [php:warn] [pid 47599] [client 191.156.253.197:43210] PHP Warning:  Undefined array key "ProductType" in /usr/home/beeson/public_html/helpwithmath/download2.php on line 27, referer: http://www.helpwithmath.com/download.php
[Wed Aug 02 17:37:17.829523 2023] [php:warn] [pid 47599] [client 191.156.253.197:43210] PHP Warning:  Undefined array key "WhichDisk" in /usr/home/beeson/public_html/helpwithmath/download2.php on line 28, referer: http://www.helpwithmath.com/download.php
[Wed Aug 02 17:37:17.829536 2023] [php:warn] [pid 47599] [client 191.156.253.197:43210] PHP Warning:  Undefined array key "Email" in /usr/home/beeson/public_html/helpwithmath/download2.php on line 29, referer: http://www.helpwithmath.com/download.php
[Wed Aug 02 17:37:17.829617 2023] [php:error] [pid 47599] [client 191.156.253.197:43210] PHP Fatal error:  Uncaught Error: Call to undefined function eregi() in /usr/home/beeson/public_html/helpwithmath/download2.php:16\nStack trace:\n#0 /usr/home/beeson/public_html/helpwithmath/download2.php(41): validate_email('')\n#1 {main}\n  thrown in /usr/home/beeson/public_html/helpwithmath/download2.php on line 16, referer: http://www.helpwithmath.com/download.php
[Wed Aug 02 17:37:18.001167 2023] [php:warn] [pid 47599] [client 191.156.253.197:43210] PHP Warning:  Undefined array key "WhichDisk" in /usr/home/beeson/public_html/helpwithmath/download.php on line 9, referer: http://www.helpwithmath.com/download.php
