[Fri Jul 28 03:59:09.003617 2023] [php:warn] [pid 77789] [client 125.85.140.46:29662] PHP Warning:  Undefined array key "ProductType" in /usr/home/beeson/public_html/helpwithmath/download2.php on line 27, referer: http://www.helpwithmath.com/download.php
[Fri Jul 28 03:59:09.003730 2023] [php:warn] [pid 77789] [client 125.85.140.46:29662] PHP Warning:  Undefined array key "WhichDisk" in /usr/home/beeson/public_html/helpwithmath/download2.php on line 28, referer: http://www.helpwithmath.com/download.php
[Fri Jul 28 03:59:09.003742 2023] [php:warn] [pid 77789] [client 125.85.140.46:29662] PHP Warning:  Undefined array key "Email" in /usr/home/beeson/public_html/helpwithmath/download2.php on line 29, referer: http://www.helpwithmath.com/download.php
[Fri Jul 28 03:59:09.003846 2023] [php:error] [pid 77789] [client 125.85.140.46:29662] PHP Fatal error:  Uncaught Error: Call to undefined function eregi() in /usr/home/beeson/public_html/helpwithmath/download2.php:16\nStack trace:\n#0 /usr/home/beeson/public_html/helpwithmath/download2.php(41): validate_email('')\n#1 {main}\n  thrown in /usr/home/beeson/public_html/helpwithmath/download2.php on line 16, referer: http://www.helpwithmath.com/download.php
[Fri Jul 28 03:59:09.196614 2023] [php:warn] [pid 77789] [client 125.85.140.46:29662] PHP Warning:  Undefined array key "WhichDisk" in /usr/home/beeson/public_html/helpwithmath/download.php on line 9, referer: http://www.helpwithmath.com/download.php
[Fri Jul 28 03:59:09.196634 2023] [php:warn] [pid 77789] [client 125.85.140.46:29662] PHP Warning:  Undefined array key "ProductType" in /usr/home/beeson/public_html/helpwithmath/download.php on line 12, referer: http://www.helpwithmath.com/download.php
[Fri Jul 28 03:59:16.394276 2023] [php:warn] [pid 89645] [client 125.85.140.46:29663] PHP Warning:  Undefined array key "include" in /usr/home/beeson/public_html/helpwithmath/about.php on line 23, referer: http://www.helpwithmath.com/download.php
[Fri Jul 28 03:59:36.168150 2023] [php:warn] [pid 45601] [client 125.85.140.46:27667] PHP Warning:  Undefined array key "include" in /usr/home/beeson/public_html/helpwithmath/index.php on line 23, referer: http://www.helpwithmath.com/about.php
[Fri Jul 28 03:59:39.579919 2023] [php:warn] [pid 45601] [client 125.85.140.46:27667] PHP Warning:  Undefined array key "include" in /usr/home/beeson/public_html/helpwithmath/about.php on line 23, referer: http://www.helpwithmath.com/index.php
[Fri Jul 28 04:11:26.149712 2023] [php:warn] [pid 64526] [client 88.99.215.210:54542] PHP Warning:  Undefined array key "HTTP_REFERER" in /usr/home/beeson/public_html/helpwithmath/index.php on line 10
[Fri Jul 28 04:25:24.209540 2023] [php:warn] [pid 73286] [client 88.99.215.210:42778] PHP Warning:  Undefined array key "HTTP_REFERER" in /usr/home/beeson/public_html/helpwithmath/index.php on line 10
[Fri Jul 28 04:44:23.513091 2023] [php:warn] [pid 73286] [client 88.99.215.210:50116] PHP Warning:  Undefined array key "HTTP_REFERER" in /usr/home/beeson/public_html/helpwithmath/index.php on line 10
[Fri Jul 28 04:44:42.555760 2023] [php:warn] [pid 73287] [client 51.222.253.17:58134] PHP Warning:  Undefined array key "WhichDisk" in /usr/home/beeson/public_html/helpwithmath/donate.php on line 2
[Fri Jul 28 04:44:42.555852 2023] [php:warn] [pid 73287] [client 51.222.253.17:58134] PHP Warning:  Undefined array key "SerialNumber" in /usr/home/beeson/public_html/helpwithmath/donate.php on line 3
[Fri Jul 28 04:44:42.555862 2023] [php:warn] [pid 73287] [client 51.222.253.17:58134] PHP Warning:  Undefined array key "ProductType" in /usr/home/beeson/public_html/helpwithmath/donate.php on line 4
[Fri Jul 28 04:44:42.557622 2023] [php:warn] [pid 73287] [client 51.222.253.17:58134] PHP Warning:  require_once(PEAR.php): Failed to open stream: No such file or directory in /usr/local/share/pear/DB.php on line 30
[Fri Jul 28 04:44:42.557699 2023] [php:error] [pid 73287] [client 51.222.253.17:58134] PHP Fatal error:  Uncaught Error: Failed opening required 'PEAR.php' (include_path='.:/usr/local/share/pear') in /usr/local/share/pear/DB.php:30\nStack trace:\n#0 /usr/home/beeson/public_html/helpwithmath/donate.php(46): require_once()\n#1 {main}\n  thrown in /usr/local/share/pear/DB.php on line 30
[Fri Jul 28 04:57:49.125766 2023] [php:warn] [pid 45599] [client 88.99.215.210:50442] PHP Warning:  Undefined array key "HTTP_REFERER" in /usr/home/beeson/public_html/helpwithmath/index.php on line 10
[Fri Jul 28 05:28:27.148588 2023] [php:warn] [pid 64526] [client 123.183.224.72:34239] PHP Warning:  Undefined array key "HTTP_REFERER" in /usr/home/beeson/public_html/helpwithmath/index.php on line 10
[Fri Jul 28 05:28:27.148703 2023] [php:warn] [pid 64526] [client 123.183.224.72:34239] PHP Warning:  Undefined array key "include" in /usr/home/beeson/public_html/helpwithmath/index.php on line 23
[Fri Jul 28 05:30:14.103098 2023] [php:warn] [pid 45601] [client 123.183.224.64:55080] PHP Warning:  Undefined array key "HTTP_REFERER" in /usr/home/beeson/public_html/helpwithmath/index.php on line 10
[Fri Jul 28 05:30:14.103206 2023] [php:warn] [pid 45601] [client 123.183.224.64:55080] PHP Warning:  Undefined array key "include" in /usr/home/beeson/public_html/helpwithmath/index.php on line 23
[Fri Jul 28 05:57:34.274036 2023] [php:warn] [pid 45601] [client 61.135.159.184:53028] PHP Warning:  Undefined array key "HTTP_REFERER" in /usr/home/beeson/public_html/helpwithmath/index.php on line 10
[Fri Jul 28 05:57:34.274175 2023] [php:warn] [pid 45601] [client 61.135.159.184:53028] PHP Warning:  Undefined array key "include" in /usr/home/beeson/public_html/helpwithmath/index.php on line 23
[Fri Jul 28 06:12:37.323666 2023] [php:warn] [pid 64526] [client 185.233.19.235:40020] PHP Warning:  Undefined array key "HTTP_REFERER" in /usr/home/beeson/public_html/helpwithmath/index.php on line 10
[Fri Jul 28 06:12:37.323849 2023] [php:warn] [pid 64526] [client 185.233.19.235:40020] PHP Warning:  Undefined array key "include" in /usr/home/beeson/public_html/helpwithmath/index.php on line 23
[Fri Jul 28 06:33:20.238040 2023] [php:warn] [pid 89645] [client 61.135.159.183:39162] PHP Warning:  Undefined array key "HTTP_REFERER" in /usr/home/beeson/public_html/helpwithmath/index.php on line 10
[Fri Jul 28 06:33:20.238156 2023] [php:warn] [pid 89645] [client 61.135.159.183:39162] PHP Warning:  Undefined array key "include" in /usr/home/beeson/public_html/helpwithmath/index.php on line 23
[Fri Jul 28 06:35:24.244544 2023] [php:warn] [pid 77789] [client 58.250.125.93:52576] PHP Warning:  Undefined array key "HTTP_REFERER" in /usr/home/beeson/public_html/helpwithmath/index.php on line 10
[Fri Jul 28 06:35:24.244657 2023] [php:warn] [pid 77789] [client 58.250.125.93:52576] PHP Warning:  Undefined array key "include" in /usr/home/beeson/public_html/helpwithmath/index.php on line 23
[Fri Jul 28 06:44:52.028108 2023] [php:warn] [pid 73287] [client 198.235.24.31:59328] PHP Warning:  Undefined array key "HTTP_REFERER" in /usr/home/beeson/public_html/helpwithmath/index.php on line 10
[Fri Jul 28 06:44:52.028221 2023] [php:warn] [pid 73287] [client 198.235.24.31:59328] PHP Warning:  Undefined array key "include" in /usr/home/beeson/public_html/helpwithmath/index.php on line 23
[Fri Jul 28 07:07:22.257959 2023] [php:warn] [pid 89645] [client 27.115.124.109:7916] PHP Warning:  Undefined array key "include" in /usr/home/beeson/public_html/helpwithmath/index.php on line 23, referer: http://baidu.com/
[Fri Jul 28 07:35:14.864578 2023] [php:warn] [pid 45599] [client 66.249.72.32:60861] PHP Warning:  Undefined array key "ProductType" in /usr/home/beeson/public_html/helpwithmath/download2.php on line 27
[Fri Jul 28 07:35:14.864775 2023] [php:warn] [pid 45599] [client 66.249.72.32:60861] PHP Warning:  Undefined array key "WhichDisk" in /usr/home/beeson/public_html/helpwithmath/download2.php on line 28
[Fri Jul 28 07:35:14.864869 2023] [php:warn] [pid 45599] [client 66.249.72.32:60861] PHP Warning:  Undefined array key "Email" in /usr/home/beeson/public_html/helpwithmath/download2.php on line 29
[Fri Jul 28 07:35:14.864879 2023] [php:warn] [pid 45599] [client 66.249.72.32:60861] PHP Warning:  Undefined array key "Columbus" in /usr/home/beeson/public_html/helpwithmath/download2.php on line 30
[Fri Jul 28 07:35:14.864956 2023] [php:error] [pid 45599] [client 66.249.72.32:60861] PHP Fatal error:  Uncaught Error: Call to undefined function eregi() in /usr/home/beeson/public_html/helpwithmath/download2.php:16\nStack trace:\n#0 /usr/home/beeson/public_html/helpwithmath/download2.php(41): validate_email('')\n#1 {main}\n  thrown in /usr/home/beeson/public_html/helpwithmath/download2.php on line 16
[Fri Jul 28 07:35:15.822982 2023] [php:warn] [pid 45599] [client 66.249.72.32:60861] PHP Warning:  Undefined array key "WhichDisk" in /usr/home/beeson/public_html/helpwithmath/download.php on line 9
[Fri Jul 28 07:35:15.823043 2023] [php:warn] [pid 45599] [client 66.249.72.32:60861] PHP Warning:  Undefined array key "ProductType" in /usr/home/beeson/public_html/helpwithmath/download.php on line 12
[Fri Jul 28 07:41:20.241569 2023] [php:error] [pid 77789] [client 68.178.145.91:17371] script '/usr/home/beeson/public_html/helpwithmath/wp-login.php' not found or unable to stat
[Fri Jul 28 07:48:02.027640 2023] [php:warn] [pid 34559] [client 123.126.68.104:39275] PHP Warning:  Undefined array key "HTTP_REFERER" in /usr/home/beeson/public_html/helpwithmath/index.php on line 10
[Fri Jul 28 07:48:02.027785 2023] [php:warn] [pid 34559] [client 123.126.68.104:39275] PHP Warning:  Undefined array key "include" in /usr/home/beeson/public_html/helpwithmath/index.php on line 23
[Fri Jul 28 08:01:28.711956 2023] [php:warn] [pid 74944] [client 3.94.162.143:52306] PHP Warning:  Undefined array key "HTTP_REFERER" in /usr/home/beeson/public_html/helpwithmath/index.php on line 10
[Fri Jul 28 08:01:28.712072 2023] [php:warn] [pid 74944] [client 3.94.162.143:52306] PHP Warning:  Undefined array key "include" in /usr/home/beeson/public_html/helpwithmath/index.php on line 23
[Fri Jul 28 08:10:32.525025 2023] [php:warn] [pid 84390] [client 123.126.68.58:51983] PHP Warning:  Undefined array key "HTTP_REFERER" in /usr/home/beeson/public_html/helpwithmath/index.php on line 10
[Fri Jul 28 08:10:32.525164 2023] [php:warn] [pid 84390] [client 123.126.68.58:51983] PHP Warning:  Undefined array key "include" in /usr/home/beeson/public_html/helpwithmath/index.php on line 23
[Fri Jul 28 08:13:45.232407 2023] [php:error] [pid 83915] [client 68.178.148.155:25494] script '/usr/home/beeson/public_html/helpwithmath/wp-login.php' not found or unable to stat, referer: http://mathxpert.com/wp-login.php
[Fri Jul 28 09:05:23.564451 2023] [php:warn] [pid 84390] [client 123.183.224.83:41923] PHP Warning:  Undefined array key "HTTP_REFERER" in /usr/home/beeson/public_html/helpwithmath/index.php on line 10
[Fri Jul 28 09:05:23.564570 2023] [php:warn] [pid 84390] [client 123.183.224.83:41923] PHP Warning:  Undefined array key "include" in /usr/home/beeson/public_html/helpwithmath/index.php on line 23
[Fri Jul 28 09:12:09.321297 2023] [php:warn] [pid 89645] [client 52.90.230.178:42094] PHP Warning:  Undefined array key "include" in /usr/home/beeson/public_html/helpwithmath/about.php on line 23
[Fri Jul 28 09:23:48.872299 2023] [php:warn] [pid 45599] [client 114.119.152.64:39483] PHP Warning:  require_once(PEAR.php): Failed to open stream: No such file or directory in /usr/local/share/pear/DB.php on line 30, referer: http://www.helpwithmath.com/about.php
[Fri Jul 28 09:23:48.872479 2023] [php:error] [pid 45599] [client 114.119.152.64:39483] PHP Fatal error:  Uncaught Error: Failed opening required 'PEAR.php' (include_path='.:/usr/local/share/pear') in /usr/local/share/pear/DB.php:30\nStack trace:\n#0 /usr/home/beeson/public_html/helpwithmath/include/prices.php(2): require_once()\n#1 /usr/home/beeson/public_html/helpwithmath/about.php(28): include('/usr/home/beeso...')\n#2 {main}\n  thrown in /usr/local/share/pear/DB.php on line 30, referer: http://www.helpwithmath.com/about.php
[Fri Jul 28 09:42:26.239993 2023] [php:warn] [pid 83945] [client 23.81.27.114:51113] PHP Warning:  Undefined array key "HTTP_REFERER" in /usr/home/beeson/public_html/helpwithmath/index.php on line 10
[Fri Jul 28 09:42:26.240114 2023] [php:warn] [pid 83945] [client 23.81.27.114:51113] PHP Warning:  Undefined array key "include" in /usr/home/beeson/public_html/helpwithmath/index.php on line 23
[Fri Jul 28 09:43:08.847156 2023] [php:warn] [pid 84128] [client 23.81.27.114:33963] PHP Warning:  Undefined array key "HTTP_REFERER" in /usr/home/beeson/public_html/helpwithmath/index.php on line 10
[Fri Jul 28 09:43:08.847310 2023] [php:warn] [pid 84128] [client 23.81.27.114:33963] PHP Warning:  Undefined array key "include" in /usr/home/beeson/public_html/helpwithmath/index.php on line 23
[Fri Jul 28 09:43:15.951766 2023] [php:warn] [pid 74944] [client 23.81.27.114:39095] PHP Warning:  Undefined array key "WhichDisk" in /usr/home/beeson/public_html/helpwithmath/download.php on line 9
[Fri Jul 28 09:43:15.951845 2023] [php:warn] [pid 74944] [client 23.81.27.114:39095] PHP Warning:  Undefined array key "ProductType" in /usr/home/beeson/public_html/helpwithmath/download.php on line 12
[Fri Jul 28 09:43:23.054560 2023] [php:warn] [pid 73286] [client 23.81.27.114:48455] PHP Warning:  Undefined array key "WhichDisk" in /usr/home/beeson/public_html/helpwithmath/donate.php on line 2
[Fri Jul 28 09:43:23.054606 2023] [php:warn] [pid 73286] [client 23.81.27.114:48455] PHP Warning:  Undefined array key "SerialNumber" in /usr/home/beeson/public_html/helpwithmath/donate.php on line 3
[Fri Jul 28 09:43:23.054655 2023] [php:warn] [pid 73286] [client 23.81.27.114:48455] PHP Warning:  Undefined array key "ProductType" in /usr/home/beeson/public_html/helpwithmath/donate.php on line 4
[Fri Jul 28 09:43:23.056041 2023] [php:warn] [pid 73286] [client 23.81.27.114:48455] PHP Warning:  require_once(PEAR.php): Failed to open stream: No such file or directory in /usr/local/share/pear/DB.php on line 30
[Fri Jul 28 09:43:23.056125 2023] [php:error] [pid 73286] [client 23.81.27.114:48455] PHP Fatal error:  Uncaught Error: Failed opening required 'PEAR.php' (include_path='.:/usr/local/share/pear') in /usr/local/share/pear/DB.php:30\nStack trace:\n#0 /usr/home/beeson/public_html/helpwithmath/donate.php(46): require_once()\n#1 {main}\n  thrown in /usr/local/share/pear/DB.php on line 30
[Fri Jul 28 09:43:30.158948 2023] [php:warn] [pid 83945] [client 23.81.27.114:40995] PHP Warning:  Undefined array key "include" in /usr/home/beeson/public_html/helpwithmath/about.php on line 23
[Fri Jul 28 09:43:37.263375 2023] [php:warn] [pid 89645] [client 23.81.27.114:36801] PHP Warning:  Undefined variable $include in /usr/home/beeson/public_html/helpwithmath/demo.php on line 19
[Fri Jul 28 09:52:24.022227 2023] [php:error] [pid 45599] [client 194.113.235.169:36773] script '/usr/home/beeson/public_html/helpwithmath/404.php' not found or unable to stat, referer: http://helpwithmath.com/404.php
[Fri Jul 28 09:54:34.909369 2023] [php:warn] [pid 77789] [client 49.234.25.245:58748] PHP Warning:  Undefined array key "HTTP_REFERER" in /usr/home/beeson/public_html/helpwithmath/index.php on line 10
[Fri Jul 28 09:54:34.909493 2023] [php:warn] [pid 77789] [client 49.234.25.245:58748] PHP Warning:  Undefined array key "include" in /usr/home/beeson/public_html/helpwithmath/index.php on line 23
[Fri Jul 28 10:05:20.828185 2023] [php:warn] [pid 84390] [client 220.181.108.168:3609] PHP Warning:  Undefined array key "HTTP_REFERER" in /usr/home/beeson/public_html/helpwithmath/index.php on line 10
[Fri Jul 28 10:05:20.828329 2023] [php:warn] [pid 84390] [client 220.181.108.168:3609] PHP Warning:  Undefined array key "include" in /usr/home/beeson/public_html/helpwithmath/index.php on line 23
[Fri Jul 28 10:05:21.026981 2023] [php:warn] [pid 45599] [client 116.179.32.86:63289] PHP Warning:  Undefined array key "HTTP_REFERER" in /usr/home/beeson/public_html/helpwithmath/index.php on line 10
[Fri Jul 28 10:05:21.027050 2023] [php:warn] [pid 45599] [client 116.179.32.86:63289] PHP Warning:  Undefined array key "include" in /usr/home/beeson/public_html/helpwithmath/index.php on line 23
[Fri Jul 28 10:26:51.391301 2023] [php:warn] [pid 84128] [client 54.39.131.196:59903] PHP Warning:  Undefined array key "HTTP_REFERER" in /usr/home/beeson/public_html/helpwithmath/index.php on line 10
[Fri Jul 28 10:26:51.391422 2023] [php:warn] [pid 84128] [client 54.39.131.196:59903] PHP Warning:  Undefined array key "include" in /usr/home/beeson/public_html/helpwithmath/index.php on line 23
[Fri Jul 28 10:31:18.529898 2023] [php:warn] [pid 83945] [client 54.39.131.196:50221] PHP Warning:  Undefined array key "HTTP_REFERER" in /usr/home/beeson/public_html/helpwithmath/index.php on line 10
[Fri Jul 28 10:31:18.530018 2023] [php:warn] [pid 83945] [client 54.39.131.196:50221] PHP Warning:  Undefined array key "include" in /usr/home/beeson/public_html/helpwithmath/index.php on line 23
[Fri Jul 28 10:49:21.002960 2023] [php:warn] [pid 84390] [client 221.2.155.200:39342] PHP Warning:  Undefined array key "HTTP_REFERER" in /usr/home/beeson/public_html/helpwithmath/index.php on line 10
[Fri Jul 28 10:49:21.003135 2023] [php:warn] [pid 84390] [client 221.2.155.200:39342] PHP Warning:  Undefined array key "include" in /usr/home/beeson/public_html/helpwithmath/index.php on line 23
[Fri Jul 28 10:54:04.693041 2023] [php:warn] [pid 77600] [client 192.136.116.2:56772] PHP Warning:  Undefined array key "include" in /usr/home/beeson/public_html/helpwithmath/index.php on line 23, referer: https://www.google.com/
[Fri Jul 28 10:54:06.445411 2023] [php:warn] [pid 74944] [client 192.136.116.2:29539] PHP Warning:  Undefined array key "WhichDisk" in /usr/home/beeson/public_html/helpwithmath/download.php on line 9, referer: http://www.helpwithmath.com/
[Fri Jul 28 10:54:06.445444 2023] [php:warn] [pid 74944] [client 192.136.116.2:29539] PHP Warning:  Undefined array key "ProductType" in /usr/home/beeson/public_html/helpwithmath/download.php on line 12, referer: http://www.helpwithmath.com/
[Fri Jul 28 10:54:11.876181 2023] [php:warn] [pid 45599] [client 192.136.116.2:2085] PHP Warning:  Undefined array key "ProductType" in /usr/home/beeson/public_html/helpwithmath/download2.php on line 27, referer: http://www.helpwithmath.com/download.php
[Fri Jul 28 10:54:11.876251 2023] [php:warn] [pid 45599] [client 192.136.116.2:2085] PHP Warning:  Undefined array key "WhichDisk" in /usr/home/beeson/public_html/helpwithmath/download2.php on line 28, referer: http://www.helpwithmath.com/download.php
[Fri Jul 28 10:54:11.876330 2023] [php:warn] [pid 45599] [client 192.136.116.2:2085] PHP Warning:  Undefined array key "Email" in /usr/home/beeson/public_html/helpwithmath/download2.php on line 29, referer: http://www.helpwithmath.com/download.php
[Fri Jul 28 10:54:11.876387 2023] [php:error] [pid 45599] [client 192.136.116.2:2085] PHP Fatal error:  Uncaught Error: Call to undefined function eregi() in /usr/home/beeson/public_html/helpwithmath/download2.php:16\nStack trace:\n#0 /usr/home/beeson/public_html/helpwithmath/download2.php(41): validate_email('')\n#1 {main}\n  thrown in /usr/home/beeson/public_html/helpwithmath/download2.php on line 16, referer: http://www.helpwithmath.com/download.php
[Fri Jul 28 10:54:48.628658 2023] [php:warn] [pid 70528] [client 192.136.116.2:31405] PHP Warning:  Undefined array key "ProductType" in /usr/home/beeson/public_html/helpwithmath/download2.php on line 27, referer: http://www.helpwithmath.com/download.php
[Fri Jul 28 10:54:48.628731 2023] [php:warn] [pid 70528] [client 192.136.116.2:31405] PHP Warning:  Undefined array key "WhichDisk" in /usr/home/beeson/public_html/helpwithmath/download2.php on line 28, referer: http://www.helpwithmath.com/download.php
[Fri Jul 28 10:54:48.628799 2023] [php:warn] [pid 70528] [client 192.136.116.2:31405] PHP Warning:  Undefined array key "Email" in /usr/home/beeson/public_html/helpwithmath/download2.php on line 29, referer: http://www.helpwithmath.com/download.php
[Fri Jul 28 10:54:48.628861 2023] [php:error] [pid 70528] [client 192.136.116.2:31405] PHP Fatal error:  Uncaught Error: Call to undefined function eregi() in /usr/home/beeson/public_html/helpwithmath/download2.php:16\nStack trace:\n#0 /usr/home/beeson/public_html/helpwithmath/download2.php(41): validate_email('')\n#1 {main}\n  thrown in /usr/home/beeson/public_html/helpwithmath/download2.php on line 16, referer: http://www.helpwithmath.com/download.php
[Fri Jul 28 10:55:16.864669 2023] [php:warn] [pid 41121] [client 192.136.116.2:4149] PHP Warning:  Undefined array key "ProductType" in /usr/home/beeson/public_html/helpwithmath/download2.php on line 27, referer: http://www.helpwithmath.com/download.php
[Fri Jul 28 10:55:16.864796 2023] [php:warn] [pid 41121] [client 192.136.116.2:4149] PHP Warning:  Undefined array key "WhichDisk" in /usr/home/beeson/public_html/helpwithmath/download2.php on line 28, referer: http://www.helpwithmath.com/download.php
[Fri Jul 28 10:55:16.864808 2023] [php:warn] [pid 41121] [client 192.136.116.2:4149] PHP Warning:  Undefined array key "Email" in /usr/home/beeson/public_html/helpwithmath/download2.php on line 29, referer: http://www.helpwithmath.com/download.php
[Fri Jul 28 10:55:16.864904 2023] [php:error] [pid 41121] [client 192.136.116.2:4149] PHP Fatal error:  Uncaught Error: Call to undefined function eregi() in /usr/home/beeson/public_html/helpwithmath/download2.php:16\nStack trace:\n#0 /usr/home/beeson/public_html/helpwithmath/download2.php(41): validate_email('')\n#1 {main}\n  thrown in /usr/home/beeson/public_html/helpwithmath/download2.php on line 16, referer: http://www.helpwithmath.com/download.php
[Fri Jul 28 10:55:22.428229 2023] [php:warn] [pid 84390] [client 192.136.116.2:59776] PHP Warning:  Undefined array key "WhichDisk" in /usr/home/beeson/public_html/helpwithmath/download.php on line 9
[Fri Jul 28 10:55:22.428270 2023] [php:warn] [pid 84390] [client 192.136.116.2:59776] PHP Warning:  Undefined array key "ProductType" in /usr/home/beeson/public_html/helpwithmath/download.php on line 12
[Fri Jul 28 10:55:31.747155 2023] [php:warn] [pid 84128] [client 192.136.116.2:59078] PHP Warning:  Undefined array key "ProductType" in /usr/home/beeson/public_html/helpwithmath/download2.php on line 27, referer: http://www.helpwithmath.com/download.php
[Fri Jul 28 10:55:31.747206 2023] [php:warn] [pid 84128] [client 192.136.116.2:59078] PHP Warning:  Undefined array key "WhichDisk" in /usr/home/beeson/public_html/helpwithmath/download2.php on line 28, referer: http://www.helpwithmath.com/download.php
[Fri Jul 28 10:55:31.747217 2023] [php:warn] [pid 84128] [client 192.136.116.2:59078] PHP Warning:  Undefined array key "Email" in /usr/home/beeson/public_html/helpwithmath/download2.php on line 29, referer: http://www.helpwithmath.com/download.php
[Fri Jul 28 10:55:31.747307 2023] [php:error] [pid 84128] [client 192.136.116.2:59078] PHP Fatal error:  Uncaught Error: Call to undefined function eregi() in /usr/home/beeson/public_html/helpwithmath/download2.php:16\nStack trace:\n#0 /usr/home/beeson/public_html/helpwithmath/download2.php(41): validate_email('')\n#1 {main}\n  thrown in /usr/home/beeson/public_html/helpwithmath/download2.php on line 16, referer: http://www.helpwithmath.com/download.php
[Fri Jul 28 10:55:37.056783 2023] [php:warn] [pid 73286] [client 192.136.116.2:57185] PHP Warning:  Undefined variable $include in /usr/home/beeson/public_html/helpwithmath/demo.php on line 19, referer: http://www.helpwithmath.com/download.php
[Fri Jul 28 10:55:46.633377 2023] [php:warn] [pid 77789] [client 192.136.116.2:38597] PHP Warning:  Undefined array key "WhichDisk" in /usr/home/beeson/public_html/helpwithmath/download.php on line 9, referer: http://www.helpwithmath.com/demo.php
[Fri Jul 28 10:55:46.633450 2023] [php:warn] [pid 77789] [client 192.136.116.2:38597] PHP Warning:  Undefined array key "ProductType" in /usr/home/beeson/public_html/helpwithmath/download.php on line 12, referer: http://www.helpwithmath.com/demo.php
[Fri Jul 28 10:55:56.564703 2023] [php:warn] [pid 77600] [client 192.136.116.2:32102] PHP Warning:  Undefined array key "ProductType" in /usr/home/beeson/public_html/helpwithmath/download2.php on line 27, referer: http://www.helpwithmath.com/download.php
[Fri Jul 28 10:55:56.564797 2023] [php:warn] [pid 77600] [client 192.136.116.2:32102] PHP Warning:  Undefined array key "WhichDisk" in /usr/home/beeson/public_html/helpwithmath/download2.php on line 28, referer: http://www.helpwithmath.com/download.php
[Fri Jul 28 10:55:56.564807 2023] [php:warn] [pid 77600] [client 192.136.116.2:32102] PHP Warning:  Undefined array key "Email" in /usr/home/beeson/public_html/helpwithmath/download2.php on line 29, referer: http://www.helpwithmath.com/download.php
[Fri Jul 28 10:55:56.564876 2023] [php:error] [pid 77600] [client 192.136.116.2:32102] PHP Fatal error:  Uncaught Error: Call to undefined function eregi() in /usr/home/beeson/public_html/helpwithmath/download2.php:16\nStack trace:\n#0 /usr/home/beeson/public_html/helpwithmath/download2.php(41): validate_email('')\n#1 {main}\n  thrown in /usr/home/beeson/public_html/helpwithmath/download2.php on line 16, referer: http://www.helpwithmath.com/download.php
[Fri Jul 28 10:56:19.151039 2023] [php:warn] [pid 74944] [client 192.136.116.2:55779] PHP Warning:  Undefined array key "WhichDisk" in /usr/home/beeson/public_html/helpwithmath/download.php on line 9
[Fri Jul 28 10:56:19.151080 2023] [php:warn] [pid 74944] [client 192.136.116.2:55779] PHP Warning:  Undefined array key "ProductType" in /usr/home/beeson/public_html/helpwithmath/download.php on line 12
[Fri Jul 28 10:56:23.111775 2023] [php:warn] [pid 73286] [client 192.136.116.2:28835] PHP Warning:  Undefined array key "ProductType" in /usr/home/beeson/public_html/helpwithmath/download2.php on line 27, referer: http://www.helpwithmath.com/download.php
[Fri Jul 28 10:56:23.111891 2023] [php:warn] [pid 73286] [client 192.136.116.2:28835] PHP Warning:  Undefined array key "WhichDisk" in /usr/home/beeson/public_html/helpwithmath/download2.php on line 28, referer: http://www.helpwithmath.com/download.php
[Fri Jul 28 10:56:23.111903 2023] [php:warn] [pid 73286] [client 192.136.116.2:28835] PHP Warning:  Undefined array key "Email" in /usr/home/beeson/public_html/helpwithmath/download2.php on line 29, referer: http://www.helpwithmath.com/download.php
[Fri Jul 28 10:56:23.111972 2023] [php:error] [pid 73286] [client 192.136.116.2:28835] PHP Fatal error:  Uncaught Error: Call to undefined function eregi() in /usr/home/beeson/public_html/helpwithmath/download2.php:16\nStack trace:\n#0 /usr/home/beeson/public_html/helpwithmath/download2.php(41): validate_email('')\n#1 {main}\n  thrown in /usr/home/beeson/public_html/helpwithmath/download2.php on line 16, referer: http://www.helpwithmath.com/download.php
[Fri Jul 28 10:56:32.243517 2023] [php:warn] [pid 77789] [client 192.136.116.2:41970] PHP Warning:  Undefined array key "WhichDisk" in /usr/home/beeson/public_html/helpwithmath/download.php on line 9
[Fri Jul 28 10:56:32.243553 2023] [php:warn] [pid 77789] [client 192.136.116.2:41970] PHP Warning:  Undefined array key "ProductType" in /usr/home/beeson/public_html/helpwithmath/download.php on line 12
[Fri Jul 28 10:56:35.899379 2023] [php:warn] [pid 77789] [client 192.136.116.2:41970] PHP Warning:  Undefined array key "ProductType" in /usr/home/beeson/public_html/helpwithmath/download2.php on line 27, referer: http://www.helpwithmath.com/download.php
[Fri Jul 28 10:56:35.899419 2023] [php:warn] [pid 77789] [client 192.136.116.2:41970] PHP Warning:  Undefined array key "WhichDisk" in /usr/home/beeson/public_html/helpwithmath/download2.php on line 28, referer: http://www.helpwithmath.com/download.php
[Fri Jul 28 10:56:35.899487 2023] [php:warn] [pid 77789] [client 192.136.116.2:41970] PHP Warning:  Undefined array key "Email" in /usr/home/beeson/public_html/helpwithmath/download2.php on line 29, referer: http://www.helpwithmath.com/download.php
[Fri Jul 28 10:56:35.899539 2023] [php:error] [pid 77789] [client 192.136.116.2:41970] PHP Fatal error:  Uncaught Error: Call to undefined function eregi() in /usr/home/beeson/public_html/helpwithmath/download2.php:16\nStack trace:\n#0 /usr/home/beeson/public_html/helpwithmath/download2.php(41): validate_email('')\n#1 {main}\n  thrown in /usr/home/beeson/public_html/helpwithmath/download2.php on line 16, referer: http://www.helpwithmath.com/download.php
[Fri Jul 28 10:56:43.581968 2023] [php:warn] [pid 77600] [client 192.136.116.2:14352] PHP Warning:  Undefined array key "include" in /usr/home/beeson/public_html/helpwithmath/index.php on line 23, referer: http://www.helpwithmath.com/download.php
[Fri Jul 28 10:57:02.943370 2023] [php:warn] [pid 70528] [client 192.136.116.2:19631] PHP Warning:  Undefined array key "WhichDisk" in /usr/home/beeson/public_html/helpwithmath/download.php on line 9, referer: http://www.helpwithmath.com/index.php
[Fri Jul 28 10:57:02.943407 2023] [php:warn] [pid 70528] [client 192.136.116.2:19631] PHP Warning:  Undefined array key "ProductType" in /usr/home/beeson/public_html/helpwithmath/download.php on line 12, referer: http://www.helpwithmath.com/index.php
[Fri Jul 28 10:57:13.960394 2023] [php:warn] [pid 41121] [client 192.136.116.2:8965] PHP Warning:  Undefined array key "ProductType" in /usr/home/beeson/public_html/helpwithmath/download2.php on line 27, referer: http://www.helpwithmath.com/download.php
[Fri Jul 28 10:57:13.960518 2023] [php:warn] [pid 41121] [client 192.136.116.2:8965] PHP Warning:  Undefined array key "WhichDisk" in /usr/home/beeson/public_html/helpwithmath/download2.php on line 28, referer: http://www.helpwithmath.com/download.php
[Fri Jul 28 10:57:13.960530 2023] [php:warn] [pid 41121] [client 192.136.116.2:8965] PHP Warning:  Undefined array key "Email" in /usr/home/beeson/public_html/helpwithmath/download2.php on line 29, referer: http://www.helpwithmath.com/download.php
[Fri Jul 28 10:57:13.960592 2023] [php:error] [pid 41121] [client 192.136.116.2:8965] PHP Fatal error:  Uncaught Error: Call to undefined function eregi() in /usr/home/beeson/public_html/helpwithmath/download2.php:16\nStack trace:\n#0 /usr/home/beeson/public_html/helpwithmath/download2.php(41): validate_email('')\n#1 {main}\n  thrown in /usr/home/beeson/public_html/helpwithmath/download2.php on line 16, referer: http://www.helpwithmath.com/download.php
[Fri Jul 28 10:59:37.363034 2023] [php:warn] [pid 45599] [client 52.167.144.72:23207] PHP Warning:  Undefined array key "HTTP_REFERER" in /usr/home/beeson/public_html/helpwithmath/index.php on line 10
[Fri Jul 28 10:59:37.363184 2023] [php:warn] [pid 45599] [client 52.167.144.72:23207] PHP Warning:  Undefined array key "include" in /usr/home/beeson/public_html/helpwithmath/index.php on line 23
[Fri Jul 28 11:00:14.011391 2023] [php:warn] [pid 77789] [client 192.136.116.2:32607] PHP Warning:  Undefined array key "ProductType" in /usr/home/beeson/public_html/helpwithmath/download2.php on line 27, referer: http://www.helpwithmath.com/download.php
[Fri Jul 28 11:00:14.011451 2023] [php:warn] [pid 77789] [client 192.136.116.2:32607] PHP Warning:  Undefined array key "WhichDisk" in /usr/home/beeson/public_html/helpwithmath/download2.php on line 28, referer: http://www.helpwithmath.com/download.php
[Fri Jul 28 11:00:14.011498 2023] [php:warn] [pid 77789] [client 192.136.116.2:32607] PHP Warning:  Undefined array key "Email" in /usr/home/beeson/public_html/helpwithmath/download2.php on line 29, referer: http://www.helpwithmath.com/download.php
[Fri Jul 28 11:00:14.011550 2023] [php:error] [pid 77789] [client 192.136.116.2:32607] PHP Fatal error:  Uncaught Error: Call to undefined function eregi() in /usr/home/beeson/public_html/helpwithmath/download2.php:16\nStack trace:\n#0 /usr/home/beeson/public_html/helpwithmath/download2.php(41): validate_email('')\n#1 {main}\n  thrown in /usr/home/beeson/public_html/helpwithmath/download2.php on line 16, referer: http://www.helpwithmath.com/download.php
[Fri Jul 28 11:00:23.620192 2023] [php:warn] [pid 51775] [client 192.136.116.2:26531] PHP Warning:  Undefined array key "ProductType" in /usr/home/beeson/public_html/helpwithmath/download2.php on line 27, referer: http://www.helpwithmath.com/
[Fri Jul 28 11:00:23.620277 2023] [php:warn] [pid 51775] [client 192.136.116.2:26531] PHP Warning:  Undefined array key "WhichDisk" in /usr/home/beeson/public_html/helpwithmath/download2.php on line 28, referer: http://www.helpwithmath.com/
[Fri Jul 28 11:00:23.620290 2023] [php:warn] [pid 51775] [client 192.136.116.2:26531] PHP Warning:  Undefined array key "Email" in /usr/home/beeson/public_html/helpwithmath/download2.php on line 29, referer: http://www.helpwithmath.com/
[Fri Jul 28 11:00:23.620348 2023] [php:error] [pid 51775] [client 192.136.116.2:26531] PHP Fatal error:  Uncaught Error: Call to undefined function eregi() in /usr/home/beeson/public_html/helpwithmath/download2.php:16\nStack trace:\n#0 /usr/home/beeson/public_html/helpwithmath/download2.php(41): validate_email('')\n#1 {main}\n  thrown in /usr/home/beeson/public_html/helpwithmath/download2.php on line 16, referer: http://www.helpwithmath.com/
[Fri Jul 28 11:01:34.062312 2023] [php:error] [pid 77600] [client 139.59.20.111:44872] script '/usr/home/beeson/public_html/helpwithmath/wp-login.php' not found or unable to stat
[Fri Jul 28 11:02:40.118764 2023] [php:warn] [pid 41121] [client 192.136.116.2:15773] PHP Warning:  Undefined array key "ProductType" in /usr/home/beeson/public_html/helpwithmath/download2.php on line 27, referer: http://www.helpwithmath.com/download.php
[Fri Jul 28 11:02:40.118919 2023] [php:warn] [pid 41121] [client 192.136.116.2:15773] PHP Warning:  Undefined array key "WhichDisk" in /usr/home/beeson/public_html/helpwithmath/download2.php on line 28, referer: http://www.helpwithmath.com/download.php
[Fri Jul 28 11:02:40.118930 2023] [php:warn] [pid 41121] [client 192.136.116.2:15773] PHP Warning:  Undefined array key "Email" in /usr/home/beeson/public_html/helpwithmath/download2.php on line 29, referer: http://www.helpwithmath.com/download.php
[Fri Jul 28 11:02:40.118970 2023] [php:error] [pid 41121] [client 192.136.116.2:15773] PHP Fatal error:  Uncaught Error: Call to undefined function eregi() in /usr/home/beeson/public_html/helpwithmath/download2.php:16\nStack trace:\n#0 /usr/home/beeson/public_html/helpwithmath/download2.php(41): validate_email('')\n#1 {main}\n  thrown in /usr/home/beeson/public_html/helpwithmath/download2.php on line 16, referer: http://www.helpwithmath.com/download.php
[Fri Jul 28 12:23:38.106884 2023] [php:warn] [pid 41121] [client 66.249.72.32:62702] PHP Warning:  Undefined array key "HTTP_REFERER" in /usr/home/beeson/public_html/helpwithmath/index.php on line 10
[Fri Jul 28 12:23:38.107228 2023] [php:warn] [pid 41121] [client 66.249.72.32:62702] PHP Warning:  Undefined array key "include" in /usr/home/beeson/public_html/helpwithmath/index.php on line 23
[Fri Jul 28 12:35:50.104242 2023] [php:warn] [pid 73286] [client 2.57.122.215:58396] PHP Warning:  Undefined array key "include" in /usr/home/beeson/public_html/helpwithmath/index.php on line 23, referer: http://helpwithmath.com
[Fri Jul 28 12:53:48.817410 2023] [php:warn] [pid 83945] [client 114.119.140.103:45295] PHP Warning:  require_once(PEAR.php): Failed to open stream: No such file or directory in /usr/local/share/pear/DB.php on line 30, referer: http://mathxpert.com/about.php?include=../English-ste.html
[Fri Jul 28 12:53:48.817654 2023] [php:error] [pid 83945] [client 114.119.140.103:45295] PHP Fatal error:  Uncaught Error: Failed opening required 'PEAR.php' (include_path='.:/usr/local/share/pear') in /usr/local/share/pear/DB.php:30\nStack trace:\n#0 /usr/home/beeson/public_html/helpwithmath/include/prices.php(2): require_once()\n#1 /usr/home/beeson/public_html/helpwithmath/about.php(28): include('/usr/home/beeso...')\n#2 {main}\n  thrown in /usr/local/share/pear/DB.php on line 30, referer: http://mathxpert.com/about.php?include=../English-ste.html
[Fri Jul 28 13:08:13.226034 2023] [php:warn] [pid 77789] [client 128.14.136.78:34308] PHP Warning:  Undefined array key "HTTP_REFERER" in /usr/home/beeson/public_html/helpwithmath/index.php on line 10
[Fri Jul 28 13:08:13.226206 2023] [php:warn] [pid 77789] [client 128.14.136.78:34308] PHP Warning:  Undefined array key "include" in /usr/home/beeson/public_html/helpwithmath/index.php on line 23
[Fri Jul 28 13:42:04.961189 2023] [php:warn] [pid 45599] [client 209.38.248.159:41792] PHP Warning:  Undefined array key "HTTP_REFERER" in /usr/home/beeson/public_html/helpwithmath/index.php on line 10
[Fri Jul 28 13:42:04.961352 2023] [php:warn] [pid 45599] [client 209.38.248.159:41792] PHP Warning:  Undefined array key "include" in /usr/home/beeson/public_html/helpwithmath/index.php on line 23
[Fri Jul 28 14:11:18.524374 2023] [php:warn] [pid 73286] [client 51.222.253.6:22876] PHP Warning:  Undefined array key "HTTP_REFERER" in /usr/home/beeson/public_html/helpwithmath/index.php on line 10
[Fri Jul 28 14:11:18.524515 2023] [php:warn] [pid 73286] [client 51.222.253.6:22876] PHP Warning:  Undefined array key "include" in /usr/home/beeson/public_html/helpwithmath/index.php on line 23
[Fri Jul 28 14:18:39.590037 2023] [php:warn] [pid 77600] [client 49.234.21.86:51238] PHP Warning:  Undefined array key "HTTP_REFERER" in /usr/home/beeson/public_html/helpwithmath/index.php on line 10
[Fri Jul 28 14:18:39.590181 2023] [php:warn] [pid 77600] [client 49.234.21.86:51238] PHP Warning:  Undefined array key "include" in /usr/home/beeson/public_html/helpwithmath/index.php on line 23
[Fri Jul 28 14:34:42.299713 2023] [php:warn] [pid 77600] [client 3.145.104.217:58774] PHP Warning:  Undefined array key "HTTP_REFERER" in /usr/home/beeson/public_html/helpwithmath/index.php on line 10
[Fri Jul 28 14:34:42.299858 2023] [php:warn] [pid 77600] [client 3.145.104.217:58774] PHP Warning:  Undefined array key "include" in /usr/home/beeson/public_html/helpwithmath/index.php on line 23
[Fri Jul 28 14:34:42.301703 2023] [php:warn] [pid 51775] [client 3.145.104.217:58776] PHP Warning:  Undefined array key "HTTP_REFERER" in /usr/home/beeson/public_html/helpwithmath/index.php on line 10
[Fri Jul 28 14:34:42.301739 2023] [php:warn] [pid 51775] [client 3.145.104.217:58776] PHP Warning:  Undefined array key "include" in /usr/home/beeson/public_html/helpwithmath/index.php on line 23
[Fri Jul 28 14:34:42.927291 2023] [php:warn] [pid 41121] [client 3.145.104.217:58812] PHP Warning:  Undefined array key "HTTP_REFERER" in /usr/home/beeson/public_html/helpwithmath/index.php on line 10
[Fri Jul 28 14:34:42.927340 2023] [php:warn] [pid 41121] [client 3.145.104.217:58812] PHP Warning:  Undefined array key "include" in /usr/home/beeson/public_html/helpwithmath/index.php on line 23
[Fri Jul 28 16:05:10.149351 2023] [php:error] [pid 74944] [client 14.226.152.153:61951] script '/usr/home/beeson/public_html/helpwithmath/xmlrpc.php' not found or unable to stat, referer: http://mathxpert.com/xmlrpc.php
[Fri Jul 28 16:10:35.472197 2023] [php:warn] [pid 41121] [client 54.89.162.255:50882] PHP Warning:  Undefined array key "HTTP_REFERER" in /usr/home/beeson/public_html/helpwithmath/index.php on line 10
[Fri Jul 28 16:10:35.472378 2023] [php:warn] [pid 41121] [client 54.89.162.255:50882] PHP Warning:  Undefined array key "include" in /usr/home/beeson/public_html/helpwithmath/index.php on line 23
[Fri Jul 28 16:37:53.189866 2023] [php:warn] [pid 51775] [client 64.71.131.243:58834] PHP Warning:  Undefined array key "include" in /usr/home/beeson/public_html/helpwithmath/index.php on line 23, referer: http://mathxpert.com/
[Fri Jul 28 16:38:47.664369 2023] [php:error] [pid 70528] [client 139.59.234.75:53477] script '/usr/home/beeson/public_html/helpwithmath/.well-known/dze.php' not found or unable to stat
[Fri Jul 28 16:38:47.836932 2023] [php:error] [pid 70528] [client 139.59.234.75:53477] script '/usr/home/beeson/public_html/helpwithmath/.well-known/pki-validation/ .php' not found or unable to stat
[Fri Jul 28 16:38:48.008234 2023] [php:error] [pid 70528] [client 139.59.234.75:53477] script '/usr/home/beeson/public_html/helpwithmath/.well-known/pki-validation/dx.php' not found or unable to stat
[Fri Jul 28 16:38:48.179642 2023] [php:error] [pid 70528] [client 139.59.234.75:53477] script '/usr/home/beeson/public_html/helpwithmath/.well-known/utchiha505.php' not found or unable to stat
[Fri Jul 28 16:38:48.351020 2023] [php:error] [pid 70528] [client 139.59.234.75:53477] script '/usr/home/beeson/public_html/helpwithmath/01.php' not found or unable to stat
[Fri Jul 28 16:38:48.522282 2023] [php:error] [pid 70528] [client 139.59.234.75:53477] script '/usr/home/beeson/public_html/helpwithmath/02.php' not found or unable to stat
[Fri Jul 28 16:38:48.693697 2023] [php:error] [pid 70528] [client 139.59.234.75:53477] script '/usr/home/beeson/public_html/helpwithmath/0z.php' not found or unable to stat
[Fri Jul 28 16:38:48.865075 2023] [php:error] [pid 70528] [client 139.59.234.75:53477] script '/usr/home/beeson/public_html/helpwithmath/1.php' not found or unable to stat
[Fri Jul 28 16:38:49.036379 2023] [php:error] [pid 70528] [client 139.59.234.75:53477] script '/usr/home/beeson/public_html/helpwithmath/1337.php' not found or unable to stat
[Fri Jul 28 16:38:49.207826 2023] [php:error] [pid 70528] [client 139.59.234.75:53477] script '/usr/home/beeson/public_html/helpwithmath/1h6j5.php' not found or unable to stat
[Fri Jul 28 16:38:49.379098 2023] [php:error] [pid 70528] [client 139.59.234.75:53477] script '/usr/home/beeson/public_html/helpwithmath/1index.php' not found or unable to stat
[Fri Jul 28 16:38:49.550428 2023] [php:error] [pid 70528] [client 139.59.234.75:53477] script '/usr/home/beeson/public_html/helpwithmath/1index.php' not found or unable to stat
[Fri Jul 28 16:38:49.721772 2023] [php:error] [pid 70528] [client 139.59.234.75:53477] script '/usr/home/beeson/public_html/helpwithmath/2index.php' not found or unable to stat
[Fri Jul 28 16:38:49.893278 2023] [php:error] [pid 70528] [client 139.59.234.75:53477] script '/usr/home/beeson/public_html/helpwithmath/2index.php' not found or unable to stat
[Fri Jul 28 16:38:50.064554 2023] [php:error] [pid 70528] [client 139.59.234.75:53477] script '/usr/home/beeson/public_html/helpwithmath/3index.php' not found or unable to stat
[Fri Jul 28 16:38:50.235908 2023] [php:error] [pid 70528] [client 139.59.234.75:53477] script '/usr/home/beeson/public_html/helpwithmath/3x.php' not found or unable to stat
[Fri Jul 28 16:38:50.407508 2023] [php:error] [pid 70528] [client 139.59.234.75:53477] script '/usr/home/beeson/public_html/helpwithmath/403.php' not found or unable to stat
[Fri Jul 28 16:38:50.578900 2023] [php:error] [pid 70528] [client 139.59.234.75:53477] script '/usr/home/beeson/public_html/helpwithmath/404.php' not found or unable to stat
[Fri Jul 28 16:38:50.750188 2023] [php:error] [pid 70528] [client 139.59.234.75:53477] script '/usr/home/beeson/public_html/helpwithmath/4price.php' not found or unable to stat
[Fri Jul 28 16:38:50.922089 2023] [php:warn] [pid 70528] [client 139.59.234.75:53477] PHP Warning:  Undefined array key "include" in /usr/home/beeson/public_html/helpwithmath/about.php on line 23
[Fri Jul 28 16:38:51.093790 2023] [php:error] [pid 70528] [client 139.59.234.75:53477] script '/usr/home/beeson/public_html/helpwithmath/admin.php' not found or unable to stat
[Fri Jul 28 16:38:51.436492 2023] [php:error] [pid 70528] [client 139.59.234.75:53477] script '/usr/home/beeson/public_html/helpwithmath/alfa.php' not found or unable to stat
[Fri Jul 28 16:38:51.779087 2023] [php:error] [pid 70528] [client 139.59.234.75:53477] script '/usr/home/beeson/public_html/helpwithmath/autoload_classmap.php' not found or unable to stat
[Fri Jul 28 16:38:51.950486 2023] [php:error] [pid 70528] [client 139.59.234.75:53477] script '/usr/home/beeson/public_html/helpwithmath/baindex.php' not found or unable to stat
[Fri Jul 28 16:38:52.121788 2023] [php:error] [pid 70528] [client 139.59.234.75:53477] script '/usr/home/beeson/public_html/helpwithmath/C.php' not found or unable to stat
[Fri Jul 28 16:38:52.293120 2023] [php:error] [pid 70528] [client 139.59.234.75:53477] script '/usr/home/beeson/public_html/helpwithmath/c.php' not found or unable to stat
[Fri Jul 28 16:38:52.464543 2023] [php:error] [pid 70528] [client 139.59.234.75:53477] script '/usr/home/beeson/public_html/helpwithmath/crypted.php' not found or unable to stat
[Fri Jul 28 16:38:52.807276 2023] [php:error] [pid 70528] [client 139.59.234.75:53477] script '/usr/home/beeson/public_html/helpwithmath/Deadcode1975xxxxxxxxxxxxxxxxxxxxxxxxxxxx.php' not found or unable to stat
[Fri Jul 28 16:38:52.978576 2023] [php:error] [pid 70528] [client 139.59.234.75:53477] script '/usr/home/beeson/public_html/helpwithmath/DKIZ.php' not found or unable to stat
[Fri Jul 28 16:38:53.149855 2023] [php:error] [pid 70528] [client 139.59.234.75:53477] script '/usr/home/beeson/public_html/helpwithmath/doc.php' not found or unable to stat
[Fri Jul 28 16:38:53.321386 2023] [php:error] [pid 70528] [client 139.59.234.75:53477] script '/usr/home/beeson/public_html/helpwithmath/fw.php' not found or unable to stat
[Fri Jul 28 16:38:53.492960 2023] [php:error] [pid 70528] [client 139.59.234.75:53477] script '/usr/home/beeson/public_html/helpwithmath/good.php' not found or unable to stat
[Fri Jul 28 16:38:53.664289 2023] [php:error] [pid 70528] [client 139.59.234.75:53477] script '/usr/home/beeson/public_html/helpwithmath/google.php' not found or unable to stat
[Fri Jul 28 16:38:53.835546 2023] [php:error] [pid 70528] [client 139.59.234.75:53477] script '/usr/home/beeson/public_html/helpwithmath/haxor.php' not found or unable to stat
[Fri Jul 28 16:38:54.006829 2023] [php:error] [pid 70528] [client 139.59.234.75:53477] script '/usr/home/beeson/public_html/helpwithmath/hehe.php' not found or unable to stat
[Fri Jul 28 16:38:54.692029 2023] [php:error] [pid 70528] [client 139.59.234.75:53477] script '/usr/home/beeson/public_html/helpwithmath/ini.php' not found or unable to stat
[Fri Jul 28 16:38:54.863224 2023] [php:error] [pid 70528] [client 139.59.234.75:53477] script '/usr/home/beeson/public_html/helpwithmath/lock360.php' not found or unable to stat
[Fri Jul 28 16:38:55.034542 2023] [php:error] [pid 70528] [client 139.59.234.75:53477] script '/usr/home/beeson/public_html/helpwithmath/lufix.php' not found or unable to stat
[Fri Jul 28 16:38:55.205906 2023] [php:error] [pid 70528] [client 139.59.234.75:53477] script '/usr/home/beeson/public_html/helpwithmath/mad.php' not found or unable to stat
[Fri Jul 28 16:38:55.377276 2023] [php:error] [pid 70528] [client 139.59.234.75:53477] script '/usr/home/beeson/public_html/helpwithmath/marijuana.php' not found or unable to stat
[Fri Jul 28 16:38:55.548683 2023] [php:error] [pid 70528] [client 139.59.234.75:53477] script '/usr/home/beeson/public_html/helpwithmath/mass.php' not found or unable to stat
[Fri Jul 28 16:38:55.720128 2023] [php:error] [pid 70528] [client 139.59.234.75:53477] script '/usr/home/beeson/public_html/helpwithmath/media-admin.php' not found or unable to stat
[Fri Jul 28 16:38:55.891598 2023] [php:error] [pid 70528] [client 139.59.234.75:53477] script '/usr/home/beeson/public_html/helpwithmath/mini.php' not found or unable to stat
[Fri Jul 28 16:38:56.062935 2023] [php:error] [pid 70528] [client 139.59.234.75:53477] script '/usr/home/beeson/public_html/helpwithmath/mininew.php' not found or unable to stat
[Fri Jul 28 16:38:56.234475 2023] [php:error] [pid 70528] [client 139.59.234.75:53477] script '/usr/home/beeson/public_html/helpwithmath/new-index.php' not found or unable to stat
[Fri Jul 28 16:38:56.405990 2023] [php:error] [pid 70528] [client 139.59.234.75:53477] script '/usr/home/beeson/public_html/helpwithmath/old-index.php' not found or unable to stat
[Fri Jul 28 16:38:56.577382 2023] [php:error] [pid 70528] [client 139.59.234.75:53477] script '/usr/home/beeson/public_html/helpwithmath/payout.php' not found or unable to stat
[Fri Jul 28 16:38:56.748580 2023] [php:error] [pid 70528] [client 139.59.234.75:53477] script '/usr/home/beeson/public_html/helpwithmath/pi.php' not found or unable to stat
[Fri Jul 28 16:38:56.919968 2023] [php:error] [pid 70528] [client 139.59.234.75:53477] script '/usr/home/beeson/public_html/helpwithmath/priv8.php' not found or unable to stat
[Fri Jul 28 16:38:57.091302 2023] [php:error] [pid 70528] [client 139.59.234.75:53477] script '/usr/home/beeson/public_html/helpwithmath/R00T.php' not found or unable to stat
[Fri Jul 28 16:38:57.262616 2023] [php:error] [pid 70528] [client 139.59.234.75:53477] script '/usr/home/beeson/public_html/helpwithmath/radio.php' not found or unable to stat
[Fri Jul 28 16:38:57.434116 2023] [php:error] [pid 70528] [client 139.59.234.75:53477] script '/usr/home/beeson/public_html/helpwithmath/reminder.php' not found or unable to stat
[Fri Jul 28 16:38:57.605524 2023] [php:error] [pid 70528] [client 139.59.234.75:53477] script '/usr/home/beeson/public_html/helpwithmath/screenshot_1.php' not found or unable to stat
[Fri Jul 28 16:38:57.776974 2023] [php:error] [pid 70528] [client 139.59.234.75:53477] script '/usr/home/beeson/public_html/helpwithmath/shell.php' not found or unable to stat
[Fri Jul 28 16:38:57.948339 2023] [php:error] [pid 70528] [client 139.59.234.75:53477] script '/usr/home/beeson/public_html/helpwithmath/small.php' not found or unable to stat
[Fri Jul 28 16:38:58.119655 2023] [php:error] [pid 70528] [client 139.59.234.75:53477] script '/usr/home/beeson/public_html/helpwithmath/srx.php' not found or unable to stat
[Fri Jul 28 16:38:58.291085 2023] [php:error] [pid 70528] [client 139.59.234.75:53477] script '/usr/home/beeson/public_html/helpwithmath/up-kon.php' not found or unable to stat
