[Wed Aug 20 14:28:52.689635 2025] [php:error] [pid 75215] [client 185.177.72.46:61948] script '/usr/home/beeson/public_html/db.php' not found or unable to stat
[Wed Aug 20 14:29:01.604746 2025] [php:error] [pid 75215] [client 185.177.72.46:61948] script '/usr/home/beeson/public_html/debug.php' not found or unable to stat
[Wed Aug 20 14:29:45.120132 2025] [php:error] [pid 79517] [client 185.177.72.46:24416] script '/usr/home/beeson/public_html/execute.php' not found or unable to stat
[Wed Aug 20 14:30:20.751041 2025] [php:error] [pid 79517] [client 185.177.72.46:24416] script '/usr/home/beeson/public_html/index-dev.php' not found or unable to stat
[Wed Aug 20 14:30:22.096309 2025] [php:error] [pid 79517] [client 185.177.72.46:24416] script '/usr/home/beeson/public_html/index.bak.php' not found or unable to stat
[Wed Aug 20 14:30:25.601512 2025] [php:error] [pid 79517] [client 185.177.72.46:24416] script '/usr/home/beeson/public_html/index.old.php' not found or unable to stat
[Wed Aug 20 14:30:26.323561 2025] [php:error] [pid 79517] [client 185.177.72.46:24416] script '/usr/home/beeson/public_html/info.php' not found or unable to stat
[Wed Aug 20 14:30:27.557305 2025] [php:error] [pid 79517] [client 185.177.72.46:24416] script '/usr/home/beeson/public_html/init.php' not found or unable to stat
[Wed Aug 20 14:31:31.938692 2025] [php:error] [pid 79517] [client 185.177.72.46:24416] script '/usr/home/beeson/public_html/login.bak.php' not found or unable to stat
[Wed Aug 20 14:31:33.182463 2025] [php:error] [pid 79517] [client 185.177.72.46:24416] script '/usr/home/beeson/public_html/login.old.php' not found or unable to stat
[Wed Aug 20 14:31:37.335074 2025] [php:error] [pid 79517] [client 185.177.72.46:24416] script '/usr/home/beeson/public_html/mail-config.php' not found or unable to stat
[Wed Aug 20 14:31:38.581592 2025] [php:error] [pid 79517] [client 185.177.72.46:24416] script '/usr/home/beeson/public_html/mail.php' not found or unable to stat
[Wed Aug 20 14:32:51.706407 2025] [php:error] [pid 26914] [client 185.177.72.46:28352] script '/usr/home/beeson/public_html/phpinfo.php' not found or unable to stat
[Wed Aug 20 14:33:31.357864 2025] [php:error] [pid 26914] [client 185.177.72.46:28352] script '/usr/home/beeson/public_html/rce.php' not found or unable to stat
[Wed Aug 20 14:33:36.940829 2025] [php:error] [pid 26914] [client 185.177.72.46:28352] script '/usr/home/beeson/public_html/run.php' not found or unable to stat
[Wed Aug 20 14:34:24.260360 2025] [php:error] [pid 75215] [client 185.177.72.46:47400] script '/usr/home/beeson/public_html/sendgrid.php' not found or unable to stat
[Wed Aug 20 14:34:29.722415 2025] [php:error] [pid 75215] [client 185.177.72.46:47400] script '/usr/home/beeson/public_html/server-info.php' not found or unable to stat
[Wed Aug 20 14:34:38.473415 2025] [php:error] [pid 75215] [client 185.177.72.46:47400] script '/usr/home/beeson/public_html/server_info.php' not found or unable to stat
[Wed Aug 20 14:34:43.969405 2025] [php:error] [pid 75215] [client 185.177.72.46:47400] script '/usr/home/beeson/public_html/ses_config.php' not found or unable to stat
[Wed Aug 20 14:34:52.986066 2025] [php:error] [pid 75215] [client 185.177.72.46:47400] script '/usr/home/beeson/public_html/settings.php' not found or unable to stat
[Wed Aug 20 14:34:55.510751 2025] [php:error] [pid 75215] [client 185.177.72.46:47400] script '/usr/home/beeson/public_html/setup.php' not found or unable to stat
[Wed Aug 20 14:34:59.743330 2025] [php:error] [pid 75215] [client 185.177.72.46:47400] script '/usr/home/beeson/public_html/shell.php' not found or unable to stat
[Wed Aug 20 14:37:30.809726 2025] [php:error] [pid 72471] [client 185.177.72.46:63792] script '/usr/home/beeson/public_html/terminal.php' not found or unable to stat
[Wed Aug 20 14:37:33.329887 2025] [php:error] [pid 72471] [client 185.177.72.46:63792] script '/usr/home/beeson/public_html/test.php' not found or unable to stat
[Wed Aug 20 14:39:28.012905 2025] [php:error] [pid 26946] [client 185.177.72.46:18606] script '/usr/home/beeson/public_html/wp-config.php' not found or unable to stat
[Wed Aug 20 19:35:10.735449 2025] [php:error] [pid 23913] [client 152.42.230.234:49080] script '/usr/home/beeson/public_html/database.php' not found or unable to stat
[Wed Aug 20 19:35:10.737094 2025] [php:error] [pid 659] [client 152.42.230.234:49040] script '/usr/home/beeson/public_html/db.php' not found or unable to stat
[Wed Aug 20 19:35:10.918373 2025] [php:error] [pid 23913] [client 152.42.230.234:49080] script '/usr/home/beeson/public_html/database.php' not found or unable to stat
[Wed Aug 20 19:35:10.918733 2025] [php:error] [pid 659] [client 152.42.230.234:49040] script '/usr/home/beeson/public_html/db.php' not found or unable to stat
[Wed Aug 20 19:35:11.182326 2025] [php:error] [pid 75215] [client 152.42.230.234:49028] script '/usr/home/beeson/public_html/dbconfig.php' not found or unable to stat
[Wed Aug 20 19:35:11.360147 2025] [php:error] [pid 75215] [client 152.42.230.234:49028] script '/usr/home/beeson/public_html/dbconfig.php' not found or unable to stat
[Wed Aug 20 19:35:11.652744 2025] [php:error] [pid 29631] [client 152.42.230.234:49078] script '/usr/home/beeson/public_html/wp-config.php' not found or unable to stat
[Wed Aug 20 19:35:11.829909 2025] [php:error] [pid 29631] [client 152.42.230.234:49078] script '/usr/home/beeson/public_html/wp-config.php' not found or unable to stat
[Wed Aug 20 19:35:12.568648 2025] [php:error] [pid 23913] [client 152.42.230.234:49080] script '/usr/home/beeson/public_html/phpinfo.php' not found or unable to stat
[Wed Aug 20 19:35:12.570050 2025] [php:error] [pid 29631] [client 152.42.230.234:49078] script '/usr/home/beeson/public_html/info.php' not found or unable to stat
[Wed Aug 20 19:35:12.571284 2025] [php:error] [pid 79577] [client 152.42.230.234:49050] script '/usr/home/beeson/public_html/php_info.php' not found or unable to stat
[Wed Aug 20 19:35:12.571503 2025] [php:error] [pid 659] [client 152.42.230.234:49040] script '/usr/home/beeson/public_html/server_info.php' not found or unable to stat
[Wed Aug 20 19:35:12.746279 2025] [php:error] [pid 29631] [client 152.42.230.234:49078] script '/usr/home/beeson/public_html/info.php' not found or unable to stat
[Wed Aug 20 19:35:12.747318 2025] [php:error] [pid 79577] [client 152.42.230.234:49050] script '/usr/home/beeson/public_html/php_info.php' not found or unable to stat
[Wed Aug 20 19:35:12.749911 2025] [php:error] [pid 23913] [client 152.42.230.234:49080] script '/usr/home/beeson/public_html/phpinfo.php' not found or unable to stat
[Wed Aug 20 19:35:12.751969 2025] [php:error] [pid 659] [client 152.42.230.234:49040] script '/usr/home/beeson/public_html/server_info.php' not found or unable to stat
[Wed Aug 20 19:35:13.021355 2025] [php:error] [pid 79577] [client 152.42.230.234:49050] script '/usr/home/beeson/public_html/phpinfodev.php' not found or unable to stat
[Wed Aug 20 19:35:13.021397 2025] [php:error] [pid 29631] [client 152.42.230.234:49078] script '/usr/home/beeson/public_html/phpsysinfo.php' not found or unable to stat
[Wed Aug 20 19:35:13.033804 2025] [php:error] [pid 39756] [client 152.42.230.234:49022] script '/usr/home/beeson/public_html/test.php' not found or unable to stat
[Wed Aug 20 19:35:13.065496 2025] [php:error] [pid 56812] [client 152.42.230.234:49016] script '/usr/home/beeson/public_html/debug.php' not found or unable to stat
[Wed Aug 20 19:35:13.197546 2025] [php:error] [pid 79577] [client 152.42.230.234:49050] script '/usr/home/beeson/public_html/phpinfodev.php' not found or unable to stat
[Wed Aug 20 19:35:13.197557 2025] [php:error] [pid 29631] [client 152.42.230.234:49078] script '/usr/home/beeson/public_html/phpsysinfo.php' not found or unable to stat
[Wed Aug 20 19:35:13.209753 2025] [php:error] [pid 39756] [client 152.42.230.234:49022] script '/usr/home/beeson/public_html/test.php' not found or unable to stat
[Wed Aug 20 19:35:13.242425 2025] [php:error] [pid 56812] [client 152.42.230.234:49016] script '/usr/home/beeson/public_html/debug.php' not found or unable to stat
[Wed Aug 20 19:35:13.483591 2025] [php:error] [pid 682] [client 152.42.230.234:49030] script '/usr/home/beeson/public_html/phpversion.php' not found or unable to stat
[Wed Aug 20 19:35:13.487108 2025] [php:error] [pid 659] [client 152.42.230.234:49040] script '/usr/home/beeson/public_html/pinfo.php' not found or unable to stat
[Wed Aug 20 19:35:13.487721 2025] [php:error] [pid 79577] [client 152.42.230.234:49050] script '/usr/home/beeson/public_html/test_info.php' not found or unable to stat
[Wed Aug 20 19:35:13.490992 2025] [php:error] [pid 29631] [client 152.42.230.234:49078] script '/usr/home/beeson/public_html/system_info.php' not found or unable to stat
[Wed Aug 20 19:35:13.660071 2025] [php:error] [pid 682] [client 152.42.230.234:49030] script '/usr/home/beeson/public_html/phpversion.php' not found or unable to stat
[Wed Aug 20 19:35:13.663872 2025] [php:error] [pid 79577] [client 152.42.230.234:49050] script '/usr/home/beeson/public_html/test_info.php' not found or unable to stat
[Wed Aug 20 19:35:13.667417 2025] [php:error] [pid 29631] [client 152.42.230.234:49078] script '/usr/home/beeson/public_html/system_info.php' not found or unable to stat
[Wed Aug 20 19:35:13.667952 2025] [php:error] [pid 659] [client 152.42.230.234:49040] script '/usr/home/beeson/public_html/pinfo.php' not found or unable to stat
[Wed Aug 20 19:35:14.384951 2025] [php:error] [pid 681] [client 152.42.230.234:49062] script '/usr/home/beeson/public_html/index.php' not found or unable to stat
[Wed Aug 20 19:35:14.398520 2025] [php:error] [pid 682] [client 152.42.230.234:49030] script '/usr/home/beeson/public_html/main.php' not found or unable to stat
[Wed Aug 20 19:35:14.400759 2025] [php:error] [pid 79577] [client 152.42.230.234:49050] script '/usr/home/beeson/public_html/web.php' not found or unable to stat
[Wed Aug 20 19:35:14.566235 2025] [php:error] [pid 681] [client 152.42.230.234:49062] script '/usr/home/beeson/public_html/index.php' not found or unable to stat
[Wed Aug 20 19:35:14.574596 2025] [php:error] [pid 682] [client 152.42.230.234:49030] script '/usr/home/beeson/public_html/main.php' not found or unable to stat
[Wed Aug 20 19:35:14.576824 2025] [php:error] [pid 79577] [client 152.42.230.234:49050] script '/usr/home/beeson/public_html/web.php' not found or unable to stat
[Wed Aug 20 19:35:15.766369 2025] [php:error] [pid 23913] [client 152.42.230.234:49080] script '/usr/home/beeson/public_html/config.php' not found or unable to stat
[Wed Aug 20 19:35:15.770662 2025] [php:error] [pid 26946] [client 152.42.230.234:49026] script '/usr/home/beeson/public_html/functions.php' not found or unable to stat
[Wed Aug 20 19:35:15.771523 2025] [php:error] [pid 79577] [client 152.42.230.234:49050] script '/usr/home/beeson/public_html/settings.php' not found or unable to stat
[Wed Aug 20 19:35:15.773727 2025] [php:error] [pid 681] [client 152.42.230.234:49062] script '/usr/home/beeson/public_html/configuration.php' not found or unable to stat
[Wed Aug 20 19:35:15.946721 2025] [php:error] [pid 26946] [client 152.42.230.234:49026] script '/usr/home/beeson/public_html/functions.php' not found or unable to stat
[Wed Aug 20 19:35:15.947895 2025] [php:error] [pid 23913] [client 152.42.230.234:49080] script '/usr/home/beeson/public_html/settings.php' not found or unable to stat
[Wed Aug 20 19:35:15.948008 2025] [php:error] [pid 79577] [client 152.42.230.234:49050] script '/usr/home/beeson/public_html/config.php' not found or unable to stat
[Wed Aug 20 19:35:15.955194 2025] [php:error] [pid 681] [client 152.42.230.234:49062] script '/usr/home/beeson/public_html/configuration.php' not found or unable to stat
[Wed Aug 20 19:48:30.547333 2025] [core:error] [pid 681] [client 51.68.21.140:57894] AH10244: invalid URI path (/cgi-bin/.%2e/.%2e/.%2e/.%2e/.%2e/.%2e/.%2e/.%2e/.%2e/.%2e/bin/sh)
[Wed Aug 20 19:48:30.949081 2025] [core:error] [pid 79577] [client 51.68.21.140:57898] AH10244: invalid URI path (/cgi-bin/%%32%65%%32%65/%%32%65%%32%65/%%32%65%%32%65/%%32%65%%32%65/%%32%65%%32%65/%%32%65%%32%65/%%32%65%%32%65/bin/sh)
[Wed Aug 20 19:48:41.010238 2025] [php:error] [pid 23913] [client 51.68.21.140:57906] script '/usr/home/beeson/public_html/index.php' not found or unable to stat
[Wed Aug 20 19:48:41.365326 2025] [php:error] [pid 23913] [client 51.68.21.140:57906] script '/usr/home/beeson/public_html/index.php' not found or unable to stat
[Wed Aug 20 19:48:41.524253 2025] [php:error] [pid 23913] [client 51.68.21.140:57906] script '/usr/home/beeson/public_html/index.php' not found or unable to stat
[Wed Aug 20 20:17:31.961286 2025] [core:error] [pid 39756] [client 185.177.72.46:49108] AH10244: invalid URI path (/%2e%2e/%2e%2e/etc/passwd)
[Wed Aug 20 20:20:26.039213 2025] [authz_core:error] [pid 29631] [client 185.177.72.46:37544] AH01630: client denied by server configuration: /usr/home/beeson/public_html/.htaccess
[Wed Aug 20 20:20:27.237591 2025] [authz_core:error] [pid 29631] [client 185.177.72.46:37544] AH01630: client denied by server configuration: /usr/home/beeson/public_html/.htpasswd
[Wed Aug 20 20:21:04.903292 2025] [core:error] [pid 29631] [client 185.177.72.46:37544] AH10244: invalid URI path (//1.1.1.1/../../../etc/passwd)
[Wed Aug 20 20:21:43.501024 2025] [php:error] [pid 659] [client 185.177.72.46:34828] script '/usr/home/beeson/public_html/_phpinfo.php' not found or unable to stat
[Wed Aug 20 20:25:16.870123 2025] [php:error] [pid 75215] [client 185.177.72.46:10738] script '/usr/home/beeson/public_html/app_dev.php' not found or unable to stat
[Wed Aug 20 20:28:24.705308 2025] [php:error] [pid 23950] [client 185.177.72.46:48392] script '/usr/home/beeson/public_html/bash.php' not found or unable to stat
[Wed Aug 20 20:28:49.086007 2025] [php:error] [pid 23950] [client 185.177.72.46:48392] script '/usr/home/beeson/public_html/command.php' not found or unable to stat
[Wed Aug 20 20:28:59.218533 2025] [php:error] [pid 23950] [client 185.177.72.46:48392] script '/usr/home/beeson/public_html/config.inc.php' not found or unable to stat
[Wed Aug 20 20:29:04.264004 2025] [php:error] [pid 23950] [client 185.177.72.46:48392] script '/usr/home/beeson/public_html/config.php' not found or unable to stat
[Wed Aug 20 20:30:47.602268 2025] [php:error] [pid 682] [client 185.177.72.46:39402] script '/usr/home/beeson/public_html/console.php' not found or unable to stat
[Wed Aug 20 20:31:54.184124 2025] [php:error] [pid 682] [client 185.177.72.46:39402] script '/usr/home/beeson/public_html/database.php' not found or unable to stat
[Wed Aug 20 20:32:00.019820 2025] [php:error] [pid 682] [client 185.177.72.46:39402] script '/usr/home/beeson/public_html/db.php' not found or unable to stat
[Wed Aug 20 20:32:08.861066 2025] [php:error] [pid 39756] [client 185.177.72.46:18916] script '/usr/home/beeson/public_html/debug.php' not found or unable to stat
[Wed Aug 20 20:32:51.210354 2025] [php:error] [pid 39756] [client 185.177.72.46:18916] script '/usr/home/beeson/public_html/execute.php' not found or unable to stat
[Wed Aug 20 20:33:23.860909 2025] [php:error] [pid 39756] [client 185.177.72.46:18916] script '/usr/home/beeson/public_html/index-dev.php' not found or unable to stat
[Wed Aug 20 20:33:24.975397 2025] [php:error] [pid 39756] [client 185.177.72.46:18916] script '/usr/home/beeson/public_html/index.bak.php' not found or unable to stat
[Wed Aug 20 20:33:29.001904 2025] [php:error] [pid 39756] [client 185.177.72.46:18916] script '/usr/home/beeson/public_html/index.old.php' not found or unable to stat
[Wed Aug 20 20:33:30.152836 2025] [php:error] [pid 39756] [client 185.177.72.46:18916] script '/usr/home/beeson/public_html/info.php' not found or unable to stat
[Wed Aug 20 20:33:31.769770 2025] [php:error] [pid 39756] [client 185.177.72.46:18916] script '/usr/home/beeson/public_html/init.php' not found or unable to stat
[Wed Aug 20 20:34:28.855615 2025] [php:error] [pid 682] [client 185.177.72.46:50530] script '/usr/home/beeson/public_html/login.bak.php' not found or unable to stat
[Wed Aug 20 20:34:30.207988 2025] [php:error] [pid 682] [client 185.177.72.46:50530] script '/usr/home/beeson/public_html/login.old.php' not found or unable to stat
[Wed Aug 20 20:34:33.916313 2025] [php:error] [pid 682] [client 185.177.72.46:50530] script '/usr/home/beeson/public_html/mail-config.php' not found or unable to stat
[Wed Aug 20 20:34:35.368167 2025] [php:error] [pid 682] [client 185.177.72.46:50530] script '/usr/home/beeson/public_html/mail.php' not found or unable to stat
[Wed Aug 20 20:34:38.938440 2025] [php:error] [pid 682] [client 185.177.72.46:50530] script '/usr/home/beeson/public_html/mailer_config.php' not found or unable to stat
[Wed Aug 20 20:35:41.916274 2025] [php:error] [pid 682] [client 185.177.72.46:50530] script '/usr/home/beeson/public_html/phpinfo.php' not found or unable to stat
[Wed Aug 20 20:36:19.218952 2025] [php:error] [pid 682] [client 185.177.72.46:50530] script '/usr/home/beeson/public_html/rce.php' not found or unable to stat
[Wed Aug 20 20:37:06.598816 2025] [php:error] [pid 23950] [client 185.177.72.46:5746] script '/usr/home/beeson/public_html/sendgrid.php' not found or unable to stat
[Wed Aug 20 20:37:11.652439 2025] [php:error] [pid 23950] [client 185.177.72.46:5746] script '/usr/home/beeson/public_html/server-info.php' not found or unable to stat
[Wed Aug 20 20:37:19.569381 2025] [php:error] [pid 23950] [client 185.177.72.46:5746] script '/usr/home/beeson/public_html/server_info.php' not found or unable to stat
[Wed Aug 20 20:37:24.695294 2025] [php:error] [pid 23950] [client 185.177.72.46:5746] script '/usr/home/beeson/public_html/ses_config.php' not found or unable to stat
[Wed Aug 20 20:37:32.033147 2025] [php:error] [pid 23950] [client 185.177.72.46:5746] script '/usr/home/beeson/public_html/settings.php' not found or unable to stat
[Wed Aug 20 20:37:34.949619 2025] [php:error] [pid 23950] [client 185.177.72.46:5746] script '/usr/home/beeson/public_html/setup.php' not found or unable to stat
[Wed Aug 20 20:37:38.977718 2025] [php:error] [pid 23950] [client 185.177.72.46:5746] script '/usr/home/beeson/public_html/shell.php' not found or unable to stat
[Wed Aug 20 20:39:56.729910 2025] [php:error] [pid 79577] [client 185.177.72.46:17742] script '/usr/home/beeson/public_html/terminal.php' not found or unable to stat
[Wed Aug 20 20:39:59.138650 2025] [php:error] [pid 79577] [client 185.177.72.46:17742] script '/usr/home/beeson/public_html/test.php' not found or unable to stat
[Wed Aug 20 20:41:47.251199 2025] [php:error] [pid 682] [client 185.177.72.46:55036] script '/usr/home/beeson/public_html/wp-config.php' not found or unable to stat
[Wed Aug 20 23:14:59.842654 2025] [php:error] [pid 42515] [client 185.177.72.10:9274] script '/usr/home/beeson/public_html/configuration.php' not found or unable to stat
[Wed Aug 20 23:15:13.623632 2025] [php:error] [pid 42515] [client 185.177.72.10:9274] script '/usr/home/beeson/public_html/adminer.php' not found or unable to stat
[Wed Aug 20 23:15:13.803451 2025] [php:error] [pid 42515] [client 185.177.72.10:9274] script '/usr/home/beeson/public_html/setup.php' not found or unable to stat
[Wed Aug 20 23:15:13.983259 2025] [php:error] [pid 42515] [client 185.177.72.10:9274] script '/usr/home/beeson/public_html/install.php' not found or unable to stat
[Wed Aug 20 23:15:18.214001 2025] [authz_core:error] [pid 42515] [client 185.177.72.10:9274] AH01630: client denied by server configuration: /usr/home/beeson/public_html/.htpasswd
[Wed Aug 20 23:15:18.393787 2025] [authz_core:error] [pid 42515] [client 185.177.72.10:9274] AH01630: client denied by server configuration: /usr/home/beeson/public_html/.htaccess
[Wed Aug 20 23:15:19.609952 2025] [php:error] [pid 42515] [client 185.177.72.10:9274] script '/usr/home/beeson/public_html/adminer-4.7.8.php' not found or unable to stat
[Wed Aug 20 23:15:19.797175 2025] [php:error] [pid 42515] [client 185.177.72.10:9274] script '/usr/home/beeson/public_html/adminer-4.8.1.php' not found or unable to stat
[Wed Aug 20 23:15:19.978147 2025] [php:error] [pid 42515] [client 185.177.72.10:9274] script '/usr/home/beeson/public_html/adminer-4.9.0.php' not found or unable to stat
[Wed Aug 20 23:15:20.157969 2025] [php:error] [pid 42515] [client 185.177.72.10:9274] script '/usr/home/beeson/public_html/adminer-4.9.2.php' not found or unable to stat
[Wed Aug 20 23:15:20.338202 2025] [php:error] [pid 42515] [client 185.177.72.10:9274] script '/usr/home/beeson/public_html/adminer-4.9.5.php' not found or unable to stat
[Wed Aug 20 23:15:20.522950 2025] [php:error] [pid 42515] [client 185.177.72.10:9274] script '/usr/home/beeson/public_html/phpinfo.php' not found or unable to stat
[Wed Aug 20 23:15:20.704532 2025] [php:error] [pid 42515] [client 185.177.72.10:9274] script '/usr/home/beeson/public_html/info.php' not found or unable to stat
[Wed Aug 20 23:15:20.961136 2025] [php:error] [pid 42515] [client 185.177.72.10:9274] script '/usr/home/beeson/public_html/test.php' not found or unable to stat
[Wed Aug 20 23:15:21.140990 2025] [php:error] [pid 42515] [client 185.177.72.10:9274] script '/usr/home/beeson/public_html/dev.php' not found or unable to stat
[Wed Aug 20 23:15:21.321463 2025] [php:error] [pid 42515] [client 185.177.72.10:9274] script '/usr/home/beeson/public_html/debug.php' not found or unable to stat
[Wed Aug 20 23:15:22.273404 2025] [php:error] [pid 42515] [client 185.177.72.10:9274] script '/usr/home/beeson/public_html/config.php' not found or unable to stat
[Wed Aug 20 23:15:22.518328 2025] [php:error] [pid 42515] [client 185.177.72.10:9274] script '/usr/home/beeson/public_html/wp-config.php' not found or unable to stat
[Wed Aug 20 23:15:22.698483 2025] [php:error] [pid 42515] [client 185.177.72.10:9274] script '/usr/home/beeson/public_html/wp-config-sample.php' not found or unable to stat
[Wed Aug 20 23:15:49.684830 2025] [php:error] [pid 72618] [client 185.177.72.10:9452] script '/usr/home/beeson/public_html/adminer-*.php' not found or unable to stat
[Wed Aug 20 23:15:50.053067 2025] [php:error] [pid 72618] [client 185.177.72.10:9452] script '/usr/home/beeson/public_html/administrator.php' not found or unable to stat
[Wed Aug 20 23:15:50.251345 2025] [php:error] [pid 72618] [client 185.177.72.10:9452] script '/usr/home/beeson/public_html/console.php' not found or unable to stat
[Wed Aug 20 23:16:35.194750 2025] [php:error] [pid 42487] [client 185.177.72.10:2728] script '/usr/home/beeson/public_html/infophp.php' not found or unable to stat
[Wed Aug 20 23:16:35.368327 2025] [php:error] [pid 42487] [client 185.177.72.10:2728] script '/usr/home/beeson/public_html/i.php' not found or unable to stat
[Wed Aug 20 23:16:35.540696 2025] [php:error] [pid 42487] [client 185.177.72.10:2728] script '/usr/home/beeson/public_html/asdf.php' not found or unable to stat
[Wed Aug 20 23:16:35.714780 2025] [php:error] [pid 42487] [client 185.177.72.10:2728] script '/usr/home/beeson/public_html/pinfo.php' not found or unable to stat
[Wed Aug 20 23:16:35.904335 2025] [php:error] [pid 42487] [client 185.177.72.10:2728] script '/usr/home/beeson/public_html/time.php' not found or unable to stat
[Wed Aug 20 23:16:36.116606 2025] [php:error] [pid 42487] [client 185.177.72.10:2728] script '/usr/home/beeson/public_html/temp.php' not found or unable to stat
[Wed Aug 20 23:16:36.361396 2025] [php:error] [pid 42487] [client 185.177.72.10:2728] script '/usr/home/beeson/public_html/old_phpinfo.php' not found or unable to stat
[Wed Aug 20 23:16:36.533731 2025] [php:error] [pid 42487] [client 185.177.72.10:2728] script '/usr/home/beeson/public_html/infos.php' not found or unable to stat
[Wed Aug 20 23:16:36.706328 2025] [php:error] [pid 42487] [client 185.177.72.10:2728] script '/usr/home/beeson/public_html/linusadmin-phpinfo.php' not found or unable to stat
[Wed Aug 20 23:16:37.646114 2025] [php:error] [pid 42487] [client 185.177.72.10:2728] script '/usr/home/beeson/public_html/phpinfos.php' not found or unable to stat
[Wed Aug 20 23:19:00.423450 2025] [authz_core:error] [pid 72612] [client 185.177.72.10:3166] AH01630: client denied by server configuration: /usr/local/www/apache24/cgi-bin/php5.cgi
[Wed Aug 20 23:19:00.603114 2025] [core:error] [pid 72612] [client 185.177.72.10:3166] AH10244: invalid URI path (/cgi-bin/.%2e/.%2e/.%2e/bin/sh)
[Wed Aug 20 23:19:10.195034 2025] [core:error] [pid 72569] [client 185.177.72.10:65414] AH10244: invalid URI path (/../../../../etc/passwd)
[Wed Aug 20 23:19:10.557592 2025] [core:error] [pid 72427] [client 185.177.72.10:47450] AH10244: invalid URI path (/../../../../etc/hosts)
[Thu Aug 21 05:25:06.503331 2025] [authz_core:error] [pid 42007] [client 185.169.4.184:44088] AH01630: client denied by server configuration: /usr/local/www/apache24/cgi-bin/luci
[Thu Aug 21 10:50:57.674250 2025] [core:error] [pid 48071] [client 113.57.20.40:44330] AH10244: invalid URI path (/cgi-bin/.%2e/.%2e/.%2e/.%2e/.%2e/.%2e/.%2e/.%2e/.%2e/.%2e/bin/sh)
[Thu Aug 21 10:50:59.484329 2025] [core:error] [pid 41973] [client 113.57.20.40:44334] AH10244: invalid URI path (/cgi-bin/%%32%65%%32%65/%%32%65%%32%65/%%32%65%%32%65/%%32%65%%32%65/%%32%65%%32%65/%%32%65%%32%65/%%32%65%%32%65/bin/sh)
[Thu Aug 21 10:51:59.546343 2025] [php:error] [pid 64070] [client 113.57.20.40:44342] script '/usr/home/beeson/public_html/index.php' not found or unable to stat
[Thu Aug 21 10:52:02.766370 2025] [php:error] [pid 64070] [client 113.57.20.40:44342] script '/usr/home/beeson/public_html/index.php' not found or unable to stat
[Thu Aug 21 10:52:04.323487 2025] [php:error] [pid 64070] [client 113.57.20.40:44342] script '/usr/home/beeson/public_html/index.php' not found or unable to stat
[Thu Aug 21 11:45:58.461841 2025] [php:error] [pid 57963] [client 160.187.211.128:53565] script '/usr/home/beeson/public_html/style.php' not found or unable to stat
[Thu Aug 21 11:46:02.668326 2025] [php:error] [pid 58737] [client 160.187.211.128:60905] script '/usr/home/beeson/public_html/wp-f.php' not found or unable to stat
[Thu Aug 21 15:21:02.884971 2025] [authz_core:error] [pid 57465] [client 45.156.87.165:47420] AH01630: client denied by server configuration: /usr/local/www/apache24/cgi-bin/time.cgi, referer: http://208.69.40.113/date_time_config.html
[Thu Aug 21 23:10:44.560930 2025] [authz_core:error] [pid 10828] [client 45.156.87.165:57778] AH01630: client denied by server configuration: /usr/local/www/apache24/cgi-bin/script
[Fri Aug 22 16:42:28.016970 2025] [php:error] [pid 53962] [client 185.177.72.36:10942] script '/usr/home/beeson/public_html/phpinfo.php' not found or unable to stat
[Fri Aug 22 16:42:30.568821 2025] [php:error] [pid 53962] [client 185.177.72.36:10942] script '/usr/home/beeson/public_html/_phpinfo.php' not found or unable to stat
[Fri Aug 22 16:42:48.827281 2025] [php:error] [pid 53962] [client 185.177.72.36:10942] script '/usr/home/beeson/public_html/info.php' not found or unable to stat
[Fri Aug 22 16:42:50.727064 2025] [php:error] [pid 53962] [client 185.177.72.36:10942] script '/usr/home/beeson/public_html/server_info.php' not found or unable to stat
[Fri Aug 22 16:42:51.033912 2025] [php:error] [pid 53962] [client 185.177.72.36:10942] script '/usr/home/beeson/public_html/app_dev.php' not found or unable to stat
[Fri Aug 22 16:42:51.322969 2025] [php:error] [pid 53962] [client 185.177.72.36:10942] script '/usr/home/beeson/public_html/test.php' not found or unable to stat
[Fri Aug 22 16:42:51.925133 2025] [php:error] [pid 53962] [client 185.177.72.36:10942] script '/usr/home/beeson/public_html/server-info.php' not found or unable to stat
[Fri Aug 22 18:01:41.914370 2025] [php:error] [pid 57770] [client 185.177.72.8:2866] script '/usr/home/beeson/public_html/phpinfo.php' not found or unable to stat
[Fri Aug 22 18:01:43.927733 2025] [php:error] [pid 57770] [client 185.177.72.8:2866] script '/usr/home/beeson/public_html/_phpinfo.php' not found or unable to stat
[Fri Aug 22 18:02:24.862131 2025] [php:error] [pid 53962] [client 185.177.72.8:64496] script '/usr/home/beeson/public_html/info.php' not found or unable to stat
[Fri Aug 22 18:02:28.421853 2025] [php:error] [pid 53962] [client 185.177.72.8:64496] script '/usr/home/beeson/public_html/server_info.php' not found or unable to stat
[Fri Aug 22 18:02:30.201590 2025] [php:error] [pid 53962] [client 185.177.72.8:64496] script '/usr/home/beeson/public_html/app_dev.php' not found or unable to stat
[Fri Aug 22 18:02:31.660163 2025] [php:error] [pid 53962] [client 185.177.72.8:64496] script '/usr/home/beeson/public_html/test.php' not found or unable to stat
[Fri Aug 22 18:02:43.708518 2025] [php:error] [pid 23100] [client 185.177.72.8:11254] script '/usr/home/beeson/public_html/server-info.php' not found or unable to stat
[Fri Aug 22 18:25:56.718260 2025] [core:error] [pid 51638] [client 157.10.43.233:50456] AH10244: invalid URI path (/cgi-bin/.%2e/.%2e/.%2e/.%2e/.%2e/.%2e/.%2e/.%2e/.%2e/.%2e/bin/sh)
[Fri Aug 22 18:25:57.510164 2025] [core:error] [pid 56424] [client 157.10.43.233:52732] AH10244: invalid URI path (/cgi-bin/%%32%65%%32%65/%%32%65%%32%65/%%32%65%%32%65/%%32%65%%32%65/%%32%65%%32%65/%%32%65%%32%65/%%32%65%%32%65/bin/sh)
[Fri Aug 22 18:26:19.454691 2025] [php:error] [pid 23100] [client 157.10.43.233:54444] script '/usr/home/beeson/public_html/index.php' not found or unable to stat
[Fri Aug 22 18:26:20.374879 2025] [php:error] [pid 23100] [client 157.10.43.233:54444] script '/usr/home/beeson/public_html/index.php' not found or unable to stat
[Fri Aug 22 18:26:20.921378 2025] [php:error] [pid 23100] [client 157.10.43.233:54444] script '/usr/home/beeson/public_html/index.php' not found or unable to stat
[Fri Aug 22 19:37:49.665388 2025] [core:error] [pid 57770] [client 197.220.93.115:45438] AH10244: invalid URI path (/cgi-bin/.%2e/.%2e/.%2e/.%2e/.%2e/.%2e/.%2e/.%2e/.%2e/.%2e/bin/sh)
[Fri Aug 22 19:37:50.433650 2025] [core:error] [pid 63271] [client 197.220.93.115:45444] AH10244: invalid URI path (/cgi-bin/%%32%65%%32%65/%%32%65%%32%65/%%32%65%%32%65/%%32%65%%32%65/%%32%65%%32%65/%%32%65%%32%65/%%32%65%%32%65/bin/sh)
[Fri Aug 22 19:38:07.795684 2025] [php:error] [pid 53962] [client 197.220.93.115:45448] script '/usr/home/beeson/public_html/index.php' not found or unable to stat
[Fri Aug 22 19:38:08.695473 2025] [php:error] [pid 53962] [client 197.220.93.115:45448] script '/usr/home/beeson/public_html/index.php' not found or unable to stat
[Fri Aug 22 19:38:09.141695 2025] [php:error] [pid 53962] [client 197.220.93.115:45448] script '/usr/home/beeson/public_html/index.php' not found or unable to stat
[Sat Aug 23 11:57:12.338632 2025] [php:error] [pid 48694] [client 20.39.206.176:2221] script '/usr/home/beeson/public_html/ol.php' not found or unable to stat
[Sat Aug 23 11:57:12.467528 2025] [php:error] [pid 48694] [client 20.39.206.176:2221] script '/usr/home/beeson/public_html/gmo.php' not found or unable to stat
[Sat Aug 23 11:57:12.596645 2025] [php:error] [pid 48694] [client 20.39.206.176:2221] script '/usr/home/beeson/public_html/lock360.php' not found or unable to stat
[Sat Aug 23 11:57:12.725068 2025] [php:error] [pid 48694] [client 20.39.206.176:2221] script '/usr/home/beeson/public_html/ar.php' not found or unable to stat
[Sat Aug 23 11:57:12.853494 2025] [php:error] [pid 48694] [client 20.39.206.176:2221] script '/usr/home/beeson/public_html/we.php' not found or unable to stat
[Sat Aug 23 11:57:12.984610 2025] [php:error] [pid 48694] [client 20.39.206.176:2221] script '/usr/home/beeson/public_html/abcd.php' not found or unable to stat
[Sat Aug 23 11:57:13.241555 2025] [php:error] [pid 48694] [client 20.39.206.176:2221] script '/usr/home/beeson/public_html/wp-mn.php' not found or unable to stat
[Sat Aug 23 11:57:13.370013 2025] [php:error] [pid 48694] [client 20.39.206.176:2221] script '/usr/home/beeson/public_html/wp-mt.php' not found or unable to stat
[Sat Aug 23 11:57:13.498480 2025] [php:error] [pid 48694] [client 20.39.206.176:2221] script '/usr/home/beeson/public_html/wp.php' not found or unable to stat
[Sat Aug 23 11:57:13.628836 2025] [php:error] [pid 48694] [client 20.39.206.176:2221] script '/usr/home/beeson/public_html/class20.php' not found or unable to stat
[Sat Aug 23 11:57:13.757324 2025] [php:error] [pid 48694] [client 20.39.206.176:2221] script '/usr/home/beeson/public_html/ee.php' not found or unable to stat
[Sat Aug 23 11:57:13.885838 2025] [php:error] [pid 48694] [client 20.39.206.176:2221] script '/usr/home/beeson/public_html/wp-gr.php' not found or unable to stat
[Sat Aug 23 11:57:14.014352 2025] [php:error] [pid 48694] [client 20.39.206.176:2221] script '/usr/home/beeson/public_html/id.php' not found or unable to stat
[Sat Aug 23 11:57:14.142803 2025] [php:error] [pid 48694] [client 20.39.206.176:2221] script '/usr/home/beeson/public_html/ww.php' not found or unable to stat
[Sat Aug 23 11:57:14.271254 2025] [php:error] [pid 48694] [client 20.39.206.176:2221] script '/usr/home/beeson/public_html/wp-gr.php' not found or unable to stat
[Sat Aug 23 11:57:14.399822 2025] [php:error] [pid 48694] [client 20.39.206.176:2221] script '/usr/home/beeson/public_html/ova.php' not found or unable to stat
[Sat Aug 23 11:57:14.528429 2025] [php:error] [pid 48694] [client 20.39.206.176:2221] script '/usr/home/beeson/public_html/chosen.php' not found or unable to stat
[Sat Aug 23 11:57:14.657073 2025] [php:error] [pid 48694] [client 20.39.206.176:2221] script '/usr/home/beeson/public_html/class20.php' not found or unable to stat
[Sat Aug 23 11:57:14.785866 2025] [php:error] [pid 48694] [client 20.39.206.176:2221] script '/usr/home/beeson/public_html/size.php' not found or unable to stat
[Sat Aug 23 11:57:14.914349 2025] [php:error] [pid 48694] [client 20.39.206.176:2221] script '/usr/home/beeson/public_html/3.php' not found or unable to stat
[Sat Aug 23 11:57:15.042881 2025] [php:error] [pid 48694] [client 20.39.206.176:2221] script '/usr/home/beeson/public_html/7.php' not found or unable to stat
[Sat Aug 23 14:06:46.431113 2025] [authz_core:error] [pid 33776] [client 45.156.87.165:48292] AH01630: client denied by server configuration: /usr/local/www/apache24/cgi-bin/popen.cgi
[Sat Aug 23 19:07:01.986184 2025] [authz_core:error] [pid 32142] [client 45.156.87.165:44734] AH01630: client denied by server configuration: /usr/local/www/apache24/cgi-bin/ViewLog.asp
[Sat Aug 23 20:36:32.136917 2025] [authz_core:error] [pid 34076] [client 45.156.87.165:57770] AH01630: client denied by server configuration: /usr/local/www/apache24/cgi-bin/system_mgr.cgi
[Sun Aug 24 02:16:19.989369 2025] [core:error] [pid 17689] [client 173.212.238.133:36068] AH10244: invalid URI path (/cgi-bin/.%2e/.%2e/.%2e/.%2e/.%2e/.%2e/.%2e/.%2e/.%2e/.%2e/bin/sh)
[Sun Aug 24 02:16:20.890087 2025] [core:error] [pid 9127] [client 173.212.238.133:36080] AH10244: invalid URI path (/cgi-bin/%%32%65%%32%65/%%32%65%%32%65/%%32%65%%32%65/%%32%65%%32%65/%%32%65%%32%65/%%32%65%%32%65/%%32%65%%32%65/bin/sh)
[Sun Aug 24 02:16:36.773229 2025] [php:error] [pid 18639] [client 173.212.238.133:36094] script '/usr/home/beeson/public_html/index.php' not found or unable to stat
[Sun Aug 24 02:16:37.639168 2025] [php:error] [pid 18639] [client 173.212.238.133:36094] script '/usr/home/beeson/public_html/index.php' not found or unable to stat
[Sun Aug 24 02:16:38.078069 2025] [php:error] [pid 18639] [client 173.212.238.133:36094] script '/usr/home/beeson/public_html/index.php' not found or unable to stat
[Sun Aug 24 04:13:54.455911 2025] [php:error] [pid 18597] [client 185.177.72.144:34862] script '/usr/home/beeson/public_html/phpinfo.php' not found or unable to stat
[Sun Aug 24 04:13:54.684781 2025] [php:error] [pid 18597] [client 185.177.72.144:34862] script '/usr/home/beeson/public_html/test.php' not found or unable to stat
[Sun Aug 24 04:13:56.310226 2025] [php:error] [pid 18597] [client 185.177.72.144:34862] script '/usr/home/beeson/public_html/app_dev.php' not found or unable to stat
[Sun Aug 24 04:13:56.814591 2025] [php:error] [pid 18597] [client 185.177.72.144:34862] script '/usr/home/beeson/public_html/index.php' not found or unable to stat
[Sun Aug 24 04:13:58.265624 2025] [php:error] [pid 18597] [client 185.177.72.144:34862] script '/usr/home/beeson/public_html/index.php' not found or unable to stat
[Sun Aug 24 04:13:59.344893 2025] [php:error] [pid 18597] [client 185.177.72.144:34862] script '/usr/home/beeson/public_html/info.php' not found or unable to stat
[Sun Aug 24 04:14:04.820976 2025] [php:error] [pid 18597] [client 185.177.72.144:34862] script '/usr/home/beeson/public_html/php_info.php' not found or unable to stat
[Sun Aug 24 04:14:05.463339 2025] [php:error] [pid 18597] [client 185.177.72.144:34862] script '/usr/home/beeson/public_html/test2.php' not found or unable to stat
[Sun Aug 24 04:14:05.966870 2025] [php:error] [pid 18597] [client 185.177.72.144:34862] script '/usr/home/beeson/public_html/test1.php' not found or unable to stat
[Sun Aug 24 04:14:06.176142 2025] [php:error] [pid 18597] [client 185.177.72.144:34862] script '/usr/home/beeson/public_html/wp-config.php' not found or unable to stat
[Sun Aug 24 04:14:06.607969 2025] [php:error] [pid 18597] [client 185.177.72.144:34862] script '/usr/home/beeson/public_html/frontend_dev.php' not found or unable to stat
[Sun Aug 24 04:14:07.585854 2025] [php:error] [pid 18597] [client 185.177.72.144:34862] script '/usr/home/beeson/public_html/phpversion.php' not found or unable to stat
[Sun Aug 24 04:14:09.633303 2025] [php:error] [pid 18597] [client 185.177.72.144:34862] script '/usr/home/beeson/public_html/config.php' not found or unable to stat
[Sun Aug 24 04:14:10.784176 2025] [php:error] [pid 18597] [client 185.177.72.144:34862] script '/usr/home/beeson/public_html/php-info.php' not found or unable to stat
[Sun Aug 24 04:14:11.878978 2025] [php:error] [pid 18597] [client 185.177.72.144:34862] script '/usr/home/beeson/public_html/php.php' not found or unable to stat
[Sun Aug 24 04:15:33.594570 2025] [php:error] [pid 79432] [client 185.177.72.144:3814] script '/usr/home/beeson/public_html/infophp.php' not found or unable to stat
[Sun Aug 24 04:15:33.802597 2025] [php:error] [pid 79432] [client 185.177.72.144:3814] script '/usr/home/beeson/public_html/i.php' not found or unable to stat
[Sun Aug 24 04:15:34.011892 2025] [php:error] [pid 79432] [client 185.177.72.144:3814] script '/usr/home/beeson/public_html/asdf.php' not found or unable to stat
[Sun Aug 24 04:15:34.224858 2025] [php:error] [pid 79432] [client 185.177.72.144:3814] script '/usr/home/beeson/public_html/pinfo.php' not found or unable to stat
[Sun Aug 24 04:15:34.444267 2025] [php:error] [pid 79432] [client 185.177.72.144:3814] script '/usr/home/beeson/public_html/time.php' not found or unable to stat
[Sun Aug 24 04:15:34.669102 2025] [php:error] [pid 79432] [client 185.177.72.144:3814] script '/usr/home/beeson/public_html/temp.php' not found or unable to stat
[Sun Aug 24 04:15:38.156934 2025] [php:error] [pid 79432] [client 185.177.72.144:3814] script '/usr/home/beeson/public_html/old_phpinfo.php' not found or unable to stat
[Sun Aug 24 04:15:38.401043 2025] [php:error] [pid 79432] [client 185.177.72.144:3814] script '/usr/home/beeson/public_html/infos.php' not found or unable to stat
[Sun Aug 24 04:15:38.611459 2025] [php:error] [pid 79432] [client 185.177.72.144:3814] script '/usr/home/beeson/public_html/linusadmin-phpinfo.php' not found or unable to stat
[Sun Aug 24 04:15:39.761727 2025] [php:error] [pid 9127] [client 185.177.72.144:24814] script '/usr/home/beeson/public_html/phpinfos.php' not found or unable to stat
[Sun Aug 24 04:16:50.757294 2025] [php:error] [pid 17691] [client 185.177.72.144:21770] script '/usr/home/beeson/public_html/configuration.php' not found or unable to stat
[Sun Aug 24 04:16:57.193124 2025] [php:error] [pid 17691] [client 185.177.72.144:21770] script '/usr/home/beeson/public_html/adminer.php' not found or unable to stat
[Sun Aug 24 04:16:57.415336 2025] [php:error] [pid 17691] [client 185.177.72.144:21770] script '/usr/home/beeson/public_html/setup.php' not found or unable to stat
[Sun Aug 24 04:16:57.647122 2025] [php:error] [pid 17691] [client 185.177.72.144:21770] script '/usr/home/beeson/public_html/install.php' not found or unable to stat
[Sun Aug 24 04:17:04.354339 2025] [authz_core:error] [pid 18597] [client 185.177.72.144:26914] AH01630: client denied by server configuration: /usr/home/beeson/public_html/.htpasswd
[Sun Aug 24 04:17:04.575926 2025] [authz_core:error] [pid 18597] [client 185.177.72.144:26914] AH01630: client denied by server configuration: /usr/home/beeson/public_html/.htaccess
[Sun Aug 24 04:17:05.980730 2025] [php:error] [pid 18597] [client 185.177.72.144:26914] script '/usr/home/beeson/public_html/adminer-4.7.8.php' not found or unable to stat
[Sun Aug 24 04:17:06.194621 2025] [php:error] [pid 18597] [client 185.177.72.144:26914] script '/usr/home/beeson/public_html/adminer-4.8.1.php' not found or unable to stat
[Sun Aug 24 04:17:06.431993 2025] [php:error] [pid 18597] [client 185.177.72.144:26914] script '/usr/home/beeson/public_html/adminer-4.9.0.php' not found or unable to stat
[Sun Aug 24 04:17:06.660482 2025] [php:error] [pid 18597] [client 185.177.72.144:26914] script '/usr/home/beeson/public_html/adminer-4.9.2.php' not found or unable to stat
[Sun Aug 24 04:17:06.869734 2025] [php:error] [pid 18597] [client 185.177.72.144:26914] script '/usr/home/beeson/public_html/adminer-4.9.5.php' not found or unable to stat
[Sun Aug 24 04:17:07.193209 2025] [php:error] [pid 18597] [client 185.177.72.144:26914] script '/usr/home/beeson/public_html/dev.php' not found or unable to stat
[Sun Aug 24 04:17:07.401868 2025] [php:error] [pid 18597] [client 185.177.72.144:26914] script '/usr/home/beeson/public_html/debug.php' not found or unable to stat
[Sun Aug 24 04:17:08.055398 2025] [php:error] [pid 18597] [client 185.177.72.144:26914] script '/usr/home/beeson/public_html/wp-config-sample.php' not found or unable to stat
[Sun Aug 24 04:17:20.177100 2025] [php:error] [pid 18597] [client 185.177.72.144:26914] script '/usr/home/beeson/public_html/adminer-*.php' not found or unable to stat
[Sun Aug 24 04:17:20.601592 2025] [php:error] [pid 18597] [client 185.177.72.144:26914] script '/usr/home/beeson/public_html/administrator.php' not found or unable to stat
[Sun Aug 24 04:17:20.895796 2025] [php:error] [pid 18597] [client 185.177.72.144:26914] script '/usr/home/beeson/public_html/console.php' not found or unable to stat
[Sun Aug 24 04:19:35.150204 2025] [authz_core:error] [pid 17690] [client 185.177.72.144:51460] AH01630: client denied by server configuration: /usr/local/www/apache24/cgi-bin/php5.cgi
[Sun Aug 24 04:19:35.465518 2025] [core:error] [pid 17690] [client 185.177.72.144:51460] AH10244: invalid URI path (/cgi-bin/.%2e/.%2e/.%2e/bin/sh)
[Sun Aug 24 04:19:46.360928 2025] [core:error] [pid 18597] [client 185.177.72.144:8420] AH10244: invalid URI path (/../../../../etc/passwd)
[Sun Aug 24 04:19:46.775006 2025] [core:error] [pid 9127] [client 185.177.72.144:8082] AH10244: invalid URI path (/../../../../etc/hosts)
[Sun Aug 24 04:19:47.193400 2025] [core:error] [pid 79432] [client 185.177.72.144:8090] AH10244: invalid URI path (/../../../../etc/sudoers)
[Sun Aug 24 04:19:48.645857 2025] [core:error] [pid 17691] [client 185.177.72.144:8100] AH10244: invalid URI path (/../../../../proc/self/environ)
[Sun Aug 24 04:19:49.059271 2025] [core:error] [pid 17692] [client 185.177.72.144:8104] AH10244: invalid URI path (/../../../../proc/self/mounts)
[Sun Aug 24 04:19:52.627203 2025] [core:error] [pid 62931] [client 185.177.72.144:8116] AH10244: invalid URI path (/../../../../var/log/secure)
[Sun Aug 24 04:19:53.042952 2025] [core:error] [pid 17689] [client 185.177.72.144:8128] AH10244: invalid URI path (/../../../../var/log/messages)
[Sun Aug 24 04:19:53.456225 2025] [core:error] [pid 12441] [client 185.177.72.144:8134] AH10244: invalid URI path (/../../../../var/log/nginx/error.log)
[Sun Aug 24 04:19:53.898077 2025] [core:error] [pid 18639] [client 185.177.72.144:8138] AH10244: invalid URI path (/../../../../var/log/apache2/error.log)
[Sun Aug 24 04:19:54.412062 2025] [core:error] [pid 17690] [client 185.177.72.144:8148] AH10244: invalid URI path (/../../../../var/log/mysql/mysql.log)
[Sun Aug 24 04:19:54.834338 2025] [core:error] [pid 18597] [client 185.177.72.144:8162] AH10244: invalid URI path (/../../../../home/*/.ssh/id_rsa)
[Sun Aug 24 04:19:55.253911 2025] [core:error] [pid 9127] [client 185.177.72.144:46766] AH10244: invalid URI path (/../../../../home/*/.aws/credentials)
[Sun Aug 24 04:19:55.793173 2025] [core:error] [pid 79432] [client 185.177.72.144:46776] AH10244: invalid URI path (/../../../../home/*/.sendgrid/keys.json)
[Sun Aug 24 04:19:56.209647 2025] [core:error] [pid 17691] [client 185.177.72.144:46786] AH10244: invalid URI path (/../../../../home/*/.mailgun/private_keys.json)
[Sun Aug 24 14:07:35.765160 2025] [core:error] [pid 21916] [client 45.14.245.67:40232] AH10244: invalid URI path (/cgi-bin/.%2e/%2e%2e/%2e%2e/%2e%2e/bin/sh)
[Sun Aug 24 14:30:36.938988 2025] [core:error] [pid 14394] [client 45.144.29.201:43510] AH10244: invalid URI path (/cgi-bin/.%2e/%2e%2e/%2e%2e/%2e%2e/bin/sh)
[Mon Aug 25 00:17:40.537674 2025] [php:error] [pid 96512] [client 139.144.52.241:56926] script '/usr/home/beeson/public_html/login.php' not found or unable to stat
[Mon Aug 25 00:17:41.291998 2025] [authz_core:error] [pid 1316] [client 139.144.52.241:57090] AH01630: client denied by server configuration: /usr/local/www/apache24/cgi-bin/info.cgi
[Mon Aug 25 00:17:45.875485 2025] [authz_core:error] [pid 57134] [client 139.144.52.241:57836] AH01630: client denied by server configuration: /usr/local/www/apache24/cgi-bin/param.cgi
[Mon Aug 25 00:17:48.726266 2025] [authz_core:error] [pid 92647] [client 139.144.52.241:34616] AH01630: client denied by server configuration: /usr/local/www/apache24/cgi-bin/authLogin.cgi
[Mon Aug 25 00:17:49.366631 2025] [authz_core:error] [pid 49440] [client 139.144.52.241:34732] AH01630: client denied by server configuration: /usr/local/www/apache24/cgi-bin/luci
[Mon Aug 25 02:00:59.410534 2025] [core:error] [pid 92691] [client 115.190.30.226:43970] AH10244: invalid URI path (/cgi-bin/.%2e/.%2e/.%2e/.%2e/.%2e/.%2e/.%2e/.%2e/.%2e/.%2e/bin/sh)
[Mon Aug 25 02:01:00.165823 2025] [core:error] [pid 29143] [client 115.190.30.226:43986] AH10244: invalid URI path (/cgi-bin/%%32%65%%32%65/%%32%65%%32%65/%%32%65%%32%65/%%32%65%%32%65/%%32%65%%32%65/%%32%65%%32%65/%%32%65%%32%65/bin/sh)
[Mon Aug 25 04:01:04.287482 2025] [php:error] [pid 57134] [client 162.243.214.110:40726] script '/usr/home/beeson/public_html/upl.php' not found or unable to stat
[Mon Aug 25 04:01:04.864284 2025] [php:error] [pid 92678] [client 162.243.214.110:40752] script '/usr/home/beeson/public_html/1.php' not found or unable to stat
[Mon Aug 25 04:01:05.151533 2025] [php:error] [pid 29143] [client 162.243.214.110:40768] script '/usr/home/beeson/public_html/password.php' not found or unable to stat
[Mon Aug 25 20:36:09.983487 2025] [php:error] [pid 37048] [client 185.177.72.9:48624] script '/usr/home/beeson/public_html/phpinfo.php' not found or unable to stat
[Mon Aug 25 20:36:17.004961 2025] [php:error] [pid 37048] [client 185.177.72.9:48624] script '/usr/home/beeson/public_html/_phpinfo.php' not found or unable to stat
[Mon Aug 25 20:36:43.142892 2025] [php:error] [pid 96941] [client 185.177.72.9:56604] script '/usr/home/beeson/public_html/info.php' not found or unable to stat
[Mon Aug 25 20:36:44.710123 2025] [php:error] [pid 96941] [client 185.177.72.9:56604] script '/usr/home/beeson/public_html/server_info.php' not found or unable to stat
[Mon Aug 25 20:36:45.072006 2025] [php:error] [pid 96941] [client 185.177.72.9:56604] script '/usr/home/beeson/public_html/app_dev.php' not found or unable to stat
[Mon Aug 25 20:36:45.591033 2025] [php:error] [pid 96941] [client 185.177.72.9:56604] script '/usr/home/beeson/public_html/test.php' not found or unable to stat
[Mon Aug 25 20:36:46.647530 2025] [php:error] [pid 96941] [client 185.177.72.9:56604] script '/usr/home/beeson/public_html/server-info.php' not found or unable to stat
[Tue Aug 26 05:37:57.943725 2025] [core:error] [pid 78549] [client 45.131.108.170:47294] AH10244: invalid URI path (/cgi-bin/.%2e/.%2e/.%2e/.%2e/.%2e/.%2e/.%2e/.%2e/.%2e/.%2e/bin/sh)
[Tue Aug 26 05:37:58.921702 2025] [core:error] [pid 87098] [client 45.131.108.170:47298] AH10244: invalid URI path (/cgi-bin/%%32%65%%32%65/%%32%65%%32%65/%%32%65%%32%65/%%32%65%%32%65/%%32%65%%32%65/%%32%65%%32%65/%%32%65%%32%65/bin/sh)
[Tue Aug 26 05:38:23.028137 2025] [php:error] [pid 37570] [client 45.131.108.170:47310] script '/usr/home/beeson/public_html/index.php' not found or unable to stat
[Tue Aug 26 05:38:23.774372 2025] [php:error] [pid 37570] [client 45.131.108.170:47310] script '/usr/home/beeson/public_html/index.php' not found or unable to stat
[Tue Aug 26 05:38:24.339916 2025] [php:error] [pid 37570] [client 45.131.108.170:47310] script '/usr/home/beeson/public_html/index.php' not found or unable to stat
[Tue Aug 26 12:26:24.985978 2025] [php:error] [pid 15485] [client 206.81.30.237:32970] script '/usr/home/beeson/public_html/upl.php' not found or unable to stat
[Tue Aug 26 12:26:26.150855 2025] [php:error] [pid 40089] [client 206.81.30.237:33002] script '/usr/home/beeson/public_html/1.php' not found or unable to stat
[Tue Aug 26 12:26:26.766136 2025] [php:error] [pid 82864] [client 206.81.30.237:33018] script '/usr/home/beeson/public_html/password.php' not found or unable to stat
[Wed Aug 27 05:45:33.447155 2025] [php:error] [pid 72249] [client 78.153.140.203:36584] script '/usr/home/beeson/public_html/app_dev.php' not found or unable to stat
[Wed Aug 27 12:15:08.220160 2025] [core:error] [pid 83328] [client 156.245.248.226:47226] AH10244: invalid URI path (/cgi-bin/.%2e/.%2e/.%2e/.%2e/.%2e/.%2e/.%2e/.%2e/.%2e/.%2e/bin/sh)
