[Sat Dec 07 06:35:53.251787 2024] [php:error] [pid 98307] [client 146.70.194.244:41710] script '/usr/home/beeson/public_html/class.php' not found or unable to stat
[Sat Dec 07 06:36:27.468554 2024] [authz_core:error] [pid 97787] [client 146.70.194.244:46688] AH01630: client denied by server configuration: /usr/local/www/apache24/cgi-bin/
[Sat Dec 07 11:20:58.963082 2024] [php:error] [pid 34946] [client 146.190.245.132:55342] script '/usr/home/beeson/public_html/upl.php' not found or unable to stat
[Sat Dec 07 11:20:59.424056 2024] [php:error] [pid 96927] [client 146.190.245.132:55394] script '/usr/home/beeson/public_html/1.php' not found or unable to stat
[Sat Dec 07 11:20:59.653248 2024] [php:error] [pid 9926] [client 146.190.245.132:55414] script '/usr/home/beeson/public_html/password.php' not found or unable to stat
[Sat Dec 07 22:18:53.404002 2024] [php:error] [pid 78022] [client 209.38.20.118:37742] script '/usr/home/beeson/public_html/db_config.php' not found or unable to stat
[Sat Dec 07 22:18:53.693958 2024] [php:error] [pid 78039] [client 209.38.20.118:37754] script '/usr/home/beeson/public_html/config.php' not found or unable to stat
[Sat Dec 07 22:18:55.431552 2024] [php:error] [pid 17840] [client 209.38.20.118:47448] script '/usr/home/beeson/public_html/env.php' not found or unable to stat
[Sat Dec 07 22:18:58.626281 2024] [php:error] [pid 34924] [client 209.38.20.118:47544] script '/usr/home/beeson/public_html/phpinfo.php' not found or unable to stat
[Sat Dec 07 22:18:58.917049 2024] [php:error] [pid 9926] [client 209.38.20.118:47556] script '/usr/home/beeson/public_html/debug.php' not found or unable to stat
[Sun Dec 08 01:57:02.137409 2024] [core:error] [pid 88956] [client 125.124.26.90:53760] AH10244: invalid URI path (/cgi-bin/.%2e/.%2e/.%2e/.%2e/.%2e/.%2e/.%2e/.%2e/.%2e/.%2e/bin/sh)
[Sun Dec 08 05:12:38.862904 2024] [core:error] [pid 82067] [client 182.151.35.204:36030] AH10244: invalid URI path (/cgi-bin/.%2e/.%2e/.%2e/.%2e/.%2e/.%2e/.%2e/.%2e/.%2e/.%2e/bin/sh)
[Mon Dec 09 15:46:49.614725 2024] [php:error] [pid 64901] [client 159.89.31.59:54888] script '/usr/home/beeson/public_html/upl.php' not found or unable to stat
[Mon Dec 09 15:46:50.746197 2024] [php:error] [pid 32979] [client 159.89.31.59:54920] script '/usr/home/beeson/public_html/1.php' not found or unable to stat
[Mon Dec 09 15:46:51.328519 2024] [php:error] [pid 65049] [client 159.89.31.59:54950] script '/usr/home/beeson/public_html/password.php' not found or unable to stat
[Tue Dec 10 22:53:14.114458 2024] [core:error] [pid 91992] [client 47.236.49.157:60728] AH10244: invalid URI path (/cgi-bin/.%2e/.%2e/.%2e/.%2e/.%2e/.%2e/.%2e/.%2e/.%2e/.%2e/bin/sh)
[Tue Dec 10 22:53:14.668735 2024] [core:error] [pid 64230] [client 47.236.49.157:60744] AH10244: invalid URI path (/cgi-bin/%%32%65%%32%65/%%32%65%%32%65/%%32%65%%32%65/%%32%65%%32%65/%%32%65%%32%65/%%32%65%%32%65/%%32%65%%32%65/bin/sh)
[Tue Dec 10 22:53:25.664481 2024] [php:error] [pid 97727] [client 47.236.49.157:60748] script '/usr/home/beeson/public_html/index.php' not found or unable to stat
[Tue Dec 10 22:53:26.201984 2024] [php:error] [pid 97727] [client 47.236.49.157:60748] script '/usr/home/beeson/public_html/index.php' not found or unable to stat
[Tue Dec 10 22:53:26.472348 2024] [php:error] [pid 97727] [client 47.236.49.157:60748] script '/usr/home/beeson/public_html/index.php' not found or unable to stat
[Wed Dec 11 04:19:59.221291 2024] [core:error] [pid 75712] [client 8.219.250.192:37792] AH10244: invalid URI path (/cgi-bin/.%2e/.%2e/.%2e/.%2e/.%2e/.%2e/.%2e/.%2e/.%2e/.%2e/bin/sh)
[Wed Dec 11 05:38:37.430814 2024] [authz_core:error] [pid 48461] [client 31.220.1.88:60688] AH01630: client denied by server configuration: /usr/local/www/apache24/cgi-bin/luci
[Wed Dec 11 06:18:56.252000 2024] [authz_core:error] [pid 64351] [client 31.220.1.88:51834] AH01630: client denied by server configuration: /usr/local/www/apache24/cgi-bin/luci
[Wed Dec 11 07:41:31.839648 2024] [core:error] [pid 32871] [client 47.236.235.24:36572] AH10244: invalid URI path (/cgi-bin/.%2e/.%2e/.%2e/.%2e/.%2e/.%2e/.%2e/.%2e/.%2e/.%2e/bin/sh)
[Wed Dec 11 07:41:32.390382 2024] [core:error] [pid 49860] [client 47.236.235.24:36576] AH10244: invalid URI path (/cgi-bin/%%32%65%%32%65/%%32%65%%32%65/%%32%65%%32%65/%%32%65%%32%65/%%32%65%%32%65/%%32%65%%32%65/%%32%65%%32%65/bin/sh)
[Wed Dec 11 07:41:58.310321 2024] [php:error] [pid 48461] [client 47.236.235.24:45258] script '/usr/home/beeson/public_html/index.php' not found or unable to stat
[Wed Dec 11 07:41:58.939641 2024] [php:error] [pid 48461] [client 47.236.235.24:45258] script '/usr/home/beeson/public_html/index.php' not found or unable to stat
[Wed Dec 11 07:41:59.818960 2024] [php:error] [pid 48461] [client 47.236.235.24:45258] script '/usr/home/beeson/public_html/index.php' not found or unable to stat
[Wed Dec 11 09:38:25.257177 2024] [authz_core:error] [pid 32871] [client 31.220.1.88:45476] AH01630: client denied by server configuration: /usr/local/www/apache24/cgi-bin/luci
[Wed Dec 11 10:11:35.109943 2024] [authz_core:error] [pid 75712] [client 31.220.1.88:60446] AH01630: client denied by server configuration: /usr/local/www/apache24/cgi-bin/luci
[Wed Dec 11 12:16:26.619337 2024] [authz_core:error] [pid 38392] [client 31.220.1.88:54804] AH01630: client denied by server configuration: /usr/local/www/apache24/cgi-bin/luci
[Wed Dec 11 20:01:40.033105 2024] [php:error] [pid 68838] [client 206.119.70.2:51181] script '/usr/home/beeson/public_html/index.php' not found or unable to stat
[Wed Dec 11 20:01:40.054204 2024] [php:error] [pid 68835] [client 206.119.70.2:51189] script '/usr/home/beeson/public_html/test.php' not found or unable to stat
[Thu Dec 12 06:06:20.249219 2024] [core:error] [pid 63659] [client 8.219.250.192:55054] AH10244: invalid URI path (/cgi-bin/.%2e/.%2e/.%2e/.%2e/.%2e/.%2e/.%2e/.%2e/.%2e/.%2e/bin/sh)
[Thu Dec 12 06:06:20.762706 2024] [core:error] [pid 63673] [client 8.219.250.192:55064] AH10244: invalid URI path (/cgi-bin/%%32%65%%32%65/%%32%65%%32%65/%%32%65%%32%65/%%32%65%%32%65/%%32%65%%32%65/%%32%65%%32%65/%%32%65%%32%65/bin/sh)
[Thu Dec 12 06:06:32.264255 2024] [php:error] [pid 93971] [client 8.219.250.192:55066] script '/usr/home/beeson/public_html/index.php' not found or unable to stat
[Thu Dec 12 06:06:32.796682 2024] [php:error] [pid 93971] [client 8.219.250.192:55066] script '/usr/home/beeson/public_html/index.php' not found or unable to stat
[Thu Dec 12 06:06:33.547944 2024] [php:error] [pid 93971] [client 8.219.250.192:55066] script '/usr/home/beeson/public_html/index.php' not found or unable to stat
[Thu Dec 12 06:10:21.124628 2024] [core:error] [pid 63690] [client 47.236.49.157:50622] AH10244: invalid URI path (/cgi-bin/.%2e/.%2e/.%2e/.%2e/.%2e/.%2e/.%2e/.%2e/.%2e/.%2e/bin/sh)
[Thu Dec 12 06:10:21.650581 2024] [core:error] [pid 75955] [client 47.236.49.157:50626] AH10244: invalid URI path (/cgi-bin/%%32%65%%32%65/%%32%65%%32%65/%%32%65%%32%65/%%32%65%%32%65/%%32%65%%32%65/%%32%65%%32%65/%%32%65%%32%65/bin/sh)
[Thu Dec 12 06:10:32.276726 2024] [php:error] [pid 93970] [client 47.236.49.157:50628] script '/usr/home/beeson/public_html/index.php' not found or unable to stat
[Thu Dec 12 06:10:33.273637 2024] [php:error] [pid 93970] [client 47.236.49.157:50628] script '/usr/home/beeson/public_html/index.php' not found or unable to stat
[Thu Dec 12 06:10:33.535590 2024] [php:error] [pid 93970] [client 47.236.49.157:50628] script '/usr/home/beeson/public_html/index.php' not found or unable to stat
[Thu Dec 12 11:11:26.752883 2024] [core:error] [pid 93936] [client 202.95.12.147:60020] AH10244: invalid URI path (/cgi-bin/.%2e/.%2e/.%2e/.%2e/.%2e/.%2e/.%2e/.%2e/.%2e/.%2e/bin/sh)
[Thu Dec 12 11:11:58.619654 2024] [core:error] [pid 63673] [client 202.95.12.147:32980] AH10244: invalid URI path (/cgi-bin/%%32%65%%32%65/%%32%65%%32%65/%%32%65%%32%65/%%32%65%%32%65/%%32%65%%32%65/%%32%65%%32%65/%%32%65%%32%65/bin/sh)
[Thu Dec 12 16:31:17.531647 2024] [core:error] [pid 12245] [client 47.84.69.78:59760] AH10244: invalid URI path (/cgi-bin/.%2e/.%2e/.%2e/.%2e/.%2e/.%2e/.%2e/.%2e/.%2e/.%2e/bin/sh)
[Thu Dec 12 16:31:18.123980 2024] [core:error] [pid 2053] [client 47.84.69.78:59776] AH10244: invalid URI path (/cgi-bin/%%32%65%%32%65/%%32%65%%32%65/%%32%65%%32%65/%%32%65%%32%65/%%32%65%%32%65/%%32%65%%32%65/%%32%65%%32%65/bin/sh)
[Thu Dec 12 16:31:35.302324 2024] [php:error] [pid 97566] [client 47.84.69.78:59780] script '/usr/home/beeson/public_html/index.php' not found or unable to stat
[Thu Dec 12 16:31:35.848575 2024] [php:error] [pid 97566] [client 47.84.69.78:59780] script '/usr/home/beeson/public_html/index.php' not found or unable to stat
[Thu Dec 12 16:31:36.119345 2024] [php:error] [pid 97566] [client 47.84.69.78:59780] script '/usr/home/beeson/public_html/index.php' not found or unable to stat
[Thu Dec 12 19:10:36.715679 2024] [core:error] [pid 29264] [client 220.250.52.123:60250] AH10244: invalid URI path (/cgi-bin/.%2e/.%2e/.%2e/.%2e/.%2e/.%2e/.%2e/.%2e/.%2e/.%2e/bin/sh)
[Thu Dec 12 19:10:37.730437 2024] [core:error] [pid 1025] [client 220.250.52.123:60996] AH10244: invalid URI path (/cgi-bin/%%32%65%%32%65/%%32%65%%32%65/%%32%65%%32%65/%%32%65%%32%65/%%32%65%%32%65/%%32%65%%32%65/%%32%65%%32%65/bin/sh)
[Thu Dec 12 19:11:03.920617 2024] [php:error] [pid 76943] [client 220.250.52.123:33384] script '/usr/home/beeson/public_html/index.php' not found or unable to stat
[Thu Dec 12 19:11:05.084809 2024] [php:error] [pid 76943] [client 220.250.52.123:33384] script '/usr/home/beeson/public_html/index.php' not found or unable to stat
[Thu Dec 12 19:11:05.699033 2024] [php:error] [pid 76943] [client 220.250.52.123:33384] script '/usr/home/beeson/public_html/index.php' not found or unable to stat
[Fri Dec 13 05:36:33.836770 2024] [core:error] [pid 2053] [client 193.168.197.196:46634] AH10244: invalid URI path (/cgi-bin/.%2e/.%2e/.%2e/.%2e/.%2e/.%2e/.%2e/.%2e/.%2e/.%2e/bin/sh)
[Fri Dec 13 05:36:34.425015 2024] [core:error] [pid 3157] [client 193.168.197.196:46640] AH10244: invalid URI path (/cgi-bin/%%32%65%%32%65/%%32%65%%32%65/%%32%65%%32%65/%%32%65%%32%65/%%32%65%%32%65/%%32%65%%32%65/%%32%65%%32%65/bin/sh)
[Fri Dec 13 05:37:42.101458 2024] [php:error] [pid 31897] [client 193.168.197.196:50852] script '/usr/home/beeson/public_html/index.php' not found or unable to stat
[Fri Dec 13 05:37:42.815004 2024] [php:error] [pid 31897] [client 193.168.197.196:50852] script '/usr/home/beeson/public_html/index.php' not found or unable to stat
[Fri Dec 13 05:37:43.189711 2024] [php:error] [pid 31897] [client 193.168.197.196:50852] script '/usr/home/beeson/public_html/index.php' not found or unable to stat
[Fri Dec 13 09:44:37.800623 2024] [core:error] [pid 87787] [client 8.222.197.158:37388] AH10244: invalid URI path (/cgi-bin/.%2e/.%2e/.%2e/.%2e/.%2e/.%2e/.%2e/.%2e/.%2e/.%2e/bin/sh)
[Fri Dec 13 09:44:38.336725 2024] [core:error] [pid 2053] [client 8.222.197.158:37394] AH10244: invalid URI path (/cgi-bin/%%32%65%%32%65/%%32%65%%32%65/%%32%65%%32%65/%%32%65%%32%65/%%32%65%%32%65/%%32%65%%32%65/%%32%65%%32%65/bin/sh)
[Fri Dec 13 09:44:49.433101 2024] [php:error] [pid 15605] [client 8.222.197.158:37402] script '/usr/home/beeson/public_html/index.php' not found or unable to stat
[Fri Dec 13 09:44:49.980358 2024] [php:error] [pid 15605] [client 8.222.197.158:37402] script '/usr/home/beeson/public_html/index.php' not found or unable to stat
[Fri Dec 13 09:44:50.250855 2024] [php:error] [pid 15605] [client 8.222.197.158:37402] script '/usr/home/beeson/public_html/index.php' not found or unable to stat
[Fri Dec 13 11:45:38.146815 2024] [php:error] [pid 20517] [client 78.153.140.177:44642] script '/usr/home/beeson/public_html/app_dev.php' not found or unable to stat
[Fri Dec 13 11:45:38.840555 2024] [php:error] [pid 11485] [client 78.153.140.177:57812] script '/usr/home/beeson/public_html/app_dev.php' not found or unable to stat
[Fri Dec 13 17:26:59.975797 2024] [authz_core:error] [pid 3136] [client 104.248.251.37:6542] AH01630: client denied by server configuration: /usr/local/www/apache24/cgi-bin/authLogin.cgi
[Sat Dec 14 00:36:45.265414 2024] [core:error] [pid 36922] [client 84.247.153.0:57578] AH10244: invalid URI path (/cgi-bin/.%2e/.%2e/.%2e/.%2e/.%2e/.%2e/.%2e/.%2e/.%2e/.%2e/bin/sh)
[Sat Dec 14 00:36:45.779156 2024] [core:error] [pid 31897] [client 84.247.153.0:57590] AH10244: invalid URI path (/cgi-bin/%%32%65%%32%65/%%32%65%%32%65/%%32%65%%32%65/%%32%65%%32%65/%%32%65%%32%65/%%32%65%%32%65/%%32%65%%32%65/bin/sh)
[Sat Dec 14 00:36:58.550680 2024] [php:error] [pid 49983] [client 84.247.153.0:57598] script '/usr/home/beeson/public_html/index.php' not found or unable to stat
[Sat Dec 14 00:36:59.434871 2024] [php:error] [pid 49983] [client 84.247.153.0:57598] script '/usr/home/beeson/public_html/index.php' not found or unable to stat
[Sat Dec 14 00:36:59.836053 2024] [php:error] [pid 49983] [client 84.247.153.0:57598] script '/usr/home/beeson/public_html/index.php' not found or unable to stat
[Sat Dec 14 06:48:23.567302 2024] [core:error] [pid 49983] [client 8.222.181.107:36324] AH10244: invalid URI path (/cgi-bin/.%2e/.%2e/.%2e/.%2e/.%2e/.%2e/.%2e/.%2e/.%2e/.%2e/bin/sh)
[Sat Dec 14 06:48:24.106957 2024] [core:error] [pid 37610] [client 8.222.181.107:36330] AH10244: invalid URI path (/cgi-bin/%%32%65%%32%65/%%32%65%%32%65/%%32%65%%32%65/%%32%65%%32%65/%%32%65%%32%65/%%32%65%%32%65/%%32%65%%32%65/bin/sh)
[Sat Dec 14 06:48:34.464243 2024] [php:error] [pid 36922] [client 8.222.181.107:36336] script '/usr/home/beeson/public_html/index.php' not found or unable to stat
[Sat Dec 14 06:48:34.991016 2024] [php:error] [pid 36922] [client 8.222.181.107:36336] script '/usr/home/beeson/public_html/index.php' not found or unable to stat
[Sat Dec 14 06:48:35.243286 2024] [php:error] [pid 36922] [client 8.222.181.107:36336] script '/usr/home/beeson/public_html/index.php' not found or unable to stat
[Sat Dec 14 07:01:18.364905 2024] [core:error] [pid 31897] [client 8.222.137.97:46972] AH10244: invalid URI path (/cgi-bin/.%2e/.%2e/.%2e/.%2e/.%2e/.%2e/.%2e/.%2e/.%2e/.%2e/bin/sh)
[Sat Dec 14 07:01:18.894636 2024] [core:error] [pid 55149] [client 8.222.137.97:46974] AH10244: invalid URI path (/cgi-bin/%%32%65%%32%65/%%32%65%%32%65/%%32%65%%32%65/%%32%65%%32%65/%%32%65%%32%65/%%32%65%%32%65/%%32%65%%32%65/bin/sh)
[Sat Dec 14 07:01:31.443635 2024] [php:error] [pid 49983] [client 8.222.137.97:46978] script '/usr/home/beeson/public_html/index.php' not found or unable to stat
[Sat Dec 14 07:01:32.038436 2024] [php:error] [pid 49983] [client 8.222.137.97:46978] script '/usr/home/beeson/public_html/index.php' not found or unable to stat
[Sat Dec 14 07:01:32.348038 2024] [php:error] [pid 49983] [client 8.222.137.97:46978] script '/usr/home/beeson/public_html/index.php' not found or unable to stat
[Sat Dec 14 08:01:42.403671 2024] [php:error] [pid 55149] [client 159.89.163.185:51724] script '/usr/home/beeson/public_html/upl.php' not found or unable to stat
[Sat Dec 14 08:01:44.409487 2024] [php:error] [pid 78704] [client 159.89.163.185:60052] script '/usr/home/beeson/public_html/1.php' not found or unable to stat
[Sat Dec 14 08:01:45.467544 2024] [php:error] [pid 87787] [client 159.89.163.185:60068] script '/usr/home/beeson/public_html/password.php' not found or unable to stat
[Sat Dec 14 15:58:14.497903 2024] [core:error] [pid 52520] [client 171.244.40.20:45626] AH10244: invalid URI path (/cgi-bin/.%2e/.%2e/.%2e/.%2e/.%2e/.%2e/.%2e/.%2e/.%2e/.%2e/bin/sh)
[Sat Dec 14 15:58:15.177512 2024] [core:error] [pid 53476] [client 171.244.40.20:45634] AH10244: invalid URI path (/cgi-bin/%%32%65%%32%65/%%32%65%%32%65/%%32%65%%32%65/%%32%65%%32%65/%%32%65%%32%65/%%32%65%%32%65/%%32%65%%32%65/bin/sh)
[Sat Dec 14 15:58:31.946843 2024] [php:error] [pid 55149] [client 171.244.40.20:45638] script '/usr/home/beeson/public_html/index.php' not found or unable to stat
[Sat Dec 14 15:58:32.648581 2024] [php:error] [pid 55149] [client 171.244.40.20:45638] script '/usr/home/beeson/public_html/index.php' not found or unable to stat
[Sat Dec 14 15:58:33.015546 2024] [php:error] [pid 55149] [client 171.244.40.20:45638] script '/usr/home/beeson/public_html/index.php' not found or unable to stat
[Sun Dec 15 02:28:42.408047 2024] [core:error] [pid 65782] [client 101.66.172.251:33315] AH10244: invalid URI path (/cgi-bin/.%2e/.%2e/.%2e/.%2e/.%2e/.%2e/.%2e/.%2e/.%2e/.%2e/bin/sh)
[Sun Dec 15 02:28:42.734679 2024] [core:error] [pid 67267] [client 101.66.172.251:33318] AH10244: invalid URI path (/cgi-bin/%%32%65%%32%65/%%32%65%%32%65/%%32%65%%32%65/%%32%65%%32%65/%%32%65%%32%65/%%32%65%%32%65/%%32%65%%32%65/bin/sh)
[Sun Dec 15 02:28:51.144661 2024] [php:error] [pid 65773] [client 101.66.172.251:33322] script '/usr/home/beeson/public_html/index.php' not found or unable to stat
[Sun Dec 15 02:28:51.482983 2024] [php:error] [pid 65773] [client 101.66.172.251:33322] script '/usr/home/beeson/public_html/index.php' not found or unable to stat
[Sun Dec 15 02:28:51.655056 2024] [php:error] [pid 65773] [client 101.66.172.251:33322] script '/usr/home/beeson/public_html/index.php' not found or unable to stat
[Sun Dec 15 03:55:51.134012 2024] [core:error] [pid 65776] [client 8.222.172.249:60892] AH10244: invalid URI path (/cgi-bin/.%2e/.%2e/.%2e/.%2e/.%2e/.%2e/.%2e/.%2e/.%2e/.%2e/bin/sh)
[Sun Dec 15 03:55:55.445384 2024] [core:error] [pid 73853] [client 8.222.172.249:60894] AH10244: invalid URI path (/cgi-bin/%%32%65%%32%65/%%32%65%%32%65/%%32%65%%32%65/%%32%65%%32%65/%%32%65%%32%65/%%32%65%%32%65/%%32%65%%32%65/bin/sh)
[Sun Dec 15 03:56:08.602025 2024] [php:error] [pid 65773] [client 8.222.172.249:60910] script '/usr/home/beeson/public_html/index.php' not found or unable to stat
[Sun Dec 15 03:56:09.122192 2024] [php:error] [pid 65773] [client 8.222.172.249:60910] script '/usr/home/beeson/public_html/index.php' not found or unable to stat
[Sun Dec 15 03:56:09.388227 2024] [php:error] [pid 65773] [client 8.222.172.249:60910] script '/usr/home/beeson/public_html/index.php' not found or unable to stat
[Sun Dec 15 07:07:56.832190 2024] [authz_core:error] [pid 88309] [client 141.98.11.155:44312] AH01630: client denied by server configuration: /usr/local/www/apache24/cgi-bin/luci
[Sun Dec 15 07:49:21.386946 2024] [core:error] [pid 95830] [client 47.84.69.78:49204] AH10244: invalid URI path (/cgi-bin/.%2e/.%2e/.%2e/.%2e/.%2e/.%2e/.%2e/.%2e/.%2e/.%2e/bin/sh)
[Sun Dec 15 07:49:21.927868 2024] [core:error] [pid 65782] [client 47.84.69.78:49220] AH10244: invalid URI path (/cgi-bin/%%32%65%%32%65/%%32%65%%32%65/%%32%65%%32%65/%%32%65%%32%65/%%32%65%%32%65/%%32%65%%32%65/%%32%65%%32%65/bin/sh)
[Sun Dec 15 07:49:32.115393 2024] [php:error] [pid 88309] [client 47.84.69.78:49226] script '/usr/home/beeson/public_html/index.php' not found or unable to stat
[Sun Dec 15 07:49:32.595829 2024] [php:error] [pid 88309] [client 47.84.69.78:49226] script '/usr/home/beeson/public_html/index.php' not found or unable to stat
[Sun Dec 15 07:49:32.836078 2024] [php:error] [pid 88309] [client 47.84.69.78:49226] script '/usr/home/beeson/public_html/index.php' not found or unable to stat
[Sun Dec 15 14:09:13.497128 2024] [authz_core:error] [pid 65780] [client 141.98.11.155:33678] AH01630: client denied by server configuration: /usr/local/www/apache24/cgi-bin/luci
[Mon Dec 16 00:07:35.894028 2024] [core:error] [pid 62770] [client 216.10.250.218:39324] AH10244: invalid URI path (/cgi-bin/.%2e/.%2e/.%2e/.%2e/.%2e/.%2e/.%2e/.%2e/.%2e/.%2e/bin/sh)
[Mon Dec 16 00:07:36.444895 2024] [core:error] [pid 95942] [client 216.10.250.218:50318] AH10244: invalid URI path (/cgi-bin/%%32%65%%32%65/%%32%65%%32%65/%%32%65%%32%65/%%32%65%%32%65/%%32%65%%32%65/%%32%65%%32%65/%%32%65%%32%65/bin/sh)
[Mon Dec 16 00:07:47.531964 2024] [php:error] [pid 51308] [client 216.10.250.218:52104] script '/usr/home/beeson/public_html/index.php' not found or unable to stat
[Mon Dec 16 00:07:48.037645 2024] [php:error] [pid 51308] [client 216.10.250.218:52104] script '/usr/home/beeson/public_html/index.php' not found or unable to stat
[Mon Dec 16 00:07:48.284482 2024] [php:error] [pid 51308] [client 216.10.250.218:52104] script '/usr/home/beeson/public_html/index.php' not found or unable to stat
[Mon Dec 16 08:32:05.411928 2024] [authz_core:error] [pid 11279] [client 31.220.1.88:47310] AH01630: client denied by server configuration: /usr/local/www/apache24/cgi-bin/luci
[Mon Dec 16 09:54:50.723687 2024] [authz_core:error] [pid 9909] [client 31.220.1.88:36286] AH01630: client denied by server configuration: /usr/local/www/apache24/cgi-bin/luci
[Mon Dec 16 11:40:48.497523 2024] [authz_core:error] [pid 9910] [client 31.220.1.88:40556] AH01630: client denied by server configuration: /usr/local/www/apache24/cgi-bin/luci
[Mon Dec 16 12:54:05.369684 2024] [core:error] [pid 9910] [client 8.222.172.249:47506] AH10244: invalid URI path (/cgi-bin/.%2e/.%2e/.%2e/.%2e/.%2e/.%2e/.%2e/.%2e/.%2e/.%2e/bin/sh)
[Mon Dec 16 12:54:05.937720 2024] [core:error] [pid 87848] [client 8.222.172.249:47508] AH10244: invalid URI path (/cgi-bin/%%32%65%%32%65/%%32%65%%32%65/%%32%65%%32%65/%%32%65%%32%65/%%32%65%%32%65/%%32%65%%32%65/%%32%65%%32%65/bin/sh)
[Mon Dec 16 12:54:17.839931 2024] [php:error] [pid 91177] [client 8.222.172.249:47524] script '/usr/home/beeson/public_html/index.php' not found or unable to stat
[Mon Dec 16 12:54:18.931450 2024] [php:error] [pid 91177] [client 8.222.172.249:47524] script '/usr/home/beeson/public_html/index.php' not found or unable to stat
[Mon Dec 16 12:54:19.200586 2024] [php:error] [pid 91177] [client 8.222.172.249:47524] script '/usr/home/beeson/public_html/index.php' not found or unable to stat
[Mon Dec 16 14:57:14.417370 2024] [core:error] [pid 72673] [client 8.219.250.192:52132] AH10244: invalid URI path (/cgi-bin/.%2e/.%2e/.%2e/.%2e/.%2e/.%2e/.%2e/.%2e/.%2e/.%2e/bin/sh)
[Mon Dec 16 14:57:14.956766 2024] [core:error] [pid 62486] [client 8.219.250.192:52142] AH10244: invalid URI path (/cgi-bin/%%32%65%%32%65/%%32%65%%32%65/%%32%65%%32%65/%%32%65%%32%65/%%32%65%%32%65/%%32%65%%32%65/%%32%65%%32%65/bin/sh)
[Mon Dec 16 14:57:28.865684 2024] [php:error] [pid 72339] [client 8.219.250.192:52156] script '/usr/home/beeson/public_html/index.php' not found or unable to stat
[Mon Dec 16 14:57:29.357423 2024] [php:error] [pid 72339] [client 8.219.250.192:52156] script '/usr/home/beeson/public_html/index.php' not found or unable to stat
[Mon Dec 16 14:57:29.603011 2024] [php:error] [pid 72339] [client 8.219.250.192:52156] script '/usr/home/beeson/public_html/index.php' not found or unable to stat
[Mon Dec 16 15:43:52.483231 2024] [authz_core:error] [pid 55138] [client 95.214.55.74:36048] AH01630: client denied by server configuration: /usr/local/www/apache24/cgi-bin/luci
[Mon Dec 16 16:21:45.033034 2024] [core:error] [pid 55137] [client 47.237.6.119:37618] AH10244: invalid URI path (/cgi-bin/.%2e/.%2e/.%2e/.%2e/.%2e/.%2e/.%2e/.%2e/.%2e/.%2e/bin/sh)
[Mon Dec 16 16:21:45.567655 2024] [core:error] [pid 9909] [client 47.237.6.119:37632] AH10244: invalid URI path (/cgi-bin/%%32%65%%32%65/%%32%65%%32%65/%%32%65%%32%65/%%32%65%%32%65/%%32%65%%32%65/%%32%65%%32%65/%%32%65%%32%65/bin/sh)
[Mon Dec 16 16:21:56.781743 2024] [php:error] [pid 62486] [client 47.237.6.119:37648] script '/usr/home/beeson/public_html/index.php' not found or unable to stat
[Mon Dec 16 16:21:57.311260 2024] [php:error] [pid 62486] [client 47.237.6.119:37648] script '/usr/home/beeson/public_html/index.php' not found or unable to stat
[Mon Dec 16 16:21:57.570325 2024] [php:error] [pid 62486] [client 47.237.6.119:37648] script '/usr/home/beeson/public_html/index.php' not found or unable to stat
[Mon Dec 16 18:09:37.090354 2024] [authz_core:error] [pid 72339] [client 95.214.55.74:50502] AH01630: client denied by server configuration: /usr/local/www/apache24/cgi-bin/luci
[Mon Dec 16 18:30:48.710994 2024] [core:error] [pid 22582] [client 47.237.6.119:45444] AH10244: invalid URI path (/cgi-bin/.%2e/.%2e/.%2e/.%2e/.%2e/.%2e/.%2e/.%2e/.%2e/.%2e/bin/sh)
[Mon Dec 16 18:30:49.258455 2024] [core:error] [pid 62486] [client 47.237.6.119:45458] AH10244: invalid URI path (/cgi-bin/%%32%65%%32%65/%%32%65%%32%65/%%32%65%%32%65/%%32%65%%32%65/%%32%65%%32%65/%%32%65%%32%65/%%32%65%%32%65/bin/sh)
[Mon Dec 16 18:31:00.243368 2024] [php:error] [pid 55137] [client 47.237.6.119:45474] script '/usr/home/beeson/public_html/index.php' not found or unable to stat
[Mon Dec 16 18:31:00.860002 2024] [php:error] [pid 55137] [client 47.237.6.119:45474] script '/usr/home/beeson/public_html/index.php' not found or unable to stat
[Mon Dec 16 18:31:01.114946 2024] [php:error] [pid 55137] [client 47.237.6.119:45474] script '/usr/home/beeson/public_html/index.php' not found or unable to stat
[Mon Dec 16 19:09:05.305029 2024] [authz_core:error] [pid 1185] [client 95.214.55.74:48018] AH01630: client denied by server configuration: /usr/local/www/apache24/cgi-bin/luci
[Mon Dec 16 19:12:56.034071 2024] [php:error] [pid 62486] [client 70.39.75.153:48206] script '/usr/home/beeson/public_html/upl.php' not found or unable to stat
[Mon Dec 16 19:12:56.243445 2024] [php:error] [pid 1186] [client 70.39.75.153:48262] script '/usr/home/beeson/public_html/1.php' not found or unable to stat
[Mon Dec 16 19:12:56.347932 2024] [php:error] [pid 16219] [client 70.39.75.153:48268] script '/usr/home/beeson/public_html/password.php' not found or unable to stat
[Mon Dec 16 21:37:06.315252 2024] [core:error] [pid 1173] [client 172.173.200.182:60320] AH10244: invalid URI path (/cgi-bin/.%2e/.%2e/.%2e/.%2e/.%2e/.%2e/.%2e/.%2e/.%2e/.%2e/bin/sh)
[Mon Dec 16 21:37:07.540291 2024] [core:error] [pid 88707] [client 172.173.200.182:60334] AH10244: invalid URI path (/cgi-bin/%%32%65%%32%65/%%32%65%%32%65/%%32%65%%32%65/%%32%65%%32%65/%%32%65%%32%65/%%32%65%%32%65/%%32%65%%32%65/bin/sh)
[Mon Dec 16 21:37:58.239249 2024] [php:error] [pid 72339] [client 172.173.200.182:60338] script '/usr/home/beeson/public_html/index.php' not found or unable to stat
[Mon Dec 16 21:38:00.847078 2024] [php:error] [pid 72339] [client 172.173.200.182:60338] script '/usr/home/beeson/public_html/index.php' not found or unable to stat
[Mon Dec 16 21:38:02.285855 2024] [php:error] [pid 72339] [client 172.173.200.182:60338] script '/usr/home/beeson/public_html/index.php' not found or unable to stat
[Tue Dec 17 03:22:24.205526 2024] [authz_core:error] [pid 88707] [client 95.214.55.74:40406] AH01630: client denied by server configuration: /usr/local/www/apache24/cgi-bin/luci
[Tue Dec 17 09:08:14.418150 2024] [authz_core:error] [pid 76659] [client 188.166.166.49:45768] AH01630: client denied by server configuration: /usr/local/www/apache24/cgi-bin/authLogin.cgi
[Tue Dec 17 15:18:50.634078 2024] [authz_core:error] [pid 50874] [client 95.214.55.74:58440] AH01630: client denied by server configuration: /usr/local/www/apache24/cgi-bin/luci
[Tue Dec 17 15:57:24.860257 2024] [authz_core:error] [pid 50875] [client 95.214.55.74:42992] AH01630: client denied by server configuration: /usr/local/www/apache24/cgi-bin/luci
[Tue Dec 17 16:45:00.947863 2024] [authz_core:error] [pid 50875] [client 95.214.55.74:42654] AH01630: client denied by server configuration: /usr/local/www/apache24/cgi-bin/luci
[Tue Dec 17 17:01:43.307073 2024] [authz_core:error] [pid 50875] [client 199.127.63.64:38762] AH01630: client denied by server configuration: /usr/local/www/apache24/cgi-bin/luci
[Tue Dec 17 17:33:02.421976 2024] [authz_core:error] [pid 25412] [client 95.214.55.74:39132] AH01630: client denied by server configuration: /usr/local/www/apache24/cgi-bin/luci
[Tue Dec 17 18:14:26.994747 2024] [authz_core:error] [pid 2569] [client 95.214.55.74:46450] AH01630: client denied by server configuration: /usr/local/www/apache24/cgi-bin/luci
[Tue Dec 17 18:42:00.755719 2024] [authz_core:error] [pid 3954] [client 199.127.63.64:38588] AH01630: client denied by server configuration: /usr/local/www/apache24/cgi-bin/luci
[Tue Dec 17 19:09:17.950772 2024] [authz_core:error] [pid 55138] [client 95.214.55.74:37576] AH01630: client denied by server configuration: /usr/local/www/apache24/cgi-bin/luci
[Tue Dec 17 19:56:41.182889 2024] [authz_core:error] [pid 76659] [client 95.214.55.74:40206] AH01630: client denied by server configuration: /usr/local/www/apache24/cgi-bin/luci
[Tue Dec 17 20:45:11.363637 2024] [authz_core:error] [pid 2569] [client 95.214.55.74:39768] AH01630: client denied by server configuration: /usr/local/www/apache24/cgi-bin/luci
[Tue Dec 17 21:26:40.008861 2024] [authz_core:error] [pid 98403] [client 95.214.55.74:44280] AH01630: client denied by server configuration: /usr/local/www/apache24/cgi-bin/luci
[Tue Dec 17 22:03:46.040190 2024] [authz_core:error] [pid 98404] [client 199.127.63.64:40478] AH01630: client denied by server configuration: /usr/local/www/apache24/cgi-bin/luci
[Tue Dec 17 22:11:20.314383 2024] [authz_core:error] [pid 98404] [client 95.214.55.74:53116] AH01630: client denied by server configuration: /usr/local/www/apache24/cgi-bin/luci
[Tue Dec 17 22:16:00.176748 2024] [php:error] [pid 98301] [client 206.81.3.156:36036] script '/usr/home/beeson/public_html/upl.php' not found or unable to stat
[Tue Dec 17 22:16:00.701189 2024] [php:error] [pid 55138] [client 206.81.3.156:36068] script '/usr/home/beeson/public_html/1.php' not found or unable to stat
[Tue Dec 17 22:16:00.962805 2024] [php:error] [pid 98410] [client 206.81.3.156:36098] script '/usr/home/beeson/public_html/password.php' not found or unable to stat
[Tue Dec 17 22:38:14.936772 2024] [php:error] [pid 98411] [client 156.146.36.94:15202] script '/usr/home/beeson/public_html/phpinfo.php' not found or unable to stat
[Tue Dec 17 22:38:15.067160 2024] [php:error] [pid 98411] [client 156.146.36.94:15202] script '/usr/home/beeson/public_html/test.php' not found or unable to stat
[Tue Dec 17 22:38:15.774880 2024] [php:error] [pid 98411] [client 156.146.36.94:15202] script '/usr/home/beeson/public_html/app_dev.php' not found or unable to stat
[Tue Dec 17 22:38:16.339151 2024] [php:error] [pid 98411] [client 156.146.36.94:15202] script '/usr/home/beeson/public_html/index.php' not found or unable to stat
[Tue Dec 17 22:38:16.883940 2024] [php:error] [pid 98411] [client 156.146.36.94:15202] script '/usr/home/beeson/public_html/index.php' not found or unable to stat
[Tue Dec 17 22:38:17.572320 2024] [php:error] [pid 98411] [client 156.146.36.94:15202] script '/usr/home/beeson/public_html/info.php' not found or unable to stat
[Tue Dec 17 22:38:21.159386 2024] [php:error] [pid 98411] [client 156.146.36.94:15202] script '/usr/home/beeson/public_html/php_info.php' not found or unable to stat
[Tue Dec 17 22:38:21.458651 2024] [php:error] [pid 98411] [client 156.146.36.94:15202] script '/usr/home/beeson/public_html/test2.php' not found or unable to stat
[Tue Dec 17 22:38:21.640775 2024] [php:error] [pid 98411] [client 156.146.36.94:15202] script '/usr/home/beeson/public_html/test1.php' not found or unable to stat
[Tue Dec 17 22:38:21.736239 2024] [php:error] [pid 98411] [client 156.146.36.94:15202] script '/usr/home/beeson/public_html/wp-config.php' not found or unable to stat
[Tue Dec 17 22:38:21.917453 2024] [php:error] [pid 98411] [client 156.146.36.94:15202] script '/usr/home/beeson/public_html/frontend_dev.php' not found or unable to stat
[Tue Dec 17 22:38:22.570711 2024] [php:error] [pid 98411] [client 156.146.36.94:15202] script '/usr/home/beeson/public_html/phpversion.php' not found or unable to stat
[Tue Dec 17 22:38:24.264405 2024] [php:error] [pid 98411] [client 156.146.36.94:15202] script '/usr/home/beeson/public_html/config.php' not found or unable to stat
[Tue Dec 17 22:38:24.616920 2024] [php:error] [pid 98411] [client 156.146.36.94:15202] script '/usr/home/beeson/public_html/php-info.php' not found or unable to stat
[Tue Dec 17 22:38:24.983937 2024] [php:error] [pid 98411] [client 156.146.36.94:15202] script '/usr/home/beeson/public_html/php.php' not found or unable to stat
[Tue Dec 17 23:25:34.838092 2024] [authz_core:error] [pid 88849] [client 199.127.63.64:54170] AH01630: client denied by server configuration: /usr/local/www/apache24/cgi-bin/luci
[Wed Dec 18 00:28:48.217850 2024] [authz_core:error] [pid 89185] [client 199.127.63.64:58864] AH01630: client denied by server configuration: /usr/local/www/apache24/cgi-bin/luci
[Wed Dec 18 00:33:24.477523 2024] [authz_core:error] [pid 98404] [client 31.220.1.88:47502] AH01630: client denied by server configuration: /usr/local/www/apache24/cgi-bin/luci
[Wed Dec 18 00:41:42.517288 2024] [authz_core:error] [pid 13965] [client 95.214.55.74:53722] AH01630: client denied by server configuration: /usr/local/www/apache24/cgi-bin/luci
[Wed Dec 18 01:19:13.536183 2024] [authz_core:error] [pid 98301] [client 95.214.55.74:58736] AH01630: client denied by server configuration: /usr/local/www/apache24/cgi-bin/luci
[Wed Dec 18 01:58:12.459125 2024] [authz_core:error] [pid 89285] [client 95.214.55.74:60346] AH01630: client denied by server configuration: /usr/local/www/apache24/cgi-bin/luci
[Wed Dec 18 02:05:43.188035 2024] [authz_core:error] [pid 98301] [client 31.220.1.88:47280] AH01630: client denied by server configuration: /usr/local/www/apache24/cgi-bin/luci
[Wed Dec 18 02:45:11.313457 2024] [authz_core:error] [pid 98301] [client 95.214.55.74:54652] AH01630: client denied by server configuration: /usr/local/www/apache24/cgi-bin/luci
[Wed Dec 18 02:58:01.221642 2024] [core:error] [pid 13965] [client 47.236.150.50:43508] AH10244: invalid URI path (/cgi-bin/.%2e/.%2e/.%2e/.%2e/.%2e/.%2e/.%2e/.%2e/.%2e/.%2e/bin/sh)
[Wed Dec 18 02:58:01.803276 2024] [core:error] [pid 5467] [client 47.236.150.50:43524] AH10244: invalid URI path (/cgi-bin/%%32%65%%32%65/%%32%65%%32%65/%%32%65%%32%65/%%32%65%%32%65/%%32%65%%32%65/%%32%65%%32%65/%%32%65%%32%65/bin/sh)
[Wed Dec 18 02:58:25.301421 2024] [php:error] [pid 10683] [client 47.236.150.50:56824] script '/usr/home/beeson/public_html/index.php' not found or unable to stat
[Wed Dec 18 02:58:26.349426 2024] [php:error] [pid 10683] [client 47.236.150.50:56824] script '/usr/home/beeson/public_html/index.php' not found or unable to stat
[Wed Dec 18 02:58:26.611641 2024] [php:error] [pid 10683] [client 47.236.150.50:56824] script '/usr/home/beeson/public_html/index.php' not found or unable to stat
[Wed Dec 18 03:08:11.735738 2024] [authz_core:error] [pid 13965] [client 31.220.1.88:55930] AH01630: client denied by server configuration: /usr/local/www/apache24/cgi-bin/luci
[Wed Dec 18 03:32:57.180845 2024] [authz_core:error] [pid 98404] [client 95.214.55.74:38278] AH01630: client denied by server configuration: /usr/local/www/apache24/cgi-bin/luci
[Wed Dec 18 04:14:01.717191 2024] [authz_core:error] [pid 98404] [client 31.220.1.88:41696] AH01630: client denied by server configuration: /usr/local/www/apache24/cgi-bin/luci
[Wed Dec 18 04:19:32.746086 2024] [authz_core:error] [pid 5467] [client 95.214.55.74:49396] AH01630: client denied by server configuration: /usr/local/www/apache24/cgi-bin/luci
[Wed Dec 18 05:03:56.582270 2024] [authz_core:error] [pid 98301] [client 95.214.55.74:38816] AH01630: client denied by server configuration: /usr/local/www/apache24/cgi-bin/luci
[Wed Dec 18 05:20:57.228939 2024] [authz_core:error] [pid 87629] [client 95.214.55.74:38418] AH01630: client denied by server configuration: /usr/local/www/apache24/cgi-bin/luci
[Wed Dec 18 07:00:46.635065 2024] [authz_core:error] [pid 87629] [client 199.127.63.64:59746] AH01630: client denied by server configuration: /usr/local/www/apache24/cgi-bin/luci
[Wed Dec 18 07:37:58.699117 2024] [authz_core:error] [pid 98301] [client 199.127.63.64:36818] AH01630: client denied by server configuration: /usr/local/www/apache24/cgi-bin/luci
[Wed Dec 18 07:43:48.499542 2024] [authz_core:error] [pid 88152] [client 95.214.55.74:46684] AH01630: client denied by server configuration: /usr/local/www/apache24/cgi-bin/luci
[Wed Dec 18 09:47:48.518752 2024] [authz_core:error] [pid 98404] [client 95.214.55.74:38862] AH01630: client denied by server configuration: /usr/local/www/apache24/cgi-bin/luci
[Wed Dec 18 10:37:04.173940 2024] [authz_core:error] [pid 517] [client 95.214.55.74:58614] AH01630: client denied by server configuration: /usr/local/www/apache24/cgi-bin/luci
[Wed Dec 18 11:44:30.583493 2024] [authz_core:error] [pid 5467] [client 95.214.55.74:39110] AH01630: client denied by server configuration: /usr/local/www/apache24/cgi-bin/luci
[Wed Dec 18 11:45:46.680344 2024] [php:error] [pid 9952] [client 35.216.216.74:35180] script '/usr/home/beeson/public_html/info.php' not found or unable to stat
[Wed Dec 18 12:41:32.419986 2024] [authz_core:error] [pid 5467] [client 95.214.55.74:44242] AH01630: client denied by server configuration: /usr/local/www/apache24/cgi-bin/luci
[Wed Dec 18 13:50:14.968054 2024] [authz_core:error] [pid 87629] [client 95.214.55.74:59448] AH01630: client denied by server configuration: /usr/local/www/apache24/cgi-bin/luci
[Wed Dec 18 16:03:27.537192 2024] [authz_core:error] [pid 18398] [client 95.214.55.32:47300] AH01630: client denied by server configuration: /usr/local/www/apache24/cgi-bin/luci
[Wed Dec 18 17:07:14.913489 2024] [authz_core:error] [pid 75522] [client 95.214.55.74:56890] AH01630: client denied by server configuration: /usr/local/www/apache24/cgi-bin/luci
[Wed Dec 18 20:52:18.932650 2024] [authz_core:error] [pid 75544] [client 95.214.55.32:56964] AH01630: client denied by server configuration: /usr/local/www/apache24/cgi-bin/luci
[Wed Dec 18 21:47:09.206296 2024] [authz_core:error] [pid 70948] [client 95.214.55.32:34970] AH01630: client denied by server configuration: /usr/local/www/apache24/cgi-bin/luci
[Wed Dec 18 22:09:13.826326 2024] [authz_core:error] [pid 70948] [client 95.214.55.74:57792] AH01630: client denied by server configuration: /usr/local/www/apache24/cgi-bin/luci
[Wed Dec 18 22:17:13.822608 2024] [authz_core:error] [pid 89971] [client 95.214.55.32:44580] AH01630: client denied by server configuration: /usr/local/www/apache24/cgi-bin/luci
[Wed Dec 18 22:26:19.014005 2024] [core:error] [pid 75522] [client 152.32.170.116:62518] AH10244: invalid URI path (/cgi-bin/.%2e/.%2e/.%2e/.%2e/.%2e/.%2e/.%2e/.%2e/.%2e/.%2e/bin/sh)
[Wed Dec 18 22:26:19.569197 2024] [core:error] [pid 75543] [client 152.32.170.116:63308] AH10244: invalid URI path (/cgi-bin/%%32%65%%32%65/%%32%65%%32%65/%%32%65%%32%65/%%32%65%%32%65/%%32%65%%32%65/%%32%65%%32%65/%%32%65%%32%65/bin/sh)
[Wed Dec 18 22:49:30.798418 2024] [authz_core:error] [pid 42464] [client 195.3.223.52:40030] AH01630: client denied by server configuration: /usr/local/www/apache24/cgi-bin/history.sh
[Wed Dec 18 23:37:25.672839 2024] [authz_core:error] [pid 42464] [client 195.3.223.52:50746] AH01630: client denied by server configuration: /usr/local/www/apache24/cgi-bin/history.sh
[Thu Dec 19 00:43:46.587707 2024] [authz_core:error] [pid 75522] [client 195.3.223.52:53316] AH01630: client denied by server configuration: /usr/local/www/apache24/cgi-bin/history.sh
[Thu Dec 19 01:02:25.716466 2024] [authz_core:error] [pid 17408] [client 95.214.55.32:52746] AH01630: client denied by server configuration: /usr/local/www/apache24/cgi-bin/luci
[Thu Dec 19 02:29:35.600640 2024] [authz_core:error] [pid 75544] [client 95.214.55.32:55350] AH01630: client denied by server configuration: /usr/local/www/apache24/cgi-bin/luci
[Thu Dec 19 02:55:53.717488 2024] [authz_core:error] [pid 12547] [client 95.214.55.74:39742] AH01630: client denied by server configuration: /usr/local/www/apache24/cgi-bin/luci
[Thu Dec 19 03:49:38.980986 2024] [authz_core:error] [pid 17408] [client 95.214.55.32:38852] AH01630: client denied by server configuration: /usr/local/www/apache24/cgi-bin/luci
[Thu Dec 19 05:12:08.267937 2024] [core:error] [pid 12547] [client 47.237.94.12:50452] AH10244: invalid URI path (/cgi-bin/.%2e/.%2e/.%2e/.%2e/.%2e/.%2e/.%2e/.%2e/.%2e/.%2e/bin/sh)
[Thu Dec 19 05:12:08.824796 2024] [core:error] [pid 70934] [client 47.237.94.12:50460] AH10244: invalid URI path (/cgi-bin/%%32%65%%32%65/%%32%65%%32%65/%%32%65%%32%65/%%32%65%%32%65/%%32%65%%32%65/%%32%65%%32%65/%%32%65%%32%65/bin/sh)
[Thu Dec 19 05:12:20.627640 2024] [php:error] [pid 7811] [client 47.237.94.12:50476] script '/usr/home/beeson/public_html/index.php' not found or unable to stat
[Thu Dec 19 05:12:21.215803 2024] [php:error] [pid 7811] [client 47.237.94.12:50476] script '/usr/home/beeson/public_html/index.php' not found or unable to stat
[Thu Dec 19 05:12:21.533193 2024] [php:error] [pid 7811] [client 47.237.94.12:50476] script '/usr/home/beeson/public_html/index.php' not found or unable to stat
[Thu Dec 19 05:19:08.846879 2024] [core:error] [pid 75522] [client 8.222.172.249:35406] AH10244: invalid URI path (/cgi-bin/.%2e/.%2e/.%2e/.%2e/.%2e/.%2e/.%2e/.%2e/.%2e/.%2e/bin/sh)
[Thu Dec 19 05:19:15.592142 2024] [core:error] [pid 12547] [client 8.222.172.249:35412] AH10244: invalid URI path (/cgi-bin/%%32%65%%32%65/%%32%65%%32%65/%%32%65%%32%65/%%32%65%%32%65/%%32%65%%32%65/%%32%65%%32%65/%%32%65%%32%65/bin/sh)
[Thu Dec 19 05:19:35.632044 2024] [php:error] [pid 17408] [client 8.222.172.249:49524] script '/usr/home/beeson/public_html/index.php' not found or unable to stat
[Thu Dec 19 05:19:36.113350 2024] [php:error] [pid 17408] [client 8.222.172.249:49524] script '/usr/home/beeson/public_html/index.php' not found or unable to stat
[Thu Dec 19 05:19:36.354034 2024] [php:error] [pid 17408] [client 8.222.172.249:49524] script '/usr/home/beeson/public_html/index.php' not found or unable to stat
[Thu Dec 19 06:09:11.764417 2024] [core:error] [pid 70934] [client 47.236.136.217:59932] AH10244: invalid URI path (/cgi-bin/.%2e/.%2e/.%2e/.%2e/.%2e/.%2e/.%2e/.%2e/.%2e/.%2e/bin/sh)
[Thu Dec 19 06:09:13.417189 2024] [core:error] [pid 17408] [client 47.236.136.217:59938] AH10244: invalid URI path (/cgi-bin/%%32%65%%32%65/%%32%65%%32%65/%%32%65%%32%65/%%32%65%%32%65/%%32%65%%32%65/%%32%65%%32%65/%%32%65%%32%65/bin/sh)
[Thu Dec 19 06:09:47.474422 2024] [php:error] [pid 12547] [client 47.236.136.217:45354] script '/usr/home/beeson/public_html/index.php' not found or unable to stat
[Thu Dec 19 06:09:48.057097 2024] [php:error] [pid 12547] [client 47.236.136.217:45354] script '/usr/home/beeson/public_html/index.php' not found or unable to stat
[Thu Dec 19 06:09:48.364684 2024] [php:error] [pid 12547] [client 47.236.136.217:45354] script '/usr/home/beeson/public_html/index.php' not found or unable to stat
[Thu Dec 19 08:00:28.651425 2024] [authz_core:error] [pid 75544] [client 95.214.55.74:39702] AH01630: client denied by server configuration: /usr/local/www/apache24/cgi-bin/luci
[Thu Dec 19 10:53:31.791871 2024] [authz_core:error] [pid 70934] [client 95.214.55.32:57278] AH01630: client denied by server configuration: /usr/local/www/apache24/cgi-bin/luci
[Thu Dec 19 11:22:49.179807 2024] [authz_core:error] [pid 82117] [client 31.220.1.88:56994] AH01630: client denied by server configuration: /usr/local/www/apache24/cgi-bin/luci
[Thu Dec 19 12:31:55.975560 2024] [authz_core:error] [pid 97413] [client 95.214.55.74:54400] AH01630: client denied by server configuration: /usr/local/www/apache24/cgi-bin/luci
[Thu Dec 19 12:36:47.261308 2024] [authz_core:error] [pid 75544] [client 95.214.55.32:60664] AH01630: client denied by server configuration: /usr/local/www/apache24/cgi-bin/luci
[Thu Dec 19 12:58:42.570270 2024] [authz_core:error] [pid 17408] [client 31.220.1.88:58482] AH01630: client denied by server configuration: /usr/local/www/apache24/cgi-bin/luci
[Thu Dec 19 13:29:42.558771 2024] [authz_core:error] [pid 82098] [client 199.127.63.64:49902] AH01630: client denied by server configuration: /usr/local/www/apache24/cgi-bin/luci
[Thu Dec 19 14:01:42.700512 2024] [authz_core:error] [pid 7811] [client 31.220.1.88:43208] AH01630: client denied by server configuration: /usr/local/www/apache24/cgi-bin/luci
[Thu Dec 19 14:32:03.234029 2024] [authz_core:error] [pid 17953] [client 95.214.55.32:58420] AH01630: client denied by server configuration: /usr/local/www/apache24/cgi-bin/luci
[Thu Dec 19 15:40:22.622724 2024] [authz_core:error] [pid 307] [client 95.214.55.74:47868] AH01630: client denied by server configuration: /usr/local/www/apache24/cgi-bin/luci
[Thu Dec 19 15:42:13.274009 2024] [authz_core:error] [pid 82116] [client 31.220.1.88:36078] AH01630: client denied by server configuration: /usr/local/www/apache24/cgi-bin/luci
[Thu Dec 19 16:16:51.132175 2024] [authz_core:error] [pid 17953] [client 31.220.1.88:36514] AH01630: client denied by server configuration: /usr/local/www/apache24/cgi-bin/luci
[Thu Dec 19 16:22:20.156199 2024] [authz_core:error] [pid 328] [client 199.127.63.64:46718] AH01630: client denied by server configuration: /usr/local/www/apache24/cgi-bin/luci
[Thu Dec 19 17:35:33.677945 2024] [php:error] [pid 20089] [client 93.123.109.156:58543] script '/usr/home/beeson/public_html/frontend_dev.php' not found or unable to stat
[Thu Dec 19 17:35:37.647913 2024] [php:error] [pid 384] [client 93.123.109.156:61132] script '/usr/home/beeson/public_html/example.php' not found or unable to stat
[Thu Dec 19 17:35:46.130380 2024] [php:error] [pid 328] [client 93.123.109.156:50647] script '/usr/home/beeson/public_html/frontend_dev.php' not found or unable to stat
[Thu Dec 19 21:24:49.464921 2024] [authz_core:error] [pid 384] [client 195.3.223.52:60042] AH01630: client denied by server configuration: /usr/local/www/apache24/cgi-bin/ExportSettings.sh
[Thu Dec 19 23:52:10.700643 2024] [php:error] [pid 385] [client 193.41.206.24:1778] script '/usr/home/beeson/public_html/phpinfo.php' not found or unable to stat
[Thu Dec 19 23:52:10.700881 2024] [php:error] [pid 385] [client 193.41.206.24:1778] script '/usr/home/beeson/public_html/test.php' not found or unable to stat
[Thu Dec 19 23:52:10.701690 2024] [php:error] [pid 385] [client 193.41.206.24:1778] script '/usr/home/beeson/public_html/info.php' not found or unable to stat
[Thu Dec 19 23:52:10.702582 2024] [php:error] [pid 385] [client 193.41.206.24:1778] script '/usr/home/beeson/public_html/index.php' not found or unable to stat
[Thu Dec 19 23:52:10.702747 2024] [php:error] [pid 385] [client 193.41.206.24:1778] script '/usr/home/beeson/public_html/db.php' not found or unable to stat
[Thu Dec 19 23:52:10.703179 2024] [php:error] [pid 385] [client 193.41.206.24:1778] script '/usr/home/beeson/public_html/app_dev.php' not found or unable to stat
[Thu Dec 19 23:52:10.850816 2024] [php:error] [pid 385] [client 193.41.206.24:1778] script '/usr/home/beeson/public_html/index.php' not found or unable to stat
[Thu Dec 19 23:52:10.852431 2024] [php:error] [pid 385] [client 193.41.206.24:1778] script '/usr/home/beeson/public_html/wp-config.php' not found or unable to stat
[Fri Dec 20 00:22:51.125848 2024] [php:error] [pid 22674] [client 45.61.162.29:57453] script '/usr/home/beeson/public_html/geju.php' not found or unable to stat
[Fri Dec 20 00:30:03.862732 2024] [core:error] [pid 74894] [client 176.124.205.151:59320] AH10244: invalid URI path (/cgi-bin/.%2e/.%2e/.%2e/.%2e/.%2e/.%2e/.%2e/.%2e/.%2e/.%2e/bin/sh)
[Fri Dec 20 00:30:04.114649 2024] [core:error] [pid 75011] [client 176.124.205.151:59332] AH10244: invalid URI path (/cgi-bin/%%32%65%%32%65/%%32%65%%32%65/%%32%65%%32%65/%%32%65%%32%65/%%32%65%%32%65/%%32%65%%32%65/%%32%65%%32%65/bin/sh)
[Fri Dec 20 00:30:27.054536 2024] [php:error] [pid 20090] [client 176.124.205.151:59342] script '/usr/home/beeson/public_html/index.php' not found or unable to stat
[Fri Dec 20 00:30:28.051136 2024] [php:error] [pid 20090] [client 176.124.205.151:59342] script '/usr/home/beeson/public_html/index.php' not found or unable to stat
[Fri Dec 20 00:30:28.447299 2024] [php:error] [pid 20090] [client 176.124.205.151:59342] script '/usr/home/beeson/public_html/index.php' not found or unable to stat
[Fri Dec 20 03:47:12.606042 2024] [authz_core:error] [pid 89449] [client 95.214.55.74:53988] AH01630: client denied by server configuration: /usr/local/www/apache24/cgi-bin/luci
[Fri Dec 20 04:02:02.227850 2024] [core:error] [pid 20090] [client 20.6.35.227:51426] AH10244: invalid URI path (/cgi-bin/.%2e/.%2e/.%2e/.%2e/.%2e/.%2e/.%2e/.%2e/.%2e/.%2e/bin/sh)
[Fri Dec 20 04:02:04.638943 2024] [core:error] [pid 41741] [client 20.6.35.227:51440] AH10244: invalid URI path (/cgi-bin/%%32%65%%32%65/%%32%65%%32%65/%%32%65%%32%65/%%32%65%%32%65/%%32%65%%32%65/%%32%65%%32%65/%%32%65%%32%65/bin/sh)
[Fri Dec 20 04:03:07.276246 2024] [php:error] [pid 89471] [client 20.6.35.227:51442] script '/usr/home/beeson/public_html/index.php' not found or unable to stat
[Fri Dec 20 04:03:10.194312 2024] [php:error] [pid 89471] [client 20.6.35.227:51442] script '/usr/home/beeson/public_html/index.php' not found or unable to stat
[Fri Dec 20 04:03:11.791878 2024] [php:error] [pid 89471] [client 20.6.35.227:51442] script '/usr/home/beeson/public_html/index.php' not found or unable to stat
[Fri Dec 20 05:04:53.003729 2024] [core:error] [pid 20090] [client 194.31.223.38:43050] AH10244: invalid URI path (/cgi-bin/.%2e/.%2e/.%2e/.%2e/.%2e/.%2e/.%2e/.%2e/.%2e/.%2e/bin/sh)
[Fri Dec 20 05:04:53.363324 2024] [core:error] [pid 385] [client 194.31.223.38:43056] AH10244: invalid URI path (/cgi-bin/%%32%65%%32%65/%%32%65%%32%65/%%32%65%%32%65/%%32%65%%32%65/%%32%65%%32%65/%%32%65%%32%65/%%32%65%%32%65/bin/sh)
[Fri Dec 20 05:05:05.582208 2024] [php:error] [pid 89470] [client 194.31.223.38:43070] script '/usr/home/beeson/public_html/index.php' not found or unable to stat
[Fri Dec 20 05:05:06.010753 2024] [php:error] [pid 89470] [client 194.31.223.38:43070] script '/usr/home/beeson/public_html/index.php' not found or unable to stat
[Fri Dec 20 05:05:06.410915 2024] [php:error] [pid 89470] [client 194.31.223.38:43070] script '/usr/home/beeson/public_html/index.php' not found or unable to stat
[Fri Dec 20 06:01:21.804957 2024] [authz_core:error] [pid 20090] [client 31.220.1.88:59096] AH01630: client denied by server configuration: /usr/local/www/apache24/cgi-bin/luci
